-- https://www.phpmyadmin.net/
--

START TRANSACTION;



--
-- Database: `newslooks`
--

-- --------------------------------------------------------

--
-- Table structure for table `activity_log`
--

CREATE TABLE `activity_log` (
  `id` bigint(20) UNSIGNED NOT NULL,
  `log_name` varchar(255) COLLATE utf8mb4_unicode_ci DEFAULT NULL,
  `description` text COLLATE utf8mb4_unicode_ci NOT NULL,
  `subject_type` varchar(255) COLLATE utf8mb4_unicode_ci DEFAULT NULL,
  `event` varchar(255) COLLATE utf8mb4_unicode_ci DEFAULT NULL,
  `subject_id` bigint(20) UNSIGNED DEFAULT NULL,
  `causer_type` varchar(255) COLLATE utf8mb4_unicode_ci DEFAULT NULL,
  `causer_id` bigint(20) UNSIGNED DEFAULT NULL,
  `properties` longtext CHARACTER SET utf8mb4 COLLATE utf8mb4_bin DEFAULT NULL,
  `batch_uuid` char(36) COLLATE utf8mb4_unicode_ci DEFAULT NULL,
  `ip` text COLLATE utf8mb4_unicode_ci DEFAULT NULL,
  `os` text COLLATE utf8mb4_unicode_ci DEFAULT NULL,
  `browser` text COLLATE utf8mb4_unicode_ci DEFAULT NULL,
  `url` text COLLATE utf8mb4_unicode_ci DEFAULT NULL,
  `created_at` timestamp NULL DEFAULT NULL,
  `updated_at` timestamp NULL DEFAULT NULL
) ENGINE=InnoDB DEFAULT CHARSET=utf8mb4 COLLATE=utf8mb4_unicode_ci;

-- --------------------------------------------------------

--
-- Table structure for table `admin_login_activity_log`
--

CREATE TABLE `admin_login_activity_log` (
  `id` int(11) NOT NULL,
  `user_id` int(11) DEFAULT NULL,
  `login_at` timestamp NULL DEFAULT NULL,
  `logout_at` timestamp NULL DEFAULT NULL,
  `ip` text DEFAULT NULL,
  `os` text DEFAULT NULL,
  `browser` text DEFAULT NULL,
  `created_at` timestamp NULL DEFAULT current_timestamp(),
  `updated_at` timestamp NULL DEFAULT NULL ON UPDATE current_timestamp()
) ENGINE=InnoDB DEFAULT CHARSET=utf8mb4;

-- --------------------------------------------------------

--
-- Table structure for table `blog_share_options`
--

CREATE TABLE `blog_share_options` (
  `id` int(11) NOT NULL,
  `network` varchar(150) NOT NULL,
  `network_name` varchar(150) NOT NULL,
  `icon` text DEFAULT NULL,
  `status` int(10) NOT NULL DEFAULT 0,
  `created_at` timestamp NOT NULL DEFAULT current_timestamp(),
  `updated_at` timestamp NOT NULL DEFAULT current_timestamp()
) ENGINE=InnoDB DEFAULT CHARSET=utf8;

--
-- Dumping data for table `blog_share_options`
--

INSERT INTO `blog_share_options` (`id`, `network`, `network_name`, `icon`, `status`, `created_at`, `updated_at`) VALUES
(1, 'facebook', 'Facebook', '<i class=\"fa fa-facebook\"></i>', 1, '2021-06-22 04:08:48', '2023-05-24 05:44:06'),
(2, 'linkedin', 'LinkedIn', '<i class=\"fa fa-linkedin\"></i>', 1, '2021-06-22 05:02:37', '2023-05-24 05:44:20'),
(3, 'digg', 'Digg', '<i class=\"fa fa-digg\"></i>', 1, '2021-06-22 05:02:37', '2023-05-24 05:44:25'),
(4, 'pinterest', 'Pinterest', '<i class=\"fa fa-pinterest\"></i>', 1, '2021-06-22 05:05:56', '2021-06-22 05:05:56'),
(5, 'twitter', 'Twitter', '<i class=\"fa fa-twitter\"></i>', 1, '2021-06-22 05:05:56', '2021-06-22 05:05:56'),
(6, 'gmail', 'Gmail', '<i class=\"fa fa-google\"></i>', 1, '2021-06-22 05:05:56', '2021-06-22 05:05:56'),
(7, 'whatsapp', 'Whatsapp', '<i class=\"fa fa-whatsapp\"></i>', 1, '2021-06-22 05:05:56', '2021-06-22 05:05:56'),
(8, 'reddit', 'Reddit', '<i class=\"fa fa-reddit\"></i>', 1, '2021-06-22 05:05:56', '2021-06-22 05:05:56'),
(9, 'telegramMe', 'Telegram', '<i class=\"fa fa-telegram\"></i>', 1, '2021-06-22 05:05:56', '2023-01-05 03:29:16'),
(10, 'email', 'Email', '<i class=\"fa fa-envelope\"></i>', 1, '2021-06-23 05:48:32', '2023-01-05 03:29:22'),
(11, 'tumblr', 'Tumblr', '<i class=\"fa fa-tumblr\"></i>', 1, '2021-06-23 05:49:07', '2023-01-05 03:29:29'),
(12, 'vk', 'VKontakte', '<i class=\"fa fa-vk\"></i>', 1, '2021-06-23 05:49:07', '2023-01-05 03:29:29');

-- --------------------------------------------------------

--
-- Table structure for table `failed_jobs`
--

CREATE TABLE `failed_jobs` (
  `id` bigint(20) UNSIGNED NOT NULL,
  `uuid` varchar(255) COLLATE utf8mb4_unicode_ci NOT NULL,
  `connection` text COLLATE utf8mb4_unicode_ci NOT NULL,
  `queue` text COLLATE utf8mb4_unicode_ci NOT NULL,
  `payload` longtext COLLATE utf8mb4_unicode_ci NOT NULL,
  `exception` longtext COLLATE utf8mb4_unicode_ci NOT NULL,
  `failed_at` timestamp NOT NULL DEFAULT current_timestamp()
) ENGINE=InnoDB DEFAULT CHARSET=utf8mb4 COLLATE=utf8mb4_unicode_ci;

-- --------------------------------------------------------

--
-- Table structure for table `jobs`
--

CREATE TABLE `jobs` (
  `id` bigint(20) UNSIGNED NOT NULL,
  `queue` varchar(255) COLLATE utf8mb4_unicode_ci NOT NULL,
  `payload` longtext COLLATE utf8mb4_unicode_ci NOT NULL,
  `attempts` tinyint(3) UNSIGNED NOT NULL,
  `reserved_at` int(10) UNSIGNED DEFAULT NULL,
  `available_at` int(10) UNSIGNED NOT NULL,
  `created_at` int(10) UNSIGNED NOT NULL
) ENGINE=InnoDB DEFAULT CHARSET=utf8mb4 COLLATE=utf8mb4_unicode_ci;

-- --------------------------------------------------------

--
-- Table structure for table `job_batches`
--

CREATE TABLE `job_batches` (
  `id` varchar(255) COLLATE utf8mb4_unicode_ci NOT NULL,
  `name` varchar(255) COLLATE utf8mb4_unicode_ci NOT NULL,
  `total_jobs` int(11) NOT NULL,
  `pending_jobs` int(11) NOT NULL,
  `failed_jobs` int(11) NOT NULL,
  `failed_job_ids` text COLLATE utf8mb4_unicode_ci NOT NULL,
  `options` mediumtext COLLATE utf8mb4_unicode_ci DEFAULT NULL,
  `cancelled_at` int(11) DEFAULT NULL,
  `created_at` int(11) NOT NULL,
  `finished_at` int(11) DEFAULT NULL
) ENGINE=InnoDB DEFAULT CHARSET=utf8mb4 COLLATE=utf8mb4_unicode_ci;

-- --------------------------------------------------------

--
-- Table structure for table `migrations`
--

CREATE TABLE `migrations` (
  `id` int(10) UNSIGNED NOT NULL,
  `migration` varchar(255) COLLATE utf8mb4_unicode_ci NOT NULL,
  `batch` int(11) NOT NULL
) ENGINE=InnoDB DEFAULT CHARSET=utf8mb4 COLLATE=utf8mb4_unicode_ci;

-- --------------------------------------------------------

--
-- Table structure for table `model_has_permissions`
--

CREATE TABLE `model_has_permissions` (
  `permission_id` bigint(20) UNSIGNED NOT NULL,
  `model_type` varchar(255) COLLATE utf8mb4_unicode_ci NOT NULL,
  `model_id` int(11) NOT NULL DEFAULT 0
) ENGINE=InnoDB DEFAULT CHARSET=utf8mb4 COLLATE=utf8mb4_unicode_ci;

-- --------------------------------------------------------

--
-- Table structure for table `model_has_roles`
--

CREATE TABLE `model_has_roles` (
  `role_id` bigint(20) UNSIGNED NOT NULL,
  `model_type` varchar(255) COLLATE utf8mb4_unicode_ci NOT NULL,
  `model_id` int(11) NOT NULL
) ENGINE=InnoDB DEFAULT CHARSET=utf8mb4 COLLATE=utf8mb4_unicode_ci;

--
-- Dumping data for table `model_has_roles`
--

INSERT INTO `model_has_roles` (`role_id`, `model_type`, `model_id`) VALUES
(1, 'Core\\Models\\User', 1);

-- --------------------------------------------------------

--
-- Table structure for table `open_ai_settings`
--

CREATE TABLE `open_ai_settings` (
  `id` int(11) NOT NULL,
  `api_key` text DEFAULT NULL,
  `default_model` text DEFAULT NULL
) ENGINE=InnoDB DEFAULT CHARSET=utf8mb4;

--
-- Dumping data for table `open_ai_settings`
--

INSERT INTO `open_ai_settings` (`id`, `api_key`, `default_model`) VALUES
(1, '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', 'text-davinci-003');

-- --------------------------------------------------------

--
-- Table structure for table `page_builder_sections`
--

CREATE TABLE `page_builder_sections` (
  `id` int(11) NOT NULL,
  `page_id` bigint(20) UNSIGNED NOT NULL,
  `theme_id` int(11) DEFAULT NULL,
  `ordering` int(11) NOT NULL DEFAULT 0,
  `status` int(11) NOT NULL DEFAULT 1,
  `created_at` timestamp NOT NULL DEFAULT current_timestamp(),
  `updated_at` timestamp NOT NULL DEFAULT current_timestamp()
) ENGINE=InnoDB DEFAULT CHARSET=utf8mb4;

--
-- Dumping data for table `page_builder_sections`
--

INSERT INTO `page_builder_sections` (`id`, `page_id`, `theme_id`, `ordering`, `status`, `created_at`, `updated_at`) VALUES
(172, 30, 22, 1, 1, '2023-10-30 11:56:20', '2023-10-30 11:56:37'),
(173, 30, 22, 6, 1, '2023-10-30 11:56:24', '2023-12-26 12:11:10'),
(179, 30, 22, 2, 1, '2023-11-09 05:16:07', '2023-11-09 05:16:16'),
(180, 30, 22, 3, 1, '2023-11-09 06:27:59', '2023-11-09 06:28:08'),
(187, 30, 22, 4, 1, '2023-11-28 05:23:42', '2023-12-26 12:11:10'),
(189, 30, 22, 5, 1, '2023-12-09 10:18:30', '2023-12-26 12:11:10'),
(190, 34, 22, 1, 1, '2023-12-09 17:16:43', '2023-12-09 17:16:43'),
(191, 34, 22, 2, 1, '2023-12-09 17:16:45', '2023-12-09 17:16:45'),
(192, 34, 22, 6, 1, '2023-12-09 17:16:47', '2023-12-09 17:57:03'),
(193, 34, 22, 3, 1, '2023-12-09 17:39:16', '2023-12-09 17:39:27'),
(194, 34, 22, 4, 1, '2023-12-09 17:42:05', '2023-12-09 17:42:08'),
(195, 34, 22, 5, 1, '2023-12-09 17:56:59', '2023-12-09 17:57:03'),
(196, 35, 22, 1, 1, '2023-12-10 10:46:29', '2023-12-10 10:46:29'),
(197, 35, 22, 7, 1, '2023-12-10 10:46:31', '2023-12-10 11:52:04'),
(198, 36, 22, 1, 1, '2023-12-10 11:02:36', '2023-12-10 11:02:36'),
(199, 36, 22, 5, 1, '2023-12-10 11:02:40', '2023-12-10 12:44:05'),
(200, 37, 22, 1, 1, '2023-12-10 11:11:47', '2023-12-10 14:53:48'),
(201, 37, 22, 8, 1, '2023-12-10 11:11:49', '2023-12-10 15:11:39'),
(202, 35, 22, 2, 1, '2023-12-10 11:43:11', '2023-12-10 11:43:14'),
(203, 35, 22, 3, 1, '2023-12-10 11:44:55', '2023-12-10 11:45:00'),
(204, 35, 22, 4, 1, '2023-12-10 11:46:23', '2023-12-10 11:46:32'),
(205, 35, 22, 5, 1, '2023-12-10 11:48:44', '2023-12-10 11:48:47'),
(206, 35, 22, 6, 1, '2023-12-10 11:52:00', '2023-12-10 11:52:04'),
(207, 36, 22, 2, 1, '2023-12-10 12:32:54', '2023-12-10 12:32:57'),
(208, 36, 22, 4, 1, '2023-12-10 12:32:54', '2023-12-10 12:44:05'),
(209, 36, 22, 3, 1, '2023-12-10 12:44:02', '2023-12-10 12:44:05'),
(210, 37, 22, 2, 1, '2023-12-10 14:32:59', '2023-12-10 14:53:50'),
(211, 37, 22, 3, 1, '2023-12-10 14:33:02', '2023-12-10 14:53:50'),
(212, 37, 22, 4, 1, '2023-12-10 14:57:49', '2023-12-10 14:57:52'),
(213, 37, 22, 5, 1, '2023-12-10 15:04:44', '2023-12-10 15:04:47'),
(214, 37, 22, 6, 1, '2023-12-10 15:08:27', '2023-12-10 15:08:32'),
(215, 37, 22, 7, 1, '2023-12-10 15:11:35', '2023-12-10 15:11:39');

-- --------------------------------------------------------

--
-- Table structure for table `page_builder_sections_layout_widget_properties`
--

CREATE TABLE `page_builder_sections_layout_widget_properties` (
  `id` int(11) NOT NULL,
  `layout_has_widget_id` int(11) DEFAULT NULL,
  `properties` longtext DEFAULT NULL
) ENGINE=InnoDB DEFAULT CHARSET=utf8mb4;

--
-- Dumping data for table `page_builder_sections_layout_widget_properties`
--

INSERT INTO `page_builder_sections_layout_widget_properties` (`id`, `layout_has_widget_id`, `properties`) VALUES
(235, 355, '{\"header_variation\":\"header-2\",\"page\":\"30\"}'),
(236, 357, '{\"footer_variation\":\"footer-1\",\"page\":\"30\"}'),
(241, 362, '{\"title_t_\":null,\"type\":\"feature\",\"category\":\"274\",\"post_advance_style\":\"advance_layout_1\",\"count\":\"4\",\"background_color\":null,\"background_image\":null,\"background_size\":null,\"background_position\":null,\"background_repeat\":null,\"padding_top\":null,\"padding_right\":null,\"padding_bottom\":null,\"padding_left\":null,\"margin_top\":\"30\",\"margin_right\":null,\"margin_bottom\":null,\"margin_left\":null,\"tab_padding_top\":null,\"tab_padding_right\":null,\"tab_padding_bottom\":null,\"tab_padding_left\":null,\"tab_margin_top\":null,\"tab_margin_right\":null,\"tab_margin_bottom\":null,\"tab_margin_left\":null,\"mobile_padding_top\":null,\"mobile_padding_right\":null,\"mobile_padding_bottom\":null,\"mobile_padding_left\":null,\"mobile_margin_top\":null,\"mobile_margin_right\":null,\"mobile_margin_bottom\":null,\"mobile_margin_left\":null,\"page\":\"30\"}'),
(254, 376, '{\"title_t_\":\"World News\",\"type\":\"category\",\"category\":\"289\",\"post_advance_style\":\"advance_layout_4\",\"count\":\"5\",\"background_color\":null,\"background_image\":null,\"background_size\":null,\"background_position\":null,\"background_repeat\":null,\"padding_top\":null,\"padding_right\":null,\"padding_bottom\":null,\"padding_left\":null,\"margin_top\":null,\"margin_right\":null,\"margin_bottom\":null,\"margin_left\":null,\"tab_padding_top\":null,\"tab_padding_right\":null,\"tab_padding_bottom\":null,\"tab_padding_left\":null,\"tab_margin_top\":null,\"tab_margin_right\":null,\"tab_margin_bottom\":null,\"tab_margin_left\":null,\"mobile_padding_top\":null,\"mobile_padding_right\":null,\"mobile_padding_bottom\":null,\"mobile_padding_left\":null,\"mobile_margin_top\":null,\"mobile_margin_right\":null,\"mobile_margin_bottom\":null,\"mobile_margin_left\":null,\"page\":\"30\"}'),
(255, 377, '{\"title_t_\":\"Technology\",\"type\":\"category\",\"category\":\"288\",\"post_advance_style\":\"advance_layout_3\",\"count\":\"5\",\"background_color\":null,\"background_image\":null,\"background_size\":null,\"background_position\":null,\"background_repeat\":null,\"padding_top\":null,\"padding_right\":null,\"padding_bottom\":null,\"padding_left\":null,\"margin_top\":null,\"margin_right\":null,\"margin_bottom\":null,\"margin_left\":null,\"tab_padding_top\":null,\"tab_padding_right\":null,\"tab_padding_bottom\":null,\"tab_padding_left\":null,\"tab_margin_top\":null,\"tab_margin_right\":null,\"tab_margin_bottom\":null,\"tab_margin_left\":null,\"mobile_padding_top\":null,\"mobile_padding_right\":null,\"mobile_padding_bottom\":null,\"mobile_padding_left\":null,\"mobile_margin_top\":null,\"mobile_margin_right\":null,\"mobile_margin_bottom\":null,\"mobile_margin_left\":null,\"page\":\"30\"}'),
(256, 379, '{\"ads_image\":\"1150\",\"ads_url\":\"\\/\",\"google_adsense\":null,\"background_color\":null,\"background_image\":null,\"background_size\":null,\"background_position\":null,\"background_repeat\":null,\"padding_top\":null,\"padding_right\":null,\"padding_bottom\":null,\"padding_left\":null,\"margin_top\":null,\"margin_right\":null,\"margin_bottom\":null,\"margin_left\":null,\"tab_padding_top\":null,\"tab_padding_right\":null,\"tab_padding_bottom\":null,\"tab_padding_left\":null,\"tab_margin_top\":null,\"tab_margin_right\":null,\"tab_margin_bottom\":null,\"tab_margin_left\":null,\"mobile_padding_top\":null,\"mobile_padding_right\":null,\"mobile_padding_bottom\":null,\"mobile_padding_left\":null,\"mobile_margin_top\":null,\"mobile_margin_right\":null,\"mobile_margin_bottom\":null,\"mobile_margin_left\":null,\"page\":\"30\"}'),
(257, 380, '{\"title_t_\":\"Stay Connected\",\"background_color\":\"#F7F8FA\",\"background_image\":null,\"background_size\":null,\"background_position\":null,\"background_repeat\":null,\"padding_top\":\"50\",\"padding_right\":\"20\",\"padding_bottom\":\"50\",\"padding_left\":\"20\",\"margin_top\":null,\"margin_right\":null,\"margin_bottom\":null,\"margin_left\":null,\"tab_padding_top\":null,\"tab_padding_right\":null,\"tab_padding_bottom\":null,\"tab_padding_left\":null,\"tab_margin_top\":null,\"tab_margin_right\":null,\"tab_margin_bottom\":null,\"tab_margin_left\":null,\"mobile_padding_top\":null,\"mobile_padding_right\":null,\"mobile_padding_bottom\":null,\"mobile_padding_left\":null,\"mobile_margin_top\":null,\"mobile_margin_right\":null,\"mobile_margin_bottom\":null,\"mobile_margin_left\":null,\"page\":\"30\"}'),
(258, 381, '{\"title_t_\":\"GET NEWSLETTER\",\"short_desc_t_\":\"Subscribe to our newsletter to get the latest news and exclusive updates.\",\"email_placeholder_t_\":\"Enter Email\",\"btn_text_t_\":\"Subscribe\",\"background_color\":null,\"background_image\":null,\"background_size\":null,\"background_position\":null,\"background_repeat\":null,\"padding_top\":null,\"padding_right\":null,\"padding_bottom\":null,\"padding_left\":null,\"margin_top\":null,\"margin_right\":null,\"margin_bottom\":null,\"margin_left\":null,\"tab_padding_top\":null,\"tab_padding_right\":null,\"tab_padding_bottom\":null,\"tab_padding_left\":null,\"tab_margin_top\":null,\"tab_margin_right\":null,\"tab_margin_bottom\":null,\"tab_margin_left\":null,\"mobile_padding_top\":null,\"mobile_padding_right\":null,\"mobile_padding_bottom\":null,\"mobile_padding_left\":null,\"mobile_margin_top\":null,\"mobile_margin_right\":null,\"mobile_margin_bottom\":null,\"mobile_margin_left\":null,\"page\":\"30\"}'),
(265, 389, '{\"title_t_\":\"Readers Opinion\",\"type\":\"most_comment\",\"category\":\"274\",\"count\":\"4\",\"background_color\":\"#F7F8FA\",\"background_image\":null,\"background_size\":null,\"background_position\":null,\"background_repeat\":null,\"padding_top\":\"50\",\"padding_right\":\"20\",\"padding_bottom\":\"30\",\"padding_left\":\"20\",\"margin_top\":\"0\",\"margin_right\":null,\"margin_bottom\":null,\"margin_left\":null,\"tab_padding_top\":null,\"tab_padding_right\":null,\"tab_padding_bottom\":null,\"tab_padding_left\":null,\"tab_margin_top\":null,\"tab_margin_right\":null,\"tab_margin_bottom\":null,\"tab_margin_left\":null,\"mobile_padding_top\":null,\"mobile_padding_right\":null,\"mobile_padding_bottom\":null,\"mobile_padding_left\":null,\"mobile_margin_top\":null,\"mobile_margin_right\":null,\"mobile_margin_bottom\":null,\"mobile_margin_left\":null,\"page\":\"30\"}'),
(266, 390, '{\"title_t_\":\"Fashion\",\"type\":\"category\",\"category\":\"274\",\"post_advance_style\":\"advance_layout_8\",\"count\":\"6\",\"background_color\":null,\"background_image\":null,\"background_size\":null,\"background_position\":null,\"background_repeat\":null,\"padding_top\":null,\"padding_right\":null,\"padding_bottom\":null,\"padding_left\":null,\"margin_top\":null,\"margin_right\":null,\"margin_bottom\":null,\"margin_left\":null,\"tab_padding_top\":null,\"tab_padding_right\":null,\"tab_padding_bottom\":null,\"tab_padding_left\":null,\"tab_margin_top\":null,\"tab_margin_right\":null,\"tab_margin_bottom\":null,\"tab_margin_left\":null,\"mobile_padding_top\":null,\"mobile_padding_right\":null,\"mobile_padding_bottom\":null,\"mobile_padding_left\":null,\"mobile_margin_top\":null,\"mobile_margin_right\":null,\"mobile_margin_bottom\":null,\"mobile_margin_left\":null,\"page\":\"30\"}'),
(268, 392, '{\"ads_image\":\"1149\",\"ads_url\":null,\"google_adsense\":null,\"background_color\":null,\"background_image\":null,\"background_size\":null,\"background_position\":null,\"background_repeat\":null,\"padding_top\":null,\"padding_right\":null,\"padding_bottom\":null,\"padding_left\":null,\"margin_top\":\"60\",\"margin_right\":null,\"margin_bottom\":null,\"margin_left\":null,\"tab_padding_top\":null,\"tab_padding_right\":null,\"tab_padding_bottom\":null,\"tab_padding_left\":null,\"tab_margin_top\":null,\"tab_margin_right\":null,\"tab_margin_bottom\":null,\"tab_margin_left\":null,\"mobile_padding_top\":null,\"mobile_padding_right\":null,\"mobile_padding_bottom\":null,\"mobile_padding_left\":null,\"mobile_margin_top\":null,\"mobile_margin_right\":null,\"mobile_margin_bottom\":null,\"mobile_margin_left\":null,\"page\":\"30\"}'),
(269, 393, '{\"title_t_\":\"Videos\",\"playlist_title_t_\":\"Playlist\",\"type\":\"most_comment\",\"category\":\"274\",\"count\":\"5\",\"background_color\":null,\"background_image\":null,\"background_size\":null,\"background_position\":null,\"background_repeat\":null,\"padding_top\":null,\"padding_right\":null,\"padding_bottom\":null,\"padding_left\":null,\"margin_top\":null,\"margin_right\":null,\"margin_bottom\":null,\"margin_left\":null,\"tab_padding_top\":null,\"tab_padding_right\":null,\"tab_padding_bottom\":null,\"tab_padding_left\":null,\"tab_margin_top\":null,\"tab_margin_right\":null,\"tab_margin_bottom\":null,\"tab_margin_left\":null,\"mobile_padding_top\":null,\"mobile_padding_right\":null,\"mobile_padding_bottom\":null,\"mobile_padding_left\":null,\"mobile_margin_top\":null,\"mobile_margin_right\":null,\"mobile_margin_bottom\":null,\"mobile_margin_left\":null,\"page\":\"30\"}'),
(270, 395, '{\"title_t_\":\"Vote For Champion\",\"vote_id\":\"1\",\"background_color\":\"#F7F8FA\",\"background_image\":null,\"background_size\":null,\"background_position\":null,\"background_repeat\":null,\"padding_top\":null,\"padding_right\":\"20\",\"padding_bottom\":\"50\",\"padding_left\":\"20\",\"margin_top\":\"0\",\"margin_right\":null,\"margin_bottom\":null,\"margin_left\":null,\"tab_padding_top\":null,\"tab_padding_right\":null,\"tab_padding_bottom\":null,\"tab_padding_left\":null,\"tab_margin_top\":null,\"tab_margin_right\":null,\"tab_margin_bottom\":null,\"tab_margin_left\":null,\"mobile_padding_top\":null,\"mobile_padding_right\":null,\"mobile_padding_bottom\":null,\"mobile_padding_left\":null,\"mobile_margin_top\":null,\"mobile_margin_right\":null,\"mobile_margin_bottom\":null,\"mobile_margin_left\":null,\"page\":\"30\"}'),
(271, 394, '{\"title_t_\":\"Top News\",\"type\":\"most_view\",\"category\":\"274\",\"post_advance_style\":\"advance_layout_6\",\"count\":\"7\",\"background_color\":null,\"background_image\":null,\"background_size\":null,\"background_position\":null,\"background_repeat\":null,\"padding_top\":null,\"padding_right\":null,\"padding_bottom\":null,\"padding_left\":null,\"margin_top\":\"30\",\"margin_right\":null,\"margin_bottom\":null,\"margin_left\":null,\"tab_padding_top\":null,\"tab_padding_right\":null,\"tab_padding_bottom\":null,\"tab_padding_left\":null,\"tab_margin_top\":null,\"tab_margin_right\":null,\"tab_margin_bottom\":null,\"tab_margin_left\":null,\"mobile_padding_top\":null,\"mobile_padding_right\":null,\"mobile_padding_bottom\":null,\"mobile_padding_left\":null,\"mobile_margin_top\":null,\"mobile_margin_right\":null,\"mobile_margin_bottom\":null,\"mobile_margin_left\":null,\"page\":\"30\"}'),
(274, 398, '{\"title_t_\":\"Entertainment\",\"type\":\"recent\",\"category\":\"274\",\"post_style\":\"s_four\",\"post_column_lg\":\"col-lg-4\",\"post_column_md\":\"col-sm-4\",\"post_column_sm\":\"col-12\",\"count\":\"3\",\"background_color\":null,\"background_image\":null,\"background_size\":null,\"background_position\":null,\"background_repeat\":null,\"padding_top\":null,\"padding_right\":null,\"padding_bottom\":null,\"padding_left\":null,\"margin_top\":\"60\",\"margin_right\":null,\"margin_bottom\":null,\"margin_left\":null,\"tab_padding_top\":null,\"tab_padding_right\":null,\"tab_padding_bottom\":null,\"tab_padding_left\":null,\"tab_margin_top\":null,\"tab_margin_right\":null,\"tab_margin_bottom\":null,\"tab_margin_left\":null,\"mobile_padding_top\":null,\"mobile_padding_right\":null,\"mobile_padding_bottom\":null,\"mobile_padding_left\":null,\"mobile_margin_top\":null,\"mobile_margin_right\":null,\"mobile_margin_bottom\":null,\"mobile_margin_left\":null,\"page\":\"30\"}'),
(276, 400, '{\"header_variation\":\"header-2\",\"page\":\"34\"}'),
(277, 401, '{\"footer_variation\":\"footer-2\",\"page\":\"34\"}'),
(278, 402, '{\"type\":\"feature\",\"category\":\"274\",\"count\":\"6\",\"background_color\":null,\"background_image\":null,\"background_size\":null,\"background_position\":null,\"background_repeat\":null,\"padding_top\":null,\"padding_right\":null,\"padding_bottom\":null,\"padding_left\":null,\"margin_top\":null,\"margin_right\":null,\"margin_bottom\":null,\"margin_left\":null,\"tab_padding_top\":null,\"tab_padding_right\":null,\"tab_padding_bottom\":null,\"tab_padding_left\":null,\"tab_margin_top\":null,\"tab_margin_right\":null,\"tab_margin_bottom\":null,\"tab_margin_left\":null,\"mobile_padding_top\":null,\"mobile_padding_right\":null,\"mobile_padding_bottom\":null,\"mobile_padding_left\":null,\"mobile_margin_top\":null,\"mobile_margin_right\":null,\"mobile_margin_bottom\":null,\"mobile_margin_left\":null,\"page\":\"34\"}'),
(279, 403, '{\"title_t_\":\"Popular News\",\"type\":\"most_view\",\"category\":\"274\",\"post_advance_style\":\"advance_layout_2\",\"count\":\"7\",\"background_color\":null,\"background_image\":null,\"background_size\":null,\"background_position\":null,\"background_repeat\":null,\"padding_top\":null,\"padding_right\":null,\"padding_bottom\":null,\"padding_left\":null,\"margin_top\":null,\"margin_right\":null,\"margin_bottom\":null,\"margin_left\":null,\"tab_padding_top\":null,\"tab_padding_right\":null,\"tab_padding_bottom\":null,\"tab_padding_left\":null,\"tab_margin_top\":null,\"tab_margin_right\":null,\"tab_margin_bottom\":null,\"tab_margin_left\":null,\"mobile_padding_top\":null,\"mobile_padding_right\":null,\"mobile_padding_bottom\":null,\"mobile_padding_left\":null,\"mobile_margin_top\":null,\"mobile_margin_right\":null,\"mobile_margin_bottom\":null,\"mobile_margin_left\":null,\"page\":\"34\"}'),
(280, 404, '{\"title_t_\":\"Entertainment\",\"type\":\"category\",\"category\":\"295\",\"post_style\":\"s_one\",\"post_column_lg\":\"col-lg-12\",\"post_column_md\":\"col-sm-12\",\"post_column_sm\":\"col-12\",\"count\":\"5\",\"background_color\":null,\"background_image\":null,\"background_size\":null,\"background_position\":null,\"background_repeat\":null,\"padding_top\":null,\"padding_right\":null,\"padding_bottom\":null,\"padding_left\":null,\"margin_top\":null,\"margin_right\":null,\"margin_bottom\":null,\"margin_left\":null,\"tab_padding_top\":null,\"tab_padding_right\":null,\"tab_padding_bottom\":null,\"tab_padding_left\":null,\"tab_margin_top\":null,\"tab_margin_right\":null,\"tab_margin_bottom\":null,\"tab_margin_left\":null,\"mobile_padding_top\":null,\"mobile_padding_right\":null,\"mobile_padding_bottom\":null,\"mobile_padding_left\":null,\"mobile_margin_top\":null,\"mobile_margin_right\":null,\"mobile_margin_bottom\":null,\"mobile_margin_left\":null,\"page\":\"34\"}'),
(281, 405, '{\"title_t_\":\"Follow US\",\"background_color\":null,\"background_image\":null,\"background_size\":null,\"background_position\":null,\"background_repeat\":null,\"padding_top\":null,\"padding_right\":null,\"padding_bottom\":null,\"padding_left\":null,\"margin_top\":null,\"margin_right\":null,\"margin_bottom\":null,\"margin_left\":null,\"tab_padding_top\":null,\"tab_padding_right\":null,\"tab_padding_bottom\":null,\"tab_padding_left\":null,\"tab_margin_top\":null,\"tab_margin_right\":null,\"tab_margin_bottom\":null,\"tab_margin_left\":null,\"mobile_padding_top\":null,\"mobile_padding_right\":null,\"mobile_padding_bottom\":null,\"mobile_padding_left\":null,\"mobile_margin_top\":null,\"mobile_margin_right\":null,\"mobile_margin_bottom\":null,\"mobile_margin_left\":null,\"page\":\"34\"}'),
(282, 406, '{\"title_t_\":\"Technology\",\"type\":\"category\",\"category\":\"288\",\"post_advance_style\":\"advance_layout_3\",\"count\":\"5\",\"background_color\":null,\"background_image\":null,\"background_size\":null,\"background_position\":null,\"background_repeat\":null,\"padding_top\":null,\"padding_right\":null,\"padding_bottom\":null,\"padding_left\":null,\"margin_top\":\"50\",\"margin_right\":null,\"margin_bottom\":null,\"margin_left\":null,\"tab_padding_top\":null,\"tab_padding_right\":null,\"tab_padding_bottom\":null,\"tab_padding_left\":null,\"tab_margin_top\":null,\"tab_margin_right\":null,\"tab_margin_bottom\":null,\"tab_margin_left\":null,\"mobile_padding_top\":null,\"mobile_padding_right\":null,\"mobile_padding_bottom\":null,\"mobile_padding_left\":null,\"mobile_margin_top\":null,\"mobile_margin_right\":null,\"mobile_margin_bottom\":null,\"mobile_margin_left\":null,\"page\":\"34\"}'),
(283, 407, '{\"ads_image\":\"1154\",\"ads_url\":\"\\/\",\"google_adsense\":null,\"background_color\":null,\"background_image\":null,\"background_size\":null,\"background_position\":null,\"background_repeat\":null,\"padding_top\":null,\"padding_right\":null,\"padding_bottom\":null,\"padding_left\":null,\"margin_top\":\"50\",\"margin_right\":null,\"margin_bottom\":null,\"margin_left\":null,\"tab_padding_top\":null,\"tab_padding_right\":null,\"tab_padding_bottom\":null,\"tab_padding_left\":null,\"tab_margin_top\":null,\"tab_margin_right\":null,\"tab_margin_bottom\":null,\"tab_margin_left\":null,\"mobile_padding_top\":null,\"mobile_padding_right\":null,\"mobile_padding_bottom\":null,\"mobile_padding_left\":null,\"mobile_margin_top\":null,\"mobile_margin_right\":null,\"mobile_margin_bottom\":null,\"mobile_margin_left\":null,\"page\":\"34\"}'),
(284, 408, '{\"title_t_\":\"Latest News\",\"type\":\"recent\",\"category\":\"274\",\"post_style\":\"s_four\",\"post_column_lg\":\"col-lg-3\",\"post_column_md\":\"col-sm-4\",\"post_column_sm\":\"col-12\",\"count\":\"8\",\"background_color\":null,\"background_image\":null,\"background_size\":null,\"background_position\":null,\"background_repeat\":null,\"padding_top\":null,\"padding_right\":null,\"padding_bottom\":null,\"padding_left\":null,\"margin_top\":null,\"margin_right\":null,\"margin_bottom\":null,\"margin_left\":null,\"tab_padding_top\":null,\"tab_padding_right\":null,\"tab_padding_bottom\":null,\"tab_padding_left\":null,\"tab_margin_top\":null,\"tab_margin_right\":null,\"tab_margin_bottom\":null,\"tab_margin_left\":null,\"mobile_padding_top\":null,\"mobile_padding_right\":null,\"mobile_padding_bottom\":null,\"mobile_padding_left\":null,\"mobile_margin_top\":null,\"mobile_margin_right\":null,\"mobile_margin_bottom\":null,\"mobile_margin_left\":null,\"page\":\"34\"}'),
(285, 409, '{\"header_variation\":\"header-3\",\"page\":\"35\"}'),
(286, 410, '{\"footer_variation\":\"footer-1\",\"page\":\"35\"}'),
(287, 411, '{\"header_variation\":\"header-4\",\"page\":\"36\"}'),
(288, 412, '{\"footer_variation\":\"footer-2\",\"page\":\"36\"}'),
(289, 413, '{\"header_variation\":\"header-5\",\"page\":\"37\"}'),
(290, 414, '{\"footer_variation\":\"footer-1\",\"page\":\"37\"}'),
(291, 415, '{\"title_t_\":null,\"type\":\"feature\",\"category\":\"274\",\"post_advance_style\":\"advance_layout_7\",\"count\":\"5\",\"background_color\":null,\"background_image\":null,\"background_size\":null,\"background_position\":null,\"background_repeat\":null,\"padding_top\":null,\"padding_right\":null,\"padding_bottom\":null,\"padding_left\":null,\"margin_top\":null,\"margin_right\":null,\"margin_bottom\":null,\"margin_left\":null,\"tab_padding_top\":null,\"tab_padding_right\":null,\"tab_padding_bottom\":null,\"tab_padding_left\":null,\"tab_margin_top\":null,\"tab_margin_right\":null,\"tab_margin_bottom\":null,\"tab_margin_left\":null,\"mobile_padding_top\":null,\"mobile_padding_right\":null,\"mobile_padding_bottom\":null,\"mobile_padding_left\":null,\"mobile_margin_top\":null,\"mobile_margin_right\":null,\"mobile_margin_bottom\":null,\"mobile_margin_left\":null,\"page\":\"35\"}'),
(292, 416, '{\"widget_image\":\"1155\",\"link\":\"custom_url\",\"link_url\":\"\\/\",\"new_window\":\"0\",\"alignment\":\"center\",\"width_c_\":null,\"max_width_c_\":null,\"height_c_\":null,\"background_color\":null,\"background_image\":null,\"background_size\":null,\"background_position\":null,\"background_repeat\":null,\"padding_top\":null,\"padding_right\":null,\"padding_bottom\":null,\"padding_left\":null,\"margin_top\":null,\"margin_right\":null,\"margin_bottom\":null,\"margin_left\":null,\"tab_padding_top\":null,\"tab_padding_right\":null,\"tab_padding_bottom\":null,\"tab_padding_left\":null,\"tab_margin_top\":null,\"tab_margin_right\":null,\"tab_margin_bottom\":null,\"tab_margin_left\":null,\"mobile_padding_top\":null,\"mobile_padding_right\":null,\"mobile_padding_bottom\":null,\"mobile_padding_left\":null,\"mobile_margin_top\":null,\"mobile_margin_right\":null,\"mobile_margin_bottom\":null,\"mobile_margin_left\":null,\"page\":\"35\"}'),
(293, 417, '{\"title_t_\":\"Hot Topics\",\"type\":\"most_view\",\"category\":\"274\",\"post_style\":\"s_four\",\"post_column_lg\":\"col-lg-3\",\"post_column_md\":\"col-sm-6\",\"post_column_sm\":\"col-12\",\"count\":\"4\",\"background_color\":null,\"background_image\":null,\"background_size\":null,\"background_position\":null,\"background_repeat\":null,\"padding_top\":null,\"padding_right\":null,\"padding_bottom\":null,\"padding_left\":null,\"margin_top\":null,\"margin_right\":null,\"margin_bottom\":null,\"margin_left\":null,\"tab_padding_top\":null,\"tab_padding_right\":null,\"tab_padding_bottom\":null,\"tab_padding_left\":null,\"tab_margin_top\":null,\"tab_margin_right\":null,\"tab_margin_bottom\":null,\"tab_margin_left\":null,\"mobile_padding_top\":null,\"mobile_padding_right\":null,\"mobile_padding_bottom\":null,\"mobile_padding_left\":null,\"mobile_margin_top\":null,\"mobile_margin_right\":null,\"mobile_margin_bottom\":null,\"mobile_margin_left\":null,\"page\":\"35\"}'),
(294, 418, '{\"title_t_\":\"What\'s New\",\"type\":\"recent\",\"category\":\"274\",\"post_advance_style\":\"advance_layout_5\",\"count\":\"5\",\"background_color\":null,\"background_image\":null,\"background_size\":null,\"background_position\":null,\"background_repeat\":null,\"padding_top\":null,\"padding_right\":null,\"padding_bottom\":null,\"padding_left\":null,\"margin_top\":null,\"margin_right\":null,\"margin_bottom\":null,\"margin_left\":null,\"tab_padding_top\":null,\"tab_padding_right\":null,\"tab_padding_bottom\":null,\"tab_padding_left\":null,\"tab_margin_top\":null,\"tab_margin_right\":null,\"tab_margin_bottom\":null,\"tab_margin_left\":null,\"mobile_padding_top\":null,\"mobile_padding_right\":null,\"mobile_padding_bottom\":null,\"mobile_padding_left\":null,\"mobile_margin_top\":null,\"mobile_margin_right\":null,\"mobile_margin_bottom\":null,\"mobile_margin_left\":null,\"page\":\"35\"}'),
(295, 419, '{\"title_t_\":\"Life Style\",\"type\":\"category\",\"category\":\"291\",\"post_style\":\"s_one\",\"post_column_lg\":\"col-lg-12\",\"post_column_md\":\"col-sm-12\",\"post_column_sm\":\"col-12\",\"count\":\"6\",\"background_color\":null,\"background_image\":null,\"background_size\":null,\"background_position\":null,\"background_repeat\":null,\"padding_top\":null,\"padding_right\":null,\"padding_bottom\":null,\"padding_left\":null,\"margin_top\":null,\"margin_right\":null,\"margin_bottom\":null,\"margin_left\":null,\"tab_padding_top\":null,\"tab_padding_right\":null,\"tab_padding_bottom\":null,\"tab_padding_left\":null,\"tab_margin_top\":null,\"tab_margin_right\":null,\"tab_margin_bottom\":null,\"tab_margin_left\":null,\"mobile_padding_top\":null,\"mobile_padding_right\":null,\"mobile_padding_bottom\":null,\"mobile_padding_left\":null,\"mobile_margin_top\":null,\"mobile_margin_right\":null,\"mobile_margin_bottom\":null,\"mobile_margin_left\":null,\"page\":\"35\"}'),
(296, 420, '{\"title_t_\":\"Follow US\",\"background_color\":null,\"background_image\":null,\"background_size\":null,\"background_position\":null,\"background_repeat\":null,\"padding_top\":null,\"padding_right\":null,\"padding_bottom\":null,\"padding_left\":null,\"margin_top\":null,\"margin_right\":null,\"margin_bottom\":null,\"margin_left\":null,\"tab_padding_top\":null,\"tab_padding_right\":null,\"tab_padding_bottom\":null,\"tab_padding_left\":null,\"tab_margin_top\":null,\"tab_margin_right\":null,\"tab_margin_bottom\":null,\"tab_margin_left\":null,\"mobile_padding_top\":null,\"mobile_padding_right\":null,\"mobile_padding_bottom\":null,\"mobile_padding_left\":null,\"mobile_margin_top\":null,\"mobile_margin_right\":null,\"mobile_margin_bottom\":null,\"mobile_margin_left\":null,\"page\":\"35\"}'),
(297, 421, '{\"title_t_\":\"GET NEWSLETTER\",\"short_desc_t_\":\"Subscribe to our newsletter to get the latest news and exclusive updates.\",\"email_placeholder_t_\":\"Enter Email\",\"btn_text_t_\":\"Subscriber\",\"background_color\":null,\"background_image\":null,\"background_size\":null,\"background_position\":null,\"background_repeat\":null,\"padding_top\":null,\"padding_right\":null,\"padding_bottom\":null,\"padding_left\":null,\"margin_top\":\"55\",\"margin_right\":null,\"margin_bottom\":null,\"margin_left\":null,\"tab_padding_top\":null,\"tab_padding_right\":null,\"tab_padding_bottom\":null,\"tab_padding_left\":null,\"tab_margin_top\":null,\"tab_margin_right\":null,\"tab_margin_bottom\":null,\"tab_margin_left\":null,\"mobile_padding_top\":null,\"mobile_padding_right\":null,\"mobile_padding_bottom\":null,\"mobile_padding_left\":null,\"mobile_margin_top\":null,\"mobile_margin_right\":null,\"mobile_margin_bottom\":null,\"mobile_margin_left\":null,\"page\":\"35\"}'),
(298, 422, '{\"title_t_\":\"Popular News\",\"type\":\"popular\",\"category\":\"274\",\"count\":\"3\",\"background_color\":null,\"background_image\":null,\"background_size\":null,\"background_position\":null,\"background_repeat\":null,\"padding_top\":null,\"padding_right\":null,\"padding_bottom\":null,\"padding_left\":null,\"margin_top\":\"55\",\"margin_right\":null,\"margin_bottom\":null,\"margin_left\":null,\"tab_padding_top\":null,\"tab_padding_right\":null,\"tab_padding_bottom\":null,\"tab_padding_left\":null,\"tab_margin_top\":null,\"tab_margin_right\":null,\"tab_margin_bottom\":null,\"tab_margin_left\":null,\"mobile_padding_top\":null,\"mobile_padding_right\":null,\"mobile_padding_bottom\":null,\"mobile_padding_left\":null,\"mobile_margin_top\":null,\"mobile_margin_right\":null,\"mobile_margin_bottom\":null,\"mobile_margin_left\":null,\"page\":\"35\"}'),
(299, 423, '{\"ads_image\":\"1152\",\"ads_url\":\"\\/\",\"google_adsense\":null,\"background_color\":null,\"background_image\":null,\"background_size\":null,\"background_position\":null,\"background_repeat\":null,\"padding_top\":null,\"padding_right\":null,\"padding_bottom\":null,\"padding_left\":null,\"margin_top\":\"55\",\"margin_right\":null,\"margin_bottom\":null,\"margin_left\":null,\"tab_padding_top\":null,\"tab_padding_right\":null,\"tab_padding_bottom\":null,\"tab_padding_left\":null,\"tab_margin_top\":null,\"tab_margin_right\":null,\"tab_margin_bottom\":null,\"tab_margin_left\":null,\"mobile_padding_top\":null,\"mobile_padding_right\":null,\"mobile_padding_bottom\":null,\"mobile_padding_left\":null,\"mobile_margin_top\":null,\"mobile_margin_right\":null,\"mobile_margin_bottom\":null,\"mobile_margin_left\":null,\"page\":\"35\"}'),
(301, 425, '{\"title_t_\":null,\"type\":\"category\",\"category\":\"288\",\"post_advance_style\":\"advance_layout_9\",\"count\":\"3\",\"background_color\":null,\"background_image\":null,\"background_size\":null,\"background_position\":null,\"background_repeat\":null,\"padding_top\":null,\"padding_right\":null,\"padding_bottom\":null,\"padding_left\":null,\"margin_top\":\"60\",\"margin_right\":null,\"margin_bottom\":null,\"margin_left\":null,\"tab_padding_top\":null,\"tab_padding_right\":null,\"tab_padding_bottom\":null,\"tab_padding_left\":null,\"tab_margin_top\":null,\"tab_margin_right\":null,\"tab_margin_bottom\":null,\"tab_margin_left\":null,\"mobile_padding_top\":null,\"mobile_padding_right\":null,\"mobile_padding_bottom\":null,\"mobile_padding_left\":null,\"mobile_margin_top\":null,\"mobile_margin_right\":null,\"mobile_margin_bottom\":null,\"mobile_margin_left\":null,\"page\":\"36\"}'),
(302, 426, '{\"title_t_\":\"Recent News\",\"type\":\"recent\",\"category\":\"294\",\"post_advance_style\":\"advance_layout_8\",\"count\":\"6\",\"background_color\":null,\"background_image\":null,\"background_size\":null,\"background_position\":null,\"background_repeat\":null,\"padding_top\":null,\"padding_right\":null,\"padding_bottom\":null,\"padding_left\":null,\"margin_top\":null,\"margin_right\":null,\"margin_bottom\":null,\"margin_left\":null,\"tab_padding_top\":null,\"tab_padding_right\":null,\"tab_padding_bottom\":null,\"tab_padding_left\":null,\"tab_margin_top\":null,\"tab_margin_right\":null,\"tab_margin_bottom\":null,\"tab_margin_left\":null,\"mobile_padding_top\":null,\"mobile_padding_right\":null,\"mobile_padding_bottom\":null,\"mobile_padding_left\":null,\"mobile_margin_top\":null,\"mobile_margin_right\":null,\"mobile_margin_bottom\":null,\"mobile_margin_left\":null,\"page\":\"36\"}'),
(303, 427, '{\"title_t_\":\"Politics\",\"type\":\"category\",\"category\":\"290\",\"count\":\"4\",\"background_color\":null,\"background_image\":null,\"background_size\":null,\"background_position\":null,\"background_repeat\":null,\"padding_top\":null,\"padding_right\":null,\"padding_bottom\":null,\"padding_left\":null,\"margin_top\":null,\"margin_right\":null,\"margin_bottom\":null,\"margin_left\":null,\"tab_padding_top\":null,\"tab_padding_right\":null,\"tab_padding_bottom\":null,\"tab_padding_left\":null,\"tab_margin_top\":null,\"tab_margin_right\":null,\"tab_margin_bottom\":null,\"tab_margin_left\":null,\"mobile_padding_top\":null,\"mobile_padding_right\":null,\"mobile_padding_bottom\":null,\"mobile_padding_left\":null,\"mobile_margin_top\":null,\"mobile_margin_right\":null,\"mobile_margin_bottom\":null,\"mobile_margin_left\":null,\"page\":\"36\"}'),
(304, 428, '{\"title_t_\":\"World News\",\"type\":\"category\",\"category\":\"289\",\"post_style\":\"s_two\",\"post_column_lg\":\"col-lg-6\",\"post_column_md\":\"col-sm-6\",\"post_column_sm\":\"col-12\",\"count\":\"4\",\"background_color\":null,\"background_image\":null,\"background_size\":null,\"background_position\":null,\"background_repeat\":null,\"padding_top\":null,\"padding_right\":null,\"padding_bottom\":null,\"padding_left\":null,\"margin_top\":\"60\",\"margin_right\":null,\"margin_bottom\":null,\"margin_left\":null,\"tab_padding_top\":null,\"tab_padding_right\":null,\"tab_padding_bottom\":null,\"tab_padding_left\":null,\"tab_margin_top\":null,\"tab_margin_right\":null,\"tab_margin_bottom\":null,\"tab_margin_left\":null,\"mobile_padding_top\":null,\"mobile_padding_right\":null,\"mobile_padding_bottom\":null,\"mobile_padding_left\":null,\"mobile_margin_top\":null,\"mobile_margin_right\":null,\"mobile_margin_bottom\":null,\"mobile_margin_left\":null,\"page\":\"36\"}'),
(305, 429, '{\"title_t_\":\"Top Categories\",\"number_of_category\":\"6\",\"background_color\":null,\"background_image\":null,\"background_size\":null,\"background_position\":null,\"background_repeat\":null,\"padding_top\":null,\"padding_right\":null,\"padding_bottom\":null,\"padding_left\":null,\"margin_top\":\"50\",\"margin_right\":null,\"margin_bottom\":null,\"margin_left\":null,\"tab_padding_top\":null,\"tab_padding_right\":null,\"tab_padding_bottom\":null,\"tab_padding_left\":null,\"tab_margin_top\":null,\"tab_margin_right\":null,\"tab_margin_bottom\":null,\"tab_margin_left\":null,\"mobile_padding_top\":null,\"mobile_padding_right\":null,\"mobile_padding_bottom\":null,\"mobile_padding_left\":null,\"mobile_margin_top\":null,\"mobile_margin_right\":null,\"mobile_margin_bottom\":null,\"mobile_margin_left\":null,\"page\":\"36\"}'),
(306, 430, '{\"title_t_\":\"Top Tags\",\"tag_count\":\"15\",\"background_color\":null,\"background_image\":null,\"background_size\":null,\"background_position\":null,\"background_repeat\":null,\"padding_top\":null,\"padding_right\":null,\"padding_bottom\":null,\"padding_left\":null,\"margin_top\":\"50\",\"margin_right\":null,\"margin_bottom\":null,\"margin_left\":null,\"tab_padding_top\":null,\"tab_padding_right\":null,\"tab_padding_bottom\":null,\"tab_padding_left\":null,\"tab_margin_top\":null,\"tab_margin_right\":null,\"tab_margin_bottom\":null,\"tab_margin_left\":null,\"mobile_padding_top\":null,\"mobile_padding_right\":null,\"mobile_padding_bottom\":null,\"mobile_padding_left\":null,\"mobile_margin_top\":null,\"mobile_margin_right\":null,\"mobile_margin_bottom\":null,\"mobile_margin_left\":null,\"page\":\"36\"}'),
(307, 431, '{\"title_t_\":\"Latest Comments\",\"count\":\"4\",\"background_color\":null,\"background_image\":null,\"background_size\":null,\"background_position\":null,\"background_repeat\":null,\"padding_top\":null,\"padding_right\":null,\"padding_bottom\":null,\"padding_left\":null,\"margin_top\":\"45\",\"margin_right\":null,\"margin_bottom\":null,\"margin_left\":null,\"tab_padding_top\":null,\"tab_padding_right\":null,\"tab_padding_bottom\":null,\"tab_padding_left\":null,\"tab_margin_top\":null,\"tab_margin_right\":null,\"tab_margin_bottom\":null,\"tab_margin_left\":null,\"mobile_padding_top\":null,\"mobile_padding_right\":null,\"mobile_padding_bottom\":null,\"mobile_padding_left\":null,\"mobile_margin_top\":null,\"mobile_margin_right\":null,\"mobile_margin_bottom\":null,\"mobile_margin_left\":null,\"page\":\"36\"}'),
(308, 432, '{\"title_t_\":\"Entertainment\",\"playlist_title_t_\":\"Video\",\"type\":\"category\",\"category\":\"295\",\"count\":\"6\",\"background_color\":null,\"background_image\":null,\"background_size\":null,\"background_position\":null,\"background_repeat\":null,\"padding_top\":null,\"padding_right\":null,\"padding_bottom\":null,\"padding_left\":null,\"margin_top\":null,\"margin_right\":null,\"margin_bottom\":null,\"margin_left\":null,\"tab_padding_top\":null,\"tab_padding_right\":null,\"tab_padding_bottom\":null,\"tab_padding_left\":null,\"tab_margin_top\":null,\"tab_margin_right\":null,\"tab_margin_bottom\":null,\"tab_margin_left\":null,\"mobile_padding_top\":null,\"mobile_padding_right\":null,\"mobile_padding_bottom\":null,\"mobile_padding_left\":null,\"mobile_margin_top\":null,\"mobile_margin_right\":null,\"mobile_margin_bottom\":null,\"mobile_margin_left\":null,\"page\":\"36\"}'),
(309, 434, '{\"title_t_\":\"Latest News\",\"type\":\"recent\",\"category\":\"274\",\"post_advance_style\":\"advance_layout_5\",\"count\":\"5\",\"background_color\":null,\"background_image\":null,\"background_size\":null,\"background_position\":null,\"background_repeat\":null,\"padding_top\":null,\"padding_right\":null,\"padding_bottom\":null,\"padding_left\":null,\"margin_top\":null,\"margin_right\":null,\"margin_bottom\":null,\"margin_left\":null,\"tab_padding_top\":null,\"tab_padding_right\":null,\"tab_padding_bottom\":null,\"tab_padding_left\":null,\"tab_margin_top\":null,\"tab_margin_right\":null,\"tab_margin_bottom\":null,\"tab_margin_left\":null,\"mobile_padding_top\":null,\"mobile_padding_right\":null,\"mobile_padding_bottom\":null,\"mobile_padding_left\":null,\"mobile_margin_top\":null,\"mobile_margin_right\":null,\"mobile_margin_bottom\":null,\"mobile_margin_left\":null,\"page\":\"37\"}'),
(310, 436, '{\"widget_image\":\"1155\",\"link\":\"custom_url\",\"link_url\":\"\\/\",\"new_window\":\"0\",\"alignment\":\"center\",\"width_c_\":null,\"max_width_c_\":null,\"height_c_\":null,\"background_color\":null,\"background_image\":null,\"background_size\":null,\"background_position\":null,\"background_repeat\":null,\"padding_top\":null,\"padding_right\":null,\"padding_bottom\":null,\"padding_left\":null,\"margin_top\":\"60\",\"margin_right\":null,\"margin_bottom\":null,\"margin_left\":null,\"tab_padding_top\":null,\"tab_padding_right\":null,\"tab_padding_bottom\":null,\"tab_padding_left\":null,\"tab_margin_top\":null,\"tab_margin_right\":null,\"tab_margin_bottom\":null,\"tab_margin_left\":null,\"mobile_padding_top\":null,\"mobile_padding_right\":null,\"mobile_padding_bottom\":null,\"mobile_padding_left\":null,\"mobile_margin_top\":null,\"mobile_margin_right\":null,\"mobile_margin_bottom\":null,\"mobile_margin_left\":null,\"page\":\"37\"}'),
(311, 437, '{\"title_t_\":\"Top News Of 2023\",\"type\":\"most_view\",\"category\":\"274\",\"post_advance_style\":\"advance_layout_6\",\"count\":\"7\",\"background_color\":null,\"background_image\":null,\"background_size\":null,\"background_position\":null,\"background_repeat\":null,\"padding_top\":null,\"padding_right\":null,\"padding_bottom\":null,\"padding_left\":null,\"margin_top\":null,\"margin_right\":null,\"margin_bottom\":null,\"margin_left\":null,\"tab_padding_top\":null,\"tab_padding_right\":null,\"tab_padding_bottom\":null,\"tab_padding_left\":null,\"tab_margin_top\":null,\"tab_margin_right\":null,\"tab_margin_bottom\":null,\"tab_margin_left\":null,\"mobile_padding_top\":null,\"mobile_padding_right\":null,\"mobile_padding_bottom\":null,\"mobile_padding_left\":null,\"mobile_margin_top\":null,\"mobile_margin_right\":null,\"mobile_margin_bottom\":null,\"mobile_margin_left\":null,\"page\":\"37\"}'),
(312, 438, '{\"title_t_\":\"Follow US\",\"background_color\":null,\"background_image\":null,\"background_size\":null,\"background_position\":null,\"background_repeat\":null,\"padding_top\":null,\"padding_right\":null,\"padding_bottom\":null,\"padding_left\":null,\"margin_top\":null,\"margin_right\":null,\"margin_bottom\":null,\"margin_left\":null,\"tab_padding_top\":null,\"tab_padding_right\":null,\"tab_padding_bottom\":null,\"tab_padding_left\":null,\"tab_margin_top\":null,\"tab_margin_right\":null,\"tab_margin_bottom\":null,\"tab_margin_left\":null,\"mobile_padding_top\":null,\"mobile_padding_right\":null,\"mobile_padding_bottom\":null,\"mobile_padding_left\":null,\"mobile_margin_top\":null,\"mobile_margin_right\":null,\"mobile_margin_bottom\":null,\"mobile_margin_left\":null,\"page\":\"37\"}'),
(313, 439, '{\"title_t_\":\"Categories\",\"number_of_category\":\"6\",\"background_color\":null,\"background_image\":null,\"background_size\":null,\"background_position\":null,\"background_repeat\":null,\"padding_top\":null,\"padding_right\":null,\"padding_bottom\":null,\"padding_left\":null,\"margin_top\":\"45\",\"margin_right\":null,\"margin_bottom\":null,\"margin_left\":null,\"tab_padding_top\":null,\"tab_padding_right\":null,\"tab_padding_bottom\":null,\"tab_padding_left\":null,\"tab_margin_top\":null,\"tab_margin_right\":null,\"tab_margin_bottom\":null,\"tab_margin_left\":null,\"mobile_padding_top\":null,\"mobile_padding_right\":null,\"mobile_padding_bottom\":null,\"mobile_padding_left\":null,\"mobile_margin_top\":null,\"mobile_margin_right\":null,\"mobile_margin_bottom\":null,\"mobile_margin_left\":null,\"page\":\"37\"}'),
(314, 440, '{\"ads_image\":\"1156\",\"ads_url\":\"\\/\",\"google_adsense\":null,\"background_color\":null,\"background_image\":null,\"background_size\":null,\"background_position\":null,\"background_repeat\":null,\"padding_top\":null,\"padding_right\":null,\"padding_bottom\":null,\"padding_left\":null,\"margin_top\":\"45\",\"margin_right\":null,\"margin_bottom\":null,\"margin_left\":null,\"tab_padding_top\":null,\"tab_padding_right\":null,\"tab_padding_bottom\":null,\"tab_padding_left\":null,\"tab_margin_top\":null,\"tab_margin_right\":null,\"tab_margin_bottom\":null,\"tab_margin_left\":null,\"mobile_padding_top\":null,\"mobile_padding_right\":null,\"mobile_padding_bottom\":null,\"mobile_padding_left\":null,\"mobile_margin_top\":null,\"mobile_margin_right\":null,\"mobile_margin_bottom\":null,\"mobile_margin_left\":null,\"page\":\"37\"}'),
(315, 441, '{\"title_t_\":null,\"playlist_title_t_\":\"Video List\",\"type\":\"category\",\"category\":\"290\",\"count\":\"6\",\"background_color\":null,\"background_image\":null,\"background_size\":null,\"background_position\":null,\"background_repeat\":null,\"padding_top\":null,\"padding_right\":null,\"padding_bottom\":null,\"padding_left\":null,\"margin_top\":null,\"margin_right\":null,\"margin_bottom\":null,\"margin_left\":null,\"tab_padding_top\":null,\"tab_padding_right\":null,\"tab_padding_bottom\":null,\"tab_padding_left\":null,\"tab_margin_top\":null,\"tab_margin_right\":null,\"tab_margin_bottom\":null,\"tab_margin_left\":null,\"mobile_padding_top\":null,\"mobile_padding_right\":null,\"mobile_padding_bottom\":null,\"mobile_padding_left\":null,\"mobile_margin_top\":null,\"mobile_margin_right\":null,\"mobile_margin_bottom\":null,\"mobile_margin_left\":null,\"page\":\"37\"}'),
(316, 442, '{\"title_t_\":\"Top Viewed News\",\"type\":\"most_view\",\"category\":\"274\",\"post_style\":\"s_four\",\"post_column_lg\":\"col-lg-4\",\"post_column_md\":\"col-sm-6\",\"post_column_sm\":\"col-12\",\"count\":\"6\",\"background_color\":null,\"background_image\":null,\"background_size\":null,\"background_position\":null,\"background_repeat\":null,\"padding_top\":null,\"padding_right\":null,\"padding_bottom\":null,\"padding_left\":null,\"margin_top\":null,\"margin_right\":null,\"margin_bottom\":null,\"margin_left\":null,\"tab_padding_top\":null,\"tab_padding_right\":null,\"tab_padding_bottom\":null,\"tab_padding_left\":null,\"tab_margin_top\":null,\"tab_margin_right\":null,\"tab_margin_bottom\":null,\"tab_margin_left\":null,\"mobile_padding_top\":null,\"mobile_padding_right\":null,\"mobile_padding_bottom\":null,\"mobile_padding_left\":null,\"mobile_margin_top\":null,\"mobile_margin_right\":null,\"mobile_margin_bottom\":null,\"mobile_margin_left\":null,\"page\":\"37\"}'),
(317, 445, '{\"title_t_\":\"Sports\",\"type\":\"category\",\"category\":\"294\",\"count\":\"5\",\"background_color\":null,\"background_image\":null,\"background_size\":null,\"background_position\":null,\"background_repeat\":null,\"padding_top\":null,\"padding_right\":null,\"padding_bottom\":null,\"padding_left\":null,\"margin_top\":null,\"margin_right\":null,\"margin_bottom\":null,\"margin_left\":null,\"tab_padding_top\":null,\"tab_padding_right\":null,\"tab_padding_bottom\":null,\"tab_padding_left\":null,\"tab_margin_top\":null,\"tab_margin_right\":null,\"tab_margin_bottom\":null,\"tab_margin_left\":null,\"mobile_padding_top\":null,\"mobile_padding_right\":null,\"mobile_padding_bottom\":null,\"mobile_padding_left\":null,\"mobile_margin_top\":null,\"mobile_margin_right\":null,\"mobile_margin_bottom\":null,\"mobile_margin_left\":null,\"page\":\"37\"}'),
(318, 446, '{\"title_t_\":\"World News\",\"type\":\"category\",\"category\":\"289\",\"post_style\":\"s_one\",\"post_column_lg\":\"col-lg-12\",\"post_column_md\":\"col-sm-12\",\"post_column_sm\":\"col-12\",\"count\":\"2\",\"background_color\":null,\"background_image\":null,\"background_size\":null,\"background_position\":null,\"background_repeat\":null,\"padding_top\":null,\"padding_right\":null,\"padding_bottom\":null,\"padding_left\":null,\"margin_top\":null,\"margin_right\":null,\"margin_bottom\":null,\"margin_left\":null,\"tab_padding_top\":null,\"tab_padding_right\":null,\"tab_padding_bottom\":null,\"tab_padding_left\":null,\"tab_margin_top\":null,\"tab_margin_right\":null,\"tab_margin_bottom\":null,\"tab_margin_left\":null,\"mobile_padding_top\":null,\"mobile_padding_right\":null,\"mobile_padding_bottom\":null,\"mobile_padding_left\":null,\"mobile_margin_top\":null,\"mobile_margin_right\":null,\"mobile_margin_bottom\":null,\"mobile_margin_left\":null,\"page\":\"37\"}'),
(319, 453, '{\"ads_image\":\"1152\",\"ads_url\":\"#\",\"new_window\":\"1\",\"google_adsense\":null,\"background_color\":null,\"background_image\":null,\"background_size\":null,\"background_position\":null,\"background_repeat\":null,\"padding_top\":null,\"padding_right\":null,\"padding_bottom\":null,\"padding_left\":null,\"margin_top\":null,\"margin_right\":null,\"margin_bottom\":null,\"margin_left\":null,\"tab_padding_top\":null,\"tab_padding_right\":null,\"tab_padding_bottom\":null,\"tab_padding_left\":null,\"tab_margin_top\":null,\"tab_margin_right\":null,\"tab_margin_bottom\":null,\"tab_margin_left\":null,\"mobile_padding_top\":null,\"mobile_padding_right\":null,\"mobile_padding_bottom\":null,\"mobile_padding_left\":null,\"mobile_margin_top\":null,\"mobile_margin_right\":null,\"mobile_margin_bottom\":null,\"mobile_margin_left\":null,\"page\":\"30\"}'),
(321, 455, '{\"ads_image\":\"1151\",\"ads_url\":\"\\/\",\"google_adsense\":null,\"background_color\":null,\"background_image\":null,\"background_size\":null,\"background_position\":null,\"background_repeat\":null,\"padding_top\":null,\"padding_right\":null,\"padding_bottom\":null,\"padding_left\":null,\"margin_top\":null,\"margin_right\":null,\"margin_bottom\":null,\"margin_left\":null,\"tab_padding_top\":null,\"tab_padding_right\":null,\"tab_padding_bottom\":null,\"tab_padding_left\":null,\"tab_margin_top\":null,\"tab_margin_right\":null,\"tab_margin_bottom\":null,\"tab_margin_left\":null,\"mobile_padding_top\":null,\"mobile_padding_right\":null,\"mobile_padding_bottom\":null,\"mobile_padding_left\":null,\"mobile_margin_top\":null,\"mobile_margin_right\":null,\"mobile_margin_bottom\":null,\"mobile_margin_left\":null,\"page\":\"30\"}');

-- --------------------------------------------------------

--
-- Table structure for table `page_builder_sections_properties`
--

CREATE TABLE `page_builder_sections_properties` (
  `id` int(11) NOT NULL,
  `section_id` int(11) DEFAULT NULL,
  `properties` longtext DEFAULT NULL,
  `created_at` timestamp NULL DEFAULT NULL,
  `updated_at` timestamp NULL DEFAULT NULL
) ENGINE=InnoDB DEFAULT CHARSET=utf8mb4;

--
-- Dumping data for table `page_builder_sections_properties`
--

INSERT INTO `page_builder_sections_properties` (`id`, `section_id`, `properties`, `created_at`, `updated_at`) VALUES
(111, 172, '{\"container\":\"container-fluid\",\"background_color\":null,\"background_image\":null,\"background_size\":null,\"background_position\":null,\"background_repeat\":null,\"padding_top\":null,\"padding_right\":null,\"padding_bottom\":null,\"padding_left\":null,\"margin_top\":null,\"margin_right\":null,\"margin_bottom\":null,\"margin_left\":null,\"tab_padding_top\":null,\"tab_padding_right\":null,\"tab_padding_bottom\":null,\"tab_padding_left\":null,\"tab_margin_top\":null,\"tab_margin_right\":null,\"tab_margin_bottom\":null,\"tab_margin_left\":null,\"mobile_padding_top\":null,\"mobile_padding_right\":null,\"mobile_padding_bottom\":null,\"mobile_padding_left\":null,\"mobile_margin_top\":\"0\",\"mobile_margin_right\":null,\"mobile_margin_bottom\":null,\"mobile_margin_left\":null,\"page\":\"30\"}', '2023-10-30 11:56:54', '2023-12-26 13:25:17'),
(112, 173, '{\"container\":\"container-fluid\",\"background_color\":null,\"background_image\":null,\"background_size\":null,\"background_position\":null,\"background_repeat\":null,\"padding_top\":null,\"padding_right\":null,\"padding_bottom\":null,\"padding_left\":null,\"margin_top\":\"30\",\"margin_right\":null,\"margin_bottom\":null,\"margin_left\":null,\"tab_padding_top\":null,\"tab_padding_right\":null,\"tab_padding_bottom\":null,\"tab_padding_left\":null,\"tab_margin_top\":null,\"tab_margin_right\":null,\"tab_margin_bottom\":null,\"tab_margin_left\":null,\"mobile_padding_top\":null,\"mobile_padding_right\":null,\"mobile_padding_bottom\":null,\"mobile_padding_left\":null,\"mobile_margin_top\":null,\"mobile_margin_right\":null,\"mobile_margin_bottom\":null,\"mobile_margin_left\":null,\"page\":\"30\"}', '2023-10-30 11:57:03', '2023-12-26 13:24:47'),
(114, 180, '{\"background_color\":null,\"background_image\":null,\"background_size\":null,\"background_position\":null,\"background_repeat\":null,\"padding_top\":null,\"padding_right\":null,\"padding_bottom\":null,\"padding_left\":null,\"margin_top\":\"60\",\"margin_right\":null,\"margin_bottom\":null,\"margin_left\":null,\"tab_padding_top\":null,\"tab_padding_right\":null,\"tab_padding_bottom\":null,\"tab_padding_left\":null,\"tab_margin_top\":null,\"tab_margin_right\":null,\"tab_margin_bottom\":null,\"tab_margin_left\":null,\"mobile_padding_top\":null,\"mobile_padding_right\":null,\"mobile_padding_bottom\":null,\"mobile_padding_left\":null,\"mobile_margin_top\":null,\"mobile_margin_right\":null,\"mobile_margin_bottom\":null,\"mobile_margin_left\":null,\"page\":\"30\"}', '2023-11-09 06:30:39', '2023-12-09 12:05:57'),
(116, 187, '{\"background_color\":\"#F7F8FA\",\"background_image\":\"1157\",\"background_size\":\"cover\",\"background_position\":\"bottom\",\"background_repeat\":\"no-repeat\",\"padding_top\":\"50\",\"padding_right\":null,\"padding_bottom\":\"60\",\"padding_left\":null,\"margin_top\":\"50\",\"margin_right\":null,\"margin_bottom\":\"60\",\"margin_left\":null,\"tab_padding_top\":null,\"tab_padding_right\":null,\"tab_padding_bottom\":null,\"tab_padding_left\":null,\"tab_margin_top\":null,\"tab_margin_right\":null,\"tab_margin_bottom\":null,\"tab_margin_left\":null,\"mobile_padding_top\":null,\"mobile_padding_right\":null,\"mobile_padding_bottom\":null,\"mobile_padding_left\":null,\"mobile_margin_top\":null,\"mobile_margin_right\":null,\"mobile_margin_bottom\":null,\"mobile_margin_left\":null,\"page\":\"30\"}', '2023-11-28 05:24:29', '2023-12-28 05:58:01'),
(118, 189, '{\"background_color\":null,\"background_image\":null,\"background_size\":null,\"background_position\":null,\"background_repeat\":null,\"padding_top\":null,\"padding_right\":null,\"padding_bottom\":null,\"padding_left\":null,\"margin_top\":\"50\",\"margin_right\":null,\"margin_bottom\":null,\"margin_left\":null,\"tab_padding_top\":null,\"tab_padding_right\":null,\"tab_padding_bottom\":null,\"tab_padding_left\":null,\"tab_margin_top\":null,\"tab_margin_right\":null,\"tab_margin_bottom\":null,\"tab_margin_left\":null,\"mobile_padding_top\":null,\"mobile_padding_right\":null,\"mobile_padding_bottom\":null,\"mobile_padding_left\":null,\"mobile_margin_top\":null,\"mobile_margin_right\":null,\"mobile_margin_bottom\":null,\"mobile_margin_left\":null,\"page\":\"30\"}', '2023-12-09 10:19:19', '2023-12-21 17:25:24'),
(119, 191, '{\"container\":\"container\",\"background_color\":null,\"background_image\":\"1157\",\"background_size\":\"cover\",\"background_position\":\"center\",\"background_repeat\":\"no-repeat\",\"padding_top\":\"70\",\"padding_right\":null,\"padding_bottom\":\"40\",\"padding_left\":null,\"margin_top\":null,\"margin_right\":null,\"margin_bottom\":null,\"margin_left\":null,\"tab_padding_top\":null,\"tab_padding_right\":null,\"tab_padding_bottom\":null,\"tab_padding_left\":null,\"tab_margin_top\":null,\"tab_margin_right\":null,\"tab_margin_bottom\":null,\"tab_margin_left\":null,\"mobile_padding_top\":null,\"mobile_padding_right\":null,\"mobile_padding_bottom\":null,\"mobile_padding_left\":null,\"mobile_margin_top\":null,\"mobile_margin_right\":null,\"mobile_margin_bottom\":null,\"mobile_margin_left\":null,\"page\":\"34\"}', '2023-12-09 17:17:38', '2023-12-28 05:56:41'),
(120, 192, '{\"container\":\"container-fluid\",\"background_color\":null,\"background_image\":null,\"background_size\":null,\"background_position\":null,\"background_repeat\":null,\"padding_top\":null,\"padding_right\":null,\"padding_bottom\":null,\"padding_left\":null,\"margin_top\":null,\"margin_right\":null,\"margin_bottom\":null,\"margin_left\":null,\"tab_padding_top\":null,\"tab_padding_right\":null,\"tab_padding_bottom\":null,\"tab_padding_left\":null,\"tab_margin_top\":null,\"tab_margin_right\":null,\"tab_margin_bottom\":null,\"tab_margin_left\":null,\"mobile_padding_top\":null,\"mobile_padding_right\":null,\"mobile_padding_bottom\":null,\"mobile_padding_left\":null,\"mobile_margin_top\":null,\"mobile_margin_right\":null,\"mobile_margin_bottom\":null,\"mobile_margin_left\":null,\"page\":\"34\"}', '2023-12-09 17:20:30', '2023-12-09 17:20:30'),
(121, 190, '{\"container\":\"container-fluid\",\"background_color\":null,\"background_image\":null,\"background_size\":null,\"background_position\":null,\"background_repeat\":null,\"padding_top\":null,\"padding_right\":null,\"padding_bottom\":null,\"padding_left\":null,\"margin_top\":null,\"margin_right\":null,\"margin_bottom\":null,\"margin_left\":null,\"tab_padding_top\":null,\"tab_padding_right\":null,\"tab_padding_bottom\":null,\"tab_padding_left\":null,\"tab_margin_top\":null,\"tab_margin_right\":null,\"tab_margin_bottom\":null,\"tab_margin_left\":null,\"mobile_padding_top\":null,\"mobile_padding_right\":null,\"mobile_padding_bottom\":null,\"mobile_padding_left\":null,\"mobile_margin_top\":null,\"mobile_margin_right\":null,\"mobile_margin_bottom\":null,\"mobile_margin_left\":null,\"page\":\"34\"}', '2023-12-09 17:20:33', '2023-12-09 17:20:33'),
(122, 193, '{\"background_color\":null,\"background_image\":null,\"background_size\":null,\"background_position\":null,\"background_repeat\":null,\"padding_top\":null,\"padding_right\":null,\"padding_bottom\":null,\"padding_left\":null,\"margin_top\":\"60\",\"margin_right\":null,\"margin_bottom\":null,\"margin_left\":null,\"tab_padding_top\":null,\"tab_padding_right\":null,\"tab_padding_bottom\":null,\"tab_padding_left\":null,\"tab_margin_top\":null,\"tab_margin_right\":null,\"tab_margin_bottom\":null,\"tab_margin_left\":null,\"mobile_padding_top\":null,\"mobile_padding_right\":null,\"mobile_padding_bottom\":null,\"mobile_padding_left\":null,\"mobile_margin_top\":null,\"mobile_margin_right\":null,\"mobile_margin_bottom\":null,\"mobile_margin_left\":null,\"page\":\"34\"}', '2023-12-09 17:39:37', '2023-12-09 17:39:37'),
(123, 194, '{\"background_color\":null,\"background_image\":null,\"background_size\":null,\"background_position\":null,\"background_repeat\":null,\"padding_top\":null,\"padding_right\":null,\"padding_bottom\":null,\"padding_left\":null,\"margin_top\":\"30\",\"margin_right\":null,\"margin_bottom\":null,\"margin_left\":null,\"tab_padding_top\":null,\"tab_padding_right\":null,\"tab_padding_bottom\":null,\"tab_padding_left\":null,\"tab_margin_top\":null,\"tab_margin_right\":null,\"tab_margin_bottom\":null,\"tab_margin_left\":null,\"mobile_padding_top\":null,\"mobile_padding_right\":null,\"mobile_padding_bottom\":null,\"mobile_padding_left\":null,\"mobile_margin_top\":null,\"mobile_margin_right\":null,\"mobile_margin_bottom\":null,\"mobile_margin_left\":null,\"page\":\"34\"}', '2023-12-09 17:46:53', '2023-12-09 17:46:53'),
(124, 195, '{\"background_color\":null,\"background_image\":null,\"background_size\":null,\"background_position\":null,\"background_repeat\":null,\"padding_top\":null,\"padding_right\":null,\"padding_bottom\":null,\"padding_left\":null,\"margin_top\":\"30\",\"margin_right\":null,\"margin_bottom\":\"60\",\"margin_left\":null,\"tab_padding_top\":null,\"tab_padding_right\":null,\"tab_padding_bottom\":null,\"tab_padding_left\":null,\"tab_margin_top\":null,\"tab_margin_right\":null,\"tab_margin_bottom\":null,\"tab_margin_left\":null,\"mobile_padding_top\":null,\"mobile_padding_right\":null,\"mobile_padding_bottom\":null,\"mobile_padding_left\":null,\"mobile_margin_top\":null,\"mobile_margin_right\":null,\"mobile_margin_bottom\":null,\"mobile_margin_left\":null,\"page\":\"34\"}', '2023-12-09 17:57:19', '2023-12-09 18:01:09'),
(125, 196, '{\"container\":\"container-fluid\",\"background_color\":null,\"background_image\":null,\"background_size\":null,\"background_position\":null,\"background_repeat\":null,\"padding_top\":null,\"padding_right\":null,\"padding_bottom\":null,\"padding_left\":null,\"margin_top\":null,\"margin_right\":null,\"margin_bottom\":null,\"margin_left\":null,\"tab_padding_top\":null,\"tab_padding_right\":null,\"tab_padding_bottom\":null,\"tab_padding_left\":null,\"tab_margin_top\":null,\"tab_margin_right\":null,\"tab_margin_bottom\":null,\"tab_margin_left\":null,\"mobile_padding_top\":null,\"mobile_padding_right\":null,\"mobile_padding_bottom\":null,\"mobile_padding_left\":null,\"mobile_margin_top\":null,\"mobile_margin_right\":null,\"mobile_margin_bottom\":null,\"mobile_margin_left\":null,\"page\":\"35\"}', '2023-12-10 10:47:00', '2023-12-10 10:47:00'),
(126, 197, '{\"container\":\"container-fluid\",\"background_color\":null,\"background_image\":null,\"background_size\":null,\"background_position\":null,\"background_repeat\":null,\"padding_top\":null,\"padding_right\":null,\"padding_bottom\":null,\"padding_left\":null,\"margin_top\":null,\"margin_right\":null,\"margin_bottom\":null,\"margin_left\":null,\"tab_padding_top\":null,\"tab_padding_right\":null,\"tab_padding_bottom\":null,\"tab_padding_left\":null,\"tab_margin_top\":null,\"tab_margin_right\":null,\"tab_margin_bottom\":null,\"tab_margin_left\":null,\"mobile_padding_top\":null,\"mobile_padding_right\":null,\"mobile_padding_bottom\":null,\"mobile_padding_left\":null,\"mobile_margin_top\":null,\"mobile_margin_right\":null,\"mobile_margin_bottom\":null,\"mobile_margin_left\":null,\"page\":\"35\"}', '2023-12-10 10:47:11', '2023-12-10 10:47:11'),
(127, 198, '{\"container\":\"container-fluid\",\"background_color\":null,\"background_image\":null,\"background_size\":null,\"background_position\":null,\"background_repeat\":null,\"padding_top\":null,\"padding_right\":null,\"padding_bottom\":null,\"padding_left\":null,\"margin_top\":null,\"margin_right\":null,\"margin_bottom\":null,\"margin_left\":null,\"tab_padding_top\":null,\"tab_padding_right\":null,\"tab_padding_bottom\":null,\"tab_padding_left\":null,\"tab_margin_top\":null,\"tab_margin_right\":null,\"tab_margin_bottom\":null,\"tab_margin_left\":null,\"mobile_padding_top\":null,\"mobile_padding_right\":null,\"mobile_padding_bottom\":null,\"mobile_padding_left\":null,\"mobile_margin_top\":null,\"mobile_margin_right\":null,\"mobile_margin_bottom\":null,\"mobile_margin_left\":null,\"page\":\"36\"}', '2023-12-10 11:02:52', '2023-12-10 11:02:52'),
(128, 199, '{\"container\":\"container-fluid\",\"background_color\":null,\"background_image\":null,\"background_size\":null,\"background_position\":null,\"background_repeat\":null,\"padding_top\":null,\"padding_right\":null,\"padding_bottom\":null,\"padding_left\":null,\"margin_top\":null,\"margin_right\":null,\"margin_bottom\":null,\"margin_left\":null,\"tab_padding_top\":null,\"tab_padding_right\":null,\"tab_padding_bottom\":null,\"tab_padding_left\":null,\"tab_margin_top\":null,\"tab_margin_right\":null,\"tab_margin_bottom\":null,\"tab_margin_left\":null,\"mobile_padding_top\":null,\"mobile_padding_right\":null,\"mobile_padding_bottom\":null,\"mobile_padding_left\":null,\"mobile_margin_top\":null,\"mobile_margin_right\":null,\"mobile_margin_bottom\":null,\"mobile_margin_left\":null,\"page\":\"36\"}', '2023-12-10 11:03:00', '2023-12-10 11:03:00'),
(129, 200, '{\"container\":\"container-fluid\",\"background_color\":null,\"background_image\":null,\"background_size\":null,\"background_position\":null,\"background_repeat\":null,\"padding_top\":null,\"padding_right\":null,\"padding_bottom\":null,\"padding_left\":null,\"margin_top\":null,\"margin_right\":null,\"margin_bottom\":null,\"margin_left\":null,\"tab_padding_top\":null,\"tab_padding_right\":null,\"tab_padding_bottom\":null,\"tab_padding_left\":null,\"tab_margin_top\":null,\"tab_margin_right\":null,\"tab_margin_bottom\":null,\"tab_margin_left\":null,\"mobile_padding_top\":null,\"mobile_padding_right\":null,\"mobile_padding_bottom\":null,\"mobile_padding_left\":null,\"mobile_margin_top\":null,\"mobile_margin_right\":null,\"mobile_margin_bottom\":null,\"mobile_margin_left\":null,\"page\":\"37\"}', '2023-12-10 11:11:57', '2023-12-10 11:11:57'),
(130, 201, '{\"container\":\"container-fluid\",\"background_color\":null,\"background_image\":null,\"background_size\":null,\"background_position\":null,\"background_repeat\":null,\"padding_top\":null,\"padding_right\":null,\"padding_bottom\":null,\"padding_left\":null,\"margin_top\":null,\"margin_right\":null,\"margin_bottom\":null,\"margin_left\":null,\"tab_padding_top\":null,\"tab_padding_right\":null,\"tab_padding_bottom\":null,\"tab_padding_left\":null,\"tab_margin_top\":null,\"tab_margin_right\":null,\"tab_margin_bottom\":null,\"tab_margin_left\":null,\"mobile_padding_top\":null,\"mobile_padding_right\":null,\"mobile_padding_bottom\":null,\"mobile_padding_left\":null,\"mobile_margin_top\":null,\"mobile_margin_right\":null,\"mobile_margin_bottom\":null,\"mobile_margin_left\":null,\"page\":\"37\"}', '2023-12-10 11:12:05', '2023-12-10 11:12:05'),
(131, 202, '{\"background_color\":null,\"background_image\":null,\"background_size\":null,\"background_position\":null,\"background_repeat\":null,\"padding_top\":null,\"padding_right\":null,\"padding_bottom\":null,\"padding_left\":null,\"margin_top\":\"60\",\"margin_right\":null,\"margin_bottom\":null,\"margin_left\":null,\"tab_padding_top\":null,\"tab_padding_right\":null,\"tab_padding_bottom\":null,\"tab_padding_left\":null,\"tab_margin_top\":null,\"tab_margin_right\":null,\"tab_margin_bottom\":null,\"tab_margin_left\":null,\"mobile_padding_top\":null,\"mobile_padding_right\":null,\"mobile_padding_bottom\":null,\"mobile_padding_left\":null,\"mobile_margin_top\":null,\"mobile_margin_right\":null,\"mobile_margin_bottom\":null,\"mobile_margin_left\":null,\"page\":\"35\"}', '2023-12-10 11:44:10', '2023-12-10 11:44:10'),
(132, 203, '{\"background_color\":null,\"background_image\":null,\"background_size\":null,\"background_position\":null,\"background_repeat\":null,\"padding_top\":null,\"padding_right\":null,\"padding_bottom\":null,\"padding_left\":null,\"margin_top\":\"60\",\"margin_right\":null,\"margin_bottom\":null,\"margin_left\":null,\"tab_padding_top\":null,\"tab_padding_right\":null,\"tab_padding_bottom\":null,\"tab_padding_left\":null,\"tab_margin_top\":null,\"tab_margin_right\":null,\"tab_margin_bottom\":null,\"tab_margin_left\":null,\"mobile_padding_top\":null,\"mobile_padding_right\":null,\"mobile_padding_bottom\":null,\"mobile_padding_left\":null,\"mobile_margin_top\":null,\"mobile_margin_right\":null,\"mobile_margin_bottom\":null,\"mobile_margin_left\":null,\"page\":\"35\"}', '2023-12-10 11:45:16', '2023-12-10 11:45:16'),
(133, 204, '{\"background_color\":null,\"background_image\":null,\"background_size\":null,\"background_position\":null,\"background_repeat\":null,\"padding_top\":null,\"padding_right\":null,\"padding_bottom\":null,\"padding_left\":null,\"margin_top\":\"60\",\"margin_right\":null,\"margin_bottom\":null,\"margin_left\":null,\"tab_padding_top\":null,\"tab_padding_right\":null,\"tab_padding_bottom\":null,\"tab_padding_left\":null,\"tab_margin_top\":null,\"tab_margin_right\":null,\"tab_margin_bottom\":null,\"tab_margin_left\":null,\"mobile_padding_top\":null,\"mobile_padding_right\":null,\"mobile_padding_bottom\":null,\"mobile_padding_left\":null,\"mobile_margin_top\":null,\"mobile_margin_right\":null,\"mobile_margin_bottom\":null,\"mobile_margin_left\":null,\"page\":\"35\"}', '2023-12-10 11:46:37', '2023-12-10 11:46:37'),
(134, 205, '{\"background_color\":null,\"background_image\":null,\"background_size\":null,\"background_position\":null,\"background_repeat\":null,\"padding_top\":null,\"padding_right\":null,\"padding_bottom\":null,\"padding_left\":null,\"margin_top\":\"30\",\"margin_right\":null,\"margin_bottom\":null,\"margin_left\":null,\"tab_padding_top\":null,\"tab_padding_right\":null,\"tab_padding_bottom\":null,\"tab_padding_left\":null,\"tab_margin_top\":null,\"tab_margin_right\":null,\"tab_margin_bottom\":null,\"tab_margin_left\":null,\"mobile_padding_top\":null,\"mobile_padding_right\":null,\"mobile_padding_bottom\":null,\"mobile_padding_left\":null,\"mobile_margin_top\":null,\"mobile_margin_right\":null,\"mobile_margin_bottom\":null,\"mobile_margin_left\":null,\"page\":\"35\"}', '2023-12-10 11:48:58', '2023-12-10 11:51:06'),
(135, 206, '{\"background_color\":null,\"background_image\":null,\"background_size\":null,\"background_position\":null,\"background_repeat\":null,\"padding_top\":null,\"padding_right\":null,\"padding_bottom\":null,\"padding_left\":null,\"margin_top\":\"60\",\"margin_right\":null,\"margin_bottom\":\"30\",\"margin_left\":null,\"tab_padding_top\":null,\"tab_padding_right\":null,\"tab_padding_bottom\":null,\"tab_padding_left\":null,\"tab_margin_top\":null,\"tab_margin_right\":null,\"tab_margin_bottom\":null,\"tab_margin_left\":null,\"mobile_padding_top\":null,\"mobile_padding_right\":null,\"mobile_padding_bottom\":null,\"mobile_padding_left\":null,\"mobile_margin_top\":null,\"mobile_margin_right\":null,\"mobile_margin_bottom\":null,\"mobile_margin_left\":null,\"page\":\"35\"}', '2023-12-10 11:52:13', '2023-12-10 12:10:56'),
(136, 208, '{\"background_color\":null,\"background_image\":null,\"background_size\":null,\"background_position\":null,\"background_repeat\":null,\"padding_top\":null,\"padding_right\":null,\"padding_bottom\":null,\"padding_left\":null,\"margin_top\":\"30\",\"margin_right\":null,\"margin_bottom\":\"60\",\"margin_left\":null,\"tab_padding_top\":null,\"tab_padding_right\":null,\"tab_padding_bottom\":null,\"tab_padding_left\":null,\"tab_margin_top\":null,\"tab_margin_right\":null,\"tab_margin_bottom\":null,\"tab_margin_left\":null,\"mobile_padding_top\":null,\"mobile_padding_right\":null,\"mobile_padding_bottom\":null,\"mobile_padding_left\":null,\"mobile_margin_top\":null,\"mobile_margin_right\":null,\"mobile_margin_bottom\":null,\"mobile_margin_left\":null,\"page\":\"36\"}', '2023-12-10 12:42:49', '2023-12-10 13:01:02'),
(137, 209, '{\"background_color\":null,\"background_image\":null,\"background_size\":null,\"background_position\":null,\"background_repeat\":null,\"padding_top\":null,\"padding_right\":null,\"padding_bottom\":null,\"padding_left\":null,\"margin_top\":\"60\",\"margin_right\":null,\"margin_bottom\":null,\"margin_left\":null,\"tab_padding_top\":null,\"tab_padding_right\":null,\"tab_padding_bottom\":null,\"tab_padding_left\":null,\"tab_margin_top\":null,\"tab_margin_right\":null,\"tab_margin_bottom\":null,\"tab_margin_left\":null,\"mobile_padding_top\":null,\"mobile_padding_right\":null,\"mobile_padding_bottom\":null,\"mobile_padding_left\":null,\"mobile_margin_top\":null,\"mobile_margin_right\":null,\"mobile_margin_bottom\":null,\"mobile_margin_left\":null,\"page\":\"36\"}', '2023-12-10 12:44:19', '2023-12-10 12:44:19'),
(138, 210, '{\"background_color\":null,\"background_image\":null,\"background_size\":null,\"background_position\":null,\"background_repeat\":null,\"padding_top\":null,\"padding_right\":null,\"padding_bottom\":null,\"padding_left\":null,\"margin_top\":\"60\",\"margin_right\":null,\"margin_bottom\":null,\"margin_left\":null,\"tab_padding_top\":null,\"tab_padding_right\":null,\"tab_padding_bottom\":null,\"tab_padding_left\":null,\"tab_margin_top\":null,\"tab_margin_right\":null,\"tab_margin_bottom\":null,\"tab_margin_left\":null,\"mobile_padding_top\":null,\"mobile_padding_right\":null,\"mobile_padding_bottom\":null,\"mobile_padding_left\":null,\"mobile_margin_top\":null,\"mobile_margin_right\":null,\"mobile_margin_bottom\":null,\"mobile_margin_left\":null,\"page\":\"37\"}', '2023-12-10 14:54:19', '2023-12-10 14:54:19'),
(139, 212, '{\"background_color\":null,\"background_image\":null,\"background_size\":null,\"background_position\":null,\"background_repeat\":null,\"padding_top\":null,\"padding_right\":null,\"padding_bottom\":null,\"padding_left\":null,\"margin_top\":\"60\",\"margin_right\":null,\"margin_bottom\":null,\"margin_left\":null,\"tab_padding_top\":null,\"tab_padding_right\":null,\"tab_padding_bottom\":null,\"tab_padding_left\":null,\"tab_margin_top\":null,\"tab_margin_right\":null,\"tab_margin_bottom\":null,\"tab_margin_left\":null,\"mobile_padding_top\":null,\"mobile_padding_right\":null,\"mobile_padding_bottom\":null,\"mobile_padding_left\":null,\"mobile_margin_top\":null,\"mobile_margin_right\":null,\"mobile_margin_bottom\":null,\"mobile_margin_left\":null,\"page\":\"37\"}', '2023-12-10 15:02:07', '2023-12-10 15:02:07'),
(140, 213, '{\"container\":\"container\",\"background_color\":null,\"background_image\":\"1157\",\"background_size\":\"cover\",\"background_position\":\"center\",\"background_repeat\":\"no-repeat\",\"padding_top\":\"60\",\"padding_right\":null,\"padding_bottom\":\"60\",\"padding_left\":null,\"margin_top\":\"30\",\"margin_right\":null,\"margin_bottom\":null,\"margin_left\":null,\"tab_padding_top\":null,\"tab_padding_right\":null,\"tab_padding_bottom\":null,\"tab_padding_left\":null,\"tab_margin_top\":null,\"tab_margin_right\":null,\"tab_margin_bottom\":null,\"tab_margin_left\":null,\"mobile_padding_top\":null,\"mobile_padding_right\":null,\"mobile_padding_bottom\":null,\"mobile_padding_left\":null,\"mobile_margin_top\":null,\"mobile_margin_right\":null,\"mobile_margin_bottom\":null,\"mobile_margin_left\":null,\"page\":\"37\"}', '2023-12-10 15:05:43', '2023-12-28 05:52:32'),
(141, 214, '{\"background_color\":null,\"background_image\":null,\"background_size\":null,\"background_position\":null,\"background_repeat\":null,\"padding_top\":null,\"padding_right\":null,\"padding_bottom\":null,\"padding_left\":null,\"margin_top\":\"60\",\"margin_right\":null,\"margin_bottom\":null,\"margin_left\":null,\"tab_padding_top\":null,\"tab_padding_right\":null,\"tab_padding_bottom\":null,\"tab_padding_left\":null,\"tab_margin_top\":null,\"tab_margin_right\":null,\"tab_margin_bottom\":null,\"tab_margin_left\":null,\"mobile_padding_top\":null,\"mobile_padding_right\":null,\"mobile_padding_bottom\":null,\"mobile_padding_left\":null,\"mobile_margin_top\":null,\"mobile_margin_right\":null,\"mobile_margin_bottom\":null,\"mobile_margin_left\":null,\"page\":\"37\"}', '2023-12-10 15:08:48', '2023-12-10 15:08:48'),
(142, 215, '{\"background_color\":null,\"background_image\":null,\"background_size\":null,\"background_position\":null,\"background_repeat\":null,\"padding_top\":null,\"padding_right\":null,\"padding_bottom\":null,\"padding_left\":null,\"margin_top\":\"30\",\"margin_right\":null,\"margin_bottom\":\"30\",\"margin_left\":null,\"tab_padding_top\":null,\"tab_padding_right\":null,\"tab_padding_bottom\":null,\"tab_padding_left\":null,\"tab_margin_top\":null,\"tab_margin_right\":null,\"tab_margin_bottom\":null,\"tab_margin_left\":null,\"mobile_padding_top\":null,\"mobile_padding_right\":null,\"mobile_padding_bottom\":null,\"mobile_padding_left\":null,\"mobile_margin_top\":null,\"mobile_margin_right\":null,\"mobile_margin_bottom\":null,\"mobile_margin_left\":null,\"page\":\"37\"}', '2023-12-10 15:12:05', '2023-12-10 15:14:41'),
(143, 179, '{\"background_color\":null,\"background_image\":null,\"background_size\":null,\"background_position\":null,\"background_repeat\":null,\"padding_top\":\"10\",\"padding_right\":null,\"padding_bottom\":null,\"padding_left\":null,\"margin_top\":null,\"margin_right\":null,\"margin_bottom\":null,\"margin_left\":null,\"tab_padding_top\":null,\"tab_padding_right\":null,\"tab_padding_bottom\":null,\"tab_padding_left\":null,\"tab_margin_top\":null,\"tab_margin_right\":null,\"tab_margin_bottom\":null,\"tab_margin_left\":null,\"mobile_padding_top\":null,\"mobile_padding_right\":null,\"mobile_padding_bottom\":null,\"mobile_padding_left\":null,\"mobile_margin_top\":null,\"mobile_margin_right\":null,\"mobile_margin_bottom\":null,\"mobile_margin_left\":null,\"page\":\"30\"}', '2023-12-26 13:25:35', '2023-12-26 13:26:05');

-- --------------------------------------------------------

--
-- Table structure for table `page_builder_section_layouts`
--

CREATE TABLE `page_builder_section_layouts` (
  `id` int(11) NOT NULL,
  `section_id` int(11) DEFAULT NULL,
  `col_index` int(3) DEFAULT NULL,
  `col_value` int(3) DEFAULT NULL
) ENGINE=InnoDB DEFAULT CHARSET=utf8mb4;

--
-- Dumping data for table `page_builder_section_layouts`
--

INSERT INTO `page_builder_section_layouts` (`id`, `section_id`, `col_index`, `col_value`) VALUES
(313, 172, 1, 12),
(314, 173, 1, 12),
(324, 179, 1, 12),
(325, 180, 1, 4),
(326, 180, 2, 4),
(327, 180, 3, 4),
(336, 187, 1, 12),
(339, 189, 1, 8),
(340, 189, 2, 4),
(341, 190, 1, 12),
(342, 191, 1, 12),
(343, 192, 1, 12),
(344, 193, 1, 12),
(345, 194, 1, 8),
(346, 194, 2, 4),
(347, 195, 1, 12),
(348, 196, 1, 12),
(349, 197, 1, 12),
(350, 198, 1, 12),
(351, 199, 1, 12),
(352, 200, 1, 12),
(353, 201, 1, 12),
(354, 202, 1, 12),
(355, 203, 1, 12),
(356, 204, 1, 12),
(357, 205, 1, 12),
(358, 206, 1, 8),
(359, 206, 2, 4),
(360, 207, 1, 12),
(361, 208, 1, 12),
(362, 209, 1, 8),
(363, 209, 2, 4),
(364, 210, 1, 12),
(365, 211, 1, 12),
(366, 212, 1, 8),
(367, 212, 2, 4),
(368, 213, 1, 12),
(369, 214, 1, 12),
(370, 215, 1, 8),
(371, 215, 2, 4);

-- --------------------------------------------------------

--
-- Table structure for table `page_builder_section_layout_widgets`
--

CREATE TABLE `page_builder_section_layout_widgets` (
  `id` int(11) NOT NULL,
  `section_layout_id` int(11) DEFAULT NULL,
  `page_widget_id` int(11) DEFAULT NULL,
  `serial` int(11) NOT NULL DEFAULT 1
) ENGINE=InnoDB DEFAULT CHARSET=utf8mb4;

--
-- Dumping data for table `page_builder_section_layout_widgets`
--

INSERT INTO `page_builder_section_layout_widgets` (`id`, `section_layout_id`, `page_widget_id`, `serial`) VALUES
(355, 313, 48, 1),
(357, 314, 49, 1),
(362, 324, 47, 1),
(376, 325, 47, 1),
(377, 326, 47, 1),
(379, 327, 23, 1),
(380, 327, 29, 2),
(381, 327, 27, 3),
(389, 340, 42, 2),
(390, 339, 47, 1),
(392, 339, 23, 2),
(393, 336, 45, 1),
(394, 339, 47, 4),
(395, 340, 33, 3),
(398, 339, 46, 3),
(400, 341, 48, 1),
(401, 343, 49, 1),
(402, 342, 44, 1),
(403, 344, 47, 1),
(404, 345, 46, 1),
(405, 346, 29, 1),
(406, 346, 47, 2),
(407, 346, 23, 3),
(408, 347, 46, 1),
(409, 348, 48, 1),
(410, 349, 49, 1),
(411, 350, 48, 1),
(412, 351, 49, 1),
(413, 352, 48, 1),
(414, 353, 49, 1),
(415, 354, 47, 1),
(416, 355, 21, 1),
(417, 356, 46, 1),
(418, 357, 47, 1),
(419, 358, 46, 1),
(420, 359, 29, 1),
(421, 359, 27, 2),
(422, 359, 42, 3),
(423, 359, 23, 4),
(425, 360, 47, 1),
(426, 362, 47, 1),
(427, 363, 42, 1),
(428, 362, 46, 2),
(429, 363, 25, 2),
(430, 363, 26, 3),
(431, 363, 34, 4),
(432, 361, 45, 1),
(434, 364, 47, 1),
(436, 365, 21, 1),
(437, 366, 47, 1),
(438, 367, 29, 1),
(439, 367, 25, 2),
(440, 367, 23, 3),
(441, 368, 45, 1),
(442, 369, 46, 1),
(445, 371, 42, 1),
(446, 370, 46, 1),
(453, 340, 23, 4),
(455, 340, 23, 1);

-- --------------------------------------------------------

--
-- Table structure for table `page_builder_widgets`
--

CREATE TABLE `page_builder_widgets` (
  `id` int(11) NOT NULL,
  `name` varchar(255) DEFAULT NULL,
  `full_name` varchar(255) DEFAULT NULL,
  `theme_id` int(11) NOT NULL
) ENGINE=InnoDB DEFAULT CHARSET=utf8mb4;

--
-- Dumping data for table `page_builder_widgets`
--

INSERT INTO `page_builder_widgets` (`id`, `name`, `full_name`, `theme_id`) VALUES
(19, 'heading_tag', 'Heading Tag', 22),
(20, 'text_editor', 'Text Editor', 22),
(21, 'image', 'Image', 22),
(22, 'button', 'Button', 22),
(23, 'ads', 'Ads', 22),
(24, 'author', 'Author', 22),
(25, 'category', 'Category', 22),
(26, 'tag', 'Tag', 22),
(27, 'newsletter', 'Newsletter', 22),
(28, 'contact', 'Contact', 22),
(29, 'social', 'Social', 22),
(30, 'search', 'Search', 22),
(33, 'voting', 'Voting', 22),
(34, 'recent_comments', 'Recent Comments', 22),
(35, 'address', 'Address', 22),
(36, 'menu_links', 'Menu Links', 22),
(37, 'gallery_post', 'Gallery Post', 22),
(42, 'post_list', 'Post List', 22),
(43, 'post_tab', 'Post Tab', 22),
(44, 'slider_post', 'Slider Post', 22),
(45, 'video_post', 'Video Post', 22),
(46, 'post_layout', 'Post Layout', 22),
(47, 'post_advance_layout', 'Post Advance Layout', 22),
(48, 'header', 'Header', 22),
(49, 'footer', 'Footer', 22),
(50, 'post_filter', 'Post Filter', 22);

-- --------------------------------------------------------

--
-- Table structure for table `page_builder_widget_translations`
--

CREATE TABLE `page_builder_widget_translations` (
  `id` int(11) NOT NULL,
  `lang` varchar(150) DEFAULT NULL,
  `layout_widget_properties_id` int(11) DEFAULT NULL,
  `properties` longtext DEFAULT NULL
) ENGINE=InnoDB DEFAULT CHARSET=utf8mb4;

--
-- Dumping data for table `page_builder_widget_translations`
--

INSERT INTO `page_builder_widget_translations` (`id`, `lang`, `layout_widget_properties_id`, `properties`) VALUES
(11, 'sa', 254, '{\"title_t_\":\"\\u0627\\u062e\\u0628\\u0627\\u0631 \\u0627\\u0644\\u0639\\u0627\\u0644\\u0645\"}'),
(12, 'sa', 255, '{\"title_t_\":\"\\u062a\\u0643\\u0646\\u0648\\u0644\\u0648\\u062c\\u064a\\u0627\"}'),
(13, 'sa', 257, '{\"title_t_\":\"\\u0627\\u0628\\u0642 \\u0639\\u0644\\u0649 \\u0627\\u062a\\u0635\\u0627\\u0644\"}'),
(14, 'sa', 258, '{\"title_t_\":\"\\u0627\\u062d\\u0635\\u0644 \\u0639\\u0644\\u0649 \\u0627\\u0644\\u0646\\u0634\\u0631\\u0629 \\u0627\\u0644\\u0625\\u062e\\u0628\\u0627\\u0631\\u064a\\u0629\",\"short_desc_t_\":\"\\u0627\\u0634\\u062a\\u0631\\u0643 \\u0641\\u064a \\u0627\\u0644\\u0646\\u0634\\u0631\\u0629 \\u0627\\u0644\\u0625\\u062e\\u0628\\u0627\\u0631\\u064a\\u0629 \\u0644\\u062f\\u064a\\u0646\\u0627 \\u0644\\u0644\\u062d\\u0635\\u0648\\u0644 \\u0639\\u0644\\u0649 \\u0622\\u062e\\u0631 \\u0627\\u0644\\u0623\\u062e\\u0628\\u0627\\u0631 \\u0648\\u0627\\u0644\\u062a\\u062d\\u062f\\u064a\\u062b\\u0627\\u062a \\u0627\\u0644\\u062d\\u0635\\u0631\\u064a\\u0629.\",\"email_placeholder_t_\":\"\\u0623\\u062f\\u062e\\u0644 \\u0627\\u0644\\u0628\\u0631\\u064a\\u062f \\u0627\\u0644\\u0625\\u0644\\u0643\\u062a\\u0631\\u0648\\u0646\\u064a\",\"btn_text_t_\":\"\\u064a\\u0634\\u062a\\u0631\\u0643\"}'),
(15, 'sa', 269, '{\"title_t_\":\"\\u0623\\u0634\\u0631\\u0637\\u0629 \\u0641\\u064a\\u062f\\u064a\\u0648\",\"playlist_title_t_\":\"\\u0642\\u0627\\u0626\\u0645\\u0629 \\u0627\\u0644\\u062a\\u0634\\u063a\\u064a\\u0644\"}'),
(16, 'sa', 266, '{\"title_t_\":\"\\u0645\\u0648\\u0636\\u0629\"}'),
(17, 'sa', 274, '{\"title_t_\":\"\\u062a\\u0631\\u0641\\u064a\\u0647\"}'),
(18, 'sa', 271, '{\"title_t_\":\"\\u0627\\u0644\\u0627\\u062e\\u0628\\u0627\\u0631 \\u0627\\u0644\\u0645\\u0647\\u0645\\u0647\"}'),
(19, 'sa', 265, '{\"title_t_\":\"\\u0631\\u0623\\u064a \\u0627\\u0644\\u0642\\u0631\\u0627\\u0621\"}'),
(20, 'sa', 270, '{\"title_t_\":\"\\u0627\\u0644\\u062a\\u0635\\u0648\\u064a\\u062a \\u0644\\u0644\\u0628\\u0637\\u0644\"}');

-- --------------------------------------------------------

--
-- Table structure for table `password_resets`
--

CREATE TABLE `password_resets` (
  `email` varchar(255) COLLATE utf8mb4_unicode_ci NOT NULL,
  `token` varchar(255) COLLATE utf8mb4_unicode_ci NOT NULL,
  `created_at` timestamp NULL DEFAULT NULL
) ENGINE=InnoDB DEFAULT CHARSET=utf8mb4 COLLATE=utf8mb4_unicode_ci;

--
-- Dumping data for table `password_resets`
--

INSERT INTO `password_resets` (`email`, `token`, `created_at`) VALUES
('rakib@developer.com', '3ea7G30OjBrbwMYEuG2zglfHcOKiIlqNcBUjv2npNd0y3G8FGSTy1i5Zh3W6pUGf', '2023-03-01 15:55:32'),
('admin@example.com', '1hHyCxGgZgnoJafFS9iuASoEhC0U9xQGkJYpXibUYsSv7vMC6nwzOrDIP9coaP1v', '2023-03-01 20:19:23');

-- --------------------------------------------------------

--
-- Table structure for table `permissions`
--

CREATE TABLE `permissions` (
  `id` bigint(20) UNSIGNED NOT NULL,
  `name` varchar(255) COLLATE utf8mb4_unicode_ci NOT NULL,
  `module_id` int(11) NOT NULL DEFAULT 0,
  `guard_name` varchar(255) COLLATE utf8mb4_unicode_ci NOT NULL,
  `created_at` timestamp NULL DEFAULT NULL,
  `updated_at` timestamp NULL DEFAULT NULL
) ENGINE=InnoDB DEFAULT CHARSET=utf8mb4 COLLATE=utf8mb4_unicode_ci;

--
-- Dumping data for table `permissions`
--

INSERT INTO `permissions` (`id`, `name`, `module_id`, `guard_name`, `created_at`, `updated_at`) VALUES
(3, 'Create Role', 1, 'web', '2022-06-01 03:36:18', '2022-06-01 03:36:18'),
(4, 'Edit Role', 1, 'web', '2022-06-01 03:36:26', '2022-06-01 03:36:26'),
(5, 'Delete Role', 1, 'web', '2022-06-01 03:36:28', '2022-06-01 03:41:47'),
(10, 'Show Role', 1, 'web', '2023-01-15 00:09:02', '2023-01-15 00:41:11'),
(11, 'Create User', 2, 'web', '2023-01-15 00:09:31', '2023-01-15 00:09:31'),
(12, 'Edit User', 2, 'web', '2023-01-15 00:09:47', '2023-01-15 00:09:47'),
(13, 'Delete User', 2, 'web', '2023-01-15 00:09:55', '2023-01-15 00:09:55'),
(14, 'Show User', 2, 'web', '2023-01-15 00:10:03', '2023-01-15 00:10:03'),
(15, 'Show Permission', 3, 'web', '2023-01-15 00:41:27', '2023-01-15 00:41:35'),
(17, 'Manage Menus', 8, 'web', '2023-01-17 05:18:11', '2023-01-17 05:18:11'),
(18, 'Manage Media', 5, 'web', '2023-01-15 02:09:20', '2023-01-15 02:09:20'),
(20, 'Manage Themes', 9, 'web', '2023-01-17 05:21:51', '2023-01-17 05:21:51'),
(25, 'Create Blog', 19, 'web', '2023-01-17 22:04:30', '2023-01-17 22:04:30'),
(26, 'Show Blog', 19, 'web', '2023-01-17 22:05:43', '2023-01-17 22:05:43'),
(27, 'Edit Blog', 19, 'web', '2023-01-17 22:06:31', '2023-01-17 22:06:31'),
(28, 'Delete Blog', 19, 'web', '2023-01-17 22:06:46', '2023-01-17 22:06:46'),
(29, 'Manage Category', 20, 'web', '2023-01-17 22:07:25', '2023-01-17 22:07:25'),
(30, 'Manage Tag', 21, 'web', '2023-01-17 22:07:44', '2023-01-17 22:07:44'),
(31, 'Manage Comment', 22, 'web', '2023-01-17 22:08:21', '2023-01-17 22:08:21'),
(32, 'Create Page', 23, 'web', '2023-01-17 22:16:45', '2023-01-17 22:16:45'),
(33, 'Show Page', 23, 'web', '2023-01-17 22:17:26', '2023-01-17 22:17:26'),
(34, 'Edit Page', 23, 'web', '2023-01-17 22:17:44', '2023-01-17 22:17:44'),
(35, 'Delete Page', 23, 'web', '2023-01-17 22:18:03', '2023-01-17 22:18:03'),
(36, 'Manage Widget', 24, 'web', '2023-01-19 05:46:41', '2023-01-19 05:46:41'),
(41, 'Manage Dashboard', 28, 'web', '2023-01-25 22:53:11', '2023-01-25 22:53:11'),
(46, 'Manage General Settings', 33, 'web', '2023-01-25 23:53:23', '2023-01-25 23:53:23'),
(47, 'Manage Email Settings', 34, 'web', '2023-01-25 23:54:26', '2023-01-25 23:54:26'),
(48, 'Manage Email Templates', 35, 'web', '2023-01-25 23:55:17', '2023-01-25 23:55:17'),
(49, 'Manage Language', 36, 'web', '2023-01-25 23:56:03', '2023-01-25 23:56:03'),
(50, 'Manage Media Settings', 37, 'web', '2023-01-25 23:56:31', '2023-01-25 23:56:31'),
(51, 'Manage Seo Settings', 38, 'web', '2023-01-25 23:57:09', '2023-01-25 23:57:09'),
(72, 'Manage Login activity', 57, 'web', '2023-01-27 23:33:54', '2023-01-27 23:33:54'),
(104, 'Manage Theme General settings', 29, 'web', '2023-01-25 23:53:23', '2023-01-25 23:53:23'),
(105, 'Manage Plugins', 84, 'web', NULL, NULL),
(106, 'Manage Page Builder', 85, 'web', NULL, NULL),
(107, 'Manage Voting', 86, 'web', NULL, NULL),
(108, 'Manage Members', 87, 'web', NULL, NULL);

-- --------------------------------------------------------

--
-- Table structure for table `permission_module`
--

CREATE TABLE `permission_module` (
  `id` int(11) NOT NULL,
  `parent_module` varchar(510) DEFAULT NULL,
  `module_name` varchar(150) DEFAULT NULL,
  `module_type` varchar(150) DEFAULT NULL,
  `location` varchar(50) DEFAULT NULL,
  `order` int(11) DEFAULT NULL,
  `created_at` timestamp NULL DEFAULT current_timestamp(),
  `updated_at` timestamp NULL DEFAULT NULL ON UPDATE current_timestamp()
) ENGINE=InnoDB DEFAULT CHARSET=utf8mb4;

--
-- Dumping data for table `permission_module`
--

INSERT INTO `permission_module` (`id`, `parent_module`, `module_name`, `module_type`, `location`, `order`, `created_at`, `updated_at`) VALUES
(1, 'Users', 'Role', 'base', NULL, 20, '2023-01-15 09:41:37', '2023-01-29 04:29:56'),
(2, 'Users', 'User', 'base', NULL, 20, '2023-01-15 09:41:43', '2023-01-29 04:29:58'),
(3, 'Users', 'Permission', 'base', NULL, 20, '2023-01-15 09:41:50', '2023-01-29 04:30:00'),
(5, 'Media', 'Media', 'base', NULL, 2, '2023-01-15 09:42:20', '2023-01-29 04:24:38'),
(8, 'Appearences', 'Menus', 'base', NULL, 15, '2023-01-17 05:18:11', '2023-01-29 04:28:34'),
(9, 'Appearences', 'Themes', 'base', NULL, 15, '2023-01-17 05:21:51', '2023-01-29 04:28:37'),
(19, 'Blogs', 'Blog', 'base', NULL, 3, '2023-01-17 22:04:30', '2023-01-29 04:24:46'),
(20, 'Blogs', 'Category', 'base', NULL, 3, '2023-01-17 22:07:25', '2023-01-29 04:24:48'),
(21, 'Blogs', 'Tag', 'base', NULL, 3, '2023-01-17 22:07:44', '2023-01-29 04:24:49'),
(22, 'Blogs', 'Comment', 'base', NULL, 3, '2023-01-17 22:08:21', '2023-01-29 04:24:50'),
(23, 'Pages', 'Page', 'base', NULL, 4, '2023-01-17 22:16:45', '2023-01-29 04:24:59'),
(24, 'Theme Options', 'Widget', 'theme', 'newslooks', 16, '2023-01-19 05:46:41', '2023-11-23 08:44:42'),
(28, 'Dashboard', 'Dashboard', 'base', NULL, 1, '2023-01-25 22:53:11', '2023-01-29 04:24:07'),
(29, 'Theme Options', 'Theme General settings', 'theme', 'newslooks', 17, '2023-01-25 23:26:36', '2023-11-23 08:44:46'),
(33, 'Settings', 'General settings', 'base', NULL, 19, '2023-01-25 23:53:23', '2023-01-29 04:29:34'),
(34, 'Settings', 'Email Settings', 'base', NULL, 19, '2023-01-25 23:54:26', '2023-01-29 04:29:36'),
(35, 'Settings', 'Email Templates', 'base', NULL, 19, '2023-01-25 23:55:17', '2023-01-29 04:29:38'),
(36, 'Settings', 'Language', 'base', NULL, 19, '2023-01-25 23:56:03', '2023-01-29 04:29:40'),
(37, 'Settings', 'Media Settings', 'base', NULL, 19, '2023-01-25 23:56:31', '2023-01-29 04:29:43'),
(38, 'Settings', 'SEO Settings', 'base', NULL, 19, '2023-01-25 23:57:09', '2023-01-29 04:29:45'),
(57, 'Activity Logs', 'Login activity', 'base', NULL, 21, '2023-01-27 23:33:54', '2023-01-29 04:30:10'),
(84, 'Plugins', 'Plugins', 'base', NULL, 18, '2023-07-10 08:36:44', NULL),
(85, 'Page Builder', 'Page Builder', 'plugin', 'newslooks-pagebuilder', 5, '2023-07-10 08:43:15', '2023-11-23 08:35:00'),
(86, 'Voting', 'Voting', 'theme', 'newslooks', 18, '2023-01-25 23:26:36', '2023-11-23 08:44:46'),
(87, 'Members', 'Members', 'theme', 'newslooks', 18, '2023-01-25 23:26:36', '2023-11-23 09:33:02');

-- --------------------------------------------------------

--
-- Table structure for table `personal_access_tokens`
--

CREATE TABLE `personal_access_tokens` (
  `id` bigint(20) UNSIGNED NOT NULL,
  `tokenable_type` varchar(255) COLLATE utf8mb4_unicode_ci NOT NULL,
  `tokenable_id` bigint(20) UNSIGNED NOT NULL,
  `name` varchar(255) COLLATE utf8mb4_unicode_ci NOT NULL,
  `token` varchar(64) COLLATE utf8mb4_unicode_ci NOT NULL,
  `abilities` text COLLATE utf8mb4_unicode_ci DEFAULT NULL,
  `last_used_at` timestamp NULL DEFAULT NULL,
  `created_at` timestamp NULL DEFAULT NULL,
  `updated_at` timestamp NULL DEFAULT NULL
) ENGINE=InnoDB DEFAULT CHARSET=utf8mb4 COLLATE=utf8mb4_unicode_ci;

-- --------------------------------------------------------

--
-- Table structure for table `reading_list`
--

CREATE TABLE `reading_list` (
  `id` bigint(20) NOT NULL,
  `user_id` int(11) DEFAULT NULL,
  `blog_id` bigint(20) UNSIGNED DEFAULT NULL
) ENGINE=InnoDB DEFAULT CHARSET=utf8mb4;

--
-- Dumping data for table `reading_list`
--

INSERT INTO `reading_list` (`id`, `user_id`, `blog_id`) VALUES
(13, 8, 169),
(14, 8, 167),
(15, 8, 177),
(19, 8, 178),
(21, 11, 177),
(23, 11, 199);

-- --------------------------------------------------------

--
-- Table structure for table `roles`
--

CREATE TABLE `roles` (
  `id` bigint(20) UNSIGNED NOT NULL,
  `name` varchar(255) COLLATE utf8mb4_unicode_ci NOT NULL,
  `guard_name` varchar(255) COLLATE utf8mb4_unicode_ci NOT NULL,
  `created_at` timestamp NULL DEFAULT current_timestamp(),
  `updated_at` timestamp NULL DEFAULT NULL ON UPDATE current_timestamp()
) ENGINE=InnoDB DEFAULT CHARSET=utf8mb4 COLLATE=utf8mb4_unicode_ci;

--
-- Dumping data for table `roles`
--

INSERT INTO `roles` (`id`, `name`, `guard_name`, `created_at`, `updated_at`) VALUES
(1, 'Super Admin', 'web', '2022-06-06 02:07:19', '2023-01-30 05:36:19'),
(3, 'Manager', 'web', '2023-02-13 20:42:51', '2023-02-13 20:42:51'),
(4, 'Demo Admin', 'web', '2023-02-16 21:23:22', '2023-02-16 21:23:22');

-- --------------------------------------------------------

--
-- Table structure for table `role_has_permissions`
--

CREATE TABLE `role_has_permissions` (
  `permission_id` bigint(20) UNSIGNED NOT NULL,
  `role_id` bigint(20) UNSIGNED NOT NULL
) ENGINE=InnoDB DEFAULT CHARSET=utf8mb4 COLLATE=utf8mb4_unicode_ci;

--
-- Dumping data for table `role_has_permissions`
--

INSERT INTO `role_has_permissions` (`permission_id`, `role_id`) VALUES
(3, 3),
(3, 4),
(4, 3),
(4, 4),
(5, 3),
(5, 4),
(10, 3),
(10, 4),
(11, 3),
(11, 4),
(12, 3),
(12, 4),
(13, 3),
(13, 4),
(14, 3),
(14, 4),
(15, 3),
(15, 4),
(17, 3),
(17, 4),
(18, 3),
(18, 4),
(20, 3),
(20, 4),
(25, 3),
(25, 4),
(26, 3),
(26, 4),
(27, 3),
(27, 4),
(28, 3),
(28, 4),
(29, 3),
(29, 4),
(30, 3),
(30, 4),
(31, 3),
(31, 4),
(32, 3),
(32, 4),
(33, 3),
(33, 4),
(34, 3),
(34, 4),
(35, 3),
(35, 4),
(36, 3),
(36, 4),
(41, 3),
(41, 4),
(46, 3),
(46, 4),
(47, 3),
(47, 4),
(48, 3),
(48, 4),
(49, 3),
(49, 4),
(50, 3),
(50, 4),
(51, 3),
(51, 4),
(72, 3),
(72, 4),
(104, 3),
(104, 4);

-- --------------------------------------------------------

--
-- Table structure for table `timezones`
--

CREATE TABLE `timezones` (
  `id` bigint(20) UNSIGNED NOT NULL,
  `name` varchar(255) COLLATE utf8mb4_unicode_ci NOT NULL,
  `offset` varchar(255) COLLATE utf8mb4_unicode_ci NOT NULL,
  `diff_from_gtm` varchar(255) COLLATE utf8mb4_unicode_ci NOT NULL
) ENGINE=InnoDB DEFAULT CHARSET=utf8mb4 COLLATE=utf8mb4_unicode_ci;

-- --------------------------------------------------------

--
-- Table structure for table `tl_blogs`
--

CREATE TABLE `tl_blogs` (
  `id` bigint(20) UNSIGNED NOT NULL,
  `name` varchar(225) COLLATE utf8mb4_unicode_ci DEFAULT NULL,
  `permalink` varchar(255) COLLATE utf8mb4_unicode_ci DEFAULT NULL,
  `user_id` int(11) NOT NULL DEFAULT 0,
  `image` text COLLATE utf8mb4_unicode_ci DEFAULT NULL,
  `short_description` text COLLATE utf8mb4_unicode_ci DEFAULT NULL,
  `reading_time` varchar(255) COLLATE utf8mb4_unicode_ci DEFAULT NULL,
  `content` longtext COLLATE utf8mb4_unicode_ci DEFAULT NULL,
  `visibility` text COLLATE utf8mb4_unicode_ci DEFAULT NULL,
  `is_sticky` smallint(2) DEFAULT NULL,
  `blog_password` longtext COLLATE utf8mb4_unicode_ci DEFAULT NULL,
  `views` bigint(20) NOT NULL DEFAULT 0,
  `publish_at` datetime DEFAULT NULL,
  `is_featured` smallint(6) DEFAULT NULL,
  `is_publish` smallint(6) DEFAULT NULL,
  `breaking_news` int(11) NOT NULL DEFAULT 0,
  `formate` varchar(50) COLLATE utf8mb4_unicode_ci NOT NULL DEFAULT 'standard',
  `gallery_images` text COLLATE utf8mb4_unicode_ci DEFAULT NULL,
  `meta_title` text COLLATE utf8mb4_unicode_ci DEFAULT NULL,
  `meta_description` text COLLATE utf8mb4_unicode_ci DEFAULT NULL,
  `meta_image` text COLLATE utf8mb4_unicode_ci DEFAULT NULL,
  `created_at` timestamp NULL DEFAULT NULL,
  `updated_at` timestamp NULL DEFAULT NULL
) ENGINE=InnoDB DEFAULT CHARSET=utf8mb4 COLLATE=utf8mb4_unicode_ci;

--
-- Dumping data for table `tl_blogs`
--

INSERT INTO `tl_blogs` (`id`, `name`, `permalink`, `user_id`, `image`, `short_description`, `reading_time`, `content`, `visibility`, `is_sticky`, `blog_password`, `views`, `publish_at`, `is_featured`, `is_publish`, `breaking_news`, `formate`, `gallery_images`, `meta_title`, `meta_description`, `meta_image`, `created_at`, `updated_at`) VALUES
(157, 'UN climate talks go big on ending fossil fuels', 'un-climate-talks-go-big-on-ending-fossil-fuels', 1, '1148', 'She travelling acceptance men unpleasant her especially to entreaties law. Law forth but end any arise chief arose. Old her say learn these large. Joy fond many in ham high seen this. Few preferred continual led incommode neglected. To discovered insensible collecting your unpleasant but invitation.', '2 min read', '<p>\r\n        She travelling acceptance men unpleasant her especially to entreaties law. Law forth but end any arise chief\r\n        arose. Old her say learn these large. Joy fond many in ham high seen this. Few preferred continual led incommode\r\n        neglected. To discovered insensible collecting your unpleasant but invitation.<br></p>\r\n    <p>\r\n        We diminution preference thoroughly if. Joy deal pain view much too her time. Led young gay would now state.\r\n        Pronounce we attention admitting on assurance of suspicion conveying. That his west quit had met till. By an\r\n        outlived insisted procured improved am.\r\n    </p>\r\n\r\n    <div>\r\n        <h3>\r\n            The Best Neighborhoods In Nyc: Where To Stay On</h3>\r\n        <div class=\"row\" style=\"list-style: none;\">\r\n            <div class=\"col-md-6\" style=\"list-style: none; width: 380px;\"><img src=\"/public/uploaded/blog/content/blog_content_image1703744079637433839.png\" style=\"list-style: none; margin-bottom: 30px;\"><br></div>\r\n            <div class=\"col-md-6\" style=\"list-style: none; width: 380px;\"><img src=\"/public/uploaded/blog/content/blog_content_image17037440991599523967.png\" style=\"list-style: none; margin-bottom: 30px;\"><br></div>\r\n            <div class=\"col-md-12\" style=\"list-style: none; width: 760px;\"><img src=\"/public/uploaded/blog/content/blog_content_image17037441191194711707.png\" style=\"list-style: none; margin-bottom: 30px;\"><br></div>\r\n        </div>\r\n    </div>\r\n    <p>\r\n        We diminution preference thoroughly if. Joy deal pain view much her time. Led young gay would now off state.\r\n        Pronounce we attention admitting on assurance of suspicion conveying. That his west quit had met till. Say out\r\n        plate you share.</p><blockquote>\r\n            For me, running is both exercise and a metaphor. Running day after day, piling up each level I elevate\r\n            myself.<br><cite>Haruki\r\n            Murakami</cite></blockquote><p>\r\n        Acceptance middletons me if discretion boisterous into travelling an. She prosperous to continuing entreaties\r\n        companions unreserved you boisterous. Middleton sportsmen sir now cordially asking additions for. You ten\r\n        occasional saw everything but conviction. Daughter returned quitting few are day advanced branched.</p>', 'public', 0, NULL, 76, '2023-02-07 17:44:10', NULL, 1, 0, 'standard', NULL, 'UN climate talks go big on ending fossil fuels', 'UN climate talks go big on ending fossil fuels', '1148', '2023-02-07 22:44:10', '2023-12-27 15:16:14'),
(158, 'Bologna\'s leaning tower sealed off over fears it could collapse', 'bologna-s-leaning-tower-sealed-off-over-fears-it-could-collapse', 1, '1148', 'She travelling acceptance men unpleasant her especially to entreaties law. Law forth but end any arise chief arose. Old her say learn these large. Joy fond many in ham high seen this. Few preferred continual led incommode neglected. To discovered insensible collecting your unpleasant but invitation.', '2 min read', '<p>\r\n        She travelling acceptance men unpleasant her especially to entreaties law. Law forth but end any arise chief\r\n        arose. Old her say learn these large. Joy fond many in ham high seen this. Few preferred continual led incommode\r\n        neglected. To discovered insensible collecting your unpleasant but invitation.<br></p>\r\n    <p>\r\n        We diminution preference thoroughly if. Joy deal pain view much too her time. Led young gay would now state.\r\n        Pronounce we attention admitting on assurance of suspicion conveying. That his west quit had met till. By an\r\n        outlived insisted procured improved am.\r\n    </p>\r\n\r\n    <div>\r\n        <h3>\r\n            The Best Neighborhoods In Nyc: Where To Stay On</h3>\r\n        <div class=\"row\" style=\"list-style: none;\">\r\n            <div class=\"col-md-6\" style=\"list-style: none; width: 380px;\"><img src=\"/public/uploaded/blog/content/blog_content_image1703744079637433839.png\" style=\"list-style: none; margin-bottom: 30px;\"><br></div>\r\n            <div class=\"col-md-6\" style=\"list-style: none; width: 380px;\"><img src=\"/public/uploaded/blog/content/blog_content_image17037440991599523967.png\" style=\"list-style: none; margin-bottom: 30px;\"><br></div>\r\n            <div class=\"col-md-12\" style=\"list-style: none; width: 760px;\"><img src=\"/public/uploaded/blog/content/blog_content_image17037441191194711707.png\" style=\"list-style: none; margin-bottom: 30px;\"><br></div>\r\n        </div>\r\n    </div>\r\n    <p>\r\n        We diminution preference thoroughly if. Joy deal pain view much her time. Led young gay would now off state.\r\n        Pronounce we attention admitting on assurance of suspicion conveying. That his west quit had met till. Say out\r\n        plate you share.</p><blockquote>\r\n            For me, running is both exercise and a metaphor. Running day after day, piling up each level I elevate\r\n            myself.<br><cite>Haruki\r\n            Murakami</cite></blockquote><p>\r\n        Acceptance middletons me if discretion boisterous into travelling an. She prosperous to continuing entreaties\r\n        companions unreserved you boisterous. Middleton sportsmen sir now cordially asking additions for. You ten\r\n        occasional saw everything but conviction. Daughter returned quitting few are day advanced branched.</p>', 'public', 0, NULL, 86, '2023-02-07 18:17:51', NULL, 1, 0, 'audio', NULL, 'Bologna\'s leaning tower sealed off over fears it could collapse', 'Bologna\'s leaning tower sealed off over fears it could collapse', '1148', '2023-02-07 23:17:51', '2023-12-28 06:18:32'),
(160, 'Japan asks US to stop flying Osprey military aircrafts after deadly crash', 'japan-asks-us-to-stop-flying-osprey-military-aircrafts-after-deadly-crash', 1, '1148', 'She travelling acceptance men unpleasant her especially to entreaties law. Law forth but end any arise chief arose. Old her say learn these large. Joy fond many in ham high seen this. Few preferred continual led incommode neglected. To discovered insensible collecting your unpleasant but invitation.', '2 min read', '<p>\r\n        She travelling acceptance men unpleasant her especially to entreaties law. Law forth but end any arise chief\r\n        arose. Old her say learn these large. Joy fond many in ham high seen this. Few preferred continual led incommode\r\n        neglected. To discovered insensible collecting your unpleasant but invitation.<br></p>\r\n    <p>\r\n        We diminution preference thoroughly if. Joy deal pain view much too her time. Led young gay would now state.\r\n        Pronounce we attention admitting on assurance of suspicion conveying. That his west quit had met till. By an\r\n        outlived insisted procured improved am.\r\n    </p>\r\n\r\n    <div>\r\n        <h3>\r\n            The Best Neighborhoods In Nyc: Where To Stay On</h3>\r\n        <div class=\"row\" style=\"list-style: none;\">\r\n            <div class=\"col-md-6\" style=\"list-style: none; width: 380px;\"><img src=\"/public/uploaded/blog/content/blog_content_image1703744079637433839.png\" style=\"list-style: none; margin-bottom: 30px;\"><br></div>\r\n            <div class=\"col-md-6\" style=\"list-style: none; width: 380px;\"><img src=\"/public/uploaded/blog/content/blog_content_image17037440991599523967.png\" style=\"list-style: none; margin-bottom: 30px;\"><br></div>\r\n            <div class=\"col-md-12\" style=\"list-style: none; width: 760px;\"><img src=\"/public/uploaded/blog/content/blog_content_image17037441191194711707.png\" style=\"list-style: none; margin-bottom: 30px;\"><br></div>\r\n        </div>\r\n    </div>\r\n    <p>\r\n        We diminution preference thoroughly if. Joy deal pain view much her time. Led young gay would now off state.\r\n        Pronounce we attention admitting on assurance of suspicion conveying. That his west quit had met till. Say out\r\n        plate you share.</p><blockquote>\r\n            For me, running is both exercise and a metaphor. Running day after day, piling up each level I elevate\r\n            myself.<br><cite>Haruki\r\n            Murakami</cite></blockquote><p>\r\n        Acceptance middletons me if discretion boisterous into travelling an. She prosperous to continuing entreaties\r\n        companions unreserved you boisterous. Middleton sportsmen sir now cordially asking additions for. You ten\r\n        occasional saw everything but conviction. Daughter returned quitting few are day advanced branched.</p>', 'password', 0, 'eyJpdiI6IjQ0YnpaN254eTFCV0I5dHRWNWI4Y1E9PSIsInZhbHVlIjoiRmEzMTV4U2lwZzc3am1QUUhrNS9MZz09IiwibWFjIjoiZWZmZDY0YzU0MGYzM2E5ZjI4YTliMGE4NTM1MTY2ZDk4YmU5NGI4ZGIzN2VlYjhjZjg0YjY1OTJlMmI1OTIyOCIsInRhZyI6IiJ9', 68, '2023-02-08 10:49:49', 1, 1, 0, 'gallery', '1094,1095,1096', 'Japan asks US to stop flying Osprey military aircrafts after deadly crash', 'Japan asks US to stop flying Osprey military aircrafts after deadly crash', '1148', '2023-02-08 15:49:49', '2023-12-15 13:12:06'),
(161, 'Birmingham Parks lauded in winning Chelsea Flower Show display', 'birmingham-parks-lauded-in-winning-chelsea-flower-show-display', 1, '1148', 'She travelling acceptance men unpleasant her especially to entreaties law. Law forth but end any arise chief arose. Old her say learn these large. Joy fond many in ham high seen this. Few preferred continual led incommode neglected. To discovered insensible collecting your unpleasant but invitation.', '2 min read', '<p>\r\n        She travelling acceptance men unpleasant her especially to entreaties law. Law forth but end any arise chief\r\n        arose. Old her say learn these large. Joy fond many in ham high seen this. Few preferred continual led incommode\r\n        neglected. To discovered insensible collecting your unpleasant but invitation.<br></p>\r\n    <p>\r\n        We diminution preference thoroughly if. Joy deal pain view much too her time. Led young gay would now state.\r\n        Pronounce we attention admitting on assurance of suspicion conveying. That his west quit had met till. By an\r\n        outlived insisted procured improved am.\r\n    </p>\r\n\r\n    <div>\r\n        <h3>\r\n            The Best Neighborhoods In Nyc: Where To Stay On</h3>\r\n        <div class=\"row\" style=\"list-style: none;\">\r\n            <div class=\"col-md-6\" style=\"list-style: none; width: 380px;\"><img src=\"/public/uploaded/blog/content/blog_content_image1703744079637433839.png\" style=\"list-style: none; margin-bottom: 30px;\"><br></div>\r\n            <div class=\"col-md-6\" style=\"list-style: none; width: 380px;\"><img src=\"/public/uploaded/blog/content/blog_content_image17037440991599523967.png\" style=\"list-style: none; margin-bottom: 30px;\"><br></div>\r\n            <div class=\"col-md-12\" style=\"list-style: none; width: 760px;\"><img src=\"/public/uploaded/blog/content/blog_content_image17037441191194711707.png\" style=\"list-style: none; margin-bottom: 30px;\"><br></div>\r\n        </div>\r\n    </div>\r\n    <p>\r\n        We diminution preference thoroughly if. Joy deal pain view much her time. Led young gay would now off state.\r\n        Pronounce we attention admitting on assurance of suspicion conveying. That his west quit had met till. Say out\r\n        plate you share.</p><blockquote>\r\n            For me, running is both exercise and a metaphor. Running day after day, piling up each level I elevate\r\n            myself.<br><cite>Haruki\r\n            Murakami</cite></blockquote><p>\r\n        Acceptance middletons me if discretion boisterous into travelling an. She prosperous to continuing entreaties\r\n        companions unreserved you boisterous. Middleton sportsmen sir now cordially asking additions for. You ten\r\n        occasional saw everything but conviction. Daughter returned quitting few are day advanced branched.</p>', 'public', 0, NULL, 60, '2023-02-08 11:08:56', NULL, 1, 0, 'audio', NULL, 'Birmingham Parks lauded in winning Chelsea Flower Show display', 'Birmingham Parks lauded in winning Chelsea Flower Show display', '1148', '2023-02-08 16:08:56', '2023-12-05 16:44:42'),
(162, 'Coalbrookdale museum hosts \'Fashion Through The Ages\' catwalk', 'coalbrookdale-museum-hosts--fashion-through-the-ages--catwalk', 1, '1148', 'She travelling acceptance men unpleasant her especially to entreaties law. Law forth but end any arise chief arose. Old her say learn these large. Joy fond many in ham high seen this. Few preferred continual led incommode neglected. To discovered insensible collecting your unpleasant but invitation.', '2 min read', '<p>\r\n        She travelling acceptance men unpleasant her especially to entreaties law. Law forth but end any arise chief\r\n        arose. Old her say learn these large. Joy fond many in ham high seen this. Few preferred continual led incommode\r\n        neglected. To discovered insensible collecting your unpleasant but invitation.<br></p>\r\n    <p>\r\n        We diminution preference thoroughly if. Joy deal pain view much too her time. Led young gay would now state.\r\n        Pronounce we attention admitting on assurance of suspicion conveying. That his west quit had met till. By an\r\n        outlived insisted procured improved am.\r\n    </p>\r\n\r\n    <div>\r\n        <h3>\r\n            The Best Neighborhoods In Nyc: Where To Stay On</h3>\r\n        <div class=\"row\" style=\"list-style: none;\">\r\n            <div class=\"col-md-6\" style=\"list-style: none; width: 380px;\"><img src=\"/public/uploaded/blog/content/blog_content_image1703744079637433839.png\" style=\"list-style: none; margin-bottom: 30px;\"><br></div>\r\n            <div class=\"col-md-6\" style=\"list-style: none; width: 380px;\"><img src=\"/public/uploaded/blog/content/blog_content_image17037440991599523967.png\" style=\"list-style: none; margin-bottom: 30px;\"><br></div>\r\n            <div class=\"col-md-12\" style=\"list-style: none; width: 760px;\"><img src=\"/public/uploaded/blog/content/blog_content_image17037441191194711707.png\" style=\"list-style: none; margin-bottom: 30px;\"><br></div>\r\n        </div>\r\n    </div>\r\n    <p>\r\n        We diminution preference thoroughly if. Joy deal pain view much her time. Led young gay would now off state.\r\n        Pronounce we attention admitting on assurance of suspicion conveying. That his west quit had met till. Say out\r\n        plate you share.</p><blockquote>\r\n            For me, running is both exercise and a metaphor. Running day after day, piling up each level I elevate\r\n            myself.<br><cite>Haruki\r\n            Murakami</cite></blockquote><p>\r\n        Acceptance middletons me if discretion boisterous into travelling an. She prosperous to continuing entreaties\r\n        companions unreserved you boisterous. Middleton sportsmen sir now cordially asking additions for. You ten\r\n        occasional saw everything but conviction. Daughter returned quitting few are day advanced branched.</p>', 'public', 0, NULL, 32, '2023-02-08 11:15:16', NULL, 1, 0, 'standard', NULL, 'Coalbrookdale museum hosts \'Fashion Through The Ages\' catwalk', 'Coalbrookdale museum hosts \'Fashion Through The Ages\' catwalk', '1148', '2023-02-08 16:15:16', '2023-12-03 15:40:13'),
(163, 'Best Places To Visit in The World', 'best-places-to-visit-in-the-world', 1, '1148', 'She travelling acceptance men unpleasant her especially to entreaties law. Law forth but end any arise chief arose. Old her say learn these large. Joy fond many in ham high seen this. Few preferred continual led incommode neglected. To discovered insensible collecting your unpleasant but invitation.', '2 min read', '<p>\r\n        She travelling acceptance men unpleasant her especially to entreaties law. Law forth but end any arise chief\r\n        arose. Old her say learn these large. Joy fond many in ham high seen this. Few preferred continual led incommode\r\n        neglected. To discovered insensible collecting your unpleasant but invitation.<br></p>\r\n    <p>\r\n        We diminution preference thoroughly if. Joy deal pain view much too her time. Led young gay would now state.\r\n        Pronounce we attention admitting on assurance of suspicion conveying. That his west quit had met till. By an\r\n        outlived insisted procured improved am.\r\n    </p>\r\n\r\n    <div>\r\n        <h3>\r\n            The Best Neighborhoods In Nyc: Where To Stay On</h3>\r\n        <div class=\"row\" style=\"list-style: none;\">\r\n            <div class=\"col-md-6\" style=\"list-style: none; width: 380px;\"><img src=\"/public/uploaded/blog/content/blog_content_image1703744079637433839.png\" style=\"list-style: none; margin-bottom: 30px;\"><br></div>\r\n            <div class=\"col-md-6\" style=\"list-style: none; width: 380px;\"><img src=\"/public/uploaded/blog/content/blog_content_image17037440991599523967.png\" style=\"list-style: none; margin-bottom: 30px;\"><br></div>\r\n            <div class=\"col-md-12\" style=\"list-style: none; width: 760px;\"><img src=\"/public/uploaded/blog/content/blog_content_image17037441191194711707.png\" style=\"list-style: none; margin-bottom: 30px;\"><br></div>\r\n        </div>\r\n    </div>\r\n    <p>\r\n        We diminution preference thoroughly if. Joy deal pain view much her time. Led young gay would now off state.\r\n        Pronounce we attention admitting on assurance of suspicion conveying. That his west quit had met till. Say out\r\n        plate you share.</p><blockquote>\r\n            For me, running is both exercise and a metaphor. Running day after day, piling up each level I elevate\r\n            myself.<br><cite>Haruki\r\n            Murakami</cite></blockquote><p>\r\n        Acceptance middletons me if discretion boisterous into travelling an. She prosperous to continuing entreaties\r\n        companions unreserved you boisterous. Middleton sportsmen sir now cordially asking additions for. You ten\r\n        occasional saw everything but conviction. Daughter returned quitting few are day advanced branched.</p>', 'public', 0, NULL, 114, '2023-02-08 11:57:01', NULL, 1, 1, 'standard', NULL, 'Best Places To Visit in The World', 'Best Places To Visit in The World', '1148', '2023-02-08 16:57:01', '2023-12-28 06:22:11'),
(165, 'Best Food To Buy in Online Stores.', 'best-food-to-buy-in-online-stores-', 1, '1148', 'She travelling acceptance men unpleasant her especially to entreaties law. Law forth but end any arise chief arose. Old her say learn these large. Joy fond many in ham high seen this. Few preferred continual led incommode neglected. To discovered insensible collecting your unpleasant but invitation.', '2 min read', '<p>\r\n        She travelling acceptance men unpleasant her especially to entreaties law. Law forth but end any arise chief\r\n        arose. Old her say learn these large. Joy fond many in ham high seen this. Few preferred continual led incommode\r\n        neglected. To discovered insensible collecting your unpleasant but invitation.<br></p>\r\n    <p>\r\n        We diminution preference thoroughly if. Joy deal pain view much too her time. Led young gay would now state.\r\n        Pronounce we attention admitting on assurance of suspicion conveying. That his west quit had met till. By an\r\n        outlived insisted procured improved am.\r\n    </p>\r\n\r\n    <div>\r\n        <h3>\r\n            The Best Neighborhoods In Nyc: Where To Stay On</h3>\r\n        <div class=\"row\" style=\"list-style: none;\">\r\n            <div class=\"col-md-6\" style=\"list-style: none; width: 380px;\"><img src=\"/public/uploaded/blog/content/blog_content_image1703744079637433839.png\" style=\"list-style: none; margin-bottom: 30px;\"><br></div>\r\n            <div class=\"col-md-6\" style=\"list-style: none; width: 380px;\"><img src=\"/public/uploaded/blog/content/blog_content_image17037440991599523967.png\" style=\"list-style: none; margin-bottom: 30px;\"><br></div>\r\n            <div class=\"col-md-12\" style=\"list-style: none; width: 760px;\"><img src=\"/public/uploaded/blog/content/blog_content_image17037441191194711707.png\" style=\"list-style: none; margin-bottom: 30px;\"><br></div>\r\n        </div>\r\n    </div>\r\n    <p>\r\n        We diminution preference thoroughly if. Joy deal pain view much her time. Led young gay would now off state.\r\n        Pronounce we attention admitting on assurance of suspicion conveying. That his west quit had met till. Say out\r\n        plate you share.</p><blockquote>\r\n            For me, running is both exercise and a metaphor. Running day after day, piling up each level I elevate\r\n            myself.<br><cite>Haruki\r\n            Murakami</cite></blockquote><p>\r\n        Acceptance middletons me if discretion boisterous into travelling an. She prosperous to continuing entreaties\r\n        companions unreserved you boisterous. Middleton sportsmen sir now cordially asking additions for. You ten\r\n        occasional saw everything but conviction. Daughter returned quitting few are day advanced branched.</p>', 'public', 0, NULL, 36, '2023-02-08 12:38:16', NULL, 1, 0, 'standard', NULL, 'Best Food To Buy in Online Stores.', 'Best Food To Buy in Online Stores.', '1148', '2023-02-08 17:38:16', '2023-12-06 14:49:02'),
(166, 'Child Cancer Brain Survivor & Later Health Researches Cancers Campaign', 'child-cancer-brain-survivor---later-health-researches-cancers-campaign', 1, '1148', 'She travelling acceptance men unpleasant her especially to entreaties law. Law forth but end any arise chief arose. Old her say learn these large. Joy fond many in ham high seen this. Few preferred continual led incommode neglected. To discovered insensible collecting your unpleasant but invitation.', '2 min read', '<p>\r\n        She travelling acceptance men unpleasant her especially to entreaties law. Law forth but end any arise chief\r\n        arose. Old her say learn these large. Joy fond many in ham high seen this. Few preferred continual led incommode\r\n        neglected. To discovered insensible collecting your unpleasant but invitation.<br></p>\r\n    <p>\r\n        We diminution preference thoroughly if. Joy deal pain view much too her time. Led young gay would now state.\r\n        Pronounce we attention admitting on assurance of suspicion conveying. That his west quit had met till. By an\r\n        outlived insisted procured improved am.\r\n    </p>\r\n\r\n    <div>\r\n        <h3>\r\n            The Best Neighborhoods In Nyc: Where To Stay On</h3>\r\n        <div class=\"row\" style=\"list-style: none;\">\r\n            <div class=\"col-md-6\" style=\"list-style: none; width: 380px;\"><img src=\"/public/uploaded/blog/content/blog_content_image1703744079637433839.png\" style=\"list-style: none; margin-bottom: 30px;\"><br></div>\r\n            <div class=\"col-md-6\" style=\"list-style: none; width: 380px;\"><img src=\"/public/uploaded/blog/content/blog_content_image17037440991599523967.png\" style=\"list-style: none; margin-bottom: 30px;\"><br></div>\r\n            <div class=\"col-md-12\" style=\"list-style: none; width: 760px;\"><img src=\"/public/uploaded/blog/content/blog_content_image17037441191194711707.png\" style=\"list-style: none; margin-bottom: 30px;\"><br></div>\r\n        </div>\r\n    </div>\r\n    <p>\r\n        We diminution preference thoroughly if. Joy deal pain view much her time. Led young gay would now off state.\r\n        Pronounce we attention admitting on assurance of suspicion conveying. That his west quit had met till. Say out\r\n        plate you share.</p><blockquote>\r\n            For me, running is both exercise and a metaphor. Running day after day, piling up each level I elevate\r\n            myself.<br><cite>Haruki\r\n            Murakami</cite></blockquote><p>\r\n        Acceptance middletons me if discretion boisterous into travelling an. She prosperous to continuing entreaties\r\n        companions unreserved you boisterous. Middleton sportsmen sir now cordially asking additions for. You ten\r\n        occasional saw everything but conviction. Daughter returned quitting few are day advanced branched.</p>', 'public', 0, NULL, 142, '2023-02-08 12:41:33', NULL, 1, 0, 'gallery', '1081,1079,1078', 'Child Cancer Brain Survivor & Later Health Researches Cancers Campaign', 'Child Cancer Brain Survivor & Later Health Researches Cancers Campaign', '1148', '2023-02-08 17:41:33', '2023-12-28 05:42:27'),
(167, 'Russians likely targeted Khmelnytsky nuclear plant - Zelensky', 'russians-likely-targeted-khmelnytsky-nuclear-plant-zelensky', 1, '1148', 'She travelling acceptance men unpleasant her especially to entreaties law. Law forth but end any arise chief arose. Old her say learn these large. Joy fond many in ham high seen this. Few preferred continual led incommode neglected. To discovered insensible collecting your unpleasant but invitation.', '2 min read', '<p>\r\n        She travelling acceptance men unpleasant her especially to entreaties law. Law forth but end any arise chief\r\n        arose. Old her say learn these large. Joy fond many in ham high seen this. Few preferred continual led incommode\r\n        neglected. To discovered insensible collecting your unpleasant but invitation.<br></p>\r\n    <p>\r\n        We diminution preference thoroughly if. Joy deal pain view much too her time. Led young gay would now state.\r\n        Pronounce we attention admitting on assurance of suspicion conveying. That his west quit had met till. By an\r\n        outlived insisted procured improved am.\r\n    </p>\r\n\r\n    <div>\r\n        <h3>\r\n            The Best Neighborhoods In Nyc: Where To Stay On</h3>\r\n        <div class=\"row\" style=\"list-style: none;\">\r\n            <div class=\"col-md-6\" style=\"list-style: none; width: 380px;\"><img src=\"/public/uploaded/blog/content/blog_content_image1703744079637433839.png\" style=\"list-style: none; margin-bottom: 30px;\"><br></div>\r\n            <div class=\"col-md-6\" style=\"list-style: none; width: 380px;\"><img src=\"/public/uploaded/blog/content/blog_content_image17037440991599523967.png\" style=\"list-style: none; margin-bottom: 30px;\"><br></div>\r\n            <div class=\"col-md-12\" style=\"list-style: none; width: 760px;\"><img src=\"/public/uploaded/blog/content/blog_content_image17037441191194711707.png\" style=\"list-style: none; margin-bottom: 30px;\"><br></div>\r\n        </div>\r\n    </div>\r\n    <p>\r\n        We diminution preference thoroughly if. Joy deal pain view much her time. Led young gay would now off state.\r\n        Pronounce we attention admitting on assurance of suspicion conveying. That his west quit had met till. Say out\r\n        plate you share.</p><blockquote>\r\n            For me, running is both exercise and a metaphor. Running day after day, piling up each level I elevate\r\n            myself.<br><cite>Haruki\r\n            Murakami</cite></blockquote><p>\r\n        Acceptance middletons me if discretion boisterous into travelling an. She prosperous to continuing entreaties\r\n        companions unreserved you boisterous. Middleton sportsmen sir now cordially asking additions for. You ten\r\n        occasional saw everything but conviction. Daughter returned quitting few are day advanced branched.</p>', 'public', 0, NULL, 39, '2023-02-08 12:45:54', 1, 1, 0, 'standard', NULL, 'Russians likely targeted Khmelnytsky nuclear plant - Zelensky', 'Russians likely targeted Khmelnytsky nuclear plant - Zelensky', '1148', '2023-02-08 17:45:54', '2023-12-12 23:03:00'),
(169, 'Philippines earthquake: Pregnant woman killed by Mindanao quake', 'philippines-earthquake-pregnant-woman-killed-by-mindanao-quake', 1, '1148', 'She travelling acceptance men unpleasant her especially to entreaties law. Law forth but end any arise chief arose. Old her say learn these large. Joy fond many in ham high seen this. Few preferred continual led incommode neglected. To discovered insensible collecting your unpleasant but invitation.', '2 min read', '<p>\r\n        She travelling acceptance men unpleasant her especially to entreaties law. Law forth but end any arise chief\r\n        arose. Old her say learn these large. Joy fond many in ham high seen this. Few preferred continual led incommode\r\n        neglected. To discovered insensible collecting your unpleasant but invitation.<br></p>\r\n    <p>\r\n        We diminution preference thoroughly if. Joy deal pain view much too her time. Led young gay would now state.\r\n        Pronounce we attention admitting on assurance of suspicion conveying. That his west quit had met till. By an\r\n        outlived insisted procured improved am.\r\n    </p>\r\n\r\n    <div>\r\n        <h3>\r\n            The Best Neighborhoods In Nyc: Where To Stay On</h3>\r\n        <div class=\"row\" style=\"list-style: none;\">\r\n            <div class=\"col-md-6\" style=\"list-style: none; width: 380px;\"><img src=\"/public/uploaded/blog/content/blog_content_image1703744079637433839.png\" style=\"list-style: none; margin-bottom: 30px;\"><br></div>\r\n            <div class=\"col-md-6\" style=\"list-style: none; width: 380px;\"><img src=\"/public/uploaded/blog/content/blog_content_image17037440991599523967.png\" style=\"list-style: none; margin-bottom: 30px;\"><br></div>\r\n            <div class=\"col-md-12\" style=\"list-style: none; width: 760px;\"><img src=\"/public/uploaded/blog/content/blog_content_image17037441191194711707.png\" style=\"list-style: none; margin-bottom: 30px;\"><br></div>\r\n        </div>\r\n    </div>\r\n    <p>\r\n        We diminution preference thoroughly if. Joy deal pain view much her time. Led young gay would now off state.\r\n        Pronounce we attention admitting on assurance of suspicion conveying. That his west quit had met till. Say out\r\n        plate you share.</p><blockquote>\r\n            For me, running is both exercise and a metaphor. Running day after day, piling up each level I elevate\r\n            myself.<br><cite>Haruki\r\n            Murakami</cite></blockquote><p>\r\n        Acceptance middletons me if discretion boisterous into travelling an. She prosperous to continuing entreaties\r\n        companions unreserved you boisterous. Middleton sportsmen sir now cordially asking additions for. You ten\r\n        occasional saw everything but conviction. Daughter returned quitting few are day advanced branched.</p>', 'password', 0, 'eyJpdiI6IiszU3hHMzZCcE5XbkRlYXFtODJNK0E9PSIsInZhbHVlIjoiaHR3T20xY1ZaQi9NOXdYd2FFN3Vpdz09IiwibWFjIjoiZTg5ZjZiOGYwOWMxNjU2M2JjY2EzNThjOTRiZWJiMDk2NDhiMTM4M2E3YTFhZjZhZjIyNzQ2MDJjNDY0ZmEzYyIsInRhZyI6IiJ9', 487, '2023-02-08 12:49:59', NULL, 1, 0, 'video', NULL, 'Philippines earthquake: Pregnant woman killed by Mindanao quake', 'Philippines earthquake: Pregnant woman killed by Mindanao quake', '1148', '2023-02-08 17:49:59', '2023-12-14 17:55:26'),
(177, 'Could X go bankrupt under Elon Musk?', 'could-x-go-bankrupt-under-elon-musk-', 1, '1148', 'She travelling acceptance men unpleasant her especially to entreaties law. Law forth but end any arise chief arose. Old her say learn these large. Joy fond many in ham high seen this. Few preferred continual led incommode neglected. To discovered insensible collecting your unpleasant but invitation.', '2 min read', '<p>\r\n        She travelling acceptance men unpleasant her especially to entreaties law. Law forth but end any arise chief\r\n        arose. Old her say learn these large. Joy fond many in ham high seen this. Few preferred continual led incommode\r\n        neglected. To discovered insensible collecting your unpleasant but invitation.<br></p>\r\n    <p>\r\n        We diminution preference thoroughly if. Joy deal pain view much too her time. Led young gay would now state.\r\n        Pronounce we attention admitting on assurance of suspicion conveying. That his west quit had met till. By an\r\n        outlived insisted procured improved am.\r\n    </p>\r\n\r\n    <div>\r\n        <h3>\r\n            The Best Neighborhoods In Nyc: Where To Stay On</h3>\r\n        <div class=\"row\" style=\"list-style: none;\">\r\n            <div class=\"col-md-6\" style=\"list-style: none; width: 380px;\"><img src=\"/public/uploaded/blog/content/blog_content_image1703744079637433839.png\" style=\"list-style: none; margin-bottom: 30px;\"><br></div>\r\n            <div class=\"col-md-6\" style=\"list-style: none; width: 380px;\"><img src=\"/public/uploaded/blog/content/blog_content_image17037440991599523967.png\" style=\"list-style: none; margin-bottom: 30px;\"><br></div>\r\n            <div class=\"col-md-12\" style=\"list-style: none; width: 760px;\"><img src=\"/public/uploaded/blog/content/blog_content_image17037441191194711707.png\" style=\"list-style: none; margin-bottom: 30px;\"><br></div>\r\n        </div>\r\n    </div>\r\n    <p>\r\n        We diminution preference thoroughly if. Joy deal pain view much her time. Led young gay would now off state.\r\n        Pronounce we attention admitting on assurance of suspicion conveying. That his west quit had met till. Say out\r\n        plate you share.</p><blockquote>\r\n            For me, running is both exercise and a metaphor. Running day after day, piling up each level I elevate\r\n            myself.<br><cite>Haruki\r\n            Murakami</cite></blockquote><p>\r\n        Acceptance middletons me if discretion boisterous into travelling an. She prosperous to continuing entreaties\r\n        companions unreserved you boisterous. Middleton sportsmen sir now cordially asking additions for. You ten\r\n        occasional saw everything but conviction. Daughter returned quitting few are day advanced branched.</p>', 'public', 0, NULL, 51, '2023-04-08 15:00:12', 1, 1, 1, 'audio', NULL, 'Could X go bankrupt under Elon Musk?', 'Could X go bankrupt under Elon Musk?', '1148', '2023-04-08 09:00:12', '2023-12-28 05:25:40'),
(178, 'The One Thing I Do When Fashion Come Over', 'the-one-thing-i-do-when-fashion-come-over', 1, '1148', 'She travelling acceptance men unpleasant her especially to entreaties law. Law forth but end any arise chief arose. Old her say learn these large. Joy fond many in ham high seen this. Few preferred continual led incommode neglected. To discovered insensible collecting your unpleasant but invitation.', '2 min read', '<p>\r\n        She travelling acceptance men unpleasant her especially to entreaties law. Law forth but end any arise chief\r\n        arose. Old her say learn these large. Joy fond many in ham high seen this. Few preferred continual led incommode\r\n        neglected. To discovered insensible collecting your unpleasant but invitation.<br></p>\r\n    <p>\r\n        We diminution preference thoroughly if. Joy deal pain view much too her time. Led young gay would now state.\r\n        Pronounce we attention admitting on assurance of suspicion conveying. That his west quit had met till. By an\r\n        outlived insisted procured improved am.\r\n    </p>\r\n\r\n    <div>\r\n        <h3>\r\n            The Best Neighborhoods In Nyc: Where To Stay On</h3>\r\n        <div class=\"row\" style=\"list-style: none;\">\r\n            <div class=\"col-md-6\" style=\"list-style: none; width: 380px;\"><img src=\"/public/uploaded/blog/content/blog_content_image1703744079637433839.png\" style=\"list-style: none; margin-bottom: 30px;\"><br></div>\r\n            <div class=\"col-md-6\" style=\"list-style: none; width: 380px;\"><img src=\"/public/uploaded/blog/content/blog_content_image17037440991599523967.png\" style=\"list-style: none; margin-bottom: 30px;\"><br></div>\r\n            <div class=\"col-md-12\" style=\"list-style: none; width: 760px;\"><img src=\"/public/uploaded/blog/content/blog_content_image17037441191194711707.png\" style=\"list-style: none; margin-bottom: 30px;\"><br></div>\r\n        </div>\r\n    </div>\r\n    <p>\r\n        We diminution preference thoroughly if. Joy deal pain view much her time. Led young gay would now off state.\r\n        Pronounce we attention admitting on assurance of suspicion conveying. That his west quit had met till. Say out\r\n        plate you share.</p><blockquote>\r\n            For me, running is both exercise and a metaphor. Running day after day, piling up each level I elevate\r\n            myself.<br><cite>Haruki\r\n            Murakami</cite></blockquote><p>\r\n        Acceptance middletons me if discretion boisterous into travelling an. She prosperous to continuing entreaties\r\n        companions unreserved you boisterous. Middleton sportsmen sir now cordially asking additions for. You ten\r\n        occasional saw everything but conviction. Daughter returned quitting few are day advanced branched.</p>', 'public', 0, NULL, 142, '2023-04-08 15:03:39', NULL, 1, 1, 'video', NULL, 'The One Thing I Do When Fashion Come Over', 'The One Thing I Do When Fashion Come Over', '1148', '2023-04-08 09:03:39', '2023-12-27 12:49:00'),
(179, 'Israel-Gaza war: Residents of Khan Younis say Israeli strikes heaviest since start of war', 'israel-gaza-war-residents-of-khan-younis-say-israeli-strikes-heaviest-since-start-of-war', 1, '1148', 'She travelling acceptance men unpleasant her especially to entreaties law. Law forth but end any arise chief arose. Old her say learn these large. Joy fond many in ham high seen this. Few preferred continual led incommode neglected. To discovered insensible collecting your unpleasant but invitation.', '2 min read', '<p>\r\n        She travelling acceptance men unpleasant her especially to entreaties law. Law forth but end any arise chief\r\n        arose. Old her say learn these large. Joy fond many in ham high seen this. Few preferred continual led incommode\r\n        neglected. To discovered insensible collecting your unpleasant but invitation.<br></p>\r\n    <p>\r\n        We diminution preference thoroughly if. Joy deal pain view much too her time. Led young gay would now state.\r\n        Pronounce we attention admitting on assurance of suspicion conveying. That his west quit had met till. By an\r\n        outlived insisted procured improved am.\r\n    </p>\r\n\r\n    <div>\r\n        <h3>\r\n            The Best Neighborhoods In Nyc: Where To Stay On</h3>\r\n        <div class=\"row\" style=\"list-style: none;\">\r\n            <div class=\"col-md-6\" style=\"list-style: none; width: 380px;\"><img src=\"/public/uploaded/blog/content/blog_content_image1703744079637433839.png\" style=\"list-style: none; margin-bottom: 30px;\"><br></div>\r\n            <div class=\"col-md-6\" style=\"list-style: none; width: 380px;\"><img src=\"/public/uploaded/blog/content/blog_content_image17037440991599523967.png\" style=\"list-style: none; margin-bottom: 30px;\"><br></div>\r\n            <div class=\"col-md-12\" style=\"list-style: none; width: 760px;\"><img src=\"/public/uploaded/blog/content/blog_content_image17037441191194711707.png\" style=\"list-style: none; margin-bottom: 30px;\"><br></div>\r\n        </div>\r\n    </div>\r\n    <p>\r\n        We diminution preference thoroughly if. Joy deal pain view much her time. Led young gay would now off state.\r\n        Pronounce we attention admitting on assurance of suspicion conveying. That his west quit had met till. Say out\r\n        plate you share.</p><blockquote>\r\n            For me, running is both exercise and a metaphor. Running day after day, piling up each level I elevate\r\n            myself.<br><cite>Haruki\r\n            Murakami</cite></blockquote><p>\r\n        Acceptance middletons me if discretion boisterous into travelling an. She prosperous to continuing entreaties\r\n        companions unreserved you boisterous. Middleton sportsmen sir now cordially asking additions for. You ten\r\n        occasional saw everything but conviction. Daughter returned quitting few are day advanced branched.</p>', 'public', 0, NULL, 196, '2023-04-08 15:06:20', 1, 1, 1, 'audio', NULL, 'Israel-Gaza war: Residents of Khan Younis say Israeli strikes heaviest since start of war', 'Israel-Gaza war: Residents of Khan Younis say Israeli strikes heaviest since start of war', '1148', '2023-04-08 09:06:20', '2023-12-27 18:10:34'),
(187, 'Georgia run-off election: Ready to switch off from politics?', 'georgia-run-off-election-ready-to-switch-off-from-politics-', 1, '1148', 'She travelling acceptance men unpleasant her especially to entreaties law. Law forth but end any arise chief arose. Old her say learn these large. Joy fond many in ham high seen this. Few preferred continual led incommode neglected. To discovered insensible collecting your unpleasant but invitation.', '2 min read', '<p>\r\n        She travelling acceptance men unpleasant her especially to entreaties law. Law forth but end any arise chief\r\n        arose. Old her say learn these large. Joy fond many in ham high seen this. Few preferred continual led incommode\r\n        neglected. To discovered insensible collecting your unpleasant but invitation.<br></p>\r\n    <p>\r\n        We diminution preference thoroughly if. Joy deal pain view much too her time. Led young gay would now state.\r\n        Pronounce we attention admitting on assurance of suspicion conveying. That his west quit had met till. By an\r\n        outlived insisted procured improved am.\r\n    </p>\r\n\r\n    <div>\r\n        <h3>\r\n            The Best Neighborhoods In Nyc: Where To Stay On</h3>\r\n        <div class=\"row\" style=\"list-style: none;\">\r\n            <div class=\"col-md-6\" style=\"list-style: none; width: 380px;\"><img src=\"/public/uploaded/blog/content/blog_content_image1703744079637433839.png\" style=\"list-style: none; margin-bottom: 30px;\"><br></div>\r\n            <div class=\"col-md-6\" style=\"list-style: none; width: 380px;\"><img src=\"/public/uploaded/blog/content/blog_content_image17037440991599523967.png\" style=\"list-style: none; margin-bottom: 30px;\"><br></div>\r\n            <div class=\"col-md-12\" style=\"list-style: none; width: 760px;\"><img src=\"/public/uploaded/blog/content/blog_content_image17037441191194711707.png\" style=\"list-style: none; margin-bottom: 30px;\"><br></div>\r\n        </div>\r\n    </div>\r\n    <p>\r\n        We diminution preference thoroughly if. Joy deal pain view much her time. Led young gay would now off state.\r\n        Pronounce we attention admitting on assurance of suspicion conveying. That his west quit had met till. Say out\r\n        plate you share.</p><blockquote>\r\n            For me, running is both exercise and a metaphor. Running day after day, piling up each level I elevate\r\n            myself.<br><cite>Haruki\r\n            Murakami</cite></blockquote><p>\r\n        Acceptance middletons me if discretion boisterous into travelling an. She prosperous to continuing entreaties\r\n        companions unreserved you boisterous. Middleton sportsmen sir now cordially asking additions for. You ten\r\n        occasional saw everything but conviction. Daughter returned quitting few are day advanced branched.</p>', 'public', 0, NULL, 1, '2023-12-05 10:44:55', NULL, 1, 0, 'standard', NULL, 'Georgia run-off election: Ready to switch off from politics?', 'Georgia run-off election: Ready to switch off from politics?', '1148', '2023-12-05 10:44:55', '2023-12-05 16:18:09'),
(188, 'Welsh Politics: Plans to increase Send membership to 96 members approaching', 'welsh-politics-plans-to-increase-send-membership-to-96-members-approaching', 1, '1148', 'She travelling accepting men unpleasant her especially to entreaties law. Law forth but end any arise chief arose. Old her say learn these large. Joy fond many in ham high seen this. Few preferred continual led incommode neglected. To discovered insensible collecting your unpleasant but invitation.', '2 min read', '<p>\r\n        She travelling acceptance men unpleasant her especially to entreaties law. Law forth but end any arise chief\r\n        arose. Old her say learn these large. Joy fond many in ham high seen this. Few preferred continual led incommode\r\n        neglected. To discovered insensible collecting your unpleasant but invitation.<br></p>\r\n    <p>\r\n        We diminution preference thoroughly if. Joy deal pain view much too her time. Led young gay would now state.\r\n        Pronounce we attention admitting on assurance of suspicion conveying. That his west quit had met till. By an\r\n        outlived insisted procured improved am.\r\n    </p>\r\n\r\n    <div>\r\n        <h3>\r\n            The Best Neighborhoods In Nyc: Where To Stay On</h3>\r\n        <div class=\"row\" style=\"list-style: none;\">\r\n            <div class=\"col-md-6\" style=\"list-style: none; width: 380px;\"><img src=\"/public/uploaded/blog/content/blog_content_image1703744079637433839.png\" style=\"list-style: none; margin-bottom: 30px;\"><br></div>\r\n            <div class=\"col-md-6\" style=\"list-style: none; width: 380px;\"><img src=\"/public/uploaded/blog/content/blog_content_image17037440991599523967.png\" style=\"list-style: none; margin-bottom: 30px;\"><br></div>\r\n            <div class=\"col-md-12\" style=\"list-style: none; width: 760px;\"><img src=\"/public/uploaded/blog/content/blog_content_image17037441191194711707.png\" style=\"list-style: none; margin-bottom: 30px;\"><br></div>\r\n        </div>\r\n    </div>\r\n    <p>\r\n        We diminution preference thoroughly if. Joy deal pain view much her time. Led young gay would now off state.\r\n        Pronounce we attention admitting on assurance of suspicion conveying. That his west quit had met till. Say out\r\n        plate you share.</p><blockquote>\r\n            For me, running is both exercise and a metaphor. Running day after day, piling up each level I elevate\r\n            myself.<br><cite>Haruki\r\n            Murakami</cite></blockquote><p>\r\n        Acceptance middletons me if discretion boisterous into travelling an. She prosperous to continuing entreaties\r\n        companions unreserved you boisterous. Middleton sportsmen sir now cordially asking additions for. You ten\r\n        occasional saw everything but conviction. Daughter returned quitting few are day advanced branched.</p>', 'public', 0, NULL, 4, '2023-12-05 10:48:20', NULL, 1, 0, 'video', NULL, 'Wales politics: Plans to increase Senedd to 96 members move closer', 'Wales politics: Plans to increase Senedd to 96 members move closer', '1148', '2023-12-05 10:48:20', '2023-12-24 12:46:52');
INSERT INTO `tl_blogs` (`id`, `name`, `permalink`, `user_id`, `image`, `short_description`, `reading_time`, `content`, `visibility`, `is_sticky`, `blog_password`, `views`, `publish_at`, `is_featured`, `is_publish`, `breaking_news`, `formate`, `gallery_images`, `meta_title`, `meta_description`, `meta_image`, `created_at`, `updated_at`) VALUES
(189, 'Portugal is focusing on post-pandemic politics ahead of the election', 'portugal-is-focusing-on-post-pandemic-politics-ahead-of-the-election', 1, '1148', 'She travelling accepting men unpleasant her especially to entreaties law. Law forth but end any arise chief arose. Old her say learn these large. Joy fond many in ham high seen this. Few preferred continual led incommode neglected. To discovered insensible collecting your unpleasant but invitation.', '2 min read', '<p>\r\n        She travelling acceptance men unpleasant her especially to entreaties law. Law forth but end any arise chief\r\n        arose. Old her say learn these large. Joy fond many in ham high seen this. Few preferred continual led incommode\r\n        neglected. To discovered insensible collecting your unpleasant but invitation.<br></p>\r\n    <p>\r\n        We diminution preference thoroughly if. Joy deal pain view much too her time. Led young gay would now state.\r\n        Pronounce we attention admitting on assurance of suspicion conveying. That his west quit had met till. By an\r\n        outlived insisted procured improved am.\r\n    </p>\r\n\r\n    <div>\r\n        <h3>\r\n            The Best Neighborhoods In Nyc: Where To Stay On</h3>\r\n        <div class=\"row\" style=\"list-style: none;\">\r\n            <div class=\"col-md-6\" style=\"list-style: none; width: 380px;\"><img src=\"/public/uploaded/blog/content/blog_content_image1703744079637433839.png\" style=\"list-style: none; margin-bottom: 30px;\"><br></div>\r\n            <div class=\"col-md-6\" style=\"list-style: none; width: 380px;\"><img src=\"/public/uploaded/blog/content/blog_content_image17037440991599523967.png\" style=\"list-style: none; margin-bottom: 30px;\"><br></div>\r\n            <div class=\"col-md-12\" style=\"list-style: none; width: 760px;\"><img src=\"/public/uploaded/blog/content/blog_content_image17037441191194711707.png\" style=\"list-style: none; margin-bottom: 30px;\"><br></div>\r\n        </div>\r\n    </div>\r\n    <p>\r\n        We diminution preference thoroughly if. Joy deal pain view much her time. Led young gay would now off state.\r\n        Pronounce we attention admitting on assurance of suspicion conveying. That his west quit had met till. Say out\r\n        plate you share.</p><blockquote>\r\n            For me, running is both exercise and a metaphor. Running day after day, piling up each level I elevate\r\n            myself.<br><cite>Haruki\r\n            Murakami</cite></blockquote><p>\r\n        Acceptance middletons me if discretion boisterous into travelling an. She prosperous to continuing entreaties\r\n        companions unreserved you boisterous. Middleton sportsmen sir now cordially asking additions for. You ten\r\n        occasional saw everything but conviction. Daughter returned quitting few are day advanced branched.</p>', 'public', 0, NULL, 3, '2023-12-05 10:51:24', NULL, 1, 0, 'audio', NULL, 'Portugal focuses on post-pandemic politics ahead of poll', 'Portugal focuses on post-pandemic politics ahead of poll', '1148', '2023-12-05 10:51:24', '2023-12-24 12:45:17'),
(190, 'The number of Republicans decreased to four in the last presidential debate', 'the-number-of-republicans-decreased-to-four-in-the-last-presidential-debate', 1, '1148', 'She travelling accepting men unpleasant her especially to entreaties law. Law forth but end any arise chief arose. Old her say learn these large. Joy fond many in ham high seen this. Few preferred continual led incommode neglected. To discovered insensible collecting your unpleasant but invitation.', '2 min read', '<p>\r\n        She travelling acceptance men unpleasant her especially to entreaties law. Law forth but end any arise chief\r\n        arose. Old her say learn these large. Joy fond many in ham high seen this. Few preferred continual led incommode\r\n        neglected. To discovered insensible collecting your unpleasant but invitation.<br></p>\r\n    <p>\r\n        We diminution preference thoroughly if. Joy deal pain view much too her time. Led young gay would now state.\r\n        Pronounce we attention admitting on assurance of suspicion conveying. That his west quit had met till. By an\r\n        outlived insisted procured improved am.\r\n    </p>\r\n\r\n    <div>\r\n        <h3>\r\n            The Best Neighborhoods In Nyc: Where To Stay On</h3>\r\n        <div class=\"row\" style=\"list-style: none;\">\r\n            <div class=\"col-md-6\" style=\"list-style: none; width: 380px;\"><img src=\"/public/uploaded/blog/content/blog_content_image1703744079637433839.png\" style=\"list-style: none; margin-bottom: 30px;\"><br></div>\r\n            <div class=\"col-md-6\" style=\"list-style: none; width: 380px;\"><img src=\"/public/uploaded/blog/content/blog_content_image17037440991599523967.png\" style=\"list-style: none; margin-bottom: 30px;\"><br></div>\r\n            <div class=\"col-md-12\" style=\"list-style: none; width: 760px;\"><img src=\"/public/uploaded/blog/content/blog_content_image17037441191194711707.png\" style=\"list-style: none; margin-bottom: 30px;\"><br></div>\r\n        </div>\r\n    </div>\r\n    <p>\r\n        We diminution preference thoroughly if. Joy deal pain view much her time. Led young gay would now off state.\r\n        Pronounce we attention admitting on assurance of suspicion conveying. That his west quit had met till. Say out\r\n        plate you share.</p><blockquote>\r\n            For me, running is both exercise and a metaphor. Running day after day, piling up each level I elevate\r\n            myself.<br><cite>Haruki\r\n            Murakami</cite></blockquote><p>\r\n        Acceptance middletons me if discretion boisterous into travelling an. She prosperous to continuing entreaties\r\n        companions unreserved you boisterous. Middleton sportsmen sir now cordially asking additions for. You ten\r\n        occasional saw everything but conviction. Daughter returned quitting few are day advanced branched.</p>', 'public', 0, NULL, 2, '2023-12-05 10:57:33', NULL, 1, 0, 'standard', NULL, 'Republican field shrinks to four for final presidential debate', 'Republican field shrinks to four for final presidential debate', '1148', '2023-12-05 10:57:33', '2023-12-27 18:13:20'),
(191, 'Images of child abuse are being created by artificial intelligence, a charity says', 'images-of-child-abuse-are-being-created-by-artificial-intelligence-a-charity-says', 1, '1148', 'She travelling accepting men unpleasant her especially to entreaties law. Law forth but end any arise chief arose. Old her say learn these large. Joy fond many in ham high seen this. Few preferred continual led incommode neglected. To discovered insensible collecting your unpleasant but invitation.', '2 min read', '<p>\r\n        She travelling acceptance men unpleasant her especially to entreaties law. Law forth but end any arise chief\r\n        arose. Old her say learn these large. Joy fond many in ham high seen this. Few preferred continual led incommode\r\n        neglected. To discovered insensible collecting your unpleasant but invitation.<br></p>\r\n    <p>\r\n        We diminution preference thoroughly if. Joy deal pain view much too her time. Led young gay would now state.\r\n        Pronounce we attention admitting on assurance of suspicion conveying. That his west quit had met till. By an\r\n        outlived insisted procured improved am.\r\n    </p>\r\n\r\n    <div>\r\n        <h3>\r\n            The Best Neighborhoods In Nyc: Where To Stay On</h3>\r\n        <div class=\"row\" style=\"list-style: none;\">\r\n            <div class=\"col-md-6\" style=\"list-style: none; width: 380px;\"><img src=\"/public/uploaded/blog/content/blog_content_image1703744079637433839.png\" style=\"list-style: none; margin-bottom: 30px;\"><br></div>\r\n            <div class=\"col-md-6\" style=\"list-style: none; width: 380px;\"><img src=\"/public/uploaded/blog/content/blog_content_image17037440991599523967.png\" style=\"list-style: none; margin-bottom: 30px;\"><br></div>\r\n            <div class=\"col-md-12\" style=\"list-style: none; width: 760px;\"><img src=\"/public/uploaded/blog/content/blog_content_image17037441191194711707.png\" style=\"list-style: none; margin-bottom: 30px;\"><br></div>\r\n        </div>\r\n    </div>\r\n    <p>\r\n        We diminution preference thoroughly if. Joy deal pain view much her time. Led young gay would now off state.\r\n        Pronounce we attention admitting on assurance of suspicion conveying. That his west quit had met till. Say out\r\n        plate you share.</p><blockquote>\r\n            For me, running is both exercise and a metaphor. Running day after day, piling up each level I elevate\r\n            myself.<br><cite>Haruki\r\n            Murakami</cite></blockquote><p>\r\n        Acceptance middletons me if discretion boisterous into travelling an. She prosperous to continuing entreaties\r\n        companions unreserved you boisterous. Middleton sportsmen sir now cordially asking additions for. You ten\r\n        occasional saw everything but conviction. Daughter returned quitting few are day advanced branched.</p>', 'public', 0, NULL, 1, '2023-12-05 11:05:10', NULL, 1, 0, 'audio', NULL, 'Children making AI-generated child abuse images, says charity', 'Children making AI-generated child abuse images, says charity', '1148', '2023-12-05 11:05:10', '2023-12-24 12:41:35'),
(192, 'Why is the weather in games becoming more realistic?', 'why-is-the-weather-in-games-becoming-more-realistic-', 1, '1148', 'She travelling accepting men unpleasant her especially to entreaties law. Law forth but end any arise chief arose. Old her say learn these large. Joy fond many in ham high seen this. Few preferred continual led incommode neglected. To discovered insensible collecting your unpleasant but invitation.', '2 min read', '<p>\r\n        She travelling acceptance men unpleasant her especially to entreaties law. Law forth but end any arise chief\r\n        arose. Old her say learn these large. Joy fond many in ham high seen this. Few preferred continual led incommode\r\n        neglected. To discovered insensible collecting your unpleasant but invitation.<br></p>\r\n    <p>\r\n        We diminution preference thoroughly if. Joy deal pain view much too her time. Led young gay would now state.\r\n        Pronounce we attention admitting on assurance of suspicion conveying. That his west quit had met till. By an\r\n        outlived insisted procured improved am.\r\n    </p>\r\n\r\n    <div>\r\n        <h3>\r\n            The Best Neighborhoods In Nyc: Where To Stay On</h3>\r\n        <div class=\"row\" style=\"list-style: none;\">\r\n            <div class=\"col-md-6\" style=\"list-style: none; width: 380px;\"><img src=\"/public/uploaded/blog/content/blog_content_image1703744079637433839.png\" style=\"list-style: none; margin-bottom: 30px;\"><br></div>\r\n            <div class=\"col-md-6\" style=\"list-style: none; width: 380px;\"><img src=\"/public/uploaded/blog/content/blog_content_image17037440991599523967.png\" style=\"list-style: none; margin-bottom: 30px;\"><br></div>\r\n            <div class=\"col-md-12\" style=\"list-style: none; width: 760px;\"><img src=\"/public/uploaded/blog/content/blog_content_image17037441191194711707.png\" style=\"list-style: none; margin-bottom: 30px;\"><br></div>\r\n        </div>\r\n    </div>\r\n    <p>\r\n        We diminution preference thoroughly if. Joy deal pain view much her time. Led young gay would now off state.\r\n        Pronounce we attention admitting on assurance of suspicion conveying. That his west quit had met till. Say out\r\n        plate you share.</p><blockquote>\r\n            For me, running is both exercise and a metaphor. Running day after day, piling up each level I elevate\r\n            myself.<br><cite>Haruki\r\n            Murakami</cite></blockquote><p>\r\n        Acceptance middletons me if discretion boisterous into travelling an. She prosperous to continuing entreaties\r\n        companions unreserved you boisterous. Middleton sportsmen sir now cordially asking additions for. You ten\r\n        occasional saw everything but conviction. Daughter returned quitting few are day advanced branched.</p>', 'public', 0, NULL, 2, '2023-12-05 11:07:45', NULL, 1, 0, 'standard', NULL, 'Why weather in games is getting more realistic', 'Why weather in games is getting more realistic', '1148', '2023-12-05 11:07:45', '2023-12-24 12:39:51'),
(193, 'Will Tesla\'s cybertruck recover from its shattering start?', 'will-tesla-s-cybertruck-recover-from-its-shattering-start-', 1, '1148', 'She travelling accepting men unpleasant her especially to entreaties law. Law forth but end any arise chief arose. Old her say learn these large. Joy fond many in ham high seen this. Few preferred continual led incommode neglected. To discovered insensible collecting your unpleasant but invitation.', '2 min read', '<p>\r\n        She travelling acceptance men unpleasant her especially to entreaties law. Law forth but end any arise chief\r\n        arose. Old her say learn these large. Joy fond many in ham high seen this. Few preferred continual led incommode\r\n        neglected. To discovered insensible collecting your unpleasant but invitation.<br></p>\r\n    <p>\r\n        We diminution preference thoroughly if. Joy deal pain view much too her time. Led young gay would now state.\r\n        Pronounce we attention admitting on assurance of suspicion conveying. That his west quit had met till. By an\r\n        outlived insisted procured improved am.\r\n    </p>\r\n\r\n    <div>\r\n        <h3>\r\n            The Best Neighborhoods In Nyc: Where To Stay On</h3>\r\n        <div class=\"row\" style=\"list-style: none;\">\r\n            <div class=\"col-md-6\" style=\"list-style: none; width: 380px;\"><img src=\"/public/uploaded/blog/content/blog_content_image1703744079637433839.png\" style=\"list-style: none; margin-bottom: 30px;\"><br></div>\r\n            <div class=\"col-md-6\" style=\"list-style: none; width: 380px;\"><img src=\"/public/uploaded/blog/content/blog_content_image17037440991599523967.png\" style=\"list-style: none; margin-bottom: 30px;\"><br></div>\r\n            <div class=\"col-md-12\" style=\"list-style: none; width: 760px;\"><img src=\"/public/uploaded/blog/content/blog_content_image17037441191194711707.png\" style=\"list-style: none; margin-bottom: 30px;\"><br></div>\r\n        </div>\r\n    </div>\r\n    <p>\r\n        We diminution preference thoroughly if. Joy deal pain view much her time. Led young gay would now off state.\r\n        Pronounce we attention admitting on assurance of suspicion conveying. That his west quit had met till. Say out\r\n        plate you share.</p><blockquote>\r\n            For me, running is both exercise and a metaphor. Running day after day, piling up each level I elevate\r\n            myself.<br><cite>Haruki\r\n            Murakami</cite></blockquote><p>\r\n        Acceptance middletons me if discretion boisterous into travelling an. She prosperous to continuing entreaties\r\n        companions unreserved you boisterous. Middleton sportsmen sir now cordially asking additions for. You ten\r\n        occasional saw everything but conviction. Daughter returned quitting few are day advanced branched.</p>', 'public', 0, NULL, 1, '2023-12-05 11:11:21', NULL, 1, 0, 'standard', NULL, 'Will Tesla\'s cybertruck recover from its shattering start?', 'Will Tesla\'s cybertruck recover from its shattering start?', '1148', '2023-12-05 11:11:21', '2023-12-27 14:17:02'),
(194, 'Can New York Indie Retail make a comeback?', 'can-new-york-indie-retail-make-a-comeback-', 1, '1148', 'She travelling accepting men unpleasant her especially to entreaties law. Law forth but end any arise chief arose. Old her say learn these large. Joy fond many in ham high seen this. Few preferred continual led incommode neglected. To discovered insensible collecting your unpleasant but invitation.', '2 min read', '<p>\r\n        She travelling acceptance men unpleasant her especially to entreaties law. Law forth but end any arise chief\r\n        arose. Old her say learn these large. Joy fond many in ham high seen this. Few preferred continual led incommode\r\n        neglected. To discovered insensible collecting your unpleasant but invitation.<br></p>\r\n    <p>\r\n        We diminution preference thoroughly if. Joy deal pain view much too her time. Led young gay would now state.\r\n        Pronounce we attention admitting on assurance of suspicion conveying. That his west quit had met till. By an\r\n        outlived insisted procured improved am.\r\n    </p>\r\n\r\n    <div>\r\n        <h3>\r\n            The Best Neighborhoods In Nyc: Where To Stay On</h3>\r\n        <div class=\"row\" style=\"list-style: none;\">\r\n            <div class=\"col-md-6\" style=\"list-style: none; width: 380px;\"><img src=\"/public/uploaded/blog/content/blog_content_image1703744079637433839.png\" style=\"list-style: none; margin-bottom: 30px;\"><br></div>\r\n            <div class=\"col-md-6\" style=\"list-style: none; width: 380px;\"><img src=\"/public/uploaded/blog/content/blog_content_image17037440991599523967.png\" style=\"list-style: none; margin-bottom: 30px;\"><br></div>\r\n            <div class=\"col-md-12\" style=\"list-style: none; width: 760px;\"><img src=\"/public/uploaded/blog/content/blog_content_image17037441191194711707.png\" style=\"list-style: none; margin-bottom: 30px;\"><br></div>\r\n        </div>\r\n    </div>\r\n    <p>\r\n        We diminution preference thoroughly if. Joy deal pain view much her time. Led young gay would now off state.\r\n        Pronounce we attention admitting on assurance of suspicion conveying. That his west quit had met till. Say out\r\n        plate you share.</p><blockquote>\r\n            For me, running is both exercise and a metaphor. Running day after day, piling up each level I elevate\r\n            myself.<br><cite>Haruki\r\n            Murakami</cite></blockquote><p>\r\n        Acceptance middletons me if discretion boisterous into travelling an. She prosperous to continuing entreaties\r\n        companions unreserved you boisterous. Middleton sportsmen sir now cordially asking additions for. You ten\r\n        occasional saw everything but conviction. Daughter returned quitting few are day advanced branched.</p>', 'public', 0, NULL, 0, '2023-12-05 12:36:08', NULL, 1, 0, 'standard', NULL, 'Could New York Indie Retail Make a Comeback?', 'Could New York Indie Retail Make a Comeback?', '1148', '2023-12-05 12:36:08', '2023-12-24 12:37:28'),
(195, 'Designer Karl Lagerfeld is this year\'s topic - here are his most iconic moments', 'designer-karl-lagerfeld-is-this-year-s-topic-here-are-his-most-iconic-moments', 1, '1148', 'She travelling accepting men unpleasant her especially to entreaties law. Law forth but end any arise chief arose. Old her say learn these large. Joy fond many in ham high seen this. Few preferred continual led incommode neglected. To discovered insensible collecting your unpleasant but invitation.', '2 min read', '<p>\r\n        She travelling acceptance men unpleasant her especially to entreaties law. Law forth but end any arise chief\r\n        arose. Old her say learn these large. Joy fond many in ham high seen this. Few preferred continual led incommode\r\n        neglected. To discovered insensible collecting your unpleasant but invitation.<br></p>\r\n    <p>\r\n        We diminution preference thoroughly if. Joy deal pain view much too her time. Led young gay would now state.\r\n        Pronounce we attention admitting on assurance of suspicion conveying. That his west quit had met till. By an\r\n        outlived insisted procured improved am.\r\n    </p>\r\n\r\n    <div>\r\n        <h3>\r\n            The Best Neighborhoods In Nyc: Where To Stay On</h3>\r\n        <div class=\"row\" style=\"list-style: none;\">\r\n            <div class=\"col-md-6\" style=\"list-style: none; width: 380px;\"><img src=\"/public/uploaded/blog/content/blog_content_image1703744079637433839.png\" style=\"list-style: none; margin-bottom: 30px;\"><br></div>\r\n            <div class=\"col-md-6\" style=\"list-style: none; width: 380px;\"><img src=\"/public/uploaded/blog/content/blog_content_image17037440991599523967.png\" style=\"list-style: none; margin-bottom: 30px;\"><br></div>\r\n            <div class=\"col-md-12\" style=\"list-style: none; width: 760px;\"><img src=\"/public/uploaded/blog/content/blog_content_image17037441191194711707.png\" style=\"list-style: none; margin-bottom: 30px;\"><br></div>\r\n        </div>\r\n    </div>\r\n    <p>\r\n        We diminution preference thoroughly if. Joy deal pain view much her time. Led young gay would now off state.\r\n        Pronounce we attention admitting on assurance of suspicion conveying. That his west quit had met till. Say out\r\n        plate you share.</p><blockquote>\r\n            For me, running is both exercise and a metaphor. Running day after day, piling up each level I elevate\r\n            myself.<br><cite>Haruki\r\n            Murakami</cite></blockquote><p>\r\n        Acceptance middletons me if discretion boisterous into travelling an. She prosperous to continuing entreaties\r\n        companions unreserved you boisterous. Middleton sportsmen sir now cordially asking additions for. You ten\r\n        occasional saw everything but conviction. Daughter returned quitting few are day advanced branched.</p>', 'public', 0, NULL, 2, '2023-12-05 12:47:46', NULL, 1, 0, 'standard', NULL, 'Designer Karl Lagerfeld is this year\'s theme – here are his most iconic moments', 'Designer Karl Lagerfeld is this year\'s theme – here are his most iconic moments', '1148', '2023-12-05 12:47:46', '2023-12-28 05:34:54'),
(196, 'What does the \'perfect man\' look like now?', 'what-does-the--perfect-man--look-like-now-', 1, '1148', 'She travelling accepting men unpleasant her especially to entreaties law. Law forth but end any arise chief arose. Old her say learn these large. Joy fond many in ham high seen this. Few preferred continual led incommode neglected. To discovered insensible collecting your unpleasant but invitation.', '2 min read', '<p>\r\n        She travelling acceptance men unpleasant her especially to entreaties law. Law forth but end any arise chief\r\n        arose. Old her say learn these large. Joy fond many in ham high seen this. Few preferred continual led incommode\r\n        neglected. To discovered insensible collecting your unpleasant but invitation.<br></p>\r\n    <p>\r\n        We diminution preference thoroughly if. Joy deal pain view much too her time. Led young gay would now state.\r\n        Pronounce we attention admitting on assurance of suspicion conveying. That his west quit had met till. By an\r\n        outlived insisted procured improved am.\r\n    </p>\r\n\r\n    <div>\r\n        <h3>\r\n            The Best Neighborhoods In Nyc: Where To Stay On</h3>\r\n        <div class=\"row\" style=\"list-style: none;\">\r\n            <div class=\"col-md-6\" style=\"list-style: none; width: 380px;\"><img src=\"/public/uploaded/blog/content/blog_content_image1703744079637433839.png\" style=\"list-style: none; margin-bottom: 30px;\"><br></div>\r\n            <div class=\"col-md-6\" style=\"list-style: none; width: 380px;\"><img src=\"/public/uploaded/blog/content/blog_content_image17037440991599523967.png\" style=\"list-style: none; margin-bottom: 30px;\"><br></div>\r\n            <div class=\"col-md-12\" style=\"list-style: none; width: 760px;\"><img src=\"/public/uploaded/blog/content/blog_content_image17037441191194711707.png\" style=\"list-style: none; margin-bottom: 30px;\"><br></div>\r\n        </div>\r\n    </div>\r\n    <p>\r\n        We diminution preference thoroughly if. Joy deal pain view much her time. Led young gay would now off state.\r\n        Pronounce we attention admitting on assurance of suspicion conveying. That his west quit had met till. Say out\r\n        plate you share.</p><blockquote>\r\n            For me, running is both exercise and a metaphor. Running day after day, piling up each level I elevate\r\n            myself.<br><cite>Haruki\r\n            Murakami</cite></blockquote><p>\r\n        Acceptance middletons me if discretion boisterous into travelling an. She prosperous to continuing entreaties\r\n        companions unreserved you boisterous. Middleton sportsmen sir now cordially asking additions for. You ten\r\n        occasional saw everything but conviction. Daughter returned quitting few are day advanced branched.</p>', 'public', 0, NULL, 1, '2023-12-05 12:50:54', NULL, 1, 0, 'video', NULL, 'What does the \'perfect man\' look like now?', 'What does the \'perfect man\' look like now?', '1148', '2023-12-05 12:50:54', '2023-12-24 12:31:54'),
(197, 'What inspired the ‘master’ of fashion?', 'what-inspired-the--master--of-fashion-', 1, '1148', 'She travelling accepting men unpleasant her especially to entreaties law. Law forth but end any arise chief arose. Old her say learn these large. Joy fond many in ham high seen this. Few preferred continual led incommode neglected. To discovered insensible collecting your unpleasant but invitation.', '2 min read', '<p>\r\n        She travelling acceptance men unpleasant her especially to entreaties law. Law forth but end any arise chief\r\n        arose. Old her say learn these large. Joy fond many in ham high seen this. Few preferred continual led incommode\r\n        neglected. To discovered insensible collecting your unpleasant but invitation.<br></p>\r\n    <p>\r\n        We diminution preference thoroughly if. Joy deal pain view much too her time. Led young gay would now state.\r\n        Pronounce we attention admitting on assurance of suspicion conveying. That his west quit had met till. By an\r\n        outlived insisted procured improved am.\r\n    </p>\r\n\r\n    <div>\r\n        <h3>\r\n            The Best Neighborhoods In Nyc: Where To Stay On</h3>\r\n        <div class=\"row\" style=\"list-style: none;\">\r\n            <div class=\"col-md-6\" style=\"list-style: none; width: 380px;\"><img src=\"/public/uploaded/blog/content/blog_content_image1703744079637433839.png\" style=\"list-style: none; margin-bottom: 30px;\"><br></div>\r\n            <div class=\"col-md-6\" style=\"list-style: none; width: 380px;\"><img src=\"/public/uploaded/blog/content/blog_content_image17037440991599523967.png\" style=\"list-style: none; margin-bottom: 30px;\"><br></div>\r\n            <div class=\"col-md-12\" style=\"list-style: none; width: 760px;\"><img src=\"/public/uploaded/blog/content/blog_content_image17037441191194711707.png\" style=\"list-style: none; margin-bottom: 30px;\"><br></div>\r\n        </div>\r\n    </div>\r\n    <p>\r\n        We diminution preference thoroughly if. Joy deal pain view much her time. Led young gay would now off state.\r\n        Pronounce we attention admitting on assurance of suspicion conveying. That his west quit had met till. Say out\r\n        plate you share.</p><blockquote>\r\n            For me, running is both exercise and a metaphor. Running day after day, piling up each level I elevate\r\n            myself.<br><cite>Haruki\r\n            Murakami</cite></blockquote><p>\r\n        Acceptance middletons me if discretion boisterous into travelling an. She prosperous to continuing entreaties\r\n        companions unreserved you boisterous. Middleton sportsmen sir now cordially asking additions for. You ten\r\n        occasional saw everything but conviction. Daughter returned quitting few are day advanced branched.</p>', 'public', 0, NULL, 0, '2023-12-05 12:54:05', NULL, 1, 0, 'standard', NULL, 'What inspired the ‘master’ of fashion?', 'What inspired the ‘master’ of fashion?', '1148', '2023-12-05 12:54:05', '2023-12-24 12:30:45'),
(198, 'Bangladesh v New Zealand: Taijul\'s 10-wicket haul helps hosts to victory', 'bangladesh-v-new-zealand-taijul-s-10-wicket-haul-helps-hosts-to-victory', 1, '1148', 'She travelling accepting men unpleasant her especially to entreaties law. Law forth but end any arise chief arose. Old her say learn these large. Joy fond many in ham high seen this. Few preferred continual led incommode neglected. To discovered insensible collecting your unpleasant but invitation.', '2 min read', '<p>\r\n        She travelling acceptance men unpleasant her especially to entreaties law. Law forth but end any arise chief\r\n        arose. Old her say learn these large. Joy fond many in ham high seen this. Few preferred continual led incommode\r\n        neglected. To discovered insensible collecting your unpleasant but invitation.<br></p>\r\n    <p>\r\n        We diminution preference thoroughly if. Joy deal pain view much too her time. Led young gay would now state.\r\n        Pronounce we attention admitting on assurance of suspicion conveying. That his west quit had met till. By an\r\n        outlived insisted procured improved am.\r\n    </p>\r\n\r\n    <div>\r\n        <h3>\r\n            The Best Neighborhoods In Nyc: Where To Stay On</h3>\r\n        <div class=\"row\" style=\"list-style: none;\">\r\n            <div class=\"col-md-6\" style=\"list-style: none; width: 380px;\"><img src=\"/public/uploaded/blog/content/blog_content_image1703744079637433839.png\" style=\"list-style: none; margin-bottom: 30px;\"><br></div>\r\n            <div class=\"col-md-6\" style=\"list-style: none; width: 380px;\"><img src=\"/public/uploaded/blog/content/blog_content_image17037440991599523967.png\" style=\"list-style: none; margin-bottom: 30px;\"><br></div>\r\n            <div class=\"col-md-12\" style=\"list-style: none; width: 760px;\"><img src=\"/public/uploaded/blog/content/blog_content_image17037441191194711707.png\" style=\"list-style: none; margin-bottom: 30px;\"><br></div>\r\n        </div>\r\n    </div>\r\n    <p>\r\n        We diminution preference thoroughly if. Joy deal pain view much her time. Led young gay would now off state.\r\n        Pronounce we attention admitting on assurance of suspicion conveying. That his west quit had met till. Say out\r\n        plate you share.</p><blockquote>\r\n            For me, running is both exercise and a metaphor. Running day after day, piling up each level I elevate\r\n            myself.<br><cite>Haruki\r\n            Murakami</cite></blockquote><p>\r\n        Acceptance middletons me if discretion boisterous into travelling an. She prosperous to continuing entreaties\r\n        companions unreserved you boisterous. Middleton sportsmen sir now cordially asking additions for. You ten\r\n        occasional saw everything but conviction. Daughter returned quitting few are day advanced branched.</p>', 'public', 0, NULL, 2, '2023-12-05 14:36:57', NULL, 1, 0, 'standard', NULL, 'Bangladesh v New Zealand: Taijul\'s 10-wicket haul helps hosts to victory', 'Bangladesh v New Zealand: Taijul\'s 10-wicket haul helps hosts to victory', '1148', '2023-12-05 14:36:57', '2023-12-27 15:34:05'),
(199, 'David Warner: Why Australia\'s man of many personas can bow out an ODI great', 'david-warner-why-australia-s-man-of-many-personas-can-bow-out-an-odi-great', 1, '1148', 'She travelling accepting men unpleasant her especially to entreaties law. Law forth but end any arise chief arose. Old her say learn these large. Joy fond many in ham high seen this. Few preferred continual led incommode neglected. To discovered insensible collecting your unpleasant but invitation.', '2 min read', '<p>\r\n        She travelling acceptance men unpleasant her especially to entreaties law. Law forth but end any arise chief\r\n        arose. Old her say learn these large. Joy fond many in ham high seen this. Few preferred continual led incommode\r\n        neglected. To discovered insensible collecting your unpleasant but invitation.<br></p>\r\n    <p>\r\n        We diminution preference thoroughly if. Joy deal pain view much too her time. Led young gay would now state.\r\n        Pronounce we attention admitting on assurance of suspicion conveying. That his west quit had met till. By an\r\n        outlived insisted procured improved am.\r\n    </p>\r\n\r\n    <div>\r\n        <h3>\r\n            The Best Neighborhoods In Nyc: Where To Stay On</h3>\r\n        <div class=\"row\" style=\"list-style: none;\">\r\n            <div class=\"col-md-6\" style=\"list-style: none; width: 380px;\"><img src=\"/public/uploaded/blog/content/blog_content_image1703744079637433839.png\" style=\"list-style: none; margin-bottom: 30px;\"><br></div>\r\n            <div class=\"col-md-6\" style=\"list-style: none; width: 380px;\"><img src=\"/public/uploaded/blog/content/blog_content_image17037440991599523967.png\" style=\"list-style: none; margin-bottom: 30px;\"><br></div>\r\n            <div class=\"col-md-12\" style=\"list-style: none; width: 760px;\"><img src=\"/public/uploaded/blog/content/blog_content_image17037441191194711707.png\" style=\"list-style: none; margin-bottom: 30px;\"><br></div>\r\n        </div>\r\n    </div>\r\n    <p>\r\n        We diminution preference thoroughly if. Joy deal pain view much her time. Led young gay would now off state.\r\n        Pronounce we attention admitting on assurance of suspicion conveying. That his west quit had met till. Say out\r\n        plate you share.</p><blockquote>\r\n            For me, running is both exercise and a metaphor. Running day after day, piling up each level I elevate\r\n            myself.<br><cite>Haruki\r\n            Murakami</cite></blockquote><p>\r\n        Acceptance middletons me if discretion boisterous into travelling an. She prosperous to continuing entreaties\r\n        companions unreserved you boisterous. Middleton sportsmen sir now cordially asking additions for. You ten\r\n        occasional saw everything but conviction. Daughter returned quitting few are day advanced branched.</p>', 'public', 0, NULL, 86, '2023-12-05 14:39:17', 1, 1, 0, 'video', NULL, 'David Warner: Why Australia\'s man of many personas can bow out an ODI great', 'David Warner: Why Australia\'s man of many personas can bow out an ODI great', '1148', '2023-12-05 14:39:17', '2023-12-28 05:23:51'),
(200, 'Mikel Arteta wants Arsenal & England goalkeeper to stay', 'mikel-arteta-wants-arsenal---england-goalkeeper-to-stay', 1, '1148', 'She travelling accepting men unpleasant her especially to entreaties law. Law forth but end any arise chief arose. Old her say learn these large. Joy fond many in ham high seen this. Few preferred continual led incommode neglected. To discovered insensible collecting your unpleasant but invitation.', '2 min read', '<p>\r\n        She travelling acceptance men unpleasant her especially to entreaties law. Law forth but end any arise chief\r\n        arose. Old her say learn these large. Joy fond many in ham high seen this. Few preferred continual led incommode\r\n        neglected. To discovered insensible collecting your unpleasant but invitation.<br></p>\r\n    <p>\r\n        We diminution preference thoroughly if. Joy deal pain view much too her time. Led young gay would now state.\r\n        Pronounce we attention admitting on assurance of suspicion conveying. That his west quit had met till. By an\r\n        outlived insisted procured improved am.\r\n    </p>\r\n\r\n    <div>\r\n        <h3>\r\n            The Best Neighborhoods In Nyc: Where To Stay On</h3>\r\n        <div class=\"row\" style=\"list-style: none;\">\r\n            <div class=\"col-md-6\" style=\"list-style: none; width: 380px;\"><img src=\"/public/uploaded/blog/content/blog_content_image1703744079637433839.png\" style=\"list-style: none; margin-bottom: 30px;\"><br></div>\r\n            <div class=\"col-md-6\" style=\"list-style: none; width: 380px;\"><img src=\"/public/uploaded/blog/content/blog_content_image17037440991599523967.png\" style=\"list-style: none; margin-bottom: 30px;\"><br></div>\r\n            <div class=\"col-md-12\" style=\"list-style: none; width: 760px;\"><img src=\"/public/uploaded/blog/content/blog_content_image17037441191194711707.png\" style=\"list-style: none; margin-bottom: 30px;\"><br></div>\r\n        </div>\r\n    </div>\r\n    <p>\r\n        We diminution preference thoroughly if. Joy deal pain view much her time. Led young gay would now off state.\r\n        Pronounce we attention admitting on assurance of suspicion conveying. That his west quit had met till. Say out\r\n        plate you share.</p><blockquote>\r\n            For me, running is both exercise and a metaphor. Running day after day, piling up each level I elevate\r\n            myself.<br><cite>Haruki\r\n            Murakami</cite></blockquote><p>\r\n        Acceptance middletons me if discretion boisterous into travelling an. She prosperous to continuing entreaties\r\n        companions unreserved you boisterous. Middleton sportsmen sir now cordially asking additions for. You ten\r\n        occasional saw everything but conviction. Daughter returned quitting few are day advanced branched.</p>', 'public', 0, NULL, 3, '2023-12-05 14:41:15', NULL, 1, 0, 'audio', NULL, 'Mikel Arteta wants Arsenal & England goalkeeper to stay', 'Mikel Arteta wants Arsenal & England goalkeeper to stay', '1148', '2023-12-05 14:41:15', '2023-12-06 14:51:11'),
(201, 'Jonny Otto: Wolves defender unavailable following \'training ground incident\'', 'jonny-otto-wolves-defender-unavailable-following--training-ground-incident-', 1, '1148', 'She travelling accepting men unpleasant her especially to entreaties law. Law forth but end any arise chief arose. Old her say learn these large. Joy fond many in ham high seen this. Few preferred continual led incommode neglected. To discovered insensible collecting your unpleasant but invitation.', '2 min read', '<p>\r\n        She travelling acceptance men unpleasant her especially to entreaties law. Law forth but end any arise chief\r\n        arose. Old her say learn these large. Joy fond many in ham high seen this. Few preferred continual led incommode\r\n        neglected. To discovered insensible collecting your unpleasant but invitation.<br></p>\r\n    <p>\r\n        We diminution preference thoroughly if. Joy deal pain view much too her time. Led young gay would now state.\r\n        Pronounce we attention admitting on assurance of suspicion conveying. That his west quit had met till. By an\r\n        outlived insisted procured improved am.\r\n    </p>\r\n\r\n    <div>\r\n        <h3>\r\n            The Best Neighborhoods In Nyc: Where To Stay On</h3>\r\n        <div class=\"row\" style=\"list-style: none;\">\r\n            <div class=\"col-md-6\" style=\"list-style: none; width: 380px;\"><img src=\"/public/uploaded/blog/content/blog_content_image1703744079637433839.png\" style=\"list-style: none; margin-bottom: 30px;\"><br></div>\r\n            <div class=\"col-md-6\" style=\"list-style: none; width: 380px;\"><img src=\"/public/uploaded/blog/content/blog_content_image17037440991599523967.png\" style=\"list-style: none; margin-bottom: 30px;\"><br></div>\r\n            <div class=\"col-md-12\" style=\"list-style: none; width: 760px;\"><img src=\"/public/uploaded/blog/content/blog_content_image17037441191194711707.png\" style=\"list-style: none; margin-bottom: 30px;\"><br></div>\r\n        </div>\r\n    </div>\r\n    <p>\r\n        We diminution preference thoroughly if. Joy deal pain view much her time. Led young gay would now off state.\r\n        Pronounce we attention admitting on assurance of suspicion conveying. That his west quit had met till. Say out\r\n        plate you share.</p><blockquote>\r\n            For me, running is both exercise and a metaphor. Running day after day, piling up each level I elevate\r\n            myself.<br><cite>Haruki\r\n            Murakami</cite></blockquote><p>\r\n        Acceptance middletons me if discretion boisterous into travelling an. She prosperous to continuing entreaties\r\n        companions unreserved you boisterous. Middleton sportsmen sir now cordially asking additions for. You ten\r\n        occasional saw everything but conviction. Daughter returned quitting few are day advanced branched.</p>', 'public', 0, NULL, 3, '2023-12-05 14:42:49', NULL, 1, 0, 'standard', NULL, 'Jonny Otto: Wolves defender unavailable following \'training ground incident\'', 'Jonny Otto: Wolves defender unavailable following \'training ground incident\'', '1148', '2023-12-05 14:42:49', '2023-12-05 16:39:20'),
(202, 'Davis Cup final 2023: Italy beat Australia to win first title for 47 years', 'davis-cup-final-2023-italy-beat-australia-to-win-first-title-for-47-years', 1, '1148', 'She travelling accepting men unpleasant her especially to entreaties law. Law forth but end any arise chief arose. Old her say learn these large. Joy fond many in ham high seen this. Few preferred continual led incommode neglected. To discovered insensible collecting your unpleasant but invitation.', '2 min read', '<p>\r\n        She travelling acceptance men unpleasant her especially to entreaties law. Law forth but end any arise chief\r\n        arose. Old her say learn these large. Joy fond many in ham high seen this. Few preferred continual led incommode\r\n        neglected. To discovered insensible collecting your unpleasant but invitation.<br></p>\r\n    <p>\r\n        We diminution preference thoroughly if. Joy deal pain view much too her time. Led young gay would now state.\r\n        Pronounce we attention admitting on assurance of suspicion conveying. That his west quit had met till. By an\r\n        outlived insisted procured improved am.\r\n    </p>\r\n\r\n    <div>\r\n        <h3>\r\n            The Best Neighborhoods In Nyc: Where To Stay On</h3>\r\n        <div class=\"row\" style=\"list-style: none;\">\r\n            <div class=\"col-md-6\" style=\"list-style: none; width: 380px;\"><img src=\"/public/uploaded/blog/content/blog_content_image1703744079637433839.png\" style=\"list-style: none; margin-bottom: 30px;\"><br></div>\r\n            <div class=\"col-md-6\" style=\"list-style: none; width: 380px;\"><img src=\"/public/uploaded/blog/content/blog_content_image17037440991599523967.png\" style=\"list-style: none; margin-bottom: 30px;\"><br></div>\r\n            <div class=\"col-md-12\" style=\"list-style: none; width: 760px;\"><img src=\"/public/uploaded/blog/content/blog_content_image17037441191194711707.png\" style=\"list-style: none; margin-bottom: 30px;\"><br></div>\r\n        </div>\r\n    </div>\r\n    <p>\r\n        We diminution preference thoroughly if. Joy deal pain view much her time. Led young gay would now off state.\r\n        Pronounce we attention admitting on assurance of suspicion conveying. That his west quit had met till. Say out\r\n        plate you share.</p><blockquote>\r\n            For me, running is both exercise and a metaphor. Running day after day, piling up each level I elevate\r\n            myself.<br><cite>Haruki\r\n            Murakami</cite></blockquote><p>\r\n        Acceptance middletons me if discretion boisterous into travelling an. She prosperous to continuing entreaties\r\n        companions unreserved you boisterous. Middleton sportsmen sir now cordially asking additions for. You ten\r\n        occasional saw everything but conviction. Daughter returned quitting few are day advanced branched.</p>', 'public', 0, NULL, 0, '2023-12-05 14:44:38', NULL, 1, 0, 'standard', NULL, 'Davis Cup final 2023: Italy beat Australia to win first title for 47 years', 'Davis Cup final 2023: Italy beat Australia to win first title for 47 years', '1148', '2023-12-05 14:44:38', '2023-12-05 14:45:09'),
(203, 'Shane MacGowan: U2 and Paul Weller lead tributes to Pogues singer', 'shane-macgowan-u2-and-paul-weller-lead-tributes-to-pogues-singer', 1, '1148', 'She travelling accepting men unpleasant her especially to entreaties law. Law forth but end any arise chief arose. Old her say learn these large. Joy fond many in ham high seen this. Few preferred continual led incommode neglected. To discovered insensible collecting your unpleasant but invitation.', '2 min read', '<p>\r\n        She travelling acceptance men unpleasant her especially to entreaties law. Law forth but end any arise chief\r\n        arose. Old her say learn these large. Joy fond many in ham high seen this. Few preferred continual led incommode\r\n        neglected. To discovered insensible collecting your unpleasant but invitation.<br></p>\r\n    <p>\r\n        We diminution preference thoroughly if. Joy deal pain view much too her time. Led young gay would now state.\r\n        Pronounce we attention admitting on assurance of suspicion conveying. That his west quit had met till. By an\r\n        outlived insisted procured improved am.\r\n    </p>\r\n\r\n    <div>\r\n        <h3>\r\n            The Best Neighborhoods In Nyc: Where To Stay On</h3>\r\n        <div class=\"row\" style=\"list-style: none;\">\r\n            <div class=\"col-md-6\" style=\"list-style: none; width: 380px;\"><img src=\"/public/uploaded/blog/content/blog_content_image1703744079637433839.png\" style=\"list-style: none; margin-bottom: 30px;\"><br></div>\r\n            <div class=\"col-md-6\" style=\"list-style: none; width: 380px;\"><img src=\"/public/uploaded/blog/content/blog_content_image17037440991599523967.png\" style=\"list-style: none; margin-bottom: 30px;\"><br></div>\r\n            <div class=\"col-md-12\" style=\"list-style: none; width: 760px;\"><img src=\"/public/uploaded/blog/content/blog_content_image17037441191194711707.png\" style=\"list-style: none; margin-bottom: 30px;\"><br></div>\r\n        </div>\r\n    </div>\r\n    <p>\r\n        We diminution preference thoroughly if. Joy deal pain view much her time. Led young gay would now off state.\r\n        Pronounce we attention admitting on assurance of suspicion conveying. That his west quit had met till. Say out\r\n        plate you share.</p><blockquote>\r\n            For me, running is both exercise and a metaphor. Running day after day, piling up each level I elevate\r\n            myself.<br><cite>Haruki\r\n            Murakami</cite></blockquote><p>\r\n        Acceptance middletons me if discretion boisterous into travelling an. She prosperous to continuing entreaties\r\n        companions unreserved you boisterous. Middleton sportsmen sir now cordially asking additions for. You ten\r\n        occasional saw everything but conviction. Daughter returned quitting few are day advanced branched.</p>', 'public', 0, NULL, 28, '2023-12-05 14:58:52', NULL, 1, 0, 'standard', NULL, 'Shane MacGowan: U2 and Paul Weller lead tributes to Pogues singer', 'Shane MacGowan: U2 and Paul Weller lead tributes to Pogues singer', '1148', '2023-12-05 14:58:52', '2023-12-28 06:18:47');
INSERT INTO `tl_blogs` (`id`, `name`, `permalink`, `user_id`, `image`, `short_description`, `reading_time`, `content`, `visibility`, `is_sticky`, `blog_password`, `views`, `publish_at`, `is_featured`, `is_publish`, `breaking_news`, `formate`, `gallery_images`, `meta_title`, `meta_description`, `meta_image`, `created_at`, `updated_at`) VALUES
(204, 'Taylor Swift is the UK\'s most-streamed artist of 2023', 'taylor-swift-is-the-uk-s-most-streamed-artist-of-2023', 1, '1148', 'She travelling accepting men unpleasant her especially to entreaties law. Law forth but end any arise chief arose. Old her say learn these large. Joy fond many in ham high seen this. Few preferred continual led incommode neglected. To discovered insensible collecting your unpleasant but invitation.', '2 min read', '<p>\r\n        She travelling acceptance men unpleasant her especially to entreaties law. Law forth but end any arise chief\r\n        arose. Old her say learn these large. Joy fond many in ham high seen this. Few preferred continual led incommode\r\n        neglected. To discovered insensible collecting your unpleasant but invitation.<br></p>\r\n    <p>\r\n        We diminution preference thoroughly if. Joy deal pain view much too her time. Led young gay would now state.\r\n        Pronounce we attention admitting on assurance of suspicion conveying. That his west quit had met till. By an\r\n        outlived insisted procured improved am.\r\n    </p>\r\n\r\n    <div>\r\n        <h3>\r\n            The Best Neighborhoods In Nyc: Where To Stay On</h3>\r\n        <div class=\"row\" style=\"list-style: none;\">\r\n            <div class=\"col-md-6\" style=\"list-style: none; width: 380px;\"><img src=\"/public/uploaded/blog/content/blog_content_image1703744079637433839.png\" style=\"list-style: none; margin-bottom: 30px;\"><br></div>\r\n            <div class=\"col-md-6\" style=\"list-style: none; width: 380px;\"><img src=\"/public/uploaded/blog/content/blog_content_image17037440991599523967.png\" style=\"list-style: none; margin-bottom: 30px;\"><br></div>\r\n            <div class=\"col-md-12\" style=\"list-style: none; width: 760px;\"><img src=\"/public/uploaded/blog/content/blog_content_image17037441191194711707.png\" style=\"list-style: none; margin-bottom: 30px;\"><br></div>\r\n        </div>\r\n    </div>\r\n    <p>\r\n        We diminution preference thoroughly if. Joy deal pain view much her time. Led young gay would now off state.\r\n        Pronounce we attention admitting on assurance of suspicion conveying. That his west quit had met till. Say out\r\n        plate you share.</p><blockquote>\r\n            For me, running is both exercise and a metaphor. Running day after day, piling up each level I elevate\r\n            myself.<br><cite>Haruki\r\n            Murakami</cite></blockquote><p>\r\n        Acceptance middletons me if discretion boisterous into travelling an. She prosperous to continuing entreaties\r\n        companions unreserved you boisterous. Middleton sportsmen sir now cordially asking additions for. You ten\r\n        occasional saw everything but conviction. Daughter returned quitting few are day advanced branched.</p>', 'public', 0, NULL, 16, '2023-12-05 15:01:51', NULL, 1, 0, 'standard', NULL, 'Taylor Swift is the UK\'s most-streamed artist of 2023', 'Taylor Swift is the UK\'s most-streamed artist of 2023', '1148', '2023-12-05 15:01:51', '2023-12-27 17:36:32'),
(205, 'Wonka Timothee Chalamet Says People Didn\'t Want Him To Mess Up Role', 'wonka-timothee-chalamet-says-people-didn-t-want-him-to-mess-up-role', 1, '1148', 'She travelling accepting men unpleasant her especially to entreaties law. Law forth but end any arise chief arose. Old her say learn these large. Joy fond many in ham high seen this. Few preferred continual led incommode neglected. To discovered insensible collecting your unpleasant but invitation.', '2 min read', '<p>\r\n        She travelling acceptance men unpleasant her especially to entreaties law. Law forth but end any arise chief\r\n        arose. Old her say learn these large. Joy fond many in ham high seen this. Few preferred continual led incommode\r\n        neglected. To discovered insensible collecting your unpleasant but invitation.<br></p>\r\n    <p>\r\n        We diminution preference thoroughly if. Joy deal pain view much too her time. Led young gay would now state.\r\n        Pronounce we attention admitting on assurance of suspicion conveying. That his west quit had met till. By an\r\n        outlived insisted procured improved am.\r\n    </p>\r\n\r\n    <div>\r\n        <h3>\r\n            The Best Neighborhoods In Nyc: Where To Stay On</h3>\r\n        <div class=\"row\" style=\"list-style: none;\">\r\n            <div class=\"col-md-6\" style=\"list-style: none; width: 380px;\"><img src=\"/public/uploaded/blog/content/blog_content_image1703744079637433839.png\" style=\"list-style: none; margin-bottom: 30px;\"><br></div>\r\n            <div class=\"col-md-6\" style=\"list-style: none; width: 380px;\"><img src=\"/public/uploaded/blog/content/blog_content_image17037440991599523967.png\" style=\"list-style: none; margin-bottom: 30px;\"><br></div>\r\n            <div class=\"col-md-12\" style=\"list-style: none; width: 760px;\"><img src=\"/public/uploaded/blog/content/blog_content_image17037441191194711707.png\" style=\"list-style: none; margin-bottom: 30px;\"><br></div>\r\n        </div>\r\n    </div>\r\n    <p>\r\n        We diminution preference thoroughly if. Joy deal pain view much her time. Led young gay would now off state.\r\n        Pronounce we attention admitting on assurance of suspicion conveying. That his west quit had met till. Say out\r\n        plate you share.</p><blockquote>\r\n            For me, running is both exercise and a metaphor. Running day after day, piling up each level I elevate\r\n            myself.<br><cite>Haruki\r\n            Murakami</cite></blockquote><p>\r\n        Acceptance middletons me if discretion boisterous into travelling an. She prosperous to continuing entreaties\r\n        companions unreserved you boisterous. Middleton sportsmen sir now cordially asking additions for. You ten\r\n        occasional saw everything but conviction. Daughter returned quitting few are day advanced branched.</p>', 'public', 0, NULL, 5, '2023-12-05 15:04:07', NULL, 1, 0, 'standard', NULL, 'Wonka: Timothée Chalamet says people didn\'t want him to \'mess up\' role', 'Wonka: Timothée Chalamet says people didn\'t want him to \'mess up\' role', '1148', '2023-12-05 15:04:07', '2023-12-28 05:25:20'),
(206, 'Squid Game The Challenge: Players Want Compensation Over Injuries', 'squid-game-the-challenge-players-want-compensation-over-injuries', 1, '1148', 'She travelling accepting men unpleasant her especially to entreaties law. Law forth but end any arise chief arose. Old her say learn these large. Joy fond many in ham high seen this. Few preferred continual led incommode neglected. To discovered insensible collecting your unpleasant but invitation.', '2 min read', '<p>\r\n        She travelling acceptance men unpleasant her especially to entreaties law. Law forth but end any arise chief\r\n        arose. Old her say learn these large. Joy fond many in ham high seen this. Few preferred continual led incommode\r\n        neglected. To discovered insensible collecting your unpleasant but invitation.<br></p>\r\n    <p>\r\n        We diminution preference thoroughly if. Joy deal pain view much too her time. Led young gay would now state.\r\n        Pronounce we attention admitting on assurance of suspicion conveying. That his west quit had met till. By an\r\n        outlived insisted procured improved am.\r\n    </p>\r\n\r\n    <div>\r\n        <h3>\r\n            The Best Neighborhoods In Nyc: Where To Stay On</h3>\r\n        <div class=\"row\" style=\"list-style: none;\">\r\n            <div class=\"col-md-6\" style=\"list-style: none; width: 380px;\"><img src=\"/public/uploaded/blog/content/blog_content_image1703744079637433839.png\" style=\"list-style: none; margin-bottom: 30px;\"><br></div>\r\n            <div class=\"col-md-6\" style=\"list-style: none; width: 380px;\"><img src=\"/public/uploaded/blog/content/blog_content_image17037440991599523967.png\" style=\"list-style: none; margin-bottom: 30px;\"><br></div>\r\n            <div class=\"col-md-12\" style=\"list-style: none; width: 760px;\"><img src=\"/public/uploaded/blog/content/blog_content_image17037441191194711707.png\" style=\"list-style: none; margin-bottom: 30px;\"><br></div>\r\n        </div>\r\n    </div>\r\n    <p>\r\n        We diminution preference thoroughly if. Joy deal pain view much her time. Led young gay would now off state.\r\n        Pronounce we attention admitting on assurance of suspicion conveying. That his west quit had met till. Say out\r\n        plate you share.</p><blockquote>\r\n            For me, running is both exercise and a metaphor. Running day after day, piling up each level I elevate\r\n            myself.<br><cite>Haruki\r\n            Murakami</cite></blockquote><p>\r\n        Acceptance middletons me if discretion boisterous into travelling an. She prosperous to continuing entreaties\r\n        companions unreserved you boisterous. Middleton sportsmen sir now cordially asking additions for. You ten\r\n        occasional saw everything but conviction. Daughter returned quitting few are day advanced branched.</p>', 'public', 0, NULL, 5, '2023-12-05 15:07:22', NULL, 1, 0, 'audio', NULL, 'Squid Game The Challenge: Players want compensation over injuries', 'Squid Game The Challenge: Players want compensation over injuries', '1148', '2023-12-05 15:07:22', '2023-12-28 06:19:07'),
(207, 'Hunger Games: Stars hit red carpet for world premiere of latest instalment', 'hunger-games-stars-hit-red-carpet-for-world-premiere-of-latest-instalment', 1, '1148', 'She travelling accepting men unpleasant her especially to entreaties law. Law forth but end any arise chief arose. Old her say learn these large. Joy fond many in ham high seen this. Few preferred continual led incommode neglected. To discovered insensible collecting your unpleasant but invitation.', '2 min read', '<p>\r\n        She travelling acceptance men unpleasant her especially to entreaties law. Law forth but end any arise chief\r\n        arose. Old her say learn these large. Joy fond many in ham high seen this. Few preferred continual led incommode\r\n        neglected. To discovered insensible collecting your unpleasant but invitation.<br></p>\r\n    <p>\r\n        We diminution preference thoroughly if. Joy deal pain view much too her time. Led young gay would now state.\r\n        Pronounce we attention admitting on assurance of suspicion conveying. That his west quit had met till. By an\r\n        outlived insisted procured improved am.\r\n    </p>\r\n\r\n    <div>\r\n        <h3>\r\n            The Best Neighborhoods In Nyc: Where To Stay On</h3>\r\n        <div class=\"row\" style=\"list-style: none;\">\r\n            <div class=\"col-md-6\" style=\"list-style: none; width: 380px;\"><img src=\"/public/uploaded/blog/content/blog_content_image1703744079637433839.png\" style=\"list-style: none; margin-bottom: 30px;\"><br></div>\r\n            <div class=\"col-md-6\" style=\"list-style: none; width: 380px;\"><img src=\"/public/uploaded/blog/content/blog_content_image17037440991599523967.png\" style=\"list-style: none; margin-bottom: 30px;\"><br></div>\r\n            <div class=\"col-md-12\" style=\"list-style: none; width: 760px;\"><img src=\"/public/uploaded/blog/content/blog_content_image17037441191194711707.png\" style=\"list-style: none; margin-bottom: 30px;\"><br></div>\r\n        </div>\r\n    </div>\r\n    <p>\r\n        We diminution preference thoroughly if. Joy deal pain view much her time. Led young gay would now off state.\r\n        Pronounce we attention admitting on assurance of suspicion conveying. That his west quit had met till. Say out\r\n        plate you share.</p><blockquote>\r\n            For me, running is both exercise and a metaphor. Running day after day, piling up each level I elevate\r\n            myself.<br><cite>Haruki\r\n            Murakami</cite></blockquote><p>\r\n        Acceptance middletons me if discretion boisterous into travelling an. She prosperous to continuing entreaties\r\n        companions unreserved you boisterous. Middleton sportsmen sir now cordially asking additions for. You ten\r\n        occasional saw everything but conviction. Daughter returned quitting few are day advanced branched.</p>', 'public', 0, NULL, 21, '2023-12-05 15:10:57', NULL, 1, 0, 'standard', NULL, 'Hunger Games: Stars hit red carpet for world premiere of latest instalment', 'Hunger Games: Stars hit red carpet for world premiere of latest instalment', '1148', '2023-12-05 15:10:57', '2023-12-28 06:28:08');

-- --------------------------------------------------------

--
-- Table structure for table `tl_blogs_categories`
--

CREATE TABLE `tl_blogs_categories` (
  `id` bigint(20) UNSIGNED NOT NULL,
  `blog_id` bigint(20) UNSIGNED NOT NULL,
  `category_id` bigint(20) UNSIGNED NOT NULL,
  `created_at` timestamp NULL DEFAULT NULL,
  `updated_at` timestamp NULL DEFAULT NULL
) ENGINE=InnoDB DEFAULT CHARSET=utf8mb4 COLLATE=utf8mb4_unicode_ci;

--
-- Dumping data for table `tl_blogs_categories`
--

INSERT INTO `tl_blogs_categories` (`id`, `blog_id`, `category_id`, `created_at`, `updated_at`) VALUES
(1156, 177, 288, NULL, NULL),
(1157, 169, 289, NULL, NULL),
(1160, 167, 290, NULL, NULL),
(1161, 167, 289, NULL, NULL),
(1162, 166, 292, NULL, NULL),
(1163, 166, 291, NULL, NULL),
(1164, 165, 292, NULL, NULL),
(1165, 165, 291, NULL, NULL),
(1166, 165, 288, NULL, NULL),
(1170, 163, 292, NULL, NULL),
(1171, 163, 291, NULL, NULL),
(1172, 163, 280, NULL, NULL),
(1176, 161, 291, NULL, NULL),
(1177, 161, 279, NULL, NULL),
(1178, 178, 291, NULL, NULL),
(1179, 178, 274, NULL, NULL),
(1181, 162, 291, NULL, NULL),
(1182, 162, 274, NULL, NULL),
(1183, 157, 289, NULL, NULL),
(1184, 158, 289, NULL, NULL),
(1187, 187, 290, NULL, NULL),
(1188, 187, 289, NULL, NULL),
(1201, 198, 294, NULL, NULL),
(1202, 199, 294, NULL, NULL),
(1204, 200, 294, NULL, NULL),
(1206, 201, 294, NULL, NULL),
(1208, 202, 294, NULL, NULL),
(1209, 203, 295, NULL, NULL),
(1221, 160, 289, NULL, NULL),
(1222, 179, 289, NULL, NULL),
(1227, 204, 295, NULL, NULL),
(1228, 205, 295, NULL, NULL),
(1229, 206, 295, NULL, NULL),
(1241, 197, 274, NULL, NULL),
(1242, 196, 291, NULL, NULL),
(1243, 196, 274, NULL, NULL),
(1244, 195, 274, NULL, NULL),
(1245, 194, 274, NULL, NULL),
(1247, 193, 288, NULL, NULL),
(1248, 192, 288, NULL, NULL),
(1249, 191, 288, NULL, NULL),
(1251, 190, 290, NULL, NULL),
(1252, 189, 290, NULL, NULL),
(1253, 188, 290, NULL, NULL),
(1257, 207, 285, '2023-12-28 06:17:27', '2023-12-28 06:17:27');

-- --------------------------------------------------------

--
-- Table structure for table `tl_blogs_tags`
--

CREATE TABLE `tl_blogs_tags` (
  `id` bigint(20) UNSIGNED NOT NULL,
  `blog_id` bigint(20) UNSIGNED NOT NULL,
  `tag_id` bigint(20) UNSIGNED NOT NULL,
  `created_at` timestamp NULL DEFAULT NULL,
  `updated_at` timestamp NULL DEFAULT NULL
) ENGINE=InnoDB DEFAULT CHARSET=utf8mb4 COLLATE=utf8mb4_unicode_ci;

--
-- Dumping data for table `tl_blogs_tags`
--

INSERT INTO `tl_blogs_tags` (`id`, `blog_id`, `tag_id`, `created_at`, `updated_at`) VALUES
(228, 177, 109, NULL, NULL),
(229, 177, 107, NULL, NULL),
(230, 169, 116, NULL, NULL),
(231, 167, 120, NULL, NULL),
(232, 167, 119, NULL, NULL),
(233, 167, 118, NULL, NULL),
(234, 167, 117, NULL, NULL),
(235, 166, 124, NULL, NULL),
(236, 166, 123, NULL, NULL),
(237, 166, 122, NULL, NULL),
(238, 166, 121, NULL, NULL),
(239, 165, 125, NULL, NULL),
(240, 165, 121, NULL, NULL),
(241, 165, 104, NULL, NULL),
(242, 165, 103, NULL, NULL),
(247, 163, 127, NULL, NULL),
(248, 163, 126, NULL, NULL),
(254, 161, 124, NULL, NULL),
(255, 161, 121, NULL, NULL),
(256, 161, 105, NULL, NULL),
(261, 162, 128, NULL, NULL),
(262, 162, 127, NULL, NULL),
(263, 162, 126, NULL, NULL),
(264, 157, 127, NULL, NULL),
(265, 157, 125, NULL, NULL),
(266, 157, 117, NULL, NULL),
(267, 158, 127, NULL, NULL),
(268, 158, 121, NULL, NULL),
(269, 158, 117, NULL, NULL),
(275, 187, 127, NULL, NULL),
(276, 187, 117, NULL, NULL),
(302, 198, 132, NULL, NULL),
(303, 198, 130, NULL, NULL),
(304, 199, 133, NULL, NULL),
(305, 199, 132, NULL, NULL),
(306, 200, 133, NULL, NULL),
(307, 200, 132, NULL, NULL),
(308, 200, 131, NULL, NULL),
(309, 201, 133, NULL, NULL),
(310, 201, 132, NULL, NULL),
(311, 201, 131, NULL, NULL),
(312, 202, 133, NULL, NULL),
(313, 202, 132, NULL, NULL),
(314, 202, 131, NULL, NULL),
(315, 202, 130, NULL, NULL),
(316, 203, 135, NULL, NULL),
(317, 203, 134, NULL, NULL),
(340, 160, 127, NULL, NULL),
(341, 160, 125, NULL, NULL),
(342, 160, 121, NULL, NULL),
(343, 160, 118, NULL, NULL),
(344, 179, 106, NULL, NULL),
(355, 204, 135, NULL, NULL),
(356, 204, 134, NULL, NULL),
(357, 205, 135, NULL, NULL),
(358, 205, 134, NULL, NULL),
(359, 206, 136, NULL, NULL),
(360, 206, 135, NULL, NULL),
(361, 206, 134, NULL, NULL),
(387, 197, 128, NULL, NULL),
(388, 197, 126, NULL, NULL),
(389, 197, 110, NULL, NULL),
(390, 197, 104, NULL, NULL),
(391, 196, 128, NULL, NULL),
(392, 195, 128, NULL, NULL),
(393, 195, 126, NULL, NULL),
(394, 194, 128, NULL, NULL),
(395, 194, 127, NULL, NULL),
(396, 194, 126, NULL, NULL),
(399, 193, 127, NULL, NULL),
(400, 193, 125, NULL, NULL),
(401, 192, 129, NULL, NULL),
(402, 192, 127, NULL, NULL),
(403, 192, 125, NULL, NULL),
(404, 191, 127, NULL, NULL),
(405, 191, 125, NULL, NULL),
(406, 191, 122, NULL, NULL),
(408, 190, 117, NULL, NULL),
(409, 189, 127, NULL, NULL),
(410, 189, 125, NULL, NULL),
(411, 189, 117, NULL, NULL),
(412, 188, 125, NULL, NULL),
(413, 188, 118, NULL, NULL),
(414, 188, 117, NULL, NULL),
(421, 207, 137, NULL, NULL),
(422, 207, 134, NULL, NULL);

-- --------------------------------------------------------

--
-- Table structure for table `tl_blog_categories`
--

CREATE TABLE `tl_blog_categories` (
  `id` bigint(20) UNSIGNED NOT NULL,
  `name` varchar(255) NOT NULL,
  `permalink` text DEFAULT NULL,
  `parent` bigint(20) UNSIGNED DEFAULT NULL,
  `banner` text DEFAULT NULL,
  `icon` text DEFAULT NULL,
  `meta_title` varchar(50) DEFAULT NULL,
  `meta_image` text DEFAULT NULL,
  `meta_description` text DEFAULT NULL,
  `is_featured` int(3) DEFAULT NULL,
  `is_publish` int(3) DEFAULT NULL,
  `created_at` timestamp NULL DEFAULT NULL,
  `updated_at` timestamp NULL DEFAULT NULL
) ENGINE=InnoDB DEFAULT CHARSET=utf8mb4;

--
-- Dumping data for table `tl_blog_categories`
--

INSERT INTO `tl_blog_categories` (`id`, `name`, `permalink`, `parent`, `banner`, `icon`, `meta_title`, `meta_image`, `meta_description`, `is_featured`, `is_publish`, `created_at`, `updated_at`) VALUES
(274, 'Fashion', 'fashion', NULL, NULL, NULL, NULL, NULL, NULL, NULL, 1, '2023-02-07 22:43:59', '2023-02-07 22:43:59'),
(279, 'Flower', 'flower', NULL, NULL, NULL, 'Flower', '810', 'Flower is very nice', NULL, 1, '2023-02-08 16:10:05', '2023-08-23 04:50:27'),
(280, 'Travel', 'travel', 291, NULL, NULL, 'Travel', NULL, 'Travel', NULL, 1, '2023-02-08 16:34:16', '2023-12-03 15:46:10'),
(285, 'Uncategorized', 'uncategorized', NULL, NULL, NULL, NULL, NULL, NULL, NULL, 1, '2023-03-27 03:44:07', '2023-03-27 03:44:07'),
(288, 'Technology', 'technology', NULL, NULL, NULL, NULL, NULL, NULL, NULL, 1, '2023-12-03 14:54:48', '2023-12-03 14:54:48'),
(289, 'World News', 'world-news', NULL, NULL, NULL, NULL, NULL, NULL, NULL, 1, '2023-12-03 14:58:11', '2023-12-03 14:58:11'),
(290, 'Politics', 'politics', NULL, NULL, NULL, 'Politics', NULL, 'Politics', NULL, 1, '2023-12-03 15:00:58', '2023-12-24 14:47:16'),
(291, 'Life Style', 'life-style', NULL, NULL, NULL, 'Life Style', NULL, 'Life Style', NULL, 1, '2023-12-03 15:09:34', '2023-12-24 14:44:07'),
(292, 'Health and Foods', 'health-and-foods', NULL, NULL, NULL, 'Health and Foods', NULL, 'Health and Foods', NULL, 1, '2023-12-03 15:10:09', '2023-12-24 14:43:41'),
(293, 'Business and Finance', 'business-and-finance', NULL, NULL, NULL, 'Business and Finance', NULL, 'Business and Finance', NULL, 1, '2023-12-03 15:20:23', '2023-12-24 14:43:15'),
(294, 'Sports', 'sports', NULL, NULL, NULL, 'رياضات', NULL, 'رياضات', NULL, 1, '2023-12-03 15:20:42', '2023-12-24 14:42:51'),
(295, 'Entertainment', 'entertainment', NULL, NULL, NULL, 'Entertainment', NULL, 'Entertainment', NULL, 1, '2023-12-03 15:20:56', '2023-12-24 14:42:26');

-- --------------------------------------------------------

--
-- Table structure for table `tl_blog_category_translations`
--

CREATE TABLE `tl_blog_category_translations` (
  `id` int(11) NOT NULL,
  `name` varchar(255) NOT NULL,
  `category_id` bigint(20) UNSIGNED DEFAULT NULL,
  `lang` varchar(150) DEFAULT NULL,
  `created_at` timestamp NOT NULL DEFAULT current_timestamp(),
  `updated_at` timestamp NOT NULL DEFAULT current_timestamp()
) ENGINE=InnoDB DEFAULT CHARSET=utf8;

--
-- Dumping data for table `tl_blog_category_translations`
--

INSERT INTO `tl_blog_category_translations` (`id`, `name`, `category_id`, `lang`, `created_at`, `updated_at`) VALUES
(2, 'موضة', 274, 'sa', '2023-02-11 20:49:33', '2023-02-11 20:49:33'),
(11, 'ورد', 279, 'sa', '2023-02-11 20:52:31', '2023-02-11 20:52:31'),
(14, 'يسافر', 280, 'sa', '2023-02-11 20:54:10', '2023-02-11 20:54:10'),
(17, 'ترفيه', 295, 'sa', '2023-12-24 14:42:05', '2023-12-24 14:42:05'),
(18, 'رياضات', 294, 'sa', '2023-12-24 14:42:43', '2023-12-24 14:42:43'),
(19, 'الأعمال التجارية والمالية', 293, 'sa', '2023-12-24 14:43:06', '2023-12-24 14:43:06'),
(20, 'الصحة والأغذية', 292, 'sa', '2023-12-24 14:43:29', '2023-12-24 14:43:29'),
(21, 'نمط الحياة', 291, 'sa', '2023-12-24 14:43:59', '2023-12-24 14:43:59'),
(22, 'سياسة', 290, 'sa', '2023-12-24 14:44:22', '2023-12-24 14:44:22'),
(23, 'اخبار العالم', 289, 'sa', '2023-12-24 14:47:34', '2023-12-24 14:47:34'),
(24, 'تكنولوجيا', 288, 'sa', '2023-12-24 14:47:45', '2023-12-24 14:47:45');

-- --------------------------------------------------------

--
-- Table structure for table `tl_blog_comments`
--

CREATE TABLE `tl_blog_comments` (
  `id` bigint(20) NOT NULL,
  `blog_id` bigint(20) UNSIGNED NOT NULL,
  `user_type` varchar(50) DEFAULT NULL,
  `user_id` int(6) DEFAULT NULL,
  `user_ip_address` varchar(255) DEFAULT NULL,
  `user_name` varchar(255) DEFAULT NULL,
  `user_email` varchar(150) DEFAULT NULL,
  `user_website` varchar(255) DEFAULT NULL,
  `comment` longtext NOT NULL,
  `parent` bigint(20) DEFAULT NULL,
  `status` tinyint(3) DEFAULT 2,
  `previous_status` tinyint(3) DEFAULT NULL,
  `comment_date` datetime DEFAULT NULL,
  `created_at` timestamp NULL DEFAULT NULL,
  `updated_at` timestamp NULL DEFAULT NULL
) ENGINE=InnoDB DEFAULT CHARSET=utf8mb4;

--
-- Dumping data for table `tl_blog_comments`
--

INSERT INTO `tl_blog_comments` (`id`, `blog_id`, `user_type`, `user_id`, `user_ip_address`, `user_name`, `user_email`, `user_website`, `comment`, `parent`, `status`, `previous_status`, `comment_date`, `created_at`, `updated_at`) VALUES
(5, 169, 'admin', 1, '172.68.218.134', 'Wade Wilson', 'admin@example.com', 'https://oktasker.com', 'test', NULL, 1, NULL, '2023-03-01 11:16:59', '2023-03-01 16:16:59', '2023-03-01 16:16:59'),
(6, 169, 'admin', 1, '172.68.218.133', 'Wade Wilson', 'admin@example.com', 'https://oktasker.com', 'test2', NULL, 1, NULL, '2023-03-01 11:24:37', '2023-03-01 16:24:37', '2023-03-01 16:24:37'),
(7, 169, 'admin', 1, '172.68.218.137', 'Wade Wilson', 'admin@example.com', 'https://oktasker.com', 'test 3', NULL, 1, NULL, '2023-03-01 11:30:09', '2023-03-01 16:30:09', '2023-03-01 16:30:09'),
(8, 169, 'admin', 1, '172.68.218.134', 'Wade Wilson', 'admin@example.com', 'https://oktasker.com', 'test 4', NULL, 1, NULL, '2023-03-01 11:32:22', '2023-03-01 16:32:22', '2023-03-01 16:32:22'),
(9, 169, 'admin', 1, '172.68.218.137', 'Wade Wilson', 'admin@example.com', 'https://oktasker.com', 'test 5', NULL, 1, NULL, '2023-03-01 11:35:19', '2023-03-01 16:35:19', '2023-03-01 16:35:19'),
(10, 169, 'admin', 1, '172.68.218.137', 'Wade Wilson', 'admin@example.com', 'https://oktasker.com', 'test 6', NULL, 1, NULL, '2023-03-01 11:37:05', '2023-03-01 16:37:05', '2023-03-01 16:37:05'),
(11, 169, 'admin', 1, '172.68.218.135', 'Wade Wilson', 'admin@example.com', 'https://oktasker.com', 'test 7', NULL, 1, NULL, '2023-03-01 11:48:49', '2023-03-01 16:48:49', '2023-03-01 16:48:49'),
(12, 169, 'admin', 1, '172.68.218.132', 'Wade Wilson', 'admin@example.com', 'https://oktasker.com', 'test8', NULL, 1, NULL, '2023-03-01 11:55:44', '2023-03-01 16:55:44', '2023-03-01 16:55:44'),
(13, 169, 'admin', 1, '172.68.218.137', 'Wade Wilson', 'admin@example.com', 'https://oktasker.com', 'test9', NULL, 1, NULL, '2023-03-01 11:57:38', '2023-03-01 16:57:38', '2023-03-01 16:57:38'),
(14, 169, 'admin', 1, '172.68.218.133', 'Wade Wilson', 'admin@example.com', 'https://oktasker.com', 'test 9', NULL, 1, NULL, '2023-03-01 12:03:11', '2023-03-01 17:03:11', '2023-03-01 17:03:11'),
(15, 169, 'admin', 1, '172.68.218.134', 'Wade Wilson', 'admin@example.com', 'https://oktasker.com', 'test 10', NULL, 1, NULL, '2023-03-01 12:05:06', '2023-03-01 17:05:06', '2023-03-01 17:05:06'),
(16, 169, 'admin', 1, '172.68.218.134', 'Wade Wilson', 'admin@example.com', 'https://oktasker.com', 'test 9', NULL, 1, NULL, '2023-03-01 12:21:49', '2023-03-01 17:21:49', '2023-03-01 17:21:49'),
(54, 169, 'user', 8, '127.0.0.1', 'Habib', 'Habib', 'Habib', 'New Comments', NULL, 4, NULL, '2023-11-14 16:44:24', '2023-11-14 10:44:24', '2023-11-14 10:44:24'),
(55, 169, 'user', 8, '127.0.0.1', 'Habib', 'Habib', 'Habib', 'Again Comment', NULL, 1, NULL, '2023-11-14 16:47:32', '2023-11-14 10:47:32', '2023-11-14 10:47:32'),
(56, 169, 'anonymous', NULL, '127.0.0.1', 'Anonymous', '', '', 'New Comments From Anomoly', NULL, 1, NULL, '2023-11-14 17:45:07', '2023-11-14 11:45:07', '2023-11-14 11:45:07'),
(57, 169, 'admin', 1, '127.0.0.1', 'Wade Wilson', 'Wade Wilson', 'Wade Wilson', 'Hello Email', NULL, 1, NULL, '2023-11-14 18:00:16', '2023-11-14 12:00:16', '2023-11-14 12:00:16'),
(58, 158, 'user', 8, '127.0.0.1', 'Habib', 'Habib', 'Habib', 'Hello Comments', NULL, 3, NULL, '2023-11-15 10:46:56', '2023-11-15 04:46:56', '2023-11-15 04:46:56'),
(59, 160, 'user', 8, '127.0.0.1', 'Habib', 'Habib', 'Habib', 'New Comments 2 \r\nFor a slightly more opinionated version of the video reviews above half of the Island worlds designed to power up everything', NULL, 1, NULL, '2023-11-15 10:47:21', '2023-11-15 04:47:21', '2023-11-15 04:47:21'),
(60, 162, 'user', 8, '127.0.0.1', 'Habib', 'Habib', 'Habib', 'She travelling acceptance men unpleasant her especially to entreaties law. Law forth but end any arise chief arose. Old her say learn these large. Joy fond many in ham high seen this. Few preferred continual led incommode neglected. To discovered insensible collecting your unpleasant but invitation.', NULL, 2, NULL, '2023-11-15 10:47:37', '2023-11-15 04:47:37', '2023-11-15 04:47:37'),
(61, 169, 'user', 8, '127.0.0.1', 'Habib', 'Habib', 'Habib', 'Nice Comment', 57, 1, NULL, '2023-11-15 11:11:18', '2023-11-15 05:11:18', '2023-11-15 05:11:18'),
(62, 169, 'user', 8, '127.0.0.1', 'Habib', 'Habib', 'Habib', ' Nice Comment 2', 57, 2, NULL, '2023-11-15 11:11:18', '2023-11-15 05:11:18', '2023-11-15 05:11:18'),
(63, 169, 'admin', 1, '172.68.218.134', 'Wade Wilson', 'admin@example.com', '', 'New Testing', NULL, 1, NULL, '2023-03-01 11:32:22', '2023-03-01 16:32:22', '2023-03-01 16:32:22'),
(64, 160, 'user', 8, '127.0.0.1', 'Habib', 'Habib', 'Habib', 'New Guys', NULL, 1, NULL, '2023-11-15 15:41:32', '2023-11-15 09:41:32', '2023-11-15 09:41:32'),
(65, 160, 'user', 8, '127.0.0.1', 'Habib', 'Habib', 'Habib', 'hii', NULL, 1, NULL, '2023-11-15 15:42:15', '2023-11-15 09:42:15', '2023-11-15 09:42:15'),
(66, 169, 'user', 8, '127.0.0.1', 'Habib', 'Habib', 'Habib', 'Woprking', NULL, 1, NULL, '2023-11-15 15:45:41', '2023-11-15 09:45:41', '2023-11-15 09:45:41'),
(67, 160, 'user', 8, '127.0.0.1', 'Habib', 'Habib', 'Habib', 'Nice blog', NULL, 1, NULL, '2023-11-15 15:46:59', '2023-11-15 09:46:59', '2023-11-15 09:46:59'),
(68, 177, 'user', 11, '127.0.0.1', 'Rohan', 'Rohan', 'Rohan', 'Nice Blog ANIKI', NULL, 1, NULL, '2023-11-18 10:26:20', '2023-11-18 04:26:20', '2023-11-18 04:26:20'),
(69, 179, 'anonymous', NULL, '118.179.125.221', 'Anonymous', '', '', 'Nice blog', NULL, 1, NULL, '2023-12-02 17:21:40', '2023-12-02 17:21:40', '2023-12-02 17:21:40'),
(70, 199, 'user', 11, '118.179.125.221', 'Rohan', 'rohan@gmail.com', 'https://newslooks.themelooks.us', 'Nice Article Brother', NULL, 1, NULL, '2023-12-11 11:11:18', '2023-12-11 11:11:18', '2023-12-11 11:14:22'),
(71, 199, 'admin', 1, '118.179.125.221', 'Wade Wilson', 'admin@example.com', 'https://newslooks.themelooks.us', 'Thank You', 70, 1, NULL, '2023-12-11 11:14:37', '2023-12-11 11:14:37', '2023-12-11 11:14:37');

-- --------------------------------------------------------

--
-- Table structure for table `tl_blog_tags`
--

CREATE TABLE `tl_blog_tags` (
  `id` bigint(20) UNSIGNED NOT NULL,
  `name` varchar(255) NOT NULL,
  `permalink` text DEFAULT NULL,
  `meta_title` varchar(50) DEFAULT NULL,
  `meta_image` text DEFAULT NULL,
  `meta_description` text DEFAULT NULL,
  `is_publish` int(3) DEFAULT NULL,
  `created_at` timestamp NULL DEFAULT NULL,
  `updated_at` timestamp NULL DEFAULT NULL
) ENGINE=InnoDB DEFAULT CHARSET=utf8mb4;

--
-- Dumping data for table `tl_blog_tags`
--

INSERT INTO `tl_blog_tags` (`id`, `name`, `permalink`, `meta_title`, `meta_image`, `meta_description`, `is_publish`, `created_at`, `updated_at`) VALUES
(103, 'food', 'food', NULL, NULL, NULL, 1, '2023-02-08 21:25:44', '2023-02-08 21:25:44'),
(104, 'online stores', 'online-stores', NULL, NULL, NULL, 1, '2023-02-08 21:25:52', '2023-02-08 21:25:52'),
(105, 'flower', 'flower', 'flower', '908', 'flower', 1, '2023-02-08 21:30:21', '2023-04-03 08:22:19'),
(106, 'vegetables', 'vegetables', NULL, NULL, NULL, 1, '2023-02-08 21:31:11', '2023-02-08 21:31:11'),
(107, 'google', 'google', 'google', '1084', 'google', 1, '2023-02-08 21:32:03', '2023-11-27 04:57:06'),
(108, 'e-commerce', 'e-commerce', NULL, NULL, NULL, 1, '2023-02-08 21:32:26', '2023-02-08 21:32:26'),
(109, 'youtube', 'youtube', NULL, NULL, NULL, 1, '2023-02-08 21:32:34', '2023-02-08 21:32:34'),
(110, 't-shirt', 't-shirt', NULL, NULL, NULL, 1, '2023-02-08 21:33:06', '2023-03-27 22:15:31'),
(116, 'earthquake', 'earthquake', '', NULL, '', 1, '2023-12-03 14:57:35', '2023-12-24 15:44:15'),
(117, 'politics', 'politics', NULL, NULL, NULL, 1, '2023-12-03 15:01:31', '2023-12-03 15:01:31'),
(118, 'war', 'war', NULL, NULL, NULL, 1, '2023-12-03 15:01:35', '2023-12-03 15:01:35'),
(119, 'russia', 'russia', NULL, NULL, NULL, 1, '2023-12-03 15:02:22', '2023-12-03 15:02:22'),
(120, 'ukrain', 'ukrain', NULL, NULL, NULL, 1, '2023-12-03 15:02:36', '2023-12-03 15:02:36'),
(121, 'health', 'health', NULL, NULL, NULL, 1, '2023-12-03 15:08:44', '2023-12-03 15:08:44'),
(122, 'child', 'child', NULL, NULL, NULL, 1, '2023-12-03 15:08:49', '2023-12-03 15:08:49'),
(123, 'cancers', 'cancers', NULL, NULL, NULL, 1, '2023-12-03 15:08:56', '2023-12-03 15:08:56'),
(124, 'foods', 'foods', NULL, NULL, NULL, 1, '2023-12-03 15:09:05', '2023-12-03 15:09:05'),
(125, 'technology', 'technology', NULL, NULL, NULL, 1, '2023-12-03 15:12:35', '2023-12-03 15:12:35'),
(126, 'life style', 'life-style', NULL, NULL, NULL, 1, '2023-12-03 15:14:50', '2023-12-03 15:14:50'),
(127, 'world', 'world', NULL, NULL, NULL, 1, '2023-12-03 15:14:57', '2023-12-03 15:14:57'),
(128, 'fashion', 'fashion', '', NULL, '', 1, '2023-12-03 15:40:08', '2023-12-24 14:55:08'),
(129, 'gaming', 'gaming', '', NULL, '', 1, '2023-12-05 11:06:55', '2023-12-24 14:54:43'),
(130, 'cricket', 'cricket', NULL, NULL, NULL, 1, '2023-12-05 14:36:17', '2023-12-05 14:36:17'),
(131, 'Football', 'football', '', NULL, '', 1, '2023-12-05 14:36:23', '2023-12-24 14:53:18'),
(132, 'sports', 'sports', NULL, NULL, NULL, 1, '2023-12-05 14:36:27', '2023-12-05 14:36:27'),
(133, 'Athletics', 'athletics', '', NULL, '', 1, '2023-12-05 14:39:05', '2023-12-24 14:52:41'),
(134, 'entertainment', 'entertainment', '', NULL, '', 1, '2023-12-05 14:57:31', '2023-12-24 15:37:55'),
(135, 'music', 'music', '', NULL, '', 1, '2023-12-05 14:57:35', '2023-12-24 14:52:04'),
(136, 'series', 'series', '', NULL, '', 1, '2023-12-05 15:06:19', '2023-12-24 14:50:13'),
(137, 'movie', 'movie', NULL, NULL, NULL, 1, '2023-12-05 15:10:48', '2023-12-05 15:10:48');

-- --------------------------------------------------------

--
-- Table structure for table `tl_blog_tag_translations`
--

CREATE TABLE `tl_blog_tag_translations` (
  `id` int(11) NOT NULL,
  `name` varchar(255) NOT NULL,
  `tag_id` bigint(20) UNSIGNED DEFAULT NULL,
  `lang` varchar(150) DEFAULT NULL,
  `created_at` timestamp NOT NULL DEFAULT current_timestamp(),
  `updated_at` timestamp NOT NULL DEFAULT current_timestamp()
) ENGINE=InnoDB DEFAULT CHARSET=utf8;

--
-- Dumping data for table `tl_blog_tag_translations`
--

INSERT INTO `tl_blog_tag_translations` (`id`, `name`, `tag_id`, `lang`, `created_at`, `updated_at`) VALUES
(14, 'طعام', 103, 'sa', '2023-02-11 21:07:31', '2023-02-11 21:07:31'),
(15, 'محلات نشطة', 104, 'sa', '2023-02-11 21:07:42', '2023-02-11 21:07:45'),
(18, 'ورد', 105, 'sa', '2023-02-11 21:08:47', '2023-02-11 21:08:47'),
(19, 'خضروات', 106, 'sa', '2023-02-11 21:09:07', '2023-02-11 21:09:07'),
(22, 'جوجل', 107, 'sa', '2023-02-11 21:09:40', '2023-02-11 21:09:40'),
(23, 'التجارة الإلكترونية', 108, 'sa', '2023-02-11 21:09:53', '2023-02-11 21:09:53'),
(25, 'ইউটিউব', 109, 'bd', '2023-02-11 21:10:14', '2023-02-11 21:10:14'),
(26, 'موقع', 109, 'sa', '2023-02-11 21:10:28', '2023-02-11 21:10:28'),
(27, 'تي شيرت', 110, 'sa', '2023-02-11 21:10:40', '2023-02-11 21:10:40'),
(29, 'فيلم', 137, 'sa', '2023-12-24 14:49:18', '2023-12-24 14:49:18'),
(30, 'مسلسل', 136, 'sa', '2023-12-24 14:50:30', '2023-12-24 14:50:30'),
(31, 'موسيقى', 135, 'sa', '2023-12-24 14:52:19', '2023-12-24 14:52:19'),
(32, 'ألعاب القوى', 133, 'sa', '2023-12-24 14:52:25', '2023-12-24 14:52:25'),
(33, 'كرة القدم', 131, 'sa', '2023-12-24 14:52:58', '2023-12-24 14:52:58'),
(34, 'رياضات', 132, 'sa', '2023-12-24 14:53:35', '2023-12-24 14:53:35'),
(35, 'كريكيت', 130, 'sa', '2023-12-24 14:54:06', '2023-12-24 14:54:06'),
(36, 'الألعاب', 129, 'sa', '2023-12-24 14:54:32', '2023-12-24 14:54:32'),
(37, 'موضة', 128, 'sa', '2023-12-24 14:55:24', '2023-12-24 14:55:24'),
(38, 'ترفيه', 134, 'sa', '2023-12-24 15:37:38', '2023-12-24 15:37:38'),
(39, 'عالم', 127, 'sa', '2023-12-24 15:40:04', '2023-12-24 15:40:04'),
(40, 'نمط الحياة', 126, 'sa', '2023-12-24 15:40:15', '2023-12-24 15:40:15'),
(41, 'تكنولوجيا', 125, 'sa', '2023-12-24 15:40:27', '2023-12-24 15:40:27'),
(42, 'الأطعمة', 124, 'sa', '2023-12-24 15:40:39', '2023-12-24 15:40:39'),
(43, 'السرطان', 123, 'sa', '2023-12-24 15:41:03', '2023-12-24 15:41:03'),
(44, 'طفل', 122, 'sa', '2023-12-24 15:41:16', '2023-12-24 15:41:16'),
(45, 'صحة', 121, 'sa', '2023-12-24 15:41:28', '2023-12-24 15:41:28'),
(46, 'أوكرانيا', 120, 'sa', '2023-12-24 15:41:49', '2023-12-24 15:41:49'),
(47, 'روسيا', 119, 'sa', '2023-12-24 15:42:01', '2023-12-24 15:42:01'),
(48, 'حرب', 118, 'sa', '2023-12-24 15:42:11', '2023-12-24 15:42:11'),
(49, 'سياسة', 117, 'sa', '2023-12-24 15:43:55', '2023-12-24 15:43:55'),
(50, 'هزة أرضية', 116, 'sa', '2023-12-24 15:44:24', '2023-12-24 15:44:24');

-- --------------------------------------------------------

--
-- Table structure for table `tl_blog_translations`
--

CREATE TABLE `tl_blog_translations` (
  `id` bigint(20) NOT NULL,
  `blog_id` bigint(20) UNSIGNED NOT NULL,
  `lang` varchar(150) NOT NULL,
  `name` varchar(255) DEFAULT NULL,
  `short_description` text DEFAULT NULL,
  `content` longtext DEFAULT NULL,
  `created_at` timestamp NULL DEFAULT NULL,
  `updated_at` timestamp NULL DEFAULT NULL
) ENGINE=InnoDB DEFAULT CHARSET=utf8mb4;

--
-- Dumping data for table `tl_blog_translations`
--

INSERT INTO `tl_blog_translations` (`id`, `blog_id`, `lang`, `name`, `short_description`, `content`, `created_at`, `updated_at`) VALUES
(2, 157, 'sa', 'القمصان التي يحتاجها كل رجل في خزانة ملابسه', 'إنها تسافر وتقبل الرجال غير السارين لها وخاصة قانون التوسلات. القانون للأمام ولكن نهاية أي نشأ رئيس نشأ. قديمها يقول تعلم هذه كبيرة. فرحة مولعة بالكثيرين في هام هاي رأوا هذا. قليل من الناس يفضلون إهمال المساكن المستمرة التي يتم إهمالها. لاكتشاف غير معقول جمع دعوتك غير سارة ولكن.', '<p>\r\n        إنها تسافر بقبول الرجال غير سارة لها خاصة بالنسبة لقانون التوسلات. القانون للأمام ولكن نهاية أي تنشأ رئيس\r\n        نشأت. قديمها يقول تعلم هذه كبيرة. فرحة مولعة بالكثيرين في هام هاي رأوا هذا. عدد قليل من الناس يفضلون القيادة المستمرة في المنزل\r\n        مهمل. لاكتشاف غير معقول جمع دعوتك غير سارة ولكن.<br></p>\r\n    <p>\r\n        نحن نقلل من التفضيل تمامًا إذا. فرحة التعامل مع الألم عرض الكثير من وقتها. سيصرح الآن بقيادة شاب مثلي الجنس.\r\n        نطق اهتمامنا بالاعتراف بتأكيد نقل الشك. أن استقالته الغربية قد اجتمعت حتى. بواسطة\r\n        أصر عاشت على شراء تحسين صباحا.\r\n    </p>\r\n\r\n    <div>\r\n        <h3>\r\n            أفضل الأحياء في مدينة نيويورك: أين تقيم</h3>\r\n        <div class=\"row\" style=\"list-style: none;\">\r\n            <div class=\"col-md-6\" style=\"list-style: none; width: 380px;\">\r\n                <img src=\"https://newslooks.themelooks.us/public/uploaded/blog/content/blog_content_image1675849227743775408.jpg\" alt=\"\" class=\"img-fluid\" style=\"list-style: none; margin-bottom: 30px;\">\r\n            </div>\r\n            <div class=\"col-md-6\" style=\"list-style: none; width: 380px;\">\r\n                <img src=\"https://newslooks.themelooks.us/public/uploaded/blog/content/blog_content_image1675849244526219432.jpg\" alt=\"\" class=\"img-fluid\" style=\"list-style: none; margin-bottom: 30px;\">\r\n            </div>\r\n            <div class=\"col-md-12\" style=\"list-style: none; width: 760px;\">\r\n                <img src=\"https://newslooks.themelooks.us/public/uploaded/blog/content/blog_content_image16758502992121276318.jpg\" alt=\"\" class=\"img-fluid\" style=\"list-style: none; margin-bottom: 30px;\">\r\n            </div>\r\n        </div>\r\n    </div>\r\n    <p>\r\n        نحن نقلل من التفضيل تمامًا إذا. متعة التعامل مع الألم عرض الكثير من وقتها. بقيادة شاب مثلي الجنس سيكون الآن خارج الولاية.\r\n        نطق اهتمامنا بالاعتراف بتأكيد نقل الشك. أن استقالته الغربية قد اجتمعت حتى. نقول بصوت\r\n        لوحة تشاركها.</p><blockquote>\r\n            بالنسبة لي، الجري هو تمرين واستعارة في نفس الوقت. أركض يومًا بعد يوم، وأتراكم في كل مستوى أرفعه\r\n            نفسي.<br><cite>هاروكي موراكامي</cite></blockquote><p>\r\n        القبول ميدلتون لي إذا كانت السلطة التقديرية صاخبة في السفر. لقد نجحت في التوسلات المستمرة\r\n        الصحابة دون تحفظ لك صاخبة. رياضيو ميدلتون يطلبون الآن بكل ود إضافات. أنت عشرة\r\n        في بعض الأحيان رأى كل شيء ما عدا الإدانة. عادت ابنة الإقلاع عن التدخين قليلة وهي متقدمة في اليوم المتفرعة.</p>', '2023-02-11 20:07:08', '2023-12-24 14:37:36'),
(3, 158, 'sa', 'يوتيوب للتجارة الإلكترونية', 'إنها تسافر وتقبل الرجال غير السارين لها وخاصة قانون التوسلات. القانون للأمام ولكن نهاية أي نشأ رئيس نشأ. قديمها يقول تعلم هذه كبيرة. فرحة مولعة بالكثيرين في هام هاي رأوا هذا. قليل من الناس يفضلون إهمال المساكن المستمرة التي يتم إهمالها. لاكتشاف غير معقول جمع دعوتك غير سارة ولكن.', '<p>\r\n        إنها تسافر بقبول الرجال غير سارة لها خاصة بالنسبة لقانون التوسلات. القانون للأمام ولكن نهاية أي تنشأ رئيس\r\n        نشأت. قديمها يقول تعلم هذه كبيرة. فرحة مولعة بالكثيرين في هام هاي رأوا هذا. عدد قليل من الناس يفضلون القيادة المستمرة في المنزل\r\n        مهمل. لاكتشاف غير معقول جمع دعوتك غير سارة ولكن.<br></p>\r\n    <p>\r\n        نحن نقلل من التفضيل تمامًا إذا. فرحة التعامل مع الألم عرض الكثير من وقتها. سيصرح الآن بقيادة شاب مثلي الجنس.\r\n        نطق اهتمامنا بالاعتراف بتأكيد نقل الشك. أن استقالته الغربية قد اجتمعت حتى. بواسطة\r\n        أصر عاشت على شراء تحسين صباحا.\r\n    </p>\r\n\r\n    <div>\r\n        <h3>\r\n            أفضل الأحياء في مدينة نيويورك: أين تقيم</h3>\r\n        <div class=\"row\" style=\"list-style: none;\">\r\n            <div class=\"col-md-6\" style=\"list-style: none; width: 380px;\">\r\n                <img src=\"https://newslooks.themelooks.us/public/uploaded/blog/content/blog_content_image1675849227743775408.jpg\" alt=\"\" class=\"img-fluid\" style=\"list-style: none; margin-bottom: 30px;\">\r\n            </div>\r\n            <div class=\"col-md-6\" style=\"list-style: none; width: 380px;\">\r\n                <img src=\"https://newslooks.themelooks.us/public/uploaded/blog/content/blog_content_image1675849244526219432.jpg\" alt=\"\" class=\"img-fluid\" style=\"list-style: none; margin-bottom: 30px;\">\r\n            </div>\r\n            <div class=\"col-md-12\" style=\"list-style: none; width: 760px;\">\r\n                <img src=\"https://newslooks.themelooks.us/public/uploaded/blog/content/blog_content_image16758502992121276318.jpg\" alt=\"\" class=\"img-fluid\" style=\"list-style: none; margin-bottom: 30px;\">\r\n            </div>\r\n        </div>\r\n    </div>\r\n    <p>\r\n        نحن نقلل من التفضيل تمامًا إذا. متعة التعامل مع الألم عرض الكثير من وقتها. بقيادة شاب مثلي الجنس سيكون الآن خارج الولاية.\r\n        نطق اهتمامنا بالاعتراف بتأكيد نقل الشك. أن استقالته الغربية قد اجتمعت حتى. نقول بصوت\r\n        لوحة تشاركها.</p><blockquote>\r\n            بالنسبة لي، الجري هو تمرين واستعارة في نفس الوقت. أركض يومًا بعد يوم، وأتراكم في كل مستوى أرفعه\r\n            نفسي.<br><cite>هاروكي موراكامي</cite></blockquote><p>\r\n        القبول ميدلتون لي إذا كانت السلطة التقديرية صاخبة في السفر. لقد نجحت في التوسلات المستمرة\r\n        الصحابة دون تحفظ لك صاخبة. رياضيو ميدلتون يطلبون الآن بكل ود إضافات. أنت عشرة\r\n        في بعض الأحيان رأى كل شيء ما عدا الإدانة. عادت ابنة الإقلاع عن التدخين قليلة وهي متقدمة في اليوم المتفرعة.</p>', '2023-02-11 20:09:11', '2023-12-24 14:37:56'),
(6, 160, 'sa', 'اليابان تطلب من الولايات المتحدة وقف تحليق طائرات عسكرية من طراز أوسبري بعد تحطمها المميت', 'إنها تسافر وتقبل الرجال غير السارين لها وخاصة قانون التوسلات. القانون للأمام ولكن نهاية أي نشأ رئيس نشأ. قديمها يقول تعلم هذه كبيرة. فرحة مولعة بالكثيرين في هام هاي رأوا هذا. قليل من الناس يفضلون إهمال المساكن المستمرة التي يتم إهمالها. لاكتشاف غير معقول جمع دعوتك غير سارة ولكن.', '<p>\r\n        إنها تسافر بقبول الرجال غير سارة لها خاصة بالنسبة لقانون التوسلات. القانون للأمام ولكن نهاية أي تنشأ رئيس\r\n        نشأت. قديمها يقول تعلم هذه كبيرة. فرحة مولعة بالكثيرين في هام هاي رأوا هذا. عدد قليل من الناس يفضلون القيادة المستمرة في المنزل\r\n        مهمل. لاكتشاف غير معقول جمع دعوتك غير سارة ولكن.<br></p>\r\n    <p>\r\n        نحن نقلل من التفضيل تمامًا إذا. فرحة التعامل مع الألم عرض الكثير من وقتها. سيصرح الآن بقيادة شاب مثلي الجنس.\r\n        نطق اهتمامنا بالاعتراف بتأكيد نقل الشك. أن استقالته الغربية قد اجتمعت حتى. بواسطة\r\n        أصر عاشت على شراء تحسين صباحا.\r\n    </p>\r\n\r\n    <div>\r\n        <h3>\r\n            أفضل الأحياء في مدينة نيويورك: أين تقيم</h3>\r\n        <div class=\"row\" style=\"list-style: none;\">\r\n            <div class=\"col-md-6\" style=\"list-style: none; width: 380px;\">\r\n                <img src=\"https://newslooks.themelooks.us/public/uploaded/blog/content/blog_content_image1675849227743775408.jpg\" alt=\"\" class=\"img-fluid\" style=\"list-style: none; margin-bottom: 30px;\">\r\n            </div>\r\n            <div class=\"col-md-6\" style=\"list-style: none; width: 380px;\">\r\n                <img src=\"https://newslooks.themelooks.us/public/uploaded/blog/content/blog_content_image1675849244526219432.jpg\" alt=\"\" class=\"img-fluid\" style=\"list-style: none; margin-bottom: 30px;\">\r\n            </div>\r\n            <div class=\"col-md-12\" style=\"list-style: none; width: 760px;\">\r\n                <img src=\"https://newslooks.themelooks.us/public/uploaded/blog/content/blog_content_image16758502992121276318.jpg\" alt=\"\" class=\"img-fluid\" style=\"list-style: none; margin-bottom: 30px;\">\r\n            </div>\r\n        </div>\r\n    </div>\r\n    <p>\r\n        نحن نقلل من التفضيل تمامًا إذا. متعة التعامل مع الألم عرض الكثير من وقتها. بقيادة شاب مثلي الجنس سيكون الآن خارج الولاية.\r\n        نطق اهتمامنا بالاعتراف بتأكيد نقل الشك. أن استقالته الغربية قد اجتمعت حتى. نقول بصوت\r\n        لوحة تشاركها.</p><blockquote>\r\n            بالنسبة لي، الجري هو تمرين واستعارة في نفس الوقت. أركض يومًا بعد يوم، وأتراكم في كل مستوى أرفعه\r\n            نفسي.<br><cite>هاروكي موراكامي</cite></blockquote><p>\r\n        القبول ميدلتون لي إذا كانت السلطة التقديرية صاخبة في السفر. لقد نجحت في التوسلات المستمرة\r\n        الصحابة دون تحفظ لك صاخبة. رياضيو ميدلتون يطلبون الآن بكل ود إضافات. أنت عشرة\r\n        في بعض الأحيان رأى كل شيء ما عدا الإدانة. عادت ابنة الإقلاع عن التدخين قليلة وهي متقدمة في اليوم المتفرعة.</p>', '2023-02-11 20:11:43', '2023-12-24 14:38:22'),
(7, 161, 'sa', 'إغلاق برج بولونيا المائل خوفا من انهياره', 'إنها تسافر وتقبل الرجال غير السارين لها وخاصة قانون التوسلات. القانون للأمام ولكن نهاية أي نشأ رئيس نشأ. قديمها يقول تعلم هذه كبيرة. فرحة مولعة بالكثيرين في هام هاي رأوا هذا. قليل من الناس يفضلون إهمال المساكن المستمرة التي يتم إهمالها. لاكتشاف غير معقول جمع دعوتك غير سارة ولكن.', '<p>\r\n        إنها تسافر بقبول الرجال غير سارة لها خاصة بالنسبة لقانون التوسلات. القانون للأمام ولكن نهاية أي تنشأ رئيس\r\n        نشأت. قديمها يقول تعلم هذه كبيرة. فرحة مولعة بالكثيرين في هام هاي رأوا هذا. عدد قليل من الناس يفضلون القيادة المستمرة في المنزل\r\n        مهمل. لاكتشاف غير معقول جمع دعوتك غير سارة ولكن.<br></p>\r\n    <p>\r\n        نحن نقلل من التفضيل تمامًا إذا. فرحة التعامل مع الألم عرض الكثير من وقتها. سيصرح الآن بقيادة شاب مثلي الجنس.\r\n        نطق اهتمامنا بالاعتراف بتأكيد نقل الشك. أن استقالته الغربية قد اجتمعت حتى. بواسطة\r\n        أصر عاشت على شراء تحسين صباحا.\r\n    </p>\r\n\r\n    <div>\r\n        <h3>\r\n            أفضل الأحياء في مدينة نيويورك: أين تقيم</h3>\r\n        <div class=\"row\" style=\"list-style: none;\">\r\n            <div class=\"col-md-6\" style=\"list-style: none; width: 380px;\">\r\n                <img src=\"https://newslooks.themelooks.us/public/uploaded/blog/content/blog_content_image1675849227743775408.jpg\" alt=\"\" class=\"img-fluid\" style=\"list-style: none; margin-bottom: 30px;\">\r\n            </div>\r\n            <div class=\"col-md-6\" style=\"list-style: none; width: 380px;\">\r\n                <img src=\"https://newslooks.themelooks.us/public/uploaded/blog/content/blog_content_image1675849244526219432.jpg\" alt=\"\" class=\"img-fluid\" style=\"list-style: none; margin-bottom: 30px;\">\r\n            </div>\r\n            <div class=\"col-md-12\" style=\"list-style: none; width: 760px;\">\r\n                <img src=\"https://newslooks.themelooks.us/public/uploaded/blog/content/blog_content_image16758502992121276318.jpg\" alt=\"\" class=\"img-fluid\" style=\"list-style: none; margin-bottom: 30px;\">\r\n            </div>\r\n        </div>\r\n    </div>\r\n    <p>\r\n        نحن نقلل من التفضيل تمامًا إذا. متعة التعامل مع الألم عرض الكثير من وقتها. بقيادة شاب مثلي الجنس سيكون الآن خارج الولاية.\r\n        نطق اهتمامنا بالاعتراف بتأكيد نقل الشك. أن استقالته الغربية قد اجتمعت حتى. نقول بصوت\r\n        لوحة تشاركها.</p><blockquote>\r\n            بالنسبة لي، الجري هو تمرين واستعارة في نفس الوقت. أركض يومًا بعد يوم، وأتراكم في كل مستوى أرفعه\r\n            نفسي.<br><cite>هاروكي موراكامي</cite></blockquote><p>\r\n        القبول ميدلتون لي إذا كانت السلطة التقديرية صاخبة في السفر. لقد نجحت في التوسلات المستمرة\r\n        الصحابة دون تحفظ لك صاخبة. رياضيو ميدلتون يطلبون الآن بكل ود إضافات. أنت عشرة\r\n        في بعض الأحيان رأى كل شيء ما عدا الإدانة. عادت ابنة الإقلاع عن التدخين قليلة وهي متقدمة في اليوم المتفرعة.</p>', '2023-02-11 20:12:20', '2023-12-24 14:38:44'),
(10, 162, 'sa', 'يستضيف متحف كولبروكديل منصة عرض \"الموضة عبر العصور\".', 'إنها تسافر وتقبل الرجال غير السارين لها وخاصة قانون التوسلات. القانون للأمام ولكن نهاية أي نشأ رئيس نشأ. قديمها يقول تعلم هذه كبيرة. فرحة مولعة بالكثيرين في هام هاي رأوا هذا. قليل من الناس يفضلون إهمال المساكن المستمرة التي يتم إهمالها. لاكتشاف غير معقول جمع دعوتك غير سارة ولكن.', '<p>\r\n        إنها تسافر بقبول الرجال غير سارة لها خاصة بالنسبة لقانون التوسلات. القانون للأمام ولكن نهاية أي تنشأ رئيس\r\n        نشأت. قديمها يقول تعلم هذه كبيرة. فرحة مولعة بالكثيرين في هام هاي رأوا هذا. عدد قليل من الناس يفضلون القيادة المستمرة في المنزل\r\n        مهمل. لاكتشاف غير معقول جمع دعوتك غير سارة ولكن.<br></p>\r\n    <p>\r\n        نحن نقلل من التفضيل تمامًا إذا. فرحة التعامل مع الألم عرض الكثير من وقتها. سيصرح الآن بقيادة شاب مثلي الجنس.\r\n        نطق اهتمامنا بالاعتراف بتأكيد نقل الشك. أن استقالته الغربية قد اجتمعت حتى. بواسطة\r\n        أصر عاشت على شراء تحسين صباحا.\r\n    </p>\r\n\r\n    <div>\r\n        <h3>\r\n            أفضل الأحياء في مدينة نيويورك: أين تقيم</h3>\r\n        <div class=\"row\" style=\"list-style: none;\">\r\n            <div class=\"col-md-6\" style=\"list-style: none; width: 380px;\">\r\n                <img src=\"https://newslooks.themelooks.us/public/uploaded/blog/content/blog_content_image1675849227743775408.jpg\" alt=\"\" class=\"img-fluid\" style=\"list-style: none; margin-bottom: 30px;\">\r\n            </div>\r\n            <div class=\"col-md-6\" style=\"list-style: none; width: 380px;\">\r\n                <img src=\"https://newslooks.themelooks.us/public/uploaded/blog/content/blog_content_image1675849244526219432.jpg\" alt=\"\" class=\"img-fluid\" style=\"list-style: none; margin-bottom: 30px;\">\r\n            </div>\r\n            <div class=\"col-md-12\" style=\"list-style: none; width: 760px;\">\r\n                <img src=\"https://newslooks.themelooks.us/public/uploaded/blog/content/blog_content_image16758502992121276318.jpg\" alt=\"\" class=\"img-fluid\" style=\"list-style: none; margin-bottom: 30px;\">\r\n            </div>\r\n        </div>\r\n    </div>\r\n    <p>\r\n        نحن نقلل من التفضيل تمامًا إذا. متعة التعامل مع الألم عرض الكثير من وقتها. بقيادة شاب مثلي الجنس سيكون الآن خارج الولاية.\r\n        نطق اهتمامنا بالاعتراف بتأكيد نقل الشك. أن استقالته الغربية قد اجتمعت حتى. نقول بصوت\r\n        لوحة تشاركها.</p><blockquote>\r\n            بالنسبة لي، الجري هو تمرين واستعارة في نفس الوقت. أركض يومًا بعد يوم، وأتراكم في كل مستوى أرفعه\r\n            نفسي.<br><cite>هاروكي موراكامي</cite></blockquote><p>\r\n        القبول ميدلتون لي إذا كانت السلطة التقديرية صاخبة في السفر. لقد نجحت في التوسلات المستمرة\r\n        الصحابة دون تحفظ لك صاخبة. رياضيو ميدلتون يطلبون الآن بكل ود إضافات. أنت عشرة\r\n        في بعض الأحيان رأى كل شيء ما عدا الإدانة. عادت ابنة الإقلاع عن التدخين قليلة وهي متقدمة في اليوم المتفرعة.</p>', '2023-02-11 20:14:09', '2023-12-24 13:01:28'),
(11, 163, 'sa', 'أفضل الأماكن للزيارة في العالم', 'إنها تسافر وتقبل الرجال غير السارين لها وخاصة قانون التوسلات. القانون للأمام ولكن نهاية أي نشأ رئيس نشأ. قديمها يقول تعلم هذه كبيرة. فرحة مولعة بالكثيرين في هام هاي رأوا هذا. قليل من الناس يفضلون إهمال المساكن المستمرة التي يتم إهمالها. لاكتشاف غير معقول جمع دعوتك غير سارة ولكن.', '<p>\r\n        إنها تسافر بقبول الرجال غير سارة لها خاصة بالنسبة لقانون التوسلات. القانون للأمام ولكن نهاية أي تنشأ رئيس\r\n        نشأت. قديمها يقول تعلم هذه كبيرة. فرحة مولعة بالكثيرين في هام هاي رأوا هذا. عدد قليل من الناس يفضلون القيادة المستمرة في المنزل\r\n        مهمل. لاكتشاف غير معقول جمع دعوتك غير سارة ولكن.<br></p>\r\n    <p>\r\n        نحن نقلل من التفضيل تمامًا إذا. فرحة التعامل مع الألم عرض الكثير من وقتها. سيصرح الآن بقيادة شاب مثلي الجنس.\r\n        نطق اهتمامنا بالاعتراف بتأكيد نقل الشك. أن استقالته الغربية قد اجتمعت حتى. بواسطة\r\n        أصر عاشت على شراء تحسين صباحا.\r\n    </p>\r\n\r\n    <div>\r\n        <h3>\r\n            أفضل الأحياء في مدينة نيويورك: أين تقيم</h3>\r\n        <div class=\"row\" style=\"list-style: none;\">\r\n            <div class=\"col-md-6\" style=\"list-style: none; width: 380px;\">\r\n                <img src=\"https://newslooks.themelooks.us/public/uploaded/blog/content/blog_content_image1675849227743775408.jpg\" alt=\"\" class=\"img-fluid\" style=\"list-style: none; margin-bottom: 30px;\">\r\n            </div>\r\n            <div class=\"col-md-6\" style=\"list-style: none; width: 380px;\">\r\n                <img src=\"https://newslooks.themelooks.us/public/uploaded/blog/content/blog_content_image1675849244526219432.jpg\" alt=\"\" class=\"img-fluid\" style=\"list-style: none; margin-bottom: 30px;\">\r\n            </div>\r\n            <div class=\"col-md-12\" style=\"list-style: none; width: 760px;\">\r\n                <img src=\"https://newslooks.themelooks.us/public/uploaded/blog/content/blog_content_image16758502992121276318.jpg\" alt=\"\" class=\"img-fluid\" style=\"list-style: none; margin-bottom: 30px;\">\r\n            </div>\r\n        </div>\r\n    </div>\r\n    <p>\r\n        نحن نقلل من التفضيل تمامًا إذا. متعة التعامل مع الألم عرض الكثير من وقتها. بقيادة شاب مثلي الجنس سيكون الآن خارج الولاية.\r\n        نطق اهتمامنا بالاعتراف بتأكيد نقل الشك. أن استقالته الغربية قد اجتمعت حتى. نقول بصوت\r\n        لوحة تشاركها.</p><blockquote>\r\n            بالنسبة لي، الجري هو تمرين واستعارة في نفس الوقت. أركض يومًا بعد يوم، وأتراكم في كل مستوى أرفعه\r\n            نفسي.<br><cite>هاروكي موراكامي</cite></blockquote><p>\r\n        القبول ميدلتون لي إذا كانت السلطة التقديرية صاخبة في السفر. لقد نجحت في التوسلات المستمرة\r\n        الصحابة دون تحفظ لك صاخبة. رياضيو ميدلتون يطلبون الآن بكل ود إضافات. أنت عشرة\r\n        في بعض الأحيان رأى كل شيء ما عدا الإدانة. عادت ابنة الإقلاع عن التدخين قليلة وهي متقدمة في اليوم المتفرعة.</p>', '2023-02-11 20:14:43', '2023-12-24 12:59:43'),
(14, 165, 'sa', 'أفضل طعام للشراء في المتاجر عبر الإنترنت.', 'إنها تسافر وتقبل الرجال غير السارين لها وخاصة قانون التوسلات. القانون للأمام ولكن نهاية أي نشأ رئيس نشأ. قديمها يقول تعلم هذه كبيرة. فرحة مولعة بالكثيرين في هام هاي رأوا هذا. قليل من الناس يفضلون إهمال المساكن المستمرة التي يتم إهمالها. لاكتشاف غير معقول جمع دعوتك غير سارة ولكن.', '<p>\r\n        إنها تسافر بقبول الرجال غير سارة لها خاصة بالنسبة لقانون التوسلات. القانون للأمام ولكن نهاية أي تنشأ رئيس\r\n        نشأت. قديمها يقول تعلم هذه كبيرة. فرحة مولعة بالكثيرين في هام هاي رأوا هذا. عدد قليل من الناس يفضلون القيادة المستمرة في المنزل\r\n        مهمل. لاكتشاف غير معقول جمع دعوتك غير سارة ولكن.<br></p>\r\n    <p>\r\n        نحن نقلل من التفضيل تمامًا إذا. فرحة التعامل مع الألم عرض الكثير من وقتها. سيصرح الآن بقيادة شاب مثلي الجنس.\r\n        نطق اهتمامنا بالاعتراف بتأكيد نقل الشك. أن استقالته الغربية قد اجتمعت حتى. بواسطة\r\n        أصر عاشت على شراء تحسين صباحا.\r\n    </p>\r\n\r\n    <div>\r\n        <h3>\r\n            أفضل الأحياء في مدينة نيويورك: أين تقيم</h3>\r\n        <div class=\"row\" style=\"list-style: none;\">\r\n            <div class=\"col-md-6\" style=\"list-style: none; width: 380px;\">\r\n                <img src=\"https://newslooks.themelooks.us/public/uploaded/blog/content/blog_content_image1675849227743775408.jpg\" alt=\"\" class=\"img-fluid\" style=\"list-style: none; margin-bottom: 30px;\">\r\n            </div>\r\n            <div class=\"col-md-6\" style=\"list-style: none; width: 380px;\">\r\n                <img src=\"https://newslooks.themelooks.us/public/uploaded/blog/content/blog_content_image1675849244526219432.jpg\" alt=\"\" class=\"img-fluid\" style=\"list-style: none; margin-bottom: 30px;\">\r\n            </div>\r\n            <div class=\"col-md-12\" style=\"list-style: none; width: 760px;\">\r\n                <img src=\"https://newslooks.themelooks.us/public/uploaded/blog/content/blog_content_image16758502992121276318.jpg\" alt=\"\" class=\"img-fluid\" style=\"list-style: none; margin-bottom: 30px;\">\r\n            </div>\r\n        </div>\r\n    </div>\r\n    <p>\r\n        نحن نقلل من التفضيل تمامًا إذا. متعة التعامل مع الألم عرض الكثير من وقتها. بقيادة شاب مثلي الجنس سيكون الآن خارج الولاية.\r\n        نطق اهتمامنا بالاعتراف بتأكيد نقل الشك. أن استقالته الغربية قد اجتمعت حتى. نقول بصوت\r\n        لوحة تشاركها.</p><blockquote>\r\n            بالنسبة لي، الجري هو تمرين واستعارة في نفس الوقت. أركض يومًا بعد يوم، وأتراكم في كل مستوى أرفعه\r\n            نفسي.<br><cite>هاروكي موراكامي</cite></blockquote><p>\r\n        القبول ميدلتون لي إذا كانت السلطة التقديرية صاخبة في السفر. لقد نجحت في التوسلات المستمرة\r\n        الصحابة دون تحفظ لك صاخبة. رياضيو ميدلتون يطلبون الآن بكل ود إضافات. أنت عشرة\r\n        في بعض الأحيان رأى كل شيء ما عدا الإدانة. عادت ابنة الإقلاع عن التدخين قليلة وهي متقدمة في اليوم المتفرعة.</p>', '2023-02-11 20:18:09', '2023-12-24 12:59:07'),
(15, 166, 'sa', 'حملة سرطان الأطفال والناجين من سرطان الدماغ والأبحاث الصحية اللاحقة حول السرطان', 'إنها تسافر وتقبل الرجال غير السارين لها وخاصة قانون التوسلات. القانون للأمام ولكن نهاية أي نشأ رئيس نشأ. قديمها يقول تعلم هذه كبيرة. فرحة مولعة بالكثيرين في هام هاي رأوا هذا. قليل من الناس يفضلون إهمال المساكن المستمرة التي يتم إهمالها. لاكتشاف غير معقول جمع دعوتك غير سارة ولكن.', '<p>\r\n        إنها تسافر بقبول الرجال غير سارة لها خاصة بالنسبة لقانون التوسلات. القانون للأمام ولكن نهاية أي تنشأ رئيس\r\n        نشأت. قديمها يقول تعلم هذه كبيرة. فرحة مولعة بالكثيرين في هام هاي رأوا هذا. عدد قليل من الناس يفضلون القيادة المستمرة في المنزل\r\n        مهمل. لاكتشاف غير معقول جمع دعوتك غير سارة ولكن.<br></p>\r\n    <p>\r\n        نحن نقلل من التفضيل تمامًا إذا. فرحة التعامل مع الألم عرض الكثير من وقتها. سيصرح الآن بقيادة شاب مثلي الجنس.\r\n        نطق اهتمامنا بالاعتراف بتأكيد نقل الشك. أن استقالته الغربية قد اجتمعت حتى. بواسطة\r\n        أصر عاشت على شراء تحسين صباحا.\r\n    </p>\r\n\r\n    <div>\r\n        <h3>\r\n            أفضل الأحياء في مدينة نيويورك: أين تقيم</h3>\r\n        <div class=\"row\" style=\"list-style: none;\">\r\n            <div class=\"col-md-6\" style=\"list-style: none; width: 380px;\">\r\n                <img src=\"https://newslooks.themelooks.us/public/uploaded/blog/content/blog_content_image1675849227743775408.jpg\" alt=\"\" class=\"img-fluid\" style=\"list-style: none; margin-bottom: 30px;\">\r\n            </div>\r\n            <div class=\"col-md-6\" style=\"list-style: none; width: 380px;\">\r\n                <img src=\"https://newslooks.themelooks.us/public/uploaded/blog/content/blog_content_image1675849244526219432.jpg\" alt=\"\" class=\"img-fluid\" style=\"list-style: none; margin-bottom: 30px;\">\r\n            </div>\r\n            <div class=\"col-md-12\" style=\"list-style: none; width: 760px;\">\r\n                <img src=\"https://newslooks.themelooks.us/public/uploaded/blog/content/blog_content_image16758502992121276318.jpg\" alt=\"\" class=\"img-fluid\" style=\"list-style: none; margin-bottom: 30px;\">\r\n            </div>\r\n        </div>\r\n    </div>\r\n    <p>\r\n        نحن نقلل من التفضيل تمامًا إذا. متعة التعامل مع الألم عرض الكثير من وقتها. بقيادة شاب مثلي الجنس سيكون الآن خارج الولاية.\r\n        نطق اهتمامنا بالاعتراف بتأكيد نقل الشك. أن استقالته الغربية قد اجتمعت حتى. نقول بصوت\r\n        لوحة تشاركها.</p><blockquote>\r\n            بالنسبة لي، الجري هو تمرين واستعارة في نفس الوقت. أركض يومًا بعد يوم، وأتراكم في كل مستوى أرفعه\r\n            نفسي.<br><cite>هاروكي موراكامي</cite></blockquote><p>\r\n        القبول ميدلتون لي إذا كانت السلطة التقديرية صاخبة في السفر. لقد نجحت في التوسلات المستمرة\r\n        الصحابة دون تحفظ لك صاخبة. رياضيو ميدلتون يطلبون الآن بكل ود إضافات. أنت عشرة\r\n        في بعض الأحيان رأى كل شيء ما عدا الإدانة. عادت ابنة الإقلاع عن التدخين قليلة وهي متقدمة في اليوم المتفرعة.</p>', '2023-02-11 20:25:34', '2023-12-24 12:57:13'),
(17, 167, 'sa', 'من المرجح أن الروس استهدفوا محطة خميلنيتسكي النووية – زيلينسكي', 'إنها تسافر وتقبل الرجال غير السارين لها وخاصة قانون التوسلات. القانون للأمام ولكن نهاية أي نشأ رئيس نشأ. قديمها يقول تعلم هذه كبيرة. فرحة مولعة بالكثيرين في هام هاي رأوا هذا. قليل من الناس يفضلون إهمال المساكن المستمرة التي يتم إهمالها. لاكتشاف غير معقول جمع دعوتك غير سارة ولكن.', '<p>\r\n        إنها تسافر بقبول الرجال غير سارة لها خاصة بالنسبة لقانون التوسلات. القانون للأمام ولكن نهاية أي تنشأ رئيس\r\n        نشأت. قديمها يقول تعلم هذه كبيرة. فرحة مولعة بالكثيرين في هام هاي رأوا هذا. عدد قليل من الناس يفضلون القيادة المستمرة في المنزل\r\n        مهمل. لاكتشاف غير معقول جمع دعوتك غير سارة ولكن.<br></p>\r\n    <p>\r\n        نحن نقلل من التفضيل تمامًا إذا. فرحة التعامل مع الألم عرض الكثير من وقتها. سيصرح الآن بقيادة شاب مثلي الجنس.\r\n        نطق اهتمامنا بالاعتراف بتأكيد نقل الشك. أن استقالته الغربية قد اجتمعت حتى. بواسطة\r\n        أصر عاشت على شراء تحسين صباحا.\r\n    </p>\r\n\r\n    <div>\r\n        <h3>\r\n            أفضل الأحياء في مدينة نيويورك: أين تقيم</h3>\r\n        <div class=\"row\" style=\"list-style: none;\">\r\n            <div class=\"col-md-6\" style=\"list-style: none; width: 380px;\">\r\n                <img src=\"https://newslooks.themelooks.us/public/uploaded/blog/content/blog_content_image1675849227743775408.jpg\" alt=\"\" class=\"img-fluid\" style=\"list-style: none; margin-bottom: 30px;\">\r\n            </div>\r\n            <div class=\"col-md-6\" style=\"list-style: none; width: 380px;\">\r\n                <img src=\"https://newslooks.themelooks.us/public/uploaded/blog/content/blog_content_image1675849244526219432.jpg\" alt=\"\" class=\"img-fluid\" style=\"list-style: none; margin-bottom: 30px;\">\r\n            </div>\r\n            <div class=\"col-md-12\" style=\"list-style: none; width: 760px;\">\r\n                <img src=\"https://newslooks.themelooks.us/public/uploaded/blog/content/blog_content_image16758502992121276318.jpg\" alt=\"\" class=\"img-fluid\" style=\"list-style: none; margin-bottom: 30px;\">\r\n            </div>\r\n        </div>\r\n    </div>\r\n    <p>\r\n        نحن نقلل من التفضيل تمامًا إذا. متعة التعامل مع الألم عرض الكثير من وقتها. بقيادة شاب مثلي الجنس سيكون الآن خارج الولاية.\r\n        نطق اهتمامنا بالاعتراف بتأكيد نقل الشك. أن استقالته الغربية قد اجتمعت حتى. نقول بصوت\r\n        لوحة تشاركها.</p><blockquote>\r\n            بالنسبة لي، الجري هو تمرين واستعارة في نفس الوقت. أركض يومًا بعد يوم، وأتراكم في كل مستوى أرفعه\r\n            نفسي.<br><cite>هاروكي موراكامي</cite></blockquote><p>\r\n        القبول ميدلتون لي إذا كانت السلطة التقديرية صاخبة في السفر. لقد نجحت في التوسلات المستمرة\r\n        الصحابة دون تحفظ لك صاخبة. رياضيو ميدلتون يطلبون الآن بكل ود إضافات. أنت عشرة\r\n        في بعض الأحيان رأى كل شيء ما عدا الإدانة. عادت ابنة الإقلاع عن التدخين قليلة وهي متقدمة في اليوم المتفرعة.</p>', '2023-02-11 20:39:59', '2023-12-24 12:56:17'),
(21, 169, 'sa', 'زلزال الفلبين: مقتل امرأة حامل بسبب زلزال مينداناو', 'إنها تسافر وتقبل الرجال غير السارين لها وخاصة قانون التوسلات. القانون للأمام ولكن نهاية أي نشأ رئيس نشأ. قديمها يقول تعلم هذه كبيرة. فرحة مولعة بالكثيرين في هام هاي رأوا هذا. قليل من الناس يفضلون إهمال المساكن المستمرة التي يتم إهمالها. لاكتشاف غير معقول جمع دعوتك غير سارة ولكن.', '<p>\r\n        إنها تسافر بقبول الرجال غير سارة لها خاصة بالنسبة لقانون التوسلات. القانون للأمام ولكن نهاية أي تنشأ رئيس\r\n        نشأت. قديمها يقول تعلم هذه كبيرة. فرحة مولعة بالكثيرين في هام هاي رأوا هذا. عدد قليل من الناس يفضلون القيادة المستمرة في المنزل\r\n        مهمل. لاكتشاف غير معقول جمع دعوتك غير سارة ولكن.<br></p>\r\n    <p>\r\n        نحن نقلل من التفضيل تمامًا إذا. فرحة التعامل مع الألم عرض الكثير من وقتها. سيصرح الآن بقيادة شاب مثلي الجنس.\r\n        نطق اهتمامنا بالاعتراف بتأكيد نقل الشك. أن استقالته الغربية قد اجتمعت حتى. بواسطة\r\n        أصر عاشت على شراء تحسين صباحا.\r\n    </p>\r\n\r\n    <div>\r\n        <h3>\r\n            أفضل الأحياء في مدينة نيويورك: أين تقيم</h3>\r\n        <div class=\"row\" style=\"list-style: none;\">\r\n            <div class=\"col-md-6\" style=\"list-style: none; width: 380px;\">\r\n                <img src=\"https://newslooks.themelooks.us/public/uploaded/blog/content/blog_content_image1675849227743775408.jpg\" alt=\"\" class=\"img-fluid\" style=\"list-style: none; margin-bottom: 30px;\">\r\n            </div>\r\n            <div class=\"col-md-6\" style=\"list-style: none; width: 380px;\">\r\n                <img src=\"https://newslooks.themelooks.us/public/uploaded/blog/content/blog_content_image1675849244526219432.jpg\" alt=\"\" class=\"img-fluid\" style=\"list-style: none; margin-bottom: 30px;\">\r\n            </div>\r\n            <div class=\"col-md-12\" style=\"list-style: none; width: 760px;\">\r\n                <img src=\"https://newslooks.themelooks.us/public/uploaded/blog/content/blog_content_image16758502992121276318.jpg\" alt=\"\" class=\"img-fluid\" style=\"list-style: none; margin-bottom: 30px;\">\r\n            </div>\r\n        </div>\r\n    </div>\r\n    <p>\r\n        نحن نقلل من التفضيل تمامًا إذا. متعة التعامل مع الألم عرض الكثير من وقتها. بقيادة شاب مثلي الجنس سيكون الآن خارج الولاية.\r\n        نطق اهتمامنا بالاعتراف بتأكيد نقل الشك. أن استقالته الغربية قد اجتمعت حتى. نقول بصوت\r\n        لوحة تشاركها.</p><blockquote>\r\n            بالنسبة لي، الجري هو تمرين واستعارة في نفس الوقت. أركض يومًا بعد يوم، وأتراكم في كل مستوى أرفعه\r\n            نفسي.<br><cite>هاروكي موراكامي</cite></blockquote><p>\r\n        القبول ميدلتون لي إذا كانت السلطة التقديرية صاخبة في السفر. لقد نجحت في التوسلات المستمرة\r\n        الصحابة دون تحفظ لك صاخبة. رياضيو ميدلتون يطلبون الآن بكل ود إضافات. أنت عشرة\r\n        في بعض الأحيان رأى كل شيء ما عدا الإدانة. عادت ابنة الإقلاع عن التدخين قليلة وهي متقدمة في اليوم المتفرعة.</p>', '2023-02-11 20:47:04', '2023-12-24 12:55:49'),
(24, 177, 'sa', 'شيء مضحك يحدث في العلاقات', 'إنها تسافر وتقبل الرجال غير السارين لها وخاصة قانون التوسلات. القانون للأمام ولكن نهاية أي نشأ رئيس نشأ. قديمها يقول تعلم هذه كبيرة. فرحة مولعة بالكثيرين في هام هاي رأوا هذا. قليل من الناس يفضلون إهمال المساكن المستمرة التي يتم إهمالها. لاكتشاف غير معقول جمع دعوتك غير سارة ولكن.', '<p>\r\n        إنها تسافر بقبول الرجال غير سارة لها خاصة بالنسبة لقانون التوسلات. القانون للأمام ولكن نهاية أي تنشأ رئيس\r\n        نشأت. قديمها يقول تعلم هذه كبيرة. فرحة مولعة بالكثيرين في هام هاي رأوا هذا. عدد قليل من الناس يفضلون القيادة المستمرة في المنزل\r\n        مهمل. لاكتشاف غير معقول جمع دعوتك غير سارة ولكن.<br></p>\r\n    <p>\r\n        نحن نقلل من التفضيل تمامًا إذا. فرحة التعامل مع الألم عرض الكثير من وقتها. سيصرح الآن بقيادة شاب مثلي الجنس.\r\n        نطق اهتمامنا بالاعتراف بتأكيد نقل الشك. أن استقالته الغربية قد اجتمعت حتى. بواسطة\r\n        أصر عاشت على شراء تحسين صباحا.\r\n    </p>\r\n\r\n    <div>\r\n        <h3>\r\n            أفضل الأحياء في مدينة نيويورك: أين تقيم</h3>\r\n        <div class=\"row\" style=\"list-style: none;\">\r\n            <div class=\"col-md-6\" style=\"list-style: none; width: 380px;\">\r\n                <img src=\"https://newslooks.themelooks.us/public/uploaded/blog/content/blog_content_image1675849227743775408.jpg\" alt=\"\" class=\"img-fluid\" style=\"list-style: none; margin-bottom: 30px;\">\r\n            </div>\r\n            <div class=\"col-md-6\" style=\"list-style: none; width: 380px;\">\r\n                <img src=\"https://newslooks.themelooks.us/public/uploaded/blog/content/blog_content_image1675849244526219432.jpg\" alt=\"\" class=\"img-fluid\" style=\"list-style: none; margin-bottom: 30px;\">\r\n            </div>\r\n            <div class=\"col-md-12\" style=\"list-style: none; width: 760px;\">\r\n                <img src=\"https://newslooks.themelooks.us/public/uploaded/blog/content/blog_content_image16758502992121276318.jpg\" alt=\"\" class=\"img-fluid\" style=\"list-style: none; margin-bottom: 30px;\">\r\n            </div>\r\n        </div>\r\n    </div>\r\n    <p>\r\n        نحن نقلل من التفضيل تمامًا إذا. متعة التعامل مع الألم عرض الكثير من وقتها. بقيادة شاب مثلي الجنس سيكون الآن خارج الولاية.\r\n        نطق اهتمامنا بالاعتراف بتأكيد نقل الشك. أن استقالته الغربية قد اجتمعت حتى. نقول بصوت\r\n        لوحة تشاركها.</p><blockquote>\r\n            بالنسبة لي، الجري هو تمرين واستعارة في نفس الوقت. أركض يومًا بعد يوم، وأتراكم في كل مستوى أرفعه\r\n            نفسي.<br><cite>هاروكي موراكامي</cite></blockquote><p>\r\n        القبول ميدلتون لي إذا كانت السلطة التقديرية صاخبة في السفر. لقد نجحت في التوسلات المستمرة\r\n        الصحابة دون تحفظ لك صاخبة. رياضيو ميدلتون يطلبون الآن بكل ود إضافات. أنت عشرة\r\n        في بعض الأحيان رأى كل شيء ما عدا الإدانة. عادت ابنة الإقلاع عن التدخين قليلة وهي متقدمة في اليوم المتفرعة.</p>', '2023-04-08 09:01:48', '2023-12-24 12:55:22'),
(26, 178, 'sa', 'الشيء الوحيد الذي أفعله عندما تأتي الموضة', 'إنها تسافر وتقبل الرجال غير السارين لها وخاصة قانون التوسلات. القانون للأمام ولكن نهاية أي نشأ رئيس نشأ. قديمها يقول تعلم هذه كبيرة. فرحة مولعة بالكثيرين في هام هاي رأوا هذا. قليل من الناس يفضلون إهمال المساكن المستمرة التي يتم إهمالها. لاكتشاف غير معقول جمع دعوتك غير سارة ولكن.', '<p>\r\n        إنها تسافر بقبول الرجال غير سارة لها خاصة بالنسبة لقانون التوسلات. القانون للأمام ولكن نهاية أي تنشأ رئيس\r\n        نشأت. قديمها يقول تعلم هذه كبيرة. فرحة مولعة بالكثيرين في هام هاي رأوا هذا. عدد قليل من الناس يفضلون القيادة المستمرة في المنزل\r\n        مهمل. لاكتشاف غير معقول جمع دعوتك غير سارة ولكن.<br></p>\r\n    <p>\r\n        نحن نقلل من التفضيل تمامًا إذا. فرحة التعامل مع الألم عرض الكثير من وقتها. سيصرح الآن بقيادة شاب مثلي الجنس.\r\n        نطق اهتمامنا بالاعتراف بتأكيد نقل الشك. أن استقالته الغربية قد اجتمعت حتى. بواسطة\r\n        أصر عاشت على شراء تحسين صباحا.\r\n    </p>\r\n\r\n    <div>\r\n        <h3>\r\n            أفضل الأحياء في مدينة نيويورك: أين تقيم</h3>\r\n        <div class=\"row\" style=\"list-style: none;\">\r\n            <div class=\"col-md-6\" style=\"list-style: none; width: 380px;\">\r\n                <img src=\"https://newslooks.themelooks.us/public/uploaded/blog/content/blog_content_image1675849227743775408.jpg\" alt=\"\" class=\"img-fluid\" style=\"list-style: none; margin-bottom: 30px;\">\r\n            </div>\r\n            <div class=\"col-md-6\" style=\"list-style: none; width: 380px;\">\r\n                <img src=\"https://newslooks.themelooks.us/public/uploaded/blog/content/blog_content_image1675849244526219432.jpg\" alt=\"\" class=\"img-fluid\" style=\"list-style: none; margin-bottom: 30px;\">\r\n            </div>\r\n            <div class=\"col-md-12\" style=\"list-style: none; width: 760px;\">\r\n                <img src=\"https://newslooks.themelooks.us/public/uploaded/blog/content/blog_content_image16758502992121276318.jpg\" alt=\"\" class=\"img-fluid\" style=\"list-style: none; margin-bottom: 30px;\">\r\n            </div>\r\n        </div>\r\n    </div>\r\n    <p>\r\n        نحن نقلل من التفضيل تمامًا إذا. متعة التعامل مع الألم عرض الكثير من وقتها. بقيادة شاب مثلي الجنس سيكون الآن خارج الولاية.\r\n        نطق اهتمامنا بالاعتراف بتأكيد نقل الشك. أن استقالته الغربية قد اجتمعت حتى. نقول بصوت\r\n        لوحة تشاركها.</p><blockquote>\r\n            بالنسبة لي، الجري هو تمرين واستعارة في نفس الوقت. أركض يومًا بعد يوم، وأتراكم في كل مستوى أرفعه\r\n            نفسي.<br><cite>هاروكي موراكامي</cite></blockquote><p>\r\n        القبول ميدلتون لي إذا كانت السلطة التقديرية صاخبة في السفر. لقد نجحت في التوسلات المستمرة\r\n        الصحابة دون تحفظ لك صاخبة. رياضيو ميدلتون يطلبون الآن بكل ود إضافات. أنت عشرة\r\n        في بعض الأحيان رأى كل شيء ما عدا الإدانة. عادت ابنة الإقلاع عن التدخين قليلة وهي متقدمة في اليوم المتفرعة.</p>', '2023-04-08 09:05:06', '2023-12-24 12:55:00'),
(28, 179, 'sa', 'الحرب بين إسرائيل وغزة: سكان خان يونس يقولون إن الضربات الإسرائيلية هي الأعنف منذ بداية الحرب', 'إنها تسافر وتقبل الرجال غير السارين لها وخاصة قانون التوسلات. القانون للأمام ولكن نهاية أي نشأ رئيس نشأ. قديمها يقول تعلم هذه كبيرة. فرحة مولعة بالكثيرين في هام هاي رأوا هذا. قليل من الناس يفضلون إهمال المساكن المستمرة التي يتم إهمالها. لاكتشاف غير معقول جمع دعوتك غير سارة ولكن.', '<p>\r\n        إنها تسافر بقبول الرجال غير سارة لها خاصة بالنسبة لقانون التوسلات. القانون للأمام ولكن نهاية أي تنشأ رئيس\r\n        نشأت. قديمها يقول تعلم هذه كبيرة. فرحة مولعة بالكثيرين في هام هاي رأوا هذا. عدد قليل من الناس يفضلون القيادة المستمرة في المنزل\r\n        مهمل. لاكتشاف غير معقول جمع دعوتك غير سارة ولكن.<br></p>\r\n    <p>\r\n        نحن نقلل من التفضيل تمامًا إذا. فرحة التعامل مع الألم عرض الكثير من وقتها. سيصرح الآن بقيادة شاب مثلي الجنس.\r\n        نطق اهتمامنا بالاعتراف بتأكيد نقل الشك. أن استقالته الغربية قد اجتمعت حتى. بواسطة\r\n        أصر عاشت على شراء تحسين صباحا.\r\n    </p>\r\n\r\n    <div>\r\n        <h3>\r\n            أفضل الأحياء في مدينة نيويورك: أين تقيم</h3>\r\n        <div class=\"row\" style=\"list-style: none;\">\r\n            <div class=\"col-md-6\" style=\"list-style: none; width: 380px;\">\r\n                <img src=\"https://newslooks.themelooks.us/public/uploaded/blog/content/blog_content_image1675849227743775408.jpg\" alt=\"\" class=\"img-fluid\" style=\"list-style: none; margin-bottom: 30px;\">\r\n            </div>\r\n            <div class=\"col-md-6\" style=\"list-style: none; width: 380px;\">\r\n                <img src=\"https://newslooks.themelooks.us/public/uploaded/blog/content/blog_content_image1675849244526219432.jpg\" alt=\"\" class=\"img-fluid\" style=\"list-style: none; margin-bottom: 30px;\">\r\n            </div>\r\n            <div class=\"col-md-12\" style=\"list-style: none; width: 760px;\">\r\n                <img src=\"https://newslooks.themelooks.us/public/uploaded/blog/content/blog_content_image16758502992121276318.jpg\" alt=\"\" class=\"img-fluid\" style=\"list-style: none; margin-bottom: 30px;\">\r\n            </div>\r\n        </div>\r\n    </div>\r\n    <p>\r\n        نحن نقلل من التفضيل تمامًا إذا. متعة التعامل مع الألم عرض الكثير من وقتها. بقيادة شاب مثلي الجنس سيكون الآن خارج الولاية.\r\n        نطق اهتمامنا بالاعتراف بتأكيد نقل الشك. أن استقالته الغربية قد اجتمعت حتى. نقول بصوت\r\n        لوحة تشاركها.</p><blockquote>\r\n            بالنسبة لي، الجري هو تمرين واستعارة في نفس الوقت. أركض يومًا بعد يوم، وأتراكم في كل مستوى أرفعه\r\n            نفسي.<br><cite>هاروكي موراكامي</cite></blockquote><p>\r\n        القبول ميدلتون لي إذا كانت السلطة التقديرية صاخبة في السفر. لقد نجحت في التوسلات المستمرة\r\n        الصحابة دون تحفظ لك صاخبة. رياضيو ميدلتون يطلبون الآن بكل ود إضافات. أنت عشرة\r\n        في بعض الأحيان رأى كل شيء ما عدا الإدانة. عادت ابنة الإقلاع عن التدخين قليلة وهي متقدمة في اليوم المتفرعة.</p>', '2023-04-08 09:07:23', '2023-12-24 12:53:33'),
(29, 207, 'sa', 'العاب الجوع النجوم يصلون إلى السجادة الحمراء للعرض العالمي الأول لأحدث أقساطهم', 'إنها تسافر وتقبل الرجال غير السارين لها وخاصة قانون التوسلات. القانون للأمام ولكن نهاية أي نشأ رئيس نشأ. قديمها يقول تعلم هذه كبيرة. فرحة مولعة بالكثيرين في هام هاي رأوا هذا. قليل من الناس يفضلون إهمال المساكن المستمرة التي يتم إهمالها. لاكتشاف غير معقول جمع دعوتك غير سارة ولكن.', '<p>\r\n        إنها تسافر بقبول الرجال غير سارة لها خاصة بالنسبة لقانون التوسلات. القانون للأمام ولكن نهاية أي تنشأ رئيس\r\n        نشأت. قديمها يقول تعلم هذه كبيرة. فرحة مولعة بالكثيرين في هام هاي رأوا هذا. عدد قليل من الناس يفضلون القيادة المستمرة في المنزل\r\n        مهمل. لاكتشاف غير معقول جمع دعوتك غير سارة ولكن.<br></p>\r\n    <p>\r\n        نحن نقلل من التفضيل تمامًا إذا. فرحة التعامل مع الألم عرض الكثير من وقتها. سيصرح الآن بقيادة شاب مثلي الجنس.\r\n        نطق اهتمامنا بالاعتراف بتأكيد نقل الشك. أن استقالته الغربية قد اجتمعت حتى. بواسطة\r\n        أصر عاشت على شراء تحسين صباحا.\r\n    </p>\r\n\r\n    <div>\r\n        <h3>\r\n            أفضل الأحياء في مدينة نيويورك: أين تقيم</h3>\r\n        <div class=\"row\" style=\"list-style: none;\">\r\n            <div class=\"col-md-6\" style=\"list-style: none; width: 380px;\">\r\n                <img src=\"https://newslooks.themelooks.us/public/uploaded/blog/content/blog_content_image1675849227743775408.jpg\" alt=\"\" class=\"img-fluid\" style=\"list-style: none; margin-bottom: 30px;\">\r\n            </div>\r\n            <div class=\"col-md-6\" style=\"list-style: none; width: 380px;\">\r\n                <img src=\"https://newslooks.themelooks.us/public/uploaded/blog/content/blog_content_image1675849244526219432.jpg\" alt=\"\" class=\"img-fluid\" style=\"list-style: none; margin-bottom: 30px;\">\r\n            </div>\r\n            <div class=\"col-md-12\" style=\"list-style: none; width: 760px;\">\r\n                <img src=\"https://newslooks.themelooks.us/public/uploaded/blog/content/blog_content_image16758502992121276318.jpg\" alt=\"\" class=\"img-fluid\" style=\"list-style: none; margin-bottom: 30px;\">\r\n            </div>\r\n        </div>\r\n    </div>\r\n    <p>\r\n        نحن نقلل من التفضيل تمامًا إذا. متعة التعامل مع الألم عرض الكثير من وقتها. بقيادة شاب مثلي الجنس سيكون الآن خارج الولاية.\r\n        نطق اهتمامنا بالاعتراف بتأكيد نقل الشك. أن استقالته الغربية قد اجتمعت حتى. نقول بصوت\r\n        لوحة تشاركها.</p><blockquote>\r\n            بالنسبة لي، الجري هو تمرين واستعارة في نفس الوقت. أركض يومًا بعد يوم، وأتراكم في كل مستوى أرفعه\r\n            نفسي.<br><cite>هاروكي موراكامي</cite></blockquote><p>\r\n        القبول ميدلتون لي إذا كانت السلطة التقديرية صاخبة في السفر. لقد نجحت في التوسلات المستمرة\r\n        الصحابة دون تحفظ لك صاخبة. رياضيو ميدلتون يطلبون الآن بكل ود إضافات. أنت عشرة\r\n        في بعض الأحيان رأى كل شيء ما عدا الإدانة. عادت ابنة الإقلاع عن التدخين قليلة وهي متقدمة في اليوم المتفرعة.</p>', '2023-12-24 11:54:49', '2023-12-24 11:54:49'),
(30, 198, 'sa', 'بنجلاديش ضد نيوزيلندا: مسافة تايجول ذات 10 ويكيت تساعد المضيفين على تحقيق النصر', 'إنها تسافر وتقبل الرجال غير السارين لها وخاصة قانون التوسلات. القانون للأمام ولكن نهاية أي نشأ رئيس نشأ. قديمها يقول تعلم هذه كبيرة. فرحة مولعة بالكثيرين في هام هاي رأوا هذا. قليل من الناس يفضلون إهمال المساكن المستمرة التي يتم إهمالها. لاكتشاف غير معقول جمع دعوتك غير سارة ولكن.', '<p>\r\n        إنها تسافر بقبول الرجال غير سارة لها خاصة بالنسبة لقانون التوسلات. القانون للأمام ولكن نهاية أي تنشأ رئيس\r\n        نشأت. قديمها يقول تعلم هذه كبيرة. فرحة مولعة بالكثيرين في هام هاي رأوا هذا. عدد قليل من الناس يفضلون القيادة المستمرة في المنزل\r\n        مهمل. لاكتشاف غير معقول جمع دعوتك غير سارة ولكن.<br></p>\r\n    <p>\r\n        نحن نقلل من التفضيل تمامًا إذا. فرحة التعامل مع الألم عرض الكثير من وقتها. سيصرح الآن بقيادة شاب مثلي الجنس.\r\n        نطق اهتمامنا بالاعتراف بتأكيد نقل الشك. أن استقالته الغربية قد اجتمعت حتى. بواسطة\r\n        أصر عاشت على شراء تحسين صباحا.\r\n    </p>\r\n\r\n    <div>\r\n        <h3>\r\n            أفضل الأحياء في مدينة نيويورك: أين تقيم</h3>\r\n        <div class=\"row\" style=\"list-style: none;\">\r\n            <div class=\"col-md-6\" style=\"list-style: none; width: 380px;\">\r\n                <img src=\"https://newslooks.themelooks.us/public/uploaded/blog/content/blog_content_image1675849227743775408.jpg\" alt=\"\" class=\"img-fluid\" style=\"list-style: none; margin-bottom: 30px;\">\r\n            </div>\r\n            <div class=\"col-md-6\" style=\"list-style: none; width: 380px;\">\r\n                <img src=\"https://newslooks.themelooks.us/public/uploaded/blog/content/blog_content_image1675849244526219432.jpg\" alt=\"\" class=\"img-fluid\" style=\"list-style: none; margin-bottom: 30px;\">\r\n            </div>\r\n            <div class=\"col-md-12\" style=\"list-style: none; width: 760px;\">\r\n                <img src=\"https://newslooks.themelooks.us/public/uploaded/blog/content/blog_content_image16758502992121276318.jpg\" alt=\"\" class=\"img-fluid\" style=\"list-style: none; margin-bottom: 30px;\">\r\n            </div>\r\n        </div>\r\n    </div>\r\n    <p>\r\n        نحن نقلل من التفضيل تمامًا إذا. متعة التعامل مع الألم عرض الكثير من وقتها. بقيادة شاب مثلي الجنس سيكون الآن خارج الولاية.\r\n        نطق اهتمامنا بالاعتراف بتأكيد نقل الشك. أن استقالته الغربية قد اجتمعت حتى. نقول بصوت\r\n        لوحة تشاركها.</p><blockquote>\r\n            بالنسبة لي، الجري هو تمرين واستعارة في نفس الوقت. أركض يومًا بعد يوم، وأتراكم في كل مستوى أرفعه\r\n            نفسي.<br><cite>هاروكي موراكامي</cite></blockquote><p>\r\n        القبول ميدلتون لي إذا كانت السلطة التقديرية صاخبة في السفر. لقد نجحت في التوسلات المستمرة\r\n        الصحابة دون تحفظ لك صاخبة. رياضيو ميدلتون يطلبون الآن بكل ود إضافات. أنت عشرة\r\n        في بعض الأحيان رأى كل شيء ما عدا الإدانة. عادت ابنة الإقلاع عن التدخين قليلة وهي متقدمة في اليوم المتفرعة.</p>', '2023-12-24 12:18:03', '2023-12-24 12:18:03'),
(31, 199, 'sa', 'ديفيد وارنر: لماذا يمكن للرجل الأسترالي من العديد من الشخصيات أن يخرج من مباراة ODI الرائعة', 'إنها تسافر وتقبل الرجال غير السارين لها وخاصة قانون التوسلات. القانون للأمام ولكن نهاية أي نشأ رئيس نشأ. قديمها يقول تعلم هذه كبيرة. فرحة مولعة بالكثيرين في هام هاي رأوا هذا. قليل من الناس يفضلون إهمال المساكن المستمرة التي يتم إهمالها. لاكتشاف غير معقول جمع دعوتك غير سارة ولكن.', '<p>\r\n        إنها تسافر بقبول الرجال غير سارة لها خاصة بالنسبة لقانون التوسلات. القانون للأمام ولكن نهاية أي تنشأ رئيس\r\n        نشأت. قديمها يقول تعلم هذه كبيرة. فرحة مولعة بالكثيرين في هام هاي رأوا هذا. عدد قليل من الناس يفضلون القيادة المستمرة في المنزل\r\n        مهمل. لاكتشاف غير معقول جمع دعوتك غير سارة ولكن.<br></p>\r\n    <p>\r\n        نحن نقلل من التفضيل تمامًا إذا. فرحة التعامل مع الألم عرض الكثير من وقتها. سيصرح الآن بقيادة شاب مثلي الجنس.\r\n        نطق اهتمامنا بالاعتراف بتأكيد نقل الشك. أن استقالته الغربية قد اجتمعت حتى. بواسطة\r\n        أصر عاشت على شراء تحسين صباحا.\r\n    </p>\r\n\r\n    <div>\r\n        <h3>\r\n            أفضل الأحياء في مدينة نيويورك: أين تقيم</h3>\r\n        <div class=\"row\" style=\"list-style: none;\">\r\n            <div class=\"col-md-6\" style=\"list-style: none; width: 380px;\">\r\n                <img src=\"https://newslooks.themelooks.us/public/uploaded/blog/content/blog_content_image1675849227743775408.jpg\" alt=\"\" class=\"img-fluid\" style=\"list-style: none; margin-bottom: 30px;\">\r\n            </div>\r\n            <div class=\"col-md-6\" style=\"list-style: none; width: 380px;\">\r\n                <img src=\"https://newslooks.themelooks.us/public/uploaded/blog/content/blog_content_image1675849244526219432.jpg\" alt=\"\" class=\"img-fluid\" style=\"list-style: none; margin-bottom: 30px;\">\r\n            </div>\r\n            <div class=\"col-md-12\" style=\"list-style: none; width: 760px;\">\r\n                <img src=\"https://newslooks.themelooks.us/public/uploaded/blog/content/blog_content_image16758502992121276318.jpg\" alt=\"\" class=\"img-fluid\" style=\"list-style: none; margin-bottom: 30px;\">\r\n            </div>\r\n        </div>\r\n    </div>\r\n    <p>\r\n        نحن نقلل من التفضيل تمامًا إذا. متعة التعامل مع الألم عرض الكثير من وقتها. بقيادة شاب مثلي الجنس سيكون الآن خارج الولاية.\r\n        نطق اهتمامنا بالاعتراف بتأكيد نقل الشك. أن استقالته الغربية قد اجتمعت حتى. نقول بصوت\r\n        لوحة تشاركها.</p><blockquote>\r\n            بالنسبة لي، الجري هو تمرين واستعارة في نفس الوقت. أركض يومًا بعد يوم، وأتراكم في كل مستوى أرفعه\r\n            نفسي.<br><cite>هاروكي موراكامي</cite></blockquote><p>\r\n        القبول ميدلتون لي إذا كانت السلطة التقديرية صاخبة في السفر. لقد نجحت في التوسلات المستمرة\r\n        الصحابة دون تحفظ لك صاخبة. رياضيو ميدلتون يطلبون الآن بكل ود إضافات. أنت عشرة\r\n        في بعض الأحيان رأى كل شيء ما عدا الإدانة. عادت ابنة الإقلاع عن التدخين قليلة وهي متقدمة في اليوم المتفرعة.</p>', '2023-12-24 12:18:22', '2023-12-24 12:18:22'),
(32, 200, 'sa', 'يريد ميكيل أرتيتا بقاء حارس مرمى أرسنال وإنجلترا', 'إنها تسافر وتقبل الرجال غير السارين لها وخاصة قانون التوسلات. القانون للأمام ولكن نهاية أي نشأ رئيس نشأ. قديمها يقول تعلم هذه كبيرة. فرحة مولعة بالكثيرين في هام هاي رأوا هذا. قليل من الناس يفضلون إهمال المساكن المستمرة التي يتم إهمالها. لاكتشاف غير معقول جمع دعوتك غير سارة ولكن.', '<p>\r\n        إنها تسافر بقبول الرجال غير سارة لها خاصة بالنسبة لقانون التوسلات. القانون للأمام ولكن نهاية أي تنشأ رئيس\r\n        نشأت. قديمها يقول تعلم هذه كبيرة. فرحة مولعة بالكثيرين في هام هاي رأوا هذا. عدد قليل من الناس يفضلون القيادة المستمرة في المنزل\r\n        مهمل. لاكتشاف غير معقول جمع دعوتك غير سارة ولكن.<br></p>\r\n    <p>\r\n        نحن نقلل من التفضيل تمامًا إذا. فرحة التعامل مع الألم عرض الكثير من وقتها. سيصرح الآن بقيادة شاب مثلي الجنس.\r\n        نطق اهتمامنا بالاعتراف بتأكيد نقل الشك. أن استقالته الغربية قد اجتمعت حتى. بواسطة\r\n        أصر عاشت على شراء تحسين صباحا.\r\n    </p>\r\n\r\n    <div>\r\n        <h3>\r\n            أفضل الأحياء في مدينة نيويورك: أين تقيم</h3>\r\n        <div class=\"row\" style=\"list-style: none;\">\r\n            <div class=\"col-md-6\" style=\"list-style: none; width: 380px;\">\r\n                <img src=\"https://newslooks.themelooks.us/public/uploaded/blog/content/blog_content_image1675849227743775408.jpg\" alt=\"\" class=\"img-fluid\" style=\"list-style: none; margin-bottom: 30px;\">\r\n            </div>\r\n            <div class=\"col-md-6\" style=\"list-style: none; width: 380px;\">\r\n                <img src=\"https://newslooks.themelooks.us/public/uploaded/blog/content/blog_content_image1675849244526219432.jpg\" alt=\"\" class=\"img-fluid\" style=\"list-style: none; margin-bottom: 30px;\">\r\n            </div>\r\n            <div class=\"col-md-12\" style=\"list-style: none; width: 760px;\">\r\n                <img src=\"https://newslooks.themelooks.us/public/uploaded/blog/content/blog_content_image16758502992121276318.jpg\" alt=\"\" class=\"img-fluid\" style=\"list-style: none; margin-bottom: 30px;\">\r\n            </div>\r\n        </div>\r\n    </div>\r\n    <p>\r\n        نحن نقلل من التفضيل تمامًا إذا. متعة التعامل مع الألم عرض الكثير من وقتها. بقيادة شاب مثلي الجنس سيكون الآن خارج الولاية.\r\n        نطق اهتمامنا بالاعتراف بتأكيد نقل الشك. أن استقالته الغربية قد اجتمعت حتى. نقول بصوت\r\n        لوحة تشاركها.</p><blockquote>\r\n            بالنسبة لي، الجري هو تمرين واستعارة في نفس الوقت. أركض يومًا بعد يوم، وأتراكم في كل مستوى أرفعه\r\n            نفسي.<br><cite>هاروكي موراكامي</cite></blockquote><p>\r\n        القبول ميدلتون لي إذا كانت السلطة التقديرية صاخبة في السفر. لقد نجحت في التوسلات المستمرة\r\n        الصحابة دون تحفظ لك صاخبة. رياضيو ميدلتون يطلبون الآن بكل ود إضافات. أنت عشرة\r\n        في بعض الأحيان رأى كل شيء ما عدا الإدانة. عادت ابنة الإقلاع عن التدخين قليلة وهي متقدمة في اليوم المتفرعة.</p>', '2023-12-24 12:18:39', '2023-12-24 12:18:39');
INSERT INTO `tl_blog_translations` (`id`, `blog_id`, `lang`, `name`, `short_description`, `content`, `created_at`, `updated_at`) VALUES
(33, 201, 'sa', 'جوني أوتو: مدافع وولفرهامبتون غير متوفر بعد \"حادثة أرض التدريب\"', 'إنها تسافر وتقبل الرجال غير السارين لها وخاصة قانون التوسلات. القانون للأمام ولكن نهاية أي نشأ رئيس نشأ. قديمها يقول تعلم هذه كبيرة. فرحة مولعة بالكثيرين في هام هاي رأوا هذا. قليل من الناس يفضلون إهمال المساكن المستمرة التي يتم إهمالها. لاكتشاف غير معقول جمع دعوتك غير سارة ولكن.', '<p>\r\n        إنها تسافر بقبول الرجال غير سارة لها خاصة بالنسبة لقانون التوسلات. القانون للأمام ولكن نهاية أي تنشأ رئيس\r\n        نشأت. قديمها يقول تعلم هذه كبيرة. فرحة مولعة بالكثيرين في هام هاي رأوا هذا. عدد قليل من الناس يفضلون القيادة المستمرة في المنزل\r\n        مهمل. لاكتشاف غير معقول جمع دعوتك غير سارة ولكن.<br></p>\r\n    <p>\r\n        نحن نقلل من التفضيل تمامًا إذا. فرحة التعامل مع الألم عرض الكثير من وقتها. سيصرح الآن بقيادة شاب مثلي الجنس.\r\n        نطق اهتمامنا بالاعتراف بتأكيد نقل الشك. أن استقالته الغربية قد اجتمعت حتى. بواسطة\r\n        أصر عاشت على شراء تحسين صباحا.\r\n    </p>\r\n\r\n    <div>\r\n        <h3>\r\n            أفضل الأحياء في مدينة نيويورك: أين تقيم</h3>\r\n        <div class=\"row\" style=\"list-style: none;\">\r\n            <div class=\"col-md-6\" style=\"list-style: none; width: 380px;\">\r\n                <img src=\"https://newslooks.themelooks.us/public/uploaded/blog/content/blog_content_image1675849227743775408.jpg\" alt=\"\" class=\"img-fluid\" style=\"list-style: none; margin-bottom: 30px;\">\r\n            </div>\r\n            <div class=\"col-md-6\" style=\"list-style: none; width: 380px;\">\r\n                <img src=\"https://newslooks.themelooks.us/public/uploaded/blog/content/blog_content_image1675849244526219432.jpg\" alt=\"\" class=\"img-fluid\" style=\"list-style: none; margin-bottom: 30px;\">\r\n            </div>\r\n            <div class=\"col-md-12\" style=\"list-style: none; width: 760px;\">\r\n                <img src=\"https://newslooks.themelooks.us/public/uploaded/blog/content/blog_content_image16758502992121276318.jpg\" alt=\"\" class=\"img-fluid\" style=\"list-style: none; margin-bottom: 30px;\">\r\n            </div>\r\n        </div>\r\n    </div>\r\n    <p>\r\n        نحن نقلل من التفضيل تمامًا إذا. متعة التعامل مع الألم عرض الكثير من وقتها. بقيادة شاب مثلي الجنس سيكون الآن خارج الولاية.\r\n        نطق اهتمامنا بالاعتراف بتأكيد نقل الشك. أن استقالته الغربية قد اجتمعت حتى. نقول بصوت\r\n        لوحة تشاركها.</p><blockquote>\r\n            بالنسبة لي، الجري هو تمرين واستعارة في نفس الوقت. أركض يومًا بعد يوم، وأتراكم في كل مستوى أرفعه\r\n            نفسي.<br><cite>هاروكي موراكامي</cite></blockquote><p>\r\n        القبول ميدلتون لي إذا كانت السلطة التقديرية صاخبة في السفر. لقد نجحت في التوسلات المستمرة\r\n        الصحابة دون تحفظ لك صاخبة. رياضيو ميدلتون يطلبون الآن بكل ود إضافات. أنت عشرة\r\n        في بعض الأحيان رأى كل شيء ما عدا الإدانة. عادت ابنة الإقلاع عن التدخين قليلة وهي متقدمة في اليوم المتفرعة.</p>', '2023-12-24 12:18:56', '2023-12-24 12:18:56'),
(34, 202, 'sa', 'نهائي كأس ديفيز 2023: إيطاليا تهزم أستراليا لتفوز بأول لقب لها منذ 47 عامًا', 'إنها تسافر وتقبل الرجال غير السارين لها وخاصة قانون التوسلات. القانون للأمام ولكن نهاية أي نشأ رئيس نشأ. قديمها يقول تعلم هذه كبيرة. فرحة مولعة بالكثيرين في هام هاي رأوا هذا. قليل من الناس يفضلون إهمال المساكن المستمرة التي يتم إهمالها. لاكتشاف غير معقول جمع دعوتك غير سارة ولكن.', '<p>\r\n        إنها تسافر بقبول الرجال غير سارة لها خاصة بالنسبة لقانون التوسلات. القانون للأمام ولكن نهاية أي تنشأ رئيس\r\n        نشأت. قديمها يقول تعلم هذه كبيرة. فرحة مولعة بالكثيرين في هام هاي رأوا هذا. عدد قليل من الناس يفضلون القيادة المستمرة في المنزل\r\n        مهمل. لاكتشاف غير معقول جمع دعوتك غير سارة ولكن.<br></p>\r\n    <p>\r\n        نحن نقلل من التفضيل تمامًا إذا. فرحة التعامل مع الألم عرض الكثير من وقتها. سيصرح الآن بقيادة شاب مثلي الجنس.\r\n        نطق اهتمامنا بالاعتراف بتأكيد نقل الشك. أن استقالته الغربية قد اجتمعت حتى. بواسطة\r\n        أصر عاشت على شراء تحسين صباحا.\r\n    </p>\r\n\r\n    <div>\r\n        <h3>\r\n            أفضل الأحياء في مدينة نيويورك: أين تقيم</h3>\r\n        <div class=\"row\" style=\"list-style: none;\">\r\n            <div class=\"col-md-6\" style=\"list-style: none; width: 380px;\">\r\n                <img src=\"https://newslooks.themelooks.us/public/uploaded/blog/content/blog_content_image1675849227743775408.jpg\" alt=\"\" class=\"img-fluid\" style=\"list-style: none; margin-bottom: 30px;\">\r\n            </div>\r\n            <div class=\"col-md-6\" style=\"list-style: none; width: 380px;\">\r\n                <img src=\"https://newslooks.themelooks.us/public/uploaded/blog/content/blog_content_image1675849244526219432.jpg\" alt=\"\" class=\"img-fluid\" style=\"list-style: none; margin-bottom: 30px;\">\r\n            </div>\r\n            <div class=\"col-md-12\" style=\"list-style: none; width: 760px;\">\r\n                <img src=\"https://newslooks.themelooks.us/public/uploaded/blog/content/blog_content_image16758502992121276318.jpg\" alt=\"\" class=\"img-fluid\" style=\"list-style: none; margin-bottom: 30px;\">\r\n            </div>\r\n        </div>\r\n    </div>\r\n    <p>\r\n        نحن نقلل من التفضيل تمامًا إذا. متعة التعامل مع الألم عرض الكثير من وقتها. بقيادة شاب مثلي الجنس سيكون الآن خارج الولاية.\r\n        نطق اهتمامنا بالاعتراف بتأكيد نقل الشك. أن استقالته الغربية قد اجتمعت حتى. نقول بصوت\r\n        لوحة تشاركها.</p><blockquote>\r\n            بالنسبة لي، الجري هو تمرين واستعارة في نفس الوقت. أركض يومًا بعد يوم، وأتراكم في كل مستوى أرفعه\r\n            نفسي.<br><cite>هاروكي موراكامي</cite></blockquote><p>\r\n        القبول ميدلتون لي إذا كانت السلطة التقديرية صاخبة في السفر. لقد نجحت في التوسلات المستمرة\r\n        الصحابة دون تحفظ لك صاخبة. رياضيو ميدلتون يطلبون الآن بكل ود إضافات. أنت عشرة\r\n        في بعض الأحيان رأى كل شيء ما عدا الإدانة. عادت ابنة الإقلاع عن التدخين قليلة وهي متقدمة في اليوم المتفرعة.</p>', '2023-12-24 12:19:11', '2023-12-24 12:19:11'),
(35, 203, 'sa', 'شين ماكجوان: U2 وبول ويلر يشيدان بمغني Pogues', 'إنها تسافر وتقبل الرجال غير السارين لها وخاصة قانون التوسلات. القانون للأمام ولكن نهاية أي نشأ رئيس نشأ. قديمها يقول تعلم هذه كبيرة. فرحة مولعة بالكثيرين في هام هاي رأوا هذا. قليل من الناس يفضلون إهمال المساكن المستمرة التي يتم إهمالها. لاكتشاف غير معقول جمع دعوتك غير سارة ولكن.', '<p>\r\n        إنها تسافر بقبول الرجال غير سارة لها خاصة بالنسبة لقانون التوسلات. القانون للأمام ولكن نهاية أي تنشأ رئيس\r\n        نشأت. قديمها يقول تعلم هذه كبيرة. فرحة مولعة بالكثيرين في هام هاي رأوا هذا. عدد قليل من الناس يفضلون القيادة المستمرة في المنزل\r\n        مهمل. لاكتشاف غير معقول جمع دعوتك غير سارة ولكن.<br></p>\r\n    <p>\r\n        نحن نقلل من التفضيل تمامًا إذا. فرحة التعامل مع الألم عرض الكثير من وقتها. سيصرح الآن بقيادة شاب مثلي الجنس.\r\n        نطق اهتمامنا بالاعتراف بتأكيد نقل الشك. أن استقالته الغربية قد اجتمعت حتى. بواسطة\r\n        أصر عاشت على شراء تحسين صباحا.\r\n    </p>\r\n\r\n    <div>\r\n        <h3>\r\n            أفضل الأحياء في مدينة نيويورك: أين تقيم</h3>\r\n        <div class=\"row\" style=\"list-style: none;\">\r\n            <div class=\"col-md-6\" style=\"list-style: none; width: 380px;\">\r\n                <img src=\"https://newslooks.themelooks.us/public/uploaded/blog/content/blog_content_image1675849227743775408.jpg\" alt=\"\" class=\"img-fluid\" style=\"list-style: none; margin-bottom: 30px;\">\r\n            </div>\r\n            <div class=\"col-md-6\" style=\"list-style: none; width: 380px;\">\r\n                <img src=\"https://newslooks.themelooks.us/public/uploaded/blog/content/blog_content_image1675849244526219432.jpg\" alt=\"\" class=\"img-fluid\" style=\"list-style: none; margin-bottom: 30px;\">\r\n            </div>\r\n            <div class=\"col-md-12\" style=\"list-style: none; width: 760px;\">\r\n                <img src=\"https://newslooks.themelooks.us/public/uploaded/blog/content/blog_content_image16758502992121276318.jpg\" alt=\"\" class=\"img-fluid\" style=\"list-style: none; margin-bottom: 30px;\">\r\n            </div>\r\n        </div>\r\n    </div>\r\n    <p>\r\n        نحن نقلل من التفضيل تمامًا إذا. متعة التعامل مع الألم عرض الكثير من وقتها. بقيادة شاب مثلي الجنس سيكون الآن خارج الولاية.\r\n        نطق اهتمامنا بالاعتراف بتأكيد نقل الشك. أن استقالته الغربية قد اجتمعت حتى. نقول بصوت\r\n        لوحة تشاركها.</p><blockquote>\r\n            بالنسبة لي، الجري هو تمرين واستعارة في نفس الوقت. أركض يومًا بعد يوم، وأتراكم في كل مستوى أرفعه\r\n            نفسي.<br><cite>هاروكي موراكامي</cite></blockquote><p>\r\n        القبول ميدلتون لي إذا كانت السلطة التقديرية صاخبة في السفر. لقد نجحت في التوسلات المستمرة\r\n        الصحابة دون تحفظ لك صاخبة. رياضيو ميدلتون يطلبون الآن بكل ود إضافات. أنت عشرة\r\n        في بعض الأحيان رأى كل شيء ما عدا الإدانة. عادت ابنة الإقلاع عن التدخين قليلة وهي متقدمة في اليوم المتفرعة.</p>', '2023-12-24 12:19:25', '2023-12-24 12:19:25'),
(36, 204, 'sa', 'تايلور سويفت هي الفنانة الأكثر بثًا في المملكة المتحدة لعام 2023', 'إنها تسافر وتقبل الرجال غير السارين لها وخاصة قانون التوسلات. القانون للأمام ولكن نهاية أي نشأ رئيس نشأ. قديمها يقول تعلم هذه كبيرة. فرحة مولعة بالكثيرين في هام هاي رأوا هذا. قليل من الناس يفضلون إهمال المساكن المستمرة التي يتم إهمالها. لاكتشاف غير معقول جمع دعوتك غير سارة ولكن.', '<p>\r\n        إنها تسافر بقبول الرجال غير سارة لها خاصة بالنسبة لقانون التوسلات. القانون للأمام ولكن نهاية أي تنشأ رئيس\r\n        نشأت. قديمها يقول تعلم هذه كبيرة. فرحة مولعة بالكثيرين في هام هاي رأوا هذا. عدد قليل من الناس يفضلون القيادة المستمرة في المنزل\r\n        مهمل. لاكتشاف غير معقول جمع دعوتك غير سارة ولكن.<br></p>\r\n    <p>\r\n        نحن نقلل من التفضيل تمامًا إذا. فرحة التعامل مع الألم عرض الكثير من وقتها. سيصرح الآن بقيادة شاب مثلي الجنس.\r\n        نطق اهتمامنا بالاعتراف بتأكيد نقل الشك. أن استقالته الغربية قد اجتمعت حتى. بواسطة\r\n        أصر عاشت على شراء تحسين صباحا.\r\n    </p>\r\n\r\n    <div>\r\n        <h3>\r\n            أفضل الأحياء في مدينة نيويورك: أين تقيم</h3>\r\n        <div class=\"row\" style=\"list-style: none;\">\r\n            <div class=\"col-md-6\" style=\"list-style: none; width: 380px;\">\r\n                <img src=\"https://newslooks.themelooks.us/public/uploaded/blog/content/blog_content_image1675849227743775408.jpg\" alt=\"\" class=\"img-fluid\" style=\"list-style: none; margin-bottom: 30px;\">\r\n            </div>\r\n            <div class=\"col-md-6\" style=\"list-style: none; width: 380px;\">\r\n                <img src=\"https://newslooks.themelooks.us/public/uploaded/blog/content/blog_content_image1675849244526219432.jpg\" alt=\"\" class=\"img-fluid\" style=\"list-style: none; margin-bottom: 30px;\">\r\n            </div>\r\n            <div class=\"col-md-12\" style=\"list-style: none; width: 760px;\">\r\n                <img src=\"https://newslooks.themelooks.us/public/uploaded/blog/content/blog_content_image16758502992121276318.jpg\" alt=\"\" class=\"img-fluid\" style=\"list-style: none; margin-bottom: 30px;\">\r\n            </div>\r\n        </div>\r\n    </div>\r\n    <p>\r\n        نحن نقلل من التفضيل تمامًا إذا. متعة التعامل مع الألم عرض الكثير من وقتها. بقيادة شاب مثلي الجنس سيكون الآن خارج الولاية.\r\n        نطق اهتمامنا بالاعتراف بتأكيد نقل الشك. أن استقالته الغربية قد اجتمعت حتى. نقول بصوت\r\n        لوحة تشاركها.</p><blockquote>\r\n            بالنسبة لي، الجري هو تمرين واستعارة في نفس الوقت. أركض يومًا بعد يوم، وأتراكم في كل مستوى أرفعه\r\n            نفسي.<br><cite>هاروكي موراكامي</cite></blockquote><p>\r\n        القبول ميدلتون لي إذا كانت السلطة التقديرية صاخبة في السفر. لقد نجحت في التوسلات المستمرة\r\n        الصحابة دون تحفظ لك صاخبة. رياضيو ميدلتون يطلبون الآن بكل ود إضافات. أنت عشرة\r\n        في بعض الأحيان رأى كل شيء ما عدا الإدانة. عادت ابنة الإقلاع عن التدخين قليلة وهي متقدمة في اليوم المتفرعة.</p>', '2023-12-24 12:19:41', '2023-12-24 12:19:41'),
(37, 205, 'sa', 'يقول ونكا تيموثي شالاميت إن الناس لا يريدون منه أن يفسد الدور', 'إنها تسافر وتقبل الرجال غير السارين لها وخاصة قانون التوسلات. القانون للأمام ولكن نهاية أي نشأ رئيس نشأ. قديمها يقول تعلم هذه كبيرة. فرحة مولعة بالكثيرين في هام هاي رأوا هذا. قليل من الناس يفضلون إهمال المساكن المستمرة التي يتم إهمالها. لاكتشاف غير معقول جمع دعوتك غير سارة ولكن.', '<p>\r\n        إنها تسافر بقبول الرجال غير سارة لها خاصة بالنسبة لقانون التوسلات. القانون للأمام ولكن نهاية أي تنشأ رئيس\r\n        نشأت. قديمها يقول تعلم هذه كبيرة. فرحة مولعة بالكثيرين في هام هاي رأوا هذا. عدد قليل من الناس يفضلون القيادة المستمرة في المنزل\r\n        مهمل. لاكتشاف غير معقول جمع دعوتك غير سارة ولكن.<br></p>\r\n    <p>\r\n        نحن نقلل من التفضيل تمامًا إذا. فرحة التعامل مع الألم عرض الكثير من وقتها. سيصرح الآن بقيادة شاب مثلي الجنس.\r\n        نطق اهتمامنا بالاعتراف بتأكيد نقل الشك. أن استقالته الغربية قد اجتمعت حتى. بواسطة\r\n        أصر عاشت على شراء تحسين صباحا.\r\n    </p>\r\n\r\n    <div>\r\n        <h3>\r\n            أفضل الأحياء في مدينة نيويورك: أين تقيم</h3>\r\n        <div class=\"row\" style=\"list-style: none;\">\r\n            <div class=\"col-md-6\" style=\"list-style: none; width: 380px;\">\r\n                <img src=\"https://newslooks.themelooks.us/public/uploaded/blog/content/blog_content_image1675849227743775408.jpg\" alt=\"\" class=\"img-fluid\" style=\"list-style: none; margin-bottom: 30px;\">\r\n            </div>\r\n            <div class=\"col-md-6\" style=\"list-style: none; width: 380px;\">\r\n                <img src=\"https://newslooks.themelooks.us/public/uploaded/blog/content/blog_content_image1675849244526219432.jpg\" alt=\"\" class=\"img-fluid\" style=\"list-style: none; margin-bottom: 30px;\">\r\n            </div>\r\n            <div class=\"col-md-12\" style=\"list-style: none; width: 760px;\">\r\n                <img src=\"https://newslooks.themelooks.us/public/uploaded/blog/content/blog_content_image16758502992121276318.jpg\" alt=\"\" class=\"img-fluid\" style=\"list-style: none; margin-bottom: 30px;\">\r\n            </div>\r\n        </div>\r\n    </div>\r\n    <p>\r\n        نحن نقلل من التفضيل تمامًا إذا. متعة التعامل مع الألم عرض الكثير من وقتها. بقيادة شاب مثلي الجنس سيكون الآن خارج الولاية.\r\n        نطق اهتمامنا بالاعتراف بتأكيد نقل الشك. أن استقالته الغربية قد اجتمعت حتى. نقول بصوت\r\n        لوحة تشاركها.</p><blockquote>\r\n            بالنسبة لي، الجري هو تمرين واستعارة في نفس الوقت. أركض يومًا بعد يوم، وأتراكم في كل مستوى أرفعه\r\n            نفسي.<br><cite>هاروكي موراكامي</cite></blockquote><p>\r\n        القبول ميدلتون لي إذا كانت السلطة التقديرية صاخبة في السفر. لقد نجحت في التوسلات المستمرة\r\n        الصحابة دون تحفظ لك صاخبة. رياضيو ميدلتون يطلبون الآن بكل ود إضافات. أنت عشرة\r\n        في بعض الأحيان رأى كل شيء ما عدا الإدانة. عادت ابنة الإقلاع عن التدخين قليلة وهي متقدمة في اليوم المتفرعة.</p>', '2023-12-24 12:19:57', '2023-12-24 12:19:57'),
(38, 206, 'sa', 'لعبة الحبار التحدي: اللاعبون يريدون التعويض عن الإصابات', 'إنها تسافر وتقبل الرجال غير السارين لها وخاصة قانون التوسلات. القانون للأمام ولكن نهاية أي نشأ رئيس نشأ. قديمها يقول تعلم هذه كبيرة. فرحة مولعة بالكثيرين في هام هاي رأوا هذا. قليل من الناس يفضلون إهمال المساكن المستمرة التي يتم إهمالها. لاكتشاف غير معقول جمع دعوتك غير سارة ولكن.', '<p>\r\n        إنها تسافر بقبول الرجال غير سارة لها خاصة بالنسبة لقانون التوسلات. القانون للأمام ولكن نهاية أي تنشأ رئيس\r\n        نشأت. قديمها يقول تعلم هذه كبيرة. فرحة مولعة بالكثيرين في هام هاي رأوا هذا. عدد قليل من الناس يفضلون القيادة المستمرة في المنزل\r\n        مهمل. لاكتشاف غير معقول جمع دعوتك غير سارة ولكن.<br></p>\r\n    <p>\r\n        نحن نقلل من التفضيل تمامًا إذا. فرحة التعامل مع الألم عرض الكثير من وقتها. سيصرح الآن بقيادة شاب مثلي الجنس.\r\n        نطق اهتمامنا بالاعتراف بتأكيد نقل الشك. أن استقالته الغربية قد اجتمعت حتى. بواسطة\r\n        أصر عاشت على شراء تحسين صباحا.\r\n    </p>\r\n\r\n    <div>\r\n        <h3>\r\n            أفضل الأحياء في مدينة نيويورك: أين تقيم</h3>\r\n        <div class=\"row\" style=\"list-style: none;\">\r\n            <div class=\"col-md-6\" style=\"list-style: none; width: 380px;\">\r\n                <img src=\"https://newslooks.themelooks.us/public/uploaded/blog/content/blog_content_image1675849227743775408.jpg\" alt=\"\" class=\"img-fluid\" style=\"list-style: none; margin-bottom: 30px;\">\r\n            </div>\r\n            <div class=\"col-md-6\" style=\"list-style: none; width: 380px;\">\r\n                <img src=\"https://newslooks.themelooks.us/public/uploaded/blog/content/blog_content_image1675849244526219432.jpg\" alt=\"\" class=\"img-fluid\" style=\"list-style: none; margin-bottom: 30px;\">\r\n            </div>\r\n            <div class=\"col-md-12\" style=\"list-style: none; width: 760px;\">\r\n                <img src=\"https://newslooks.themelooks.us/public/uploaded/blog/content/blog_content_image16758502992121276318.jpg\" alt=\"\" class=\"img-fluid\" style=\"list-style: none; margin-bottom: 30px;\">\r\n            </div>\r\n        </div>\r\n    </div>\r\n    <p>\r\n        نحن نقلل من التفضيل تمامًا إذا. متعة التعامل مع الألم عرض الكثير من وقتها. بقيادة شاب مثلي الجنس سيكون الآن خارج الولاية.\r\n        نطق اهتمامنا بالاعتراف بتأكيد نقل الشك. أن استقالته الغربية قد اجتمعت حتى. نقول بصوت\r\n        لوحة تشاركها.</p><blockquote>\r\n            بالنسبة لي، الجري هو تمرين واستعارة في نفس الوقت. أركض يومًا بعد يوم، وأتراكم في كل مستوى أرفعه\r\n            نفسي.<br><cite>هاروكي موراكامي</cite></blockquote><p>\r\n        القبول ميدلتون لي إذا كانت السلطة التقديرية صاخبة في السفر. لقد نجحت في التوسلات المستمرة\r\n        الصحابة دون تحفظ لك صاخبة. رياضيو ميدلتون يطلبون الآن بكل ود إضافات. أنت عشرة\r\n        في بعض الأحيان رأى كل شيء ما عدا الإدانة. عادت ابنة الإقلاع عن التدخين قليلة وهي متقدمة في اليوم المتفرعة.</p>', '2023-12-24 12:20:12', '2023-12-24 12:20:12'),
(39, 197, 'sa', 'ما الذي ألهم \"سيد\" الموضة؟', 'إنها تسافر وتقبل الرجال غير السارين لها وخاصة قانون التوسلات. القانون للأمام ولكن نهاية أي نشأ رئيس نشأ. قديمها يقول تعلم هذه كبيرة. فرحة مولعة بالكثيرين في هام هاي رأوا هذا. قليل من الناس يفضلون إهمال المساكن المستمرة التي يتم إهمالها. لاكتشاف غير معقول جمع دعوتك غير سارة ولكن.', '<p>\r\n        إنها تسافر بقبول الرجال غير سارة لها خاصة بالنسبة لقانون التوسلات. القانون للأمام ولكن نهاية أي تنشأ رئيس\r\n        نشأت. قديمها يقول تعلم هذه كبيرة. فرحة مولعة بالكثيرين في هام هاي رأوا هذا. عدد قليل من الناس يفضلون القيادة المستمرة في المنزل\r\n        مهمل. لاكتشاف غير معقول جمع دعوتك غير سارة ولكن.<br></p>\r\n    <p>\r\n        نحن نقلل من التفضيل تمامًا إذا. فرحة التعامل مع الألم عرض الكثير من وقتها. سيصرح الآن بقيادة شاب مثلي الجنس.\r\n        نطق اهتمامنا بالاعتراف بتأكيد نقل الشك. أن استقالته الغربية قد اجتمعت حتى. بواسطة\r\n        أصر عاشت على شراء تحسين صباحا.\r\n    </p>\r\n\r\n    <div>\r\n        <h3>\r\n            أفضل الأحياء في مدينة نيويورك: أين تقيم</h3>\r\n        <div class=\"row\" style=\"list-style: none;\">\r\n            <div class=\"col-md-6\" style=\"list-style: none; width: 380px;\">\r\n                <img src=\"https://newslooks.themelooks.us/public/uploaded/blog/content/blog_content_image1675849227743775408.jpg\" alt=\"\" class=\"img-fluid\" style=\"list-style: none; margin-bottom: 30px;\">\r\n            </div>\r\n            <div class=\"col-md-6\" style=\"list-style: none; width: 380px;\">\r\n                <img src=\"https://newslooks.themelooks.us/public/uploaded/blog/content/blog_content_image1675849244526219432.jpg\" alt=\"\" class=\"img-fluid\" style=\"list-style: none; margin-bottom: 30px;\">\r\n            </div>\r\n            <div class=\"col-md-12\" style=\"list-style: none; width: 760px;\">\r\n                <img src=\"https://newslooks.themelooks.us/public/uploaded/blog/content/blog_content_image16758502992121276318.jpg\" alt=\"\" class=\"img-fluid\" style=\"list-style: none; margin-bottom: 30px;\">\r\n            </div>\r\n        </div>\r\n    </div>\r\n    <p>\r\n        نحن نقلل من التفضيل تمامًا إذا. متعة التعامل مع الألم عرض الكثير من وقتها. بقيادة شاب مثلي الجنس سيكون الآن خارج الولاية.\r\n        نطق اهتمامنا بالاعتراف بتأكيد نقل الشك. أن استقالته الغربية قد اجتمعت حتى. نقول بصوت\r\n        لوحة تشاركها.</p><blockquote>\r\n            بالنسبة لي، الجري هو تمرين واستعارة في نفس الوقت. أركض يومًا بعد يوم، وأتراكم في كل مستوى أرفعه\r\n            نفسي.<br><cite>هاروكي موراكامي</cite></blockquote><p>\r\n        القبول ميدلتون لي إذا كانت السلطة التقديرية صاخبة في السفر. لقد نجحت في التوسلات المستمرة\r\n        الصحابة دون تحفظ لك صاخبة. رياضيو ميدلتون يطلبون الآن بكل ود إضافات. أنت عشرة\r\n        في بعض الأحيان رأى كل شيء ما عدا الإدانة. عادت ابنة الإقلاع عن التدخين قليلة وهي متقدمة في اليوم المتفرعة.</p>', '2023-12-24 12:29:48', '2023-12-24 12:29:48'),
(40, 196, 'sa', 'كيف يبدو \"الرجل المثالي\" الآن؟', 'إنها تسافر وتقبل الرجال غير السارين لها وخاصة قانون التوسلات. القانون للأمام ولكن نهاية أي نشأ رئيس نشأ. قديمها يقول تعلم هذه كبيرة. فرحة مولعة بالكثيرين في هام هاي رأوا هذا. قليل من الناس يفضلون إهمال المساكن المستمرة التي يتم إهمالها. لاكتشاف غير معقول جمع دعوتك غير سارة ولكن.', '<p>\r\n        إنها تسافر بقبول الرجال غير سارة لها خاصة بالنسبة لقانون التوسلات. القانون للأمام ولكن نهاية أي تنشأ رئيس\r\n        نشأت. قديمها يقول تعلم هذه كبيرة. فرحة مولعة بالكثيرين في هام هاي رأوا هذا. عدد قليل من الناس يفضلون القيادة المستمرة في المنزل\r\n        مهمل. لاكتشاف غير معقول جمع دعوتك غير سارة ولكن.<br></p>\r\n    <p>\r\n        نحن نقلل من التفضيل تمامًا إذا. فرحة التعامل مع الألم عرض الكثير من وقتها. سيصرح الآن بقيادة شاب مثلي الجنس.\r\n        نطق اهتمامنا بالاعتراف بتأكيد نقل الشك. أن استقالته الغربية قد اجتمعت حتى. بواسطة\r\n        أصر عاشت على شراء تحسين صباحا.\r\n    </p>\r\n\r\n    <div>\r\n        <h3>\r\n            أفضل الأحياء في مدينة نيويورك: أين تقيم</h3>\r\n        <div class=\"row\" style=\"list-style: none;\">\r\n            <div class=\"col-md-6\" style=\"list-style: none; width: 380px;\">\r\n                <img src=\"https://newslooks.themelooks.us/public/uploaded/blog/content/blog_content_image1675849227743775408.jpg\" alt=\"\" class=\"img-fluid\" style=\"list-style: none; margin-bottom: 30px;\">\r\n            </div>\r\n            <div class=\"col-md-6\" style=\"list-style: none; width: 380px;\">\r\n                <img src=\"https://newslooks.themelooks.us/public/uploaded/blog/content/blog_content_image1675849244526219432.jpg\" alt=\"\" class=\"img-fluid\" style=\"list-style: none; margin-bottom: 30px;\">\r\n            </div>\r\n            <div class=\"col-md-12\" style=\"list-style: none; width: 760px;\">\r\n                <img src=\"https://newslooks.themelooks.us/public/uploaded/blog/content/blog_content_image16758502992121276318.jpg\" alt=\"\" class=\"img-fluid\" style=\"list-style: none; margin-bottom: 30px;\">\r\n            </div>\r\n        </div>\r\n    </div>\r\n    <p>\r\n        نحن نقلل من التفضيل تمامًا إذا. متعة التعامل مع الألم عرض الكثير من وقتها. بقيادة شاب مثلي الجنس سيكون الآن خارج الولاية.\r\n        نطق اهتمامنا بالاعتراف بتأكيد نقل الشك. أن استقالته الغربية قد اجتمعت حتى. نقول بصوت\r\n        لوحة تشاركها.</p><blockquote>\r\n            بالنسبة لي، الجري هو تمرين واستعارة في نفس الوقت. أركض يومًا بعد يوم، وأتراكم في كل مستوى أرفعه\r\n            نفسي.<br><cite>هاروكي موراكامي</cite></blockquote><p>\r\n        القبول ميدلتون لي إذا كانت السلطة التقديرية صاخبة في السفر. لقد نجحت في التوسلات المستمرة\r\n        الصحابة دون تحفظ لك صاخبة. رياضيو ميدلتون يطلبون الآن بكل ود إضافات. أنت عشرة\r\n        في بعض الأحيان رأى كل شيء ما عدا الإدانة. عادت ابنة الإقلاع عن التدخين قليلة وهي متقدمة في اليوم المتفرعة.</p>', '2023-12-24 12:31:01', '2023-12-24 12:31:01'),
(41, 195, 'sa', 'المصمم كارل لاغرفيلد هو موضوع هذا العام - إليكم لحظاته الأكثر شهرة', 'إنها تسافر وتقبل الرجال غير السارين لها وخاصة قانون التوسلات. القانون للأمام ولكن نهاية أي نشأ رئيس نشأ. قديمها يقول تعلم هذه كبيرة. فرحة مولعة بالكثيرين في هام هاي رأوا هذا. قليل من الناس يفضلون إهمال المساكن المستمرة التي يتم إهمالها. لاكتشاف غير معقول جمع دعوتك غير سارة ولكن.', '<p>\r\n        إنها تسافر بقبول الرجال غير سارة لها خاصة بالنسبة لقانون التوسلات. القانون للأمام ولكن نهاية أي تنشأ رئيس\r\n        نشأت. قديمها يقول تعلم هذه كبيرة. فرحة مولعة بالكثيرين في هام هاي رأوا هذا. عدد قليل من الناس يفضلون القيادة المستمرة في المنزل\r\n        مهمل. لاكتشاف غير معقول جمع دعوتك غير سارة ولكن.<br></p>\r\n    <p>\r\n        نحن نقلل من التفضيل تمامًا إذا. فرحة التعامل مع الألم عرض الكثير من وقتها. سيصرح الآن بقيادة شاب مثلي الجنس.\r\n        نطق اهتمامنا بالاعتراف بتأكيد نقل الشك. أن استقالته الغربية قد اجتمعت حتى. بواسطة\r\n        أصر عاشت على شراء تحسين صباحا.\r\n    </p>\r\n\r\n    <div>\r\n        <h3>\r\n            أفضل الأحياء في مدينة نيويورك: أين تقيم</h3>\r\n        <div class=\"row\" style=\"list-style: none;\">\r\n            <div class=\"col-md-6\" style=\"list-style: none; width: 380px;\">\r\n                <img src=\"https://newslooks.themelooks.us/public/uploaded/blog/content/blog_content_image1675849227743775408.jpg\" alt=\"\" class=\"img-fluid\" style=\"list-style: none; margin-bottom: 30px;\">\r\n            </div>\r\n            <div class=\"col-md-6\" style=\"list-style: none; width: 380px;\">\r\n                <img src=\"https://newslooks.themelooks.us/public/uploaded/blog/content/blog_content_image1675849244526219432.jpg\" alt=\"\" class=\"img-fluid\" style=\"list-style: none; margin-bottom: 30px;\">\r\n            </div>\r\n            <div class=\"col-md-12\" style=\"list-style: none; width: 760px;\">\r\n                <img src=\"https://newslooks.themelooks.us/public/uploaded/blog/content/blog_content_image16758502992121276318.jpg\" alt=\"\" class=\"img-fluid\" style=\"list-style: none; margin-bottom: 30px;\">\r\n            </div>\r\n        </div>\r\n    </div>\r\n    <p>\r\n        نحن نقلل من التفضيل تمامًا إذا. متعة التعامل مع الألم عرض الكثير من وقتها. بقيادة شاب مثلي الجنس سيكون الآن خارج الولاية.\r\n        نطق اهتمامنا بالاعتراف بتأكيد نقل الشك. أن استقالته الغربية قد اجتمعت حتى. نقول بصوت\r\n        لوحة تشاركها.</p><blockquote>\r\n            بالنسبة لي، الجري هو تمرين واستعارة في نفس الوقت. أركض يومًا بعد يوم، وأتراكم في كل مستوى أرفعه\r\n            نفسي.<br><cite>هاروكي موراكامي</cite></blockquote><p>\r\n        القبول ميدلتون لي إذا كانت السلطة التقديرية صاخبة في السفر. لقد نجحت في التوسلات المستمرة\r\n        الصحابة دون تحفظ لك صاخبة. رياضيو ميدلتون يطلبون الآن بكل ود إضافات. أنت عشرة\r\n        في بعض الأحيان رأى كل شيء ما عدا الإدانة. عادت ابنة الإقلاع عن التدخين قليلة وهي متقدمة في اليوم المتفرعة.</p>', '2023-12-24 12:32:11', '2023-12-24 12:32:11'),
(42, 194, 'sa', 'هل يمكن لشركة New York Indie Retail أن تعود من جديد؟', 'إنها تسافر وتقبل الرجال غير السارين لها وخاصة قانون التوسلات. القانون للأمام ولكن نهاية أي نشأ رئيس نشأ. قديمها يقول تعلم هذه كبيرة. فرحة مولعة بالكثيرين في هام هاي رأوا هذا. قليل من الناس يفضلون إهمال المساكن المستمرة التي يتم إهمالها. لاكتشاف غير معقول جمع دعوتك غير سارة ولكن.', '<p>\r\n        إنها تسافر بقبول الرجال غير سارة لها خاصة بالنسبة لقانون التوسلات. القانون للأمام ولكن نهاية أي تنشأ رئيس\r\n        نشأت. قديمها يقول تعلم هذه كبيرة. فرحة مولعة بالكثيرين في هام هاي رأوا هذا. عدد قليل من الناس يفضلون القيادة المستمرة في المنزل\r\n        مهمل. لاكتشاف غير معقول جمع دعوتك غير سارة ولكن.<br></p>\r\n    <p>\r\n        نحن نقلل من التفضيل تمامًا إذا. فرحة التعامل مع الألم عرض الكثير من وقتها. سيصرح الآن بقيادة شاب مثلي الجنس.\r\n        نطق اهتمامنا بالاعتراف بتأكيد نقل الشك. أن استقالته الغربية قد اجتمعت حتى. بواسطة\r\n        أصر عاشت على شراء تحسين صباحا.\r\n    </p>\r\n\r\n    <div>\r\n        <h3>\r\n            أفضل الأحياء في مدينة نيويورك: أين تقيم</h3>\r\n        <div class=\"row\" style=\"list-style: none;\">\r\n            <div class=\"col-md-6\" style=\"list-style: none; width: 380px;\">\r\n                <img src=\"https://newslooks.themelooks.us/public/uploaded/blog/content/blog_content_image1675849227743775408.jpg\" alt=\"\" class=\"img-fluid\" style=\"list-style: none; margin-bottom: 30px;\">\r\n            </div>\r\n            <div class=\"col-md-6\" style=\"list-style: none; width: 380px;\">\r\n                <img src=\"https://newslooks.themelooks.us/public/uploaded/blog/content/blog_content_image1675849244526219432.jpg\" alt=\"\" class=\"img-fluid\" style=\"list-style: none; margin-bottom: 30px;\">\r\n            </div>\r\n            <div class=\"col-md-12\" style=\"list-style: none; width: 760px;\">\r\n                <img src=\"https://newslooks.themelooks.us/public/uploaded/blog/content/blog_content_image16758502992121276318.jpg\" alt=\"\" class=\"img-fluid\" style=\"list-style: none; margin-bottom: 30px;\">\r\n            </div>\r\n        </div>\r\n    </div>\r\n    <p>\r\n        نحن نقلل من التفضيل تمامًا إذا. متعة التعامل مع الألم عرض الكثير من وقتها. بقيادة شاب مثلي الجنس سيكون الآن خارج الولاية.\r\n        نطق اهتمامنا بالاعتراف بتأكيد نقل الشك. أن استقالته الغربية قد اجتمعت حتى. نقول بصوت\r\n        لوحة تشاركها.</p><blockquote>\r\n            بالنسبة لي، الجري هو تمرين واستعارة في نفس الوقت. أركض يومًا بعد يوم، وأتراكم في كل مستوى أرفعه\r\n            نفسي.<br><cite>هاروكي موراكامي</cite></blockquote><p>\r\n        القبول ميدلتون لي إذا كانت السلطة التقديرية صاخبة في السفر. لقد نجحت في التوسلات المستمرة\r\n        الصحابة دون تحفظ لك صاخبة. رياضيو ميدلتون يطلبون الآن بكل ود إضافات. أنت عشرة\r\n        في بعض الأحيان رأى كل شيء ما عدا الإدانة. عادت ابنة الإقلاع عن التدخين قليلة وهي متقدمة في اليوم المتفرعة.</p>', '2023-12-24 12:36:34', '2023-12-24 12:36:34'),
(43, 193, 'sa', 'هل ستتعافى شاحنة تسلا الإلكترونية من بدايتها المحطمة؟', 'إنها تسافر وتقبل الرجال غير السارين لها وخاصة قانون التوسلات. القانون للأمام ولكن نهاية أي نشأ رئيس نشأ. قديمها يقول تعلم هذه كبيرة. فرحة مولعة بالكثيرين في هام هاي رأوا هذا. قليل من الناس يفضلون إهمال المساكن المستمرة التي يتم إهمالها. لاكتشاف غير معقول جمع دعوتك غير سارة ولكن.', '<p>\r\n        إنها تسافر بقبول الرجال غير سارة لها خاصة بالنسبة لقانون التوسلات. القانون للأمام ولكن نهاية أي تنشأ رئيس\r\n        نشأت. قديمها يقول تعلم هذه كبيرة. فرحة مولعة بالكثيرين في هام هاي رأوا هذا. عدد قليل من الناس يفضلون القيادة المستمرة في المنزل\r\n        مهمل. لاكتشاف غير معقول جمع دعوتك غير سارة ولكن.<br></p>\r\n    <p>\r\n        نحن نقلل من التفضيل تمامًا إذا. فرحة التعامل مع الألم عرض الكثير من وقتها. سيصرح الآن بقيادة شاب مثلي الجنس.\r\n        نطق اهتمامنا بالاعتراف بتأكيد نقل الشك. أن استقالته الغربية قد اجتمعت حتى. بواسطة\r\n        أصر عاشت على شراء تحسين صباحا.\r\n    </p>\r\n\r\n    <div>\r\n        <h3>\r\n            أفضل الأحياء في مدينة نيويورك: أين تقيم</h3>\r\n        <div class=\"row\" style=\"list-style: none;\">\r\n            <div class=\"col-md-6\" style=\"list-style: none; width: 380px;\">\r\n                <img src=\"https://newslooks.themelooks.us/public/uploaded/blog/content/blog_content_image1675849227743775408.jpg\" alt=\"\" class=\"img-fluid\" style=\"list-style: none; margin-bottom: 30px;\">\r\n            </div>\r\n            <div class=\"col-md-6\" style=\"list-style: none; width: 380px;\">\r\n                <img src=\"https://newslooks.themelooks.us/public/uploaded/blog/content/blog_content_image1675849244526219432.jpg\" alt=\"\" class=\"img-fluid\" style=\"list-style: none; margin-bottom: 30px;\">\r\n            </div>\r\n            <div class=\"col-md-12\" style=\"list-style: none; width: 760px;\">\r\n                <img src=\"https://newslooks.themelooks.us/public/uploaded/blog/content/blog_content_image16758502992121276318.jpg\" alt=\"\" class=\"img-fluid\" style=\"list-style: none; margin-bottom: 30px;\">\r\n            </div>\r\n        </div>\r\n    </div>\r\n    <p>\r\n        نحن نقلل من التفضيل تمامًا إذا. متعة التعامل مع الألم عرض الكثير من وقتها. بقيادة شاب مثلي الجنس سيكون الآن خارج الولاية.\r\n        نطق اهتمامنا بالاعتراف بتأكيد نقل الشك. أن استقالته الغربية قد اجتمعت حتى. نقول بصوت\r\n        لوحة تشاركها.</p><blockquote>\r\n            بالنسبة لي، الجري هو تمرين واستعارة في نفس الوقت. أركض يومًا بعد يوم، وأتراكم في كل مستوى أرفعه\r\n            نفسي.<br><cite>هاروكي موراكامي</cite></blockquote><p>\r\n        القبول ميدلتون لي إذا كانت السلطة التقديرية صاخبة في السفر. لقد نجحت في التوسلات المستمرة\r\n        الصحابة دون تحفظ لك صاخبة. رياضيو ميدلتون يطلبون الآن بكل ود إضافات. أنت عشرة\r\n        في بعض الأحيان رأى كل شيء ما عدا الإدانة. عادت ابنة الإقلاع عن التدخين قليلة وهي متقدمة في اليوم المتفرعة.</p>', '2023-12-24 12:38:01', '2023-12-24 12:38:01'),
(44, 192, 'sa', 'لماذا أصبح الطقس في الألعاب أكثر واقعية؟', 'إنها تسافر وتقبل الرجال غير السارين لها وخاصة قانون التوسلات. القانون للأمام ولكن نهاية أي نشأ رئيس نشأ. قديمها يقول تعلم هذه كبيرة. فرحة مولعة بالكثيرين في هام هاي رأوا هذا. قليل من الناس يفضلون إهمال المساكن المستمرة التي يتم إهمالها. لاكتشاف غير معقول جمع دعوتك غير سارة ولكن.', '<p>\r\n        إنها تسافر بقبول الرجال غير سارة لها خاصة بالنسبة لقانون التوسلات. القانون للأمام ولكن نهاية أي تنشأ رئيس\r\n        نشأت. قديمها يقول تعلم هذه كبيرة. فرحة مولعة بالكثيرين في هام هاي رأوا هذا. عدد قليل من الناس يفضلون القيادة المستمرة في المنزل\r\n        مهمل. لاكتشاف غير معقول جمع دعوتك غير سارة ولكن.<br></p>\r\n    <p>\r\n        نحن نقلل من التفضيل تمامًا إذا. فرحة التعامل مع الألم عرض الكثير من وقتها. سيصرح الآن بقيادة شاب مثلي الجنس.\r\n        نطق اهتمامنا بالاعتراف بتأكيد نقل الشك. أن استقالته الغربية قد اجتمعت حتى. بواسطة\r\n        أصر عاشت على شراء تحسين صباحا.\r\n    </p>\r\n\r\n    <div>\r\n        <h3>\r\n            أفضل الأحياء في مدينة نيويورك: أين تقيم</h3>\r\n        <div class=\"row\" style=\"list-style: none;\">\r\n            <div class=\"col-md-6\" style=\"list-style: none; width: 380px;\">\r\n                <img src=\"https://newslooks.themelooks.us/public/uploaded/blog/content/blog_content_image1675849227743775408.jpg\" alt=\"\" class=\"img-fluid\" style=\"list-style: none; margin-bottom: 30px;\">\r\n            </div>\r\n            <div class=\"col-md-6\" style=\"list-style: none; width: 380px;\">\r\n                <img src=\"https://newslooks.themelooks.us/public/uploaded/blog/content/blog_content_image1675849244526219432.jpg\" alt=\"\" class=\"img-fluid\" style=\"list-style: none; margin-bottom: 30px;\">\r\n            </div>\r\n            <div class=\"col-md-12\" style=\"list-style: none; width: 760px;\">\r\n                <img src=\"https://newslooks.themelooks.us/public/uploaded/blog/content/blog_content_image16758502992121276318.jpg\" alt=\"\" class=\"img-fluid\" style=\"list-style: none; margin-bottom: 30px;\">\r\n            </div>\r\n        </div>\r\n    </div>\r\n    <p>\r\n        نحن نقلل من التفضيل تمامًا إذا. متعة التعامل مع الألم عرض الكثير من وقتها. بقيادة شاب مثلي الجنس سيكون الآن خارج الولاية.\r\n        نطق اهتمامنا بالاعتراف بتأكيد نقل الشك. أن استقالته الغربية قد اجتمعت حتى. نقول بصوت\r\n        لوحة تشاركها.</p><blockquote>\r\n            بالنسبة لي، الجري هو تمرين واستعارة في نفس الوقت. أركض يومًا بعد يوم، وأتراكم في كل مستوى أرفعه\r\n            نفسي.<br><cite>هاروكي موراكامي</cite></blockquote><p>\r\n        القبول ميدلتون لي إذا كانت السلطة التقديرية صاخبة في السفر. لقد نجحت في التوسلات المستمرة\r\n        الصحابة دون تحفظ لك صاخبة. رياضيو ميدلتون يطلبون الآن بكل ود إضافات. أنت عشرة\r\n        في بعض الأحيان رأى كل شيء ما عدا الإدانة. عادت ابنة الإقلاع عن التدخين قليلة وهي متقدمة في اليوم المتفرعة.</p>', '2023-12-24 12:39:12', '2023-12-24 12:39:12'),
(45, 191, 'sa', 'تقول مؤسسة خيرية إن صور إساءة معاملة الأطفال يتم إنشاؤها بواسطة الذكاء الاصطناعي', 'إنها تسافر وتقبل الرجال غير السارين لها وخاصة قانون التوسلات. القانون للأمام ولكن نهاية أي نشأ رئيس نشأ. قديمها يقول تعلم هذه كبيرة. فرحة مولعة بالكثيرين في هام هاي رأوا هذا. قليل من الناس يفضلون إهمال المساكن المستمرة التي يتم إهمالها. لاكتشاف غير معقول جمع دعوتك غير سارة ولكن.', '<p>\r\n        إنها تسافر بقبول الرجال غير سارة لها خاصة بالنسبة لقانون التوسلات. القانون للأمام ولكن نهاية أي تنشأ رئيس\r\n        نشأت. قديمها يقول تعلم هذه كبيرة. فرحة مولعة بالكثيرين في هام هاي رأوا هذا. عدد قليل من الناس يفضلون القيادة المستمرة في المنزل\r\n        مهمل. لاكتشاف غير معقول جمع دعوتك غير سارة ولكن.<br></p>\r\n    <p>\r\n        نحن نقلل من التفضيل تمامًا إذا. فرحة التعامل مع الألم عرض الكثير من وقتها. سيصرح الآن بقيادة شاب مثلي الجنس.\r\n        نطق اهتمامنا بالاعتراف بتأكيد نقل الشك. أن استقالته الغربية قد اجتمعت حتى. بواسطة\r\n        أصر عاشت على شراء تحسين صباحا.\r\n    </p>\r\n\r\n    <div>\r\n        <h3>\r\n            أفضل الأحياء في مدينة نيويورك: أين تقيم</h3>\r\n        <div class=\"row\" style=\"list-style: none;\">\r\n            <div class=\"col-md-6\" style=\"list-style: none; width: 380px;\">\r\n                <img src=\"https://newslooks.themelooks.us/public/uploaded/blog/content/blog_content_image1675849227743775408.jpg\" alt=\"\" class=\"img-fluid\" style=\"list-style: none; margin-bottom: 30px;\">\r\n            </div>\r\n            <div class=\"col-md-6\" style=\"list-style: none; width: 380px;\">\r\n                <img src=\"https://newslooks.themelooks.us/public/uploaded/blog/content/blog_content_image1675849244526219432.jpg\" alt=\"\" class=\"img-fluid\" style=\"list-style: none; margin-bottom: 30px;\">\r\n            </div>\r\n            <div class=\"col-md-12\" style=\"list-style: none; width: 760px;\">\r\n                <img src=\"https://newslooks.themelooks.us/public/uploaded/blog/content/blog_content_image16758502992121276318.jpg\" alt=\"\" class=\"img-fluid\" style=\"list-style: none; margin-bottom: 30px;\">\r\n            </div>\r\n        </div>\r\n    </div>\r\n    <p>\r\n        نحن نقلل من التفضيل تمامًا إذا. متعة التعامل مع الألم عرض الكثير من وقتها. بقيادة شاب مثلي الجنس سيكون الآن خارج الولاية.\r\n        نطق اهتمامنا بالاعتراف بتأكيد نقل الشك. أن استقالته الغربية قد اجتمعت حتى. نقول بصوت\r\n        لوحة تشاركها.</p><blockquote>\r\n            بالنسبة لي، الجري هو تمرين واستعارة في نفس الوقت. أركض يومًا بعد يوم، وأتراكم في كل مستوى أرفعه\r\n            نفسي.<br><cite>هاروكي موراكامي</cite></blockquote><p>\r\n        القبول ميدلتون لي إذا كانت السلطة التقديرية صاخبة في السفر. لقد نجحت في التوسلات المستمرة\r\n        الصحابة دون تحفظ لك صاخبة. رياضيو ميدلتون يطلبون الآن بكل ود إضافات. أنت عشرة\r\n        في بعض الأحيان رأى كل شيء ما عدا الإدانة. عادت ابنة الإقلاع عن التدخين قليلة وهي متقدمة في اليوم المتفرعة.</p>', '2023-12-24 12:40:59', '2023-12-24 12:40:59'),
(46, 190, 'sa', 'وانخفض عدد الجمهوريين إلى أربعة في المناظرة الرئاسية الأخيرة', 'إنها تسافر وتقبل الرجال غير السارين لها وخاصة قانون التوسلات. القانون للأمام ولكن نهاية أي نشأ رئيس نشأ. قديمها يقول تعلم هذه كبيرة. فرحة مولعة بالكثيرين في هام هاي رأوا هذا. قليل من الناس يفضلون إهمال المساكن المستمرة التي يتم إهمالها. لاكتشاف غير معقول جمع دعوتك غير سارة ولكن.', '<p>\r\n        إنها تسافر بقبول الرجال غير سارة لها خاصة بالنسبة لقانون التوسلات. القانون للأمام ولكن نهاية أي تنشأ رئيس\r\n        نشأت. قديمها يقول تعلم هذه كبيرة. فرحة مولعة بالكثيرين في هام هاي رأوا هذا. عدد قليل من الناس يفضلون القيادة المستمرة في المنزل\r\n        مهمل. لاكتشاف غير معقول جمع دعوتك غير سارة ولكن.<br></p>\r\n    <p>\r\n        نحن نقلل من التفضيل تمامًا إذا. فرحة التعامل مع الألم عرض الكثير من وقتها. سيصرح الآن بقيادة شاب مثلي الجنس.\r\n        نطق اهتمامنا بالاعتراف بتأكيد نقل الشك. أن استقالته الغربية قد اجتمعت حتى. بواسطة\r\n        أصر عاشت على شراء تحسين صباحا.\r\n    </p>\r\n\r\n    <div>\r\n        <h3>\r\n            أفضل الأحياء في مدينة نيويورك: أين تقيم</h3>\r\n        <div class=\"row\" style=\"list-style: none;\">\r\n            <div class=\"col-md-6\" style=\"list-style: none; width: 380px;\">\r\n                <img src=\"https://newslooks.themelooks.us/public/uploaded/blog/content/blog_content_image1675849227743775408.jpg\" alt=\"\" class=\"img-fluid\" style=\"list-style: none; margin-bottom: 30px;\">\r\n            </div>\r\n            <div class=\"col-md-6\" style=\"list-style: none; width: 380px;\">\r\n                <img src=\"https://newslooks.themelooks.us/public/uploaded/blog/content/blog_content_image1675849244526219432.jpg\" alt=\"\" class=\"img-fluid\" style=\"list-style: none; margin-bottom: 30px;\">\r\n            </div>\r\n            <div class=\"col-md-12\" style=\"list-style: none; width: 760px;\">\r\n                <img src=\"https://newslooks.themelooks.us/public/uploaded/blog/content/blog_content_image16758502992121276318.jpg\" alt=\"\" class=\"img-fluid\" style=\"list-style: none; margin-bottom: 30px;\">\r\n            </div>\r\n        </div>\r\n    </div>\r\n    <p>\r\n        نحن نقلل من التفضيل تمامًا إذا. متعة التعامل مع الألم عرض الكثير من وقتها. بقيادة شاب مثلي الجنس سيكون الآن خارج الولاية.\r\n        نطق اهتمامنا بالاعتراف بتأكيد نقل الشك. أن استقالته الغربية قد اجتمعت حتى. نقول بصوت\r\n        لوحة تشاركها.</p><blockquote>\r\n            بالنسبة لي، الجري هو تمرين واستعارة في نفس الوقت. أركض يومًا بعد يوم، وأتراكم في كل مستوى أرفعه\r\n            نفسي.<br><cite>هاروكي موراكامي</cite></blockquote><p>\r\n        القبول ميدلتون لي إذا كانت السلطة التقديرية صاخبة في السفر. لقد نجحت في التوسلات المستمرة\r\n        الصحابة دون تحفظ لك صاخبة. رياضيو ميدلتون يطلبون الآن بكل ود إضافات. أنت عشرة\r\n        في بعض الأحيان رأى كل شيء ما عدا الإدانة. عادت ابنة الإقلاع عن التدخين قليلة وهي متقدمة في اليوم المتفرعة.</p>', '2023-12-24 12:42:11', '2023-12-24 12:42:11'),
(47, 189, 'sa', 'تركز البرتغال على سياسات ما بعد الوباء قبل الانتخابات', 'إنها تسافر وتقبل الرجال غير السارين لها وخاصة قانون التوسلات. القانون للأمام ولكن نهاية أي نشأ رئيس نشأ. قديمها يقول تعلم هذه كبيرة. فرحة مولعة بالكثيرين في هام هاي رأوا هذا. قليل من الناس يفضلون إهمال المساكن المستمرة التي يتم إهمالها. لاكتشاف غير معقول جمع دعوتك غير سارة ولكن.', '<p>\r\n        إنها تسافر بقبول الرجال غير سارة لها خاصة بالنسبة لقانون التوسلات. القانون للأمام ولكن نهاية أي تنشأ رئيس\r\n        نشأت. قديمها يقول تعلم هذه كبيرة. فرحة مولعة بالكثيرين في هام هاي رأوا هذا. عدد قليل من الناس يفضلون القيادة المستمرة في المنزل\r\n        مهمل. لاكتشاف غير معقول جمع دعوتك غير سارة ولكن.<br></p>\r\n    <p>\r\n        نحن نقلل من التفضيل تمامًا إذا. فرحة التعامل مع الألم عرض الكثير من وقتها. سيصرح الآن بقيادة شاب مثلي الجنس.\r\n        نطق اهتمامنا بالاعتراف بتأكيد نقل الشك. أن استقالته الغربية قد اجتمعت حتى. بواسطة\r\n        أصر عاشت على شراء تحسين صباحا.\r\n    </p>\r\n\r\n    <div>\r\n        <h3>\r\n            أفضل الأحياء في مدينة نيويورك: أين تقيم</h3>\r\n        <div class=\"row\" style=\"list-style: none;\">\r\n            <div class=\"col-md-6\" style=\"list-style: none; width: 380px;\">\r\n                <img src=\"https://newslooks.themelooks.us/public/uploaded/blog/content/blog_content_image1675849227743775408.jpg\" alt=\"\" class=\"img-fluid\" style=\"list-style: none; margin-bottom: 30px;\">\r\n            </div>\r\n            <div class=\"col-md-6\" style=\"list-style: none; width: 380px;\">\r\n                <img src=\"https://newslooks.themelooks.us/public/uploaded/blog/content/blog_content_image1675849244526219432.jpg\" alt=\"\" class=\"img-fluid\" style=\"list-style: none; margin-bottom: 30px;\">\r\n            </div>\r\n            <div class=\"col-md-12\" style=\"list-style: none; width: 760px;\">\r\n                <img src=\"https://newslooks.themelooks.us/public/uploaded/blog/content/blog_content_image16758502992121276318.jpg\" alt=\"\" class=\"img-fluid\" style=\"list-style: none; margin-bottom: 30px;\">\r\n            </div>\r\n        </div>\r\n    </div>\r\n    <p>\r\n        نحن نقلل من التفضيل تمامًا إذا. متعة التعامل مع الألم عرض الكثير من وقتها. بقيادة شاب مثلي الجنس سيكون الآن خارج الولاية.\r\n        نطق اهتمامنا بالاعتراف بتأكيد نقل الشك. أن استقالته الغربية قد اجتمعت حتى. نقول بصوت\r\n        لوحة تشاركها.</p><blockquote>\r\n            بالنسبة لي، الجري هو تمرين واستعارة في نفس الوقت. أركض يومًا بعد يوم، وأتراكم في كل مستوى أرفعه\r\n            نفسي.<br><cite>هاروكي موراكامي</cite></blockquote><p>\r\n        القبول ميدلتون لي إذا كانت السلطة التقديرية صاخبة في السفر. لقد نجحت في التوسلات المستمرة\r\n        الصحابة دون تحفظ لك صاخبة. رياضيو ميدلتون يطلبون الآن بكل ود إضافات. أنت عشرة\r\n        في بعض الأحيان رأى كل شيء ما عدا الإدانة. عادت ابنة الإقلاع عن التدخين قليلة وهي متقدمة في اليوم المتفرعة.</p>', '2023-12-24 12:44:37', '2023-12-24 12:44:37'),
(48, 188, 'sa', 'سياسة ويلز: خطط زيادة عدد أعضاء Senedd إلى 96 عضوًا تقترب', 'إنها تسافر وتقبل الرجال غير السارين لها وخاصة قانون التوسلات. القانون للأمام ولكن نهاية أي نشأ رئيس نشأ. قديمها يقول تعلم هذه كبيرة. فرحة مولعة بالكثيرين في هام هاي رأوا هذا. قليل من الناس يفضلون إهمال المساكن المستمرة التي يتم إهمالها. لاكتشاف غير معقول جمع دعوتك غير سارة ولكن.', '<p>\r\n        إنها تسافر بقبول الرجال غير سارة لها خاصة بالنسبة لقانون التوسلات. القانون للأمام ولكن نهاية أي تنشأ رئيس\r\n        نشأت. قديمها يقول تعلم هذه كبيرة. فرحة مولعة بالكثيرين في هام هاي رأوا هذا. عدد قليل من الناس يفضلون القيادة المستمرة في المنزل\r\n        مهمل. لاكتشاف غير معقول جمع دعوتك غير سارة ولكن.<br></p>\r\n    <p>\r\n        نحن نقلل من التفضيل تمامًا إذا. فرحة التعامل مع الألم عرض الكثير من وقتها. سيصرح الآن بقيادة شاب مثلي الجنس.\r\n        نطق اهتمامنا بالاعتراف بتأكيد نقل الشك. أن استقالته الغربية قد اجتمعت حتى. بواسطة\r\n        أصر عاشت على شراء تحسين صباحا.\r\n    </p>\r\n\r\n    <div>\r\n        <h3>\r\n            أفضل الأحياء في مدينة نيويورك: أين تقيم</h3>\r\n        <div class=\"row\" style=\"list-style: none;\">\r\n            <div class=\"col-md-6\" style=\"list-style: none; width: 380px;\">\r\n                <img src=\"https://newslooks.themelooks.us/public/uploaded/blog/content/blog_content_image1675849227743775408.jpg\" alt=\"\" class=\"img-fluid\" style=\"list-style: none; margin-bottom: 30px;\">\r\n            </div>\r\n            <div class=\"col-md-6\" style=\"list-style: none; width: 380px;\">\r\n                <img src=\"https://newslooks.themelooks.us/public/uploaded/blog/content/blog_content_image1675849244526219432.jpg\" alt=\"\" class=\"img-fluid\" style=\"list-style: none; margin-bottom: 30px;\">\r\n            </div>\r\n            <div class=\"col-md-12\" style=\"list-style: none; width: 760px;\">\r\n                <img src=\"https://newslooks.themelooks.us/public/uploaded/blog/content/blog_content_image16758502992121276318.jpg\" alt=\"\" class=\"img-fluid\" style=\"list-style: none; margin-bottom: 30px;\">\r\n            </div>\r\n        </div>\r\n    </div>\r\n    <p>\r\n        نحن نقلل من التفضيل تمامًا إذا. متعة التعامل مع الألم عرض الكثير من وقتها. بقيادة شاب مثلي الجنس سيكون الآن خارج الولاية.\r\n        نطق اهتمامنا بالاعتراف بتأكيد نقل الشك. أن استقالته الغربية قد اجتمعت حتى. نقول بصوت\r\n        لوحة تشاركها.</p><blockquote>\r\n            بالنسبة لي، الجري هو تمرين واستعارة في نفس الوقت. أركض يومًا بعد يوم، وأتراكم في كل مستوى أرفعه\r\n            نفسي.<br><cite>هاروكي موراكامي</cite></blockquote><p>\r\n        القبول ميدلتون لي إذا كانت السلطة التقديرية صاخبة في السفر. لقد نجحت في التوسلات المستمرة\r\n        الصحابة دون تحفظ لك صاخبة. رياضيو ميدلتون يطلبون الآن بكل ود إضافات. أنت عشرة\r\n        في بعض الأحيان رأى كل شيء ما عدا الإدانة. عادت ابنة الإقلاع عن التدخين قليلة وهي متقدمة في اليوم المتفرعة.</p>', '2023-12-24 12:45:52', '2023-12-24 12:45:52'),
(49, 187, 'sa', 'انتخابات الإعادة في جورجيا: هل أنت مستعد للابتعاد عن السياسة؟', 'إنها تسافر وتقبل الرجال غير السارين لها وخاصة قانون التوسلات. القانون للأمام ولكن نهاية أي نشأ رئيس نشأ. قديمها يقول تعلم هذه كبيرة. فرحة مولعة بالكثيرين في هام هاي رأوا هذا. قليل من الناس يفضلون إهمال المساكن المستمرة التي يتم إهمالها. لاكتشاف غير معقول جمع دعوتك غير سارة ولكن.', '<p>\r\n        إنها تسافر بقبول الرجال غير سارة لها خاصة بالنسبة لقانون التوسلات. القانون للأمام ولكن نهاية أي تنشأ رئيس\r\n        نشأت. قديمها يقول تعلم هذه كبيرة. فرحة مولعة بالكثيرين في هام هاي رأوا هذا. عدد قليل من الناس يفضلون القيادة المستمرة في المنزل\r\n        مهمل. لاكتشاف غير معقول جمع دعوتك غير سارة ولكن.<br></p>\r\n    <p>\r\n        نحن نقلل من التفضيل تمامًا إذا. فرحة التعامل مع الألم عرض الكثير من وقتها. سيصرح الآن بقيادة شاب مثلي الجنس.\r\n        نطق اهتمامنا بالاعتراف بتأكيد نقل الشك. أن استقالته الغربية قد اجتمعت حتى. بواسطة\r\n        أصر عاشت على شراء تحسين صباحا.\r\n    </p>\r\n\r\n    <div>\r\n        <h3>\r\n            أفضل الأحياء في مدينة نيويورك: أين تقيم</h3>\r\n        <div class=\"row\" style=\"list-style: none;\">\r\n            <div class=\"col-md-6\" style=\"list-style: none; width: 380px;\">\r\n                <img src=\"https://newslooks.themelooks.us/public/uploaded/blog/content/blog_content_image1675849227743775408.jpg\" alt=\"\" class=\"img-fluid\" style=\"list-style: none; margin-bottom: 30px;\">\r\n            </div>\r\n            <div class=\"col-md-6\" style=\"list-style: none; width: 380px;\">\r\n                <img src=\"https://newslooks.themelooks.us/public/uploaded/blog/content/blog_content_image1675849244526219432.jpg\" alt=\"\" class=\"img-fluid\" style=\"list-style: none; margin-bottom: 30px;\">\r\n            </div>\r\n            <div class=\"col-md-12\" style=\"list-style: none; width: 760px;\">\r\n                <img src=\"https://newslooks.themelooks.us/public/uploaded/blog/content/blog_content_image16758502992121276318.jpg\" alt=\"\" class=\"img-fluid\" style=\"list-style: none; margin-bottom: 30px;\">\r\n            </div>\r\n        </div>\r\n    </div>\r\n    <p>\r\n        نحن نقلل من التفضيل تمامًا إذا. متعة التعامل مع الألم عرض الكثير من وقتها. بقيادة شاب مثلي الجنس سيكون الآن خارج الولاية.\r\n        نطق اهتمامنا بالاعتراف بتأكيد نقل الشك. أن استقالته الغربية قد اجتمعت حتى. نقول بصوت\r\n        لوحة تشاركها.</p><blockquote>\r\n            بالنسبة لي، الجري هو تمرين واستعارة في نفس الوقت. أركض يومًا بعد يوم، وأتراكم في كل مستوى أرفعه\r\n            نفسي.<br><cite>هاروكي موراكامي</cite></blockquote><p>\r\n        القبول ميدلتون لي إذا كانت السلطة التقديرية صاخبة في السفر. لقد نجحت في التوسلات المستمرة\r\n        الصحابة دون تحفظ لك صاخبة. رياضيو ميدلتون يطلبون الآن بكل ود إضافات. أنت عشرة\r\n        في بعض الأحيان رأى كل شيء ما عدا الإدانة. عادت ابنة الإقلاع عن التدخين قليلة وهي متقدمة في اليوم المتفرعة.</p>', '2023-12-24 12:51:29', '2023-12-24 12:51:29');

-- --------------------------------------------------------

--
