-- https://www.phpmyadmin.net/
--
-- Tempo de geração: 03/06/2024 às 16:21
-- Versão do servidor: 10.6.17-MariaDB-cll-lve
-- Versão do PHP: 8.1.28

START TRANSACTION;



--
-- Banco de dados: `hooglidev_brasil_new`
--

-- --------------------------------------------------------

--
-- Estrutura para tabela `activity_log`
--

CREATE TABLE `activity_log` (
  `id` bigint(20) UNSIGNED NOT NULL,
  `log_name` varchar(255) DEFAULT NULL,
  `description` text NOT NULL,
  `subject_type` varchar(255) DEFAULT NULL,
  `event` varchar(255) DEFAULT NULL,
  `subject_id` bigint(20) UNSIGNED DEFAULT NULL,
  `causer_type` varchar(255) DEFAULT NULL,
  `causer_id` bigint(20) UNSIGNED DEFAULT NULL,
  `properties` longtext CHARACTER SET utf8mb4 COLLATE utf8mb4_bin DEFAULT NULL,
  `batch_uuid` char(36) DEFAULT NULL,
  `ip` text DEFAULT NULL,
  `os` text DEFAULT NULL,
  `browser` text DEFAULT NULL,
  `url` text DEFAULT NULL,
  `created_at` timestamp NULL DEFAULT NULL,
  `updated_at` timestamp NULL DEFAULT NULL
) ENGINE=InnoDB DEFAULT CHARSET=utf8mb4 COLLATE=utf8mb4_unicode_ci;

--
-- Despejando dados para a tabela `activity_log`
--

INSERT INTO `activity_log` (`id`, `log_name`, `description`, `subject_type`, `event`, `subject_id`, `causer_type`, `causer_id`, `properties`, `batch_uuid`, `ip`, `os`, `browser`, `url`, `created_at`, `updated_at`) VALUES
(330, 'default', 'updated', 'Core\\Models\\User', 'updated', 1, NULL, NULL, '{\"attributes\":{\"name\":\"hoogli\",\"email\":\"admin@hoogli.com.br\",\"image\":\"1158\",\"status\":\"1\"},\"old\":{\"name\":\"Wade Wilson\",\"email\":\"admin@example.com\",\"image\":\"1158\",\"status\":\"1\"}}', NULL, NULL, NULL, NULL, NULL, '2024-05-29 22:40:24', '2024-05-29 22:40:24'),
(331, 'default', 'updated', 'Core\\Models\\User', 'updated', 1, NULL, NULL, '{\"attributes\":{\"name\":\"hoogli\",\"email\":\"admin@hoogli.com.br\",\"image\":\"1158\",\"status\":\"1\"},\"old\":{\"name\":\"hoogli\",\"email\":\"admin@hoogli.com.br\",\"image\":\"1158\",\"status\":1}}', NULL, NULL, NULL, NULL, NULL, '2024-05-29 22:40:24', '2024-05-29 22:40:24'),
(332, 'default', 'Role module updated', 'Spatie\\Permission\\Models\\Role', NULL, 3, 'Core\\Models\\User', 1, '[]', NULL, NULL, NULL, NULL, NULL, '2024-05-29 19:32:23', '2024-05-29 19:32:23'),
(333, 'default', 'Role module updated', 'Spatie\\Permission\\Models\\Role', NULL, 3, 'Core\\Models\\User', 1, '[]', NULL, '187.58.60.2', 'Windows', 'Google Chrome', 'https://portal.fps.hoogli.dev.br/admin/update-role', '2024-05-29 19:32:23', '2024-05-29 19:32:23'),
(334, 'default', 'Role module updated', 'Spatie\\Permission\\Models\\Role', NULL, 4, 'Core\\Models\\User', 1, '[]', NULL, NULL, NULL, NULL, NULL, '2024-05-29 19:33:16', '2024-05-29 19:33:16'),
(335, 'default', 'Role module updated', 'Spatie\\Permission\\Models\\Role', NULL, 4, 'Core\\Models\\User', 1, '[]', NULL, '187.58.60.2', 'Windows', 'Google Chrome', 'https://portal.fps.hoogli.dev.br/admin/update-role', '2024-05-29 19:33:16', '2024-05-29 19:33:16'),
(336, 'default', 'updated', 'Core\\Models\\User', 'updated', 1, 'Core\\Models\\User', 1, '{\"attributes\":{\"name\":\"hoogli\",\"email\":\"admin@hoogli.com.br\",\"image\":\"1165\",\"status\":1},\"old\":{\"name\":\"hoogli\",\"email\":\"admin@hoogli.com.br\",\"image\":\"1158\",\"status\":1}}', NULL, NULL, NULL, NULL, NULL, '2024-06-03 16:16:58', '2024-06-03 16:16:58'),
(337, 'default', 'deleted', 'Core\\Models\\User', 'deleted', 8, 'Core\\Models\\User', 1, '{\"old\":{\"name\":\"Habib\",\"email\":\"habib@gmail.com\",\"image\":\"USERQdw1G1703744585.png\",\"status\":1}}', NULL, NULL, NULL, NULL, NULL, '2024-06-03 18:53:58', '2024-06-03 18:53:58'),
(338, 'default', 'deleted', 'Core\\Models\\User', 'deleted', 11, 'Core\\Models\\User', 1, '{\"old\":{\"name\":\"Rohan\",\"email\":\"rohan@gmail.com\",\"image\":\"USERTBonS1703744742.png\",\"status\":1}}', NULL, NULL, NULL, NULL, NULL, '2024-06-03 18:54:02', '2024-06-03 18:54:02'),
(339, 'default', 'deleted', 'Core\\Models\\User', 'deleted', 13, 'Core\\Models\\User', 1, '{\"old\":{\"name\":\"Alen\",\"email\":\"alen@gmail.com\",\"image\":\"USER8idNn1703744847.png\",\"status\":1}}', NULL, NULL, NULL, NULL, NULL, '2024-06-03 18:54:05', '2024-06-03 18:54:05'),
(340, 'default', 'deleted', 'Core\\Models\\User', 'deleted', 14, 'Core\\Models\\User', 1, '{\"old\":{\"name\":\"Clark\",\"email\":\"clark@gmail.cpm\",\"image\":\"USERqCiB71703744806.png\",\"status\":1}}', NULL, NULL, NULL, NULL, NULL, '2024-06-03 18:54:08', '2024-06-03 18:54:08'),
(341, 'default', 'updated', 'Core\\Models\\User', 'updated', 1, 'Core\\Models\\User', 1, '{\"attributes\":{\"name\":\"Aparece Brasil\",\"email\":\"admin@hoogli.com.br\",\"image\":\"1165\",\"status\":1},\"old\":{\"name\":\"hoogli\",\"email\":\"admin@hoogli.com.br\",\"image\":\"1165\",\"status\":1}}', NULL, NULL, NULL, NULL, NULL, '2024-06-03 18:54:37', '2024-06-03 18:54:37');

-- --------------------------------------------------------

--
-- Estrutura para tabela `admin_login_activity_log`
--

CREATE TABLE `admin_login_activity_log` (
  `id` int(11) NOT NULL,
  `user_id` int(11) DEFAULT NULL,
  `login_at` timestamp NULL DEFAULT NULL,
  `logout_at` timestamp NULL DEFAULT NULL,
  `ip` text DEFAULT NULL,
  `os` text DEFAULT NULL,
  `browser` text DEFAULT NULL,
  `created_at` timestamp NULL DEFAULT current_timestamp(),
  `updated_at` timestamp NULL DEFAULT NULL ON UPDATE current_timestamp()
) ENGINE=InnoDB DEFAULT CHARSET=utf8mb4 COLLATE=utf8mb4_general_ci;

--
-- Despejando dados para a tabela `admin_login_activity_log`
--

INSERT INTO `admin_login_activity_log` (`id`, `user_id`, `login_at`, `logout_at`, `ip`, `os`, `browser`, `created_at`, `updated_at`) VALUES
(556, 1, '2024-05-29 22:40:35', NULL, '187.58.60.2', 'Windows', 'Google Chrome', '2024-05-29 22:40:35', '2024-05-29 22:40:35'),
(557, 1, '2024-05-29 22:45:38', NULL, '189.50.93.166', 'Mac', 'Google Chrome', '2024-05-29 22:45:38', '2024-05-29 22:45:38'),
(558, 1, '2024-06-03 13:04:14', NULL, '187.58.60.2', 'Windows', 'Google Chrome', '2024-06-03 13:04:14', '2024-06-03 13:04:14'),
(559, 1, '2024-06-03 14:12:07', NULL, '187.58.60.2', 'Windows', 'Google Chrome', '2024-06-03 14:12:07', '2024-06-03 14:12:07'),
(560, 1, '2024-06-03 14:18:42', '2024-06-03 14:42:48', '131.0.20.148', 'Mac', 'Google Chrome', '2024-06-03 14:18:42', '2024-06-03 14:42:48'),
(561, 1, '2024-06-03 14:43:01', NULL, '131.0.20.148', 'Mac', 'Google Chrome', '2024-06-03 14:43:01', '2024-06-03 14:43:01'),
(562, 1, '2024-06-03 15:57:24', NULL, '187.58.60.2', 'Mac', 'Google Chrome', '2024-06-03 15:57:24', '2024-06-03 15:57:24');

-- --------------------------------------------------------

--
-- Estrutura para tabela `blog_share_options`
--

CREATE TABLE `blog_share_options` (
  `id` int(11) NOT NULL,
  `network` varchar(150) NOT NULL,
  `network_name` varchar(150) NOT NULL,
  `icon` text DEFAULT NULL,
  `status` int(10) NOT NULL DEFAULT 0,
  `created_at` timestamp NOT NULL DEFAULT current_timestamp(),
  `updated_at` timestamp NOT NULL DEFAULT current_timestamp()
) ENGINE=InnoDB DEFAULT CHARSET=utf8mb3 COLLATE=utf8mb3_general_ci;

--
-- Despejando dados para a tabela `blog_share_options`
--

INSERT INTO `blog_share_options` (`id`, `network`, `network_name`, `icon`, `status`, `created_at`, `updated_at`) VALUES
(1, 'facebook', 'Facebook', '<i class=\"fa fa-facebook\"></i>', 1, '2021-06-22 04:08:48', '2023-05-24 05:44:06'),
(2, 'linkedin', 'LinkedIn', '<i class=\"fa fa-linkedin\"></i>', 1, '2021-06-22 05:02:37', '2023-05-24 05:44:20'),
(3, 'digg', 'Digg', '<i class=\"fa fa-digg\"></i>', 2, '2021-06-22 05:02:37', '2024-06-03 14:44:17'),
(4, 'pinterest', 'Pinterest', '<i class=\"fa fa-pinterest\"></i>', 1, '2021-06-22 05:05:56', '2021-06-22 05:05:56'),
(5, 'twitter', 'Twitter', '<i class=\"fa fa-twitter\"></i>', 1, '2021-06-22 05:05:56', '2021-06-22 05:05:56'),
(6, 'gmail', 'Gmail', '<i class=\"fa fa-google\"></i>', 1, '2021-06-22 05:05:56', '2021-06-22 05:05:56'),
(7, 'whatsapp', 'Whatsapp', '<i class=\"fa fa-whatsapp\"></i>', 1, '2021-06-22 05:05:56', '2021-06-22 05:05:56'),
(8, 'reddit', 'Reddit', '<i class=\"fa fa-reddit\"></i>', 2, '2021-06-22 05:05:56', '2024-06-03 14:44:20'),
(9, 'telegramMe', 'Telegram', '<i class=\"fa fa-telegram\"></i>', 1, '2021-06-22 05:05:56', '2023-01-05 03:29:16'),
(10, 'email', 'Email', '<i class=\"fa fa-envelope\"></i>', 1, '2021-06-23 05:48:32', '2023-01-05 03:29:22'),
(11, 'tumblr', 'Tumblr', '<i class=\"fa fa-tumblr\"></i>', 1, '2021-06-23 05:49:07', '2023-01-05 03:29:29'),
(12, 'vk', 'VKontakte', '<i class=\"fa fa-vk\"></i>', 1, '2021-06-23 05:49:07', '2023-01-05 03:29:29');

-- --------------------------------------------------------

--
-- Estrutura para tabela `failed_jobs`
--

CREATE TABLE `failed_jobs` (
  `id` bigint(20) UNSIGNED NOT NULL,
  `uuid` varchar(255) NOT NULL,
  `connection` text NOT NULL,
  `queue` text NOT NULL,
  `payload` longtext NOT NULL,
  `exception` longtext NOT NULL,
  `failed_at` timestamp NOT NULL DEFAULT current_timestamp()
) ENGINE=InnoDB DEFAULT CHARSET=utf8mb4 COLLATE=utf8mb4_unicode_ci;

-- --------------------------------------------------------

--
-- Estrutura para tabela `jobs`
--

CREATE TABLE `jobs` (
  `id` bigint(20) UNSIGNED NOT NULL,
  `queue` varchar(255) NOT NULL,
  `payload` longtext NOT NULL,
  `attempts` tinyint(3) UNSIGNED NOT NULL,
  `reserved_at` int(10) UNSIGNED DEFAULT NULL,
  `available_at` int(10) UNSIGNED NOT NULL,
  `created_at` int(10) UNSIGNED NOT NULL
) ENGINE=InnoDB DEFAULT CHARSET=utf8mb4 COLLATE=utf8mb4_unicode_ci;

-- --------------------------------------------------------

--
-- Estrutura para tabela `job_batches`
--

CREATE TABLE `job_batches` (
  `id` varchar(255) NOT NULL,
  `name` varchar(255) NOT NULL,
  `total_jobs` int(11) NOT NULL,
  `pending_jobs` int(11) NOT NULL,
  `failed_jobs` int(11) NOT NULL,
  `failed_job_ids` text NOT NULL,
  `options` mediumtext DEFAULT NULL,
  `cancelled_at` int(11) DEFAULT NULL,
  `created_at` int(11) NOT NULL,
  `finished_at` int(11) DEFAULT NULL
) ENGINE=InnoDB DEFAULT CHARSET=utf8mb4 COLLATE=utf8mb4_unicode_ci;

-- --------------------------------------------------------

--
-- Estrutura para tabela `migrations`
--

CREATE TABLE `migrations` (
  `id` int(10) UNSIGNED NOT NULL,
  `migration` varchar(255) NOT NULL,
  `batch` int(11) NOT NULL
) ENGINE=InnoDB DEFAULT CHARSET=utf8mb4 COLLATE=utf8mb4_unicode_ci;

-- --------------------------------------------------------

--
-- Estrutura para tabela `model_has_permissions`
--

CREATE TABLE `model_has_permissions` (
  `permission_id` bigint(20) UNSIGNED NOT NULL,
  `model_type` varchar(255) NOT NULL,
  `model_id` int(11) NOT NULL DEFAULT 0
) ENGINE=InnoDB DEFAULT CHARSET=utf8mb4 COLLATE=utf8mb4_unicode_ci;

-- --------------------------------------------------------

--
-- Estrutura para tabela `model_has_roles`
--

CREATE TABLE `model_has_roles` (
  `role_id` bigint(20) UNSIGNED NOT NULL,
  `model_type` varchar(255) NOT NULL,
  `model_id` int(11) NOT NULL
) ENGINE=InnoDB DEFAULT CHARSET=utf8mb4 COLLATE=utf8mb4_unicode_ci;

--
-- Despejando dados para a tabela `model_has_roles`
--

INSERT INTO `model_has_roles` (`role_id`, `model_type`, `model_id`) VALUES
(1, 'Core\\Models\\User', 1);

-- --------------------------------------------------------

--
-- Estrutura para tabela `page_builder_sections`
--

CREATE TABLE `page_builder_sections` (
  `id` int(11) NOT NULL,
  `page_id` bigint(20) UNSIGNED NOT NULL,
  `theme_id` int(11) DEFAULT NULL,
  `ordering` int(11) NOT NULL DEFAULT 0,
  `status` int(11) NOT NULL DEFAULT 1,
  `created_at` timestamp NOT NULL DEFAULT current_timestamp(),
  `updated_at` timestamp NOT NULL DEFAULT current_timestamp()
) ENGINE=InnoDB DEFAULT CHARSET=utf8mb4 COLLATE=utf8mb4_general_ci;

--
-- Despejando dados para a tabela `page_builder_sections`
--

INSERT INTO `page_builder_sections` (`id`, `page_id`, `theme_id`, `ordering`, `status`, `created_at`, `updated_at`) VALUES
(172, 30, 22, 1, 1, '2023-10-30 11:56:20', '2023-10-30 11:56:37'),
(173, 30, 22, 6, 1, '2023-10-30 11:56:24', '2023-12-26 12:11:10'),
(179, 30, 22, 2, 1, '2023-11-09 05:16:07', '2023-11-09 05:16:16'),
(180, 30, 22, 3, 1, '2023-11-09 06:27:59', '2023-11-09 06:28:08'),
(187, 30, 22, 4, 1, '2023-11-28 05:23:42', '2023-12-26 12:11:10'),
(189, 30, 22, 5, 1, '2023-12-09 10:18:30', '2023-12-26 12:11:10'),
(190, 34, 22, 1, 1, '2023-12-09 17:16:43', '2023-12-09 17:16:43'),
(191, 34, 22, 2, 1, '2023-12-09 17:16:45', '2023-12-09 17:16:45'),
(192, 34, 22, 6, 1, '2023-12-09 17:16:47', '2023-12-09 17:57:03'),
(193, 34, 22, 3, 1, '2023-12-09 17:39:16', '2023-12-09 17:39:27'),
(194, 34, 22, 4, 1, '2023-12-09 17:42:05', '2023-12-09 17:42:08'),
(195, 34, 22, 5, 1, '2023-12-09 17:56:59', '2023-12-09 17:57:03'),
(196, 35, 22, 1, 1, '2023-12-10 10:46:29', '2023-12-10 10:46:29'),
(197, 35, 22, 7, 1, '2023-12-10 10:46:31', '2023-12-10 11:52:04'),
(198, 36, 22, 1, 1, '2023-12-10 11:02:36', '2023-12-10 11:02:36'),
(199, 36, 22, 5, 1, '2023-12-10 11:02:40', '2023-12-10 12:44:05'),
(200, 37, 22, 1, 1, '2023-12-10 11:11:47', '2023-12-10 14:53:48'),
(201, 37, 22, 12, 1, '2023-12-10 11:11:49', '2024-06-03 19:00:15'),
(202, 35, 22, 2, 1, '2023-12-10 11:43:11', '2023-12-10 11:43:14'),
(203, 35, 22, 3, 1, '2023-12-10 11:44:55', '2023-12-10 11:45:00'),
(204, 35, 22, 4, 1, '2023-12-10 11:46:23', '2023-12-10 11:46:32'),
(205, 35, 22, 5, 1, '2023-12-10 11:48:44', '2023-12-10 11:48:47'),
(206, 35, 22, 6, 1, '2023-12-10 11:52:00', '2023-12-10 11:52:04'),
(207, 36, 22, 2, 1, '2023-12-10 12:32:54', '2023-12-10 12:32:57'),
(208, 36, 22, 4, 1, '2023-12-10 12:32:54', '2023-12-10 12:44:05'),
(209, 36, 22, 3, 1, '2023-12-10 12:44:02', '2023-12-10 12:44:05'),
(210, 37, 22, 2, 1, '2023-12-10 14:32:59', '2023-12-10 14:53:50'),
(211, 37, 22, 3, 1, '2023-12-10 14:33:02', '2023-12-10 14:53:50'),
(212, 37, 22, 4, 1, '2023-12-10 14:57:49', '2023-12-10 14:57:52'),
(214, 37, 22, 11, 1, '2023-12-10 15:08:27', '2024-06-03 19:00:15'),
(220, 37, 22, 5, 1, '2024-06-03 17:54:01', '2024-06-03 17:54:08'),
(221, 37, 22, 6, 1, '2024-06-03 18:29:38', '2024-06-03 18:29:44'),
(222, 37, 22, 7, 1, '2024-06-03 18:29:46', '2024-06-03 18:29:51'),
(223, 37, 22, 8, 1, '2024-06-03 18:29:59', '2024-06-03 18:30:03'),
(224, 37, 22, 9, 1, '2024-06-03 18:30:09', '2024-06-03 18:30:12'),
(226, 37, 22, 10, 1, '2024-06-03 19:00:05', '2024-06-03 19:00:15'),
(227, 39, 22, 2, 1, '2024-06-03 19:17:32', '2024-06-03 19:19:46'),
(228, 39, 22, 1, 1, '2024-06-03 19:19:44', '2024-06-03 19:19:46'),
(229, 39, 22, 3, 1, '2024-06-03 19:19:50', '2024-06-03 19:19:50');

-- --------------------------------------------------------

--
-- Estrutura para tabela `page_builder_sections_layout_widget_properties`
--

CREATE TABLE `page_builder_sections_layout_widget_properties` (
  `id` int(11) NOT NULL,
  `layout_has_widget_id` int(11) DEFAULT NULL,
  `properties` longtext DEFAULT NULL
) ENGINE=InnoDB DEFAULT CHARSET=utf8mb4 COLLATE=utf8mb4_general_ci;

--
-- Despejando dados para a tabela `page_builder_sections_layout_widget_properties`
--

INSERT INTO `page_builder_sections_layout_widget_properties` (`id`, `layout_has_widget_id`, `properties`) VALUES
(235, 355, '{\"header_variation\":\"header-2\",\"page\":\"30\"}'),
(236, 357, '{\"footer_variation\":\"footer-1\",\"page\":\"30\"}'),
(241, 362, '{\"title_t_\":null,\"type\":\"feature\",\"category\":\"274\",\"post_advance_style\":\"advance_layout_1\",\"count\":\"4\",\"background_color\":null,\"background_image\":null,\"background_size\":null,\"background_position\":null,\"background_repeat\":null,\"padding_top\":null,\"padding_right\":null,\"padding_bottom\":null,\"padding_left\":null,\"margin_top\":\"30\",\"margin_right\":null,\"margin_bottom\":null,\"margin_left\":null,\"tab_padding_top\":null,\"tab_padding_right\":null,\"tab_padding_bottom\":null,\"tab_padding_left\":null,\"tab_margin_top\":null,\"tab_margin_right\":null,\"tab_margin_bottom\":null,\"tab_margin_left\":null,\"mobile_padding_top\":null,\"mobile_padding_right\":null,\"mobile_padding_bottom\":null,\"mobile_padding_left\":null,\"mobile_margin_top\":null,\"mobile_margin_right\":null,\"mobile_margin_bottom\":null,\"mobile_margin_left\":null,\"page\":\"30\"}'),
(254, 376, '{\"title_t_\":\"World News\",\"type\":\"category\",\"category\":\"289\",\"post_advance_style\":\"advance_layout_4\",\"count\":\"5\",\"background_color\":null,\"background_image\":null,\"background_size\":null,\"background_position\":null,\"background_repeat\":null,\"padding_top\":null,\"padding_right\":null,\"padding_bottom\":null,\"padding_left\":null,\"margin_top\":null,\"margin_right\":null,\"margin_bottom\":null,\"margin_left\":null,\"tab_padding_top\":null,\"tab_padding_right\":null,\"tab_padding_bottom\":null,\"tab_padding_left\":null,\"tab_margin_top\":null,\"tab_margin_right\":null,\"tab_margin_bottom\":null,\"tab_margin_left\":null,\"mobile_padding_top\":null,\"mobile_padding_right\":null,\"mobile_padding_bottom\":null,\"mobile_padding_left\":null,\"mobile_margin_top\":null,\"mobile_margin_right\":null,\"mobile_margin_bottom\":null,\"mobile_margin_left\":null,\"page\":\"30\"}'),
(255, 377, '{\"title_t_\":\"Technology\",\"type\":\"category\",\"category\":\"288\",\"post_advance_style\":\"advance_layout_3\",\"count\":\"5\",\"background_color\":null,\"background_image\":null,\"background_size\":null,\"background_position\":null,\"background_repeat\":null,\"padding_top\":null,\"padding_right\":null,\"padding_bottom\":null,\"padding_left\":null,\"margin_top\":null,\"margin_right\":null,\"margin_bottom\":null,\"margin_left\":null,\"tab_padding_top\":null,\"tab_padding_right\":null,\"tab_padding_bottom\":null,\"tab_padding_left\":null,\"tab_margin_top\":null,\"tab_margin_right\":null,\"tab_margin_bottom\":null,\"tab_margin_left\":null,\"mobile_padding_top\":null,\"mobile_padding_right\":null,\"mobile_padding_bottom\":null,\"mobile_padding_left\":null,\"mobile_margin_top\":null,\"mobile_margin_right\":null,\"mobile_margin_bottom\":null,\"mobile_margin_left\":null,\"page\":\"30\"}'),
(256, 379, '{\"ads_image\":\"1150\",\"ads_url\":\"\\/\",\"google_adsense\":null,\"background_color\":null,\"background_image\":null,\"background_size\":null,\"background_position\":null,\"background_repeat\":null,\"padding_top\":null,\"padding_right\":null,\"padding_bottom\":null,\"padding_left\":null,\"margin_top\":null,\"margin_right\":null,\"margin_bottom\":null,\"margin_left\":null,\"tab_padding_top\":null,\"tab_padding_right\":null,\"tab_padding_bottom\":null,\"tab_padding_left\":null,\"tab_margin_top\":null,\"tab_margin_right\":null,\"tab_margin_bottom\":null,\"tab_margin_left\":null,\"mobile_padding_top\":null,\"mobile_padding_right\":null,\"mobile_padding_bottom\":null,\"mobile_padding_left\":null,\"mobile_margin_top\":null,\"mobile_margin_right\":null,\"mobile_margin_bottom\":null,\"mobile_margin_left\":null,\"page\":\"30\"}'),
(257, 380, '{\"title_t_\":\"Stay Connected\",\"background_color\":\"#F7F8FA\",\"background_image\":null,\"background_size\":null,\"background_position\":null,\"background_repeat\":null,\"padding_top\":\"50\",\"padding_right\":\"20\",\"padding_bottom\":\"50\",\"padding_left\":\"20\",\"margin_top\":null,\"margin_right\":null,\"margin_bottom\":null,\"margin_left\":null,\"tab_padding_top\":null,\"tab_padding_right\":null,\"tab_padding_bottom\":null,\"tab_padding_left\":null,\"tab_margin_top\":null,\"tab_margin_right\":null,\"tab_margin_bottom\":null,\"tab_margin_left\":null,\"mobile_padding_top\":null,\"mobile_padding_right\":null,\"mobile_padding_bottom\":null,\"mobile_padding_left\":null,\"mobile_margin_top\":null,\"mobile_margin_right\":null,\"mobile_margin_bottom\":null,\"mobile_margin_left\":null,\"page\":\"30\"}'),
(258, 381, '{\"title_t_\":\"GET NEWSLETTER\",\"short_desc_t_\":\"Subscribe to our newsletter to get the latest news and exclusive updates.\",\"email_placeholder_t_\":\"Enter Email\",\"btn_text_t_\":\"Subscribe\",\"background_color\":null,\"background_image\":null,\"background_size\":null,\"background_position\":null,\"background_repeat\":null,\"padding_top\":null,\"padding_right\":null,\"padding_bottom\":null,\"padding_left\":null,\"margin_top\":null,\"margin_right\":null,\"margin_bottom\":null,\"margin_left\":null,\"tab_padding_top\":null,\"tab_padding_right\":null,\"tab_padding_bottom\":null,\"tab_padding_left\":null,\"tab_margin_top\":null,\"tab_margin_right\":null,\"tab_margin_bottom\":null,\"tab_margin_left\":null,\"mobile_padding_top\":null,\"mobile_padding_right\":null,\"mobile_padding_bottom\":null,\"mobile_padding_left\":null,\"mobile_margin_top\":null,\"mobile_margin_right\":null,\"mobile_margin_bottom\":null,\"mobile_margin_left\":null,\"page\":\"30\"}'),
(265, 389, '{\"title_t_\":\"Readers Opinion\",\"type\":\"most_comment\",\"category\":\"274\",\"count\":\"4\",\"background_color\":\"#F7F8FA\",\"background_image\":null,\"background_size\":null,\"background_position\":null,\"background_repeat\":null,\"padding_top\":\"50\",\"padding_right\":\"20\",\"padding_bottom\":\"30\",\"padding_left\":\"20\",\"margin_top\":\"0\",\"margin_right\":null,\"margin_bottom\":null,\"margin_left\":null,\"tab_padding_top\":null,\"tab_padding_right\":null,\"tab_padding_bottom\":null,\"tab_padding_left\":null,\"tab_margin_top\":null,\"tab_margin_right\":null,\"tab_margin_bottom\":null,\"tab_margin_left\":null,\"mobile_padding_top\":null,\"mobile_padding_right\":null,\"mobile_padding_bottom\":null,\"mobile_padding_left\":null,\"mobile_margin_top\":null,\"mobile_margin_right\":null,\"mobile_margin_bottom\":null,\"mobile_margin_left\":null,\"page\":\"30\"}'),
(266, 390, '{\"title_t_\":\"Fashion\",\"type\":\"category\",\"category\":\"274\",\"post_advance_style\":\"advance_layout_8\",\"count\":\"6\",\"background_color\":null,\"background_image\":null,\"background_size\":null,\"background_position\":null,\"background_repeat\":null,\"padding_top\":null,\"padding_right\":null,\"padding_bottom\":null,\"padding_left\":null,\"margin_top\":null,\"margin_right\":null,\"margin_bottom\":null,\"margin_left\":null,\"tab_padding_top\":null,\"tab_padding_right\":null,\"tab_padding_bottom\":null,\"tab_padding_left\":null,\"tab_margin_top\":null,\"tab_margin_right\":null,\"tab_margin_bottom\":null,\"tab_margin_left\":null,\"mobile_padding_top\":null,\"mobile_padding_right\":null,\"mobile_padding_bottom\":null,\"mobile_padding_left\":null,\"mobile_margin_top\":null,\"mobile_margin_right\":null,\"mobile_margin_bottom\":null,\"mobile_margin_left\":null,\"page\":\"30\"}'),
(268, 392, '{\"ads_image\":\"1149\",\"ads_url\":null,\"google_adsense\":null,\"background_color\":null,\"background_image\":null,\"background_size\":null,\"background_position\":null,\"background_repeat\":null,\"padding_top\":null,\"padding_right\":null,\"padding_bottom\":null,\"padding_left\":null,\"margin_top\":\"60\",\"margin_right\":null,\"margin_bottom\":null,\"margin_left\":null,\"tab_padding_top\":null,\"tab_padding_right\":null,\"tab_padding_bottom\":null,\"tab_padding_left\":null,\"tab_margin_top\":null,\"tab_margin_right\":null,\"tab_margin_bottom\":null,\"tab_margin_left\":null,\"mobile_padding_top\":null,\"mobile_padding_right\":null,\"mobile_padding_bottom\":null,\"mobile_padding_left\":null,\"mobile_margin_top\":null,\"mobile_margin_right\":null,\"mobile_margin_bottom\":null,\"mobile_margin_left\":null,\"page\":\"30\"}'),
(269, 393, '{\"title_t_\":\"Videos\",\"playlist_title_t_\":\"Playlist\",\"type\":\"most_comment\",\"category\":\"274\",\"count\":\"5\",\"background_color\":null,\"background_image\":null,\"background_size\":null,\"background_position\":null,\"background_repeat\":null,\"padding_top\":null,\"padding_right\":null,\"padding_bottom\":null,\"padding_left\":null,\"margin_top\":null,\"margin_right\":null,\"margin_bottom\":null,\"margin_left\":null,\"tab_padding_top\":null,\"tab_padding_right\":null,\"tab_padding_bottom\":null,\"tab_padding_left\":null,\"tab_margin_top\":null,\"tab_margin_right\":null,\"tab_margin_bottom\":null,\"tab_margin_left\":null,\"mobile_padding_top\":null,\"mobile_padding_right\":null,\"mobile_padding_bottom\":null,\"mobile_padding_left\":null,\"mobile_margin_top\":null,\"mobile_margin_right\":null,\"mobile_margin_bottom\":null,\"mobile_margin_left\":null,\"page\":\"30\"}'),
(270, 395, '{\"title_t_\":\"Vote For Champion\",\"vote_id\":\"1\",\"background_color\":\"#F7F8FA\",\"background_image\":null,\"background_size\":null,\"background_position\":null,\"background_repeat\":null,\"padding_top\":null,\"padding_right\":\"20\",\"padding_bottom\":\"50\",\"padding_left\":\"20\",\"margin_top\":\"0\",\"margin_right\":null,\"margin_bottom\":null,\"margin_left\":null,\"tab_padding_top\":null,\"tab_padding_right\":null,\"tab_padding_bottom\":null,\"tab_padding_left\":null,\"tab_margin_top\":null,\"tab_margin_right\":null,\"tab_margin_bottom\":null,\"tab_margin_left\":null,\"mobile_padding_top\":null,\"mobile_padding_right\":null,\"mobile_padding_bottom\":null,\"mobile_padding_left\":null,\"mobile_margin_top\":null,\"mobile_margin_right\":null,\"mobile_margin_bottom\":null,\"mobile_margin_left\":null,\"page\":\"30\"}'),
(271, 394, '{\"title_t_\":\"Top News\",\"type\":\"most_view\",\"category\":\"274\",\"post_advance_style\":\"advance_layout_6\",\"count\":\"7\",\"background_color\":null,\"background_image\":null,\"background_size\":null,\"background_position\":null,\"background_repeat\":null,\"padding_top\":null,\"padding_right\":null,\"padding_bottom\":null,\"padding_left\":null,\"margin_top\":\"30\",\"margin_right\":null,\"margin_bottom\":null,\"margin_left\":null,\"tab_padding_top\":null,\"tab_padding_right\":null,\"tab_padding_bottom\":null,\"tab_padding_left\":null,\"tab_margin_top\":null,\"tab_margin_right\":null,\"tab_margin_bottom\":null,\"tab_margin_left\":null,\"mobile_padding_top\":null,\"mobile_padding_right\":null,\"mobile_padding_bottom\":null,\"mobile_padding_left\":null,\"mobile_margin_top\":null,\"mobile_margin_right\":null,\"mobile_margin_bottom\":null,\"mobile_margin_left\":null,\"page\":\"30\"}'),
(274, 398, '{\"title_t_\":\"Entertainment\",\"type\":\"recent\",\"category\":\"274\",\"post_style\":\"s_four\",\"post_column_lg\":\"col-lg-4\",\"post_column_md\":\"col-sm-4\",\"post_column_sm\":\"col-12\",\"count\":\"3\",\"background_color\":null,\"background_image\":null,\"background_size\":null,\"background_position\":null,\"background_repeat\":null,\"padding_top\":null,\"padding_right\":null,\"padding_bottom\":null,\"padding_left\":null,\"margin_top\":\"60\",\"margin_right\":null,\"margin_bottom\":null,\"margin_left\":null,\"tab_padding_top\":null,\"tab_padding_right\":null,\"tab_padding_bottom\":null,\"tab_padding_left\":null,\"tab_margin_top\":null,\"tab_margin_right\":null,\"tab_margin_bottom\":null,\"tab_margin_left\":null,\"mobile_padding_top\":null,\"mobile_padding_right\":null,\"mobile_padding_bottom\":null,\"mobile_padding_left\":null,\"mobile_margin_top\":null,\"mobile_margin_right\":null,\"mobile_margin_bottom\":null,\"mobile_margin_left\":null,\"page\":\"30\"}'),
(276, 400, '{\"header_variation\":\"header-2\",\"page\":\"34\"}'),
(277, 401, '{\"footer_variation\":\"footer-2\",\"page\":\"34\"}'),
(278, 402, '{\"type\":\"feature\",\"category\":\"274\",\"count\":\"6\",\"background_color\":null,\"background_image\":null,\"background_size\":null,\"background_position\":null,\"background_repeat\":null,\"padding_top\":null,\"padding_right\":null,\"padding_bottom\":null,\"padding_left\":null,\"margin_top\":null,\"margin_right\":null,\"margin_bottom\":null,\"margin_left\":null,\"tab_padding_top\":null,\"tab_padding_right\":null,\"tab_padding_bottom\":null,\"tab_padding_left\":null,\"tab_margin_top\":null,\"tab_margin_right\":null,\"tab_margin_bottom\":null,\"tab_margin_left\":null,\"mobile_padding_top\":null,\"mobile_padding_right\":null,\"mobile_padding_bottom\":null,\"mobile_padding_left\":null,\"mobile_margin_top\":null,\"mobile_margin_right\":null,\"mobile_margin_bottom\":null,\"mobile_margin_left\":null,\"page\":\"34\"}'),
(279, 403, '{\"title_t_\":\"Popular News\",\"type\":\"most_view\",\"category\":\"274\",\"post_advance_style\":\"advance_layout_2\",\"count\":\"7\",\"background_color\":null,\"background_image\":null,\"background_size\":null,\"background_position\":null,\"background_repeat\":null,\"padding_top\":null,\"padding_right\":null,\"padding_bottom\":null,\"padding_left\":null,\"margin_top\":null,\"margin_right\":null,\"margin_bottom\":null,\"margin_left\":null,\"tab_padding_top\":null,\"tab_padding_right\":null,\"tab_padding_bottom\":null,\"tab_padding_left\":null,\"tab_margin_top\":null,\"tab_margin_right\":null,\"tab_margin_bottom\":null,\"tab_margin_left\":null,\"mobile_padding_top\":null,\"mobile_padding_right\":null,\"mobile_padding_bottom\":null,\"mobile_padding_left\":null,\"mobile_margin_top\":null,\"mobile_margin_right\":null,\"mobile_margin_bottom\":null,\"mobile_margin_left\":null,\"page\":\"34\"}'),
(280, 404, '{\"title_t_\":\"Entertainment\",\"type\":\"category\",\"category\":\"295\",\"post_style\":\"s_one\",\"post_column_lg\":\"col-lg-12\",\"post_column_md\":\"col-sm-12\",\"post_column_sm\":\"col-12\",\"count\":\"5\",\"background_color\":null,\"background_image\":null,\"background_size\":null,\"background_position\":null,\"background_repeat\":null,\"padding_top\":null,\"padding_right\":null,\"padding_bottom\":null,\"padding_left\":null,\"margin_top\":null,\"margin_right\":null,\"margin_bottom\":null,\"margin_left\":null,\"tab_padding_top\":null,\"tab_padding_right\":null,\"tab_padding_bottom\":null,\"tab_padding_left\":null,\"tab_margin_top\":null,\"tab_margin_right\":null,\"tab_margin_bottom\":null,\"tab_margin_left\":null,\"mobile_padding_top\":null,\"mobile_padding_right\":null,\"mobile_padding_bottom\":null,\"mobile_padding_left\":null,\"mobile_margin_top\":null,\"mobile_margin_right\":null,\"mobile_margin_bottom\":null,\"mobile_margin_left\":null,\"page\":\"34\"}'),
(281, 405, '{\"title_t_\":\"Follow US\",\"background_color\":null,\"background_image\":null,\"background_size\":null,\"background_position\":null,\"background_repeat\":null,\"padding_top\":null,\"padding_right\":null,\"padding_bottom\":null,\"padding_left\":null,\"margin_top\":null,\"margin_right\":null,\"margin_bottom\":null,\"margin_left\":null,\"tab_padding_top\":null,\"tab_padding_right\":null,\"tab_padding_bottom\":null,\"tab_padding_left\":null,\"tab_margin_top\":null,\"tab_margin_right\":null,\"tab_margin_bottom\":null,\"tab_margin_left\":null,\"mobile_padding_top\":null,\"mobile_padding_right\":null,\"mobile_padding_bottom\":null,\"mobile_padding_left\":null,\"mobile_margin_top\":null,\"mobile_margin_right\":null,\"mobile_margin_bottom\":null,\"mobile_margin_left\":null,\"page\":\"34\"}'),
(282, 406, '{\"title_t_\":\"Technology\",\"type\":\"category\",\"category\":\"288\",\"post_advance_style\":\"advance_layout_3\",\"count\":\"5\",\"background_color\":null,\"background_image\":null,\"background_size\":null,\"background_position\":null,\"background_repeat\":null,\"padding_top\":null,\"padding_right\":null,\"padding_bottom\":null,\"padding_left\":null,\"margin_top\":\"50\",\"margin_right\":null,\"margin_bottom\":null,\"margin_left\":null,\"tab_padding_top\":null,\"tab_padding_right\":null,\"tab_padding_bottom\":null,\"tab_padding_left\":null,\"tab_margin_top\":null,\"tab_margin_right\":null,\"tab_margin_bottom\":null,\"tab_margin_left\":null,\"mobile_padding_top\":null,\"mobile_padding_right\":null,\"mobile_padding_bottom\":null,\"mobile_padding_left\":null,\"mobile_margin_top\":null,\"mobile_margin_right\":null,\"mobile_margin_bottom\":null,\"mobile_margin_left\":null,\"page\":\"34\"}'),
(283, 407, '{\"ads_image\":\"1154\",\"ads_url\":\"\\/\",\"google_adsense\":null,\"background_color\":null,\"background_image\":null,\"background_size\":null,\"background_position\":null,\"background_repeat\":null,\"padding_top\":null,\"padding_right\":null,\"padding_bottom\":null,\"padding_left\":null,\"margin_top\":\"50\",\"margin_right\":null,\"margin_bottom\":null,\"margin_left\":null,\"tab_padding_top\":null,\"tab_padding_right\":null,\"tab_padding_bottom\":null,\"tab_padding_left\":null,\"tab_margin_top\":null,\"tab_margin_right\":null,\"tab_margin_bottom\":null,\"tab_margin_left\":null,\"mobile_padding_top\":null,\"mobile_padding_right\":null,\"mobile_padding_bottom\":null,\"mobile_padding_left\":null,\"mobile_margin_top\":null,\"mobile_margin_right\":null,\"mobile_margin_bottom\":null,\"mobile_margin_left\":null,\"page\":\"34\"}'),
(284, 408, '{\"title_t_\":\"Latest News\",\"type\":\"recent\",\"category\":\"274\",\"post_style\":\"s_four\",\"post_column_lg\":\"col-lg-3\",\"post_column_md\":\"col-sm-4\",\"post_column_sm\":\"col-12\",\"count\":\"8\",\"background_color\":null,\"background_image\":null,\"background_size\":null,\"background_position\":null,\"background_repeat\":null,\"padding_top\":null,\"padding_right\":null,\"padding_bottom\":null,\"padding_left\":null,\"margin_top\":null,\"margin_right\":null,\"margin_bottom\":null,\"margin_left\":null,\"tab_padding_top\":null,\"tab_padding_right\":null,\"tab_padding_bottom\":null,\"tab_padding_left\":null,\"tab_margin_top\":null,\"tab_margin_right\":null,\"tab_margin_bottom\":null,\"tab_margin_left\":null,\"mobile_padding_top\":null,\"mobile_padding_right\":null,\"mobile_padding_bottom\":null,\"mobile_padding_left\":null,\"mobile_margin_top\":null,\"mobile_margin_right\":null,\"mobile_margin_bottom\":null,\"mobile_margin_left\":null,\"page\":\"34\"}'),
(285, 409, '{\"header_variation\":\"header-3\",\"page\":\"35\"}'),
(286, 410, '{\"footer_variation\":\"footer-1\",\"page\":\"35\"}'),
(287, 411, '{\"header_variation\":\"header-4\",\"page\":\"36\"}'),
(288, 412, '{\"footer_variation\":\"footer-2\",\"page\":\"36\"}'),
(289, 413, '{\"header_variation\":\"header-2\",\"page\":\"37\"}'),
(290, 414, '{\"footer_variation\":\"footer-1\",\"page\":\"37\"}'),
(291, 415, '{\"title_t_\":null,\"type\":\"feature\",\"category\":\"274\",\"post_advance_style\":\"advance_layout_7\",\"count\":\"5\",\"background_color\":null,\"background_image\":null,\"background_size\":null,\"background_position\":null,\"background_repeat\":null,\"padding_top\":null,\"padding_right\":null,\"padding_bottom\":null,\"padding_left\":null,\"margin_top\":null,\"margin_right\":null,\"margin_bottom\":null,\"margin_left\":null,\"tab_padding_top\":null,\"tab_padding_right\":null,\"tab_padding_bottom\":null,\"tab_padding_left\":null,\"tab_margin_top\":null,\"tab_margin_right\":null,\"tab_margin_bottom\":null,\"tab_margin_left\":null,\"mobile_padding_top\":null,\"mobile_padding_right\":null,\"mobile_padding_bottom\":null,\"mobile_padding_left\":null,\"mobile_margin_top\":null,\"mobile_margin_right\":null,\"mobile_margin_bottom\":null,\"mobile_margin_left\":null,\"page\":\"35\"}'),
(292, 416, '{\"widget_image\":\"1155\",\"link\":\"custom_url\",\"link_url\":\"\\/\",\"new_window\":\"0\",\"alignment\":\"center\",\"width_c_\":null,\"max_width_c_\":null,\"height_c_\":null,\"background_color\":null,\"background_image\":null,\"background_size\":null,\"background_position\":null,\"background_repeat\":null,\"padding_top\":null,\"padding_right\":null,\"padding_bottom\":null,\"padding_left\":null,\"margin_top\":null,\"margin_right\":null,\"margin_bottom\":null,\"margin_left\":null,\"tab_padding_top\":null,\"tab_padding_right\":null,\"tab_padding_bottom\":null,\"tab_padding_left\":null,\"tab_margin_top\":null,\"tab_margin_right\":null,\"tab_margin_bottom\":null,\"tab_margin_left\":null,\"mobile_padding_top\":null,\"mobile_padding_right\":null,\"mobile_padding_bottom\":null,\"mobile_padding_left\":null,\"mobile_margin_top\":null,\"mobile_margin_right\":null,\"mobile_margin_bottom\":null,\"mobile_margin_left\":null,\"page\":\"35\"}'),
(293, 417, '{\"title_t_\":\"Hot Topics\",\"type\":\"most_view\",\"category\":\"274\",\"post_style\":\"s_four\",\"post_column_lg\":\"col-lg-3\",\"post_column_md\":\"col-sm-6\",\"post_column_sm\":\"col-12\",\"count\":\"4\",\"background_color\":null,\"background_image\":null,\"background_size\":null,\"background_position\":null,\"background_repeat\":null,\"padding_top\":null,\"padding_right\":null,\"padding_bottom\":null,\"padding_left\":null,\"margin_top\":null,\"margin_right\":null,\"margin_bottom\":null,\"margin_left\":null,\"tab_padding_top\":null,\"tab_padding_right\":null,\"tab_padding_bottom\":null,\"tab_padding_left\":null,\"tab_margin_top\":null,\"tab_margin_right\":null,\"tab_margin_bottom\":null,\"tab_margin_left\":null,\"mobile_padding_top\":null,\"mobile_padding_right\":null,\"mobile_padding_bottom\":null,\"mobile_padding_left\":null,\"mobile_margin_top\":null,\"mobile_margin_right\":null,\"mobile_margin_bottom\":null,\"mobile_margin_left\":null,\"page\":\"35\"}'),
(294, 418, '{\"title_t_\":\"What\'s New\",\"type\":\"recent\",\"category\":\"274\",\"post_advance_style\":\"advance_layout_5\",\"count\":\"5\",\"background_color\":null,\"background_image\":null,\"background_size\":null,\"background_position\":null,\"background_repeat\":null,\"padding_top\":null,\"padding_right\":null,\"padding_bottom\":null,\"padding_left\":null,\"margin_top\":null,\"margin_right\":null,\"margin_bottom\":null,\"margin_left\":null,\"tab_padding_top\":null,\"tab_padding_right\":null,\"tab_padding_bottom\":null,\"tab_padding_left\":null,\"tab_margin_top\":null,\"tab_margin_right\":null,\"tab_margin_bottom\":null,\"tab_margin_left\":null,\"mobile_padding_top\":null,\"mobile_padding_right\":null,\"mobile_padding_bottom\":null,\"mobile_padding_left\":null,\"mobile_margin_top\":null,\"mobile_margin_right\":null,\"mobile_margin_bottom\":null,\"mobile_margin_left\":null,\"page\":\"35\"}'),
(295, 419, '{\"title_t_\":\"Life Style\",\"type\":\"category\",\"category\":\"291\",\"post_style\":\"s_one\",\"post_column_lg\":\"col-lg-12\",\"post_column_md\":\"col-sm-12\",\"post_column_sm\":\"col-12\",\"count\":\"6\",\"background_color\":null,\"background_image\":null,\"background_size\":null,\"background_position\":null,\"background_repeat\":null,\"padding_top\":null,\"padding_right\":null,\"padding_bottom\":null,\"padding_left\":null,\"margin_top\":null,\"margin_right\":null,\"margin_bottom\":null,\"margin_left\":null,\"tab_padding_top\":null,\"tab_padding_right\":null,\"tab_padding_bottom\":null,\"tab_padding_left\":null,\"tab_margin_top\":null,\"tab_margin_right\":null,\"tab_margin_bottom\":null,\"tab_margin_left\":null,\"mobile_padding_top\":null,\"mobile_padding_right\":null,\"mobile_padding_bottom\":null,\"mobile_padding_left\":null,\"mobile_margin_top\":null,\"mobile_margin_right\":null,\"mobile_margin_bottom\":null,\"mobile_margin_left\":null,\"page\":\"35\"}'),
(296, 420, '{\"title_t_\":\"Follow US\",\"background_color\":null,\"background_image\":null,\"background_size\":null,\"background_position\":null,\"background_repeat\":null,\"padding_top\":null,\"padding_right\":null,\"padding_bottom\":null,\"padding_left\":null,\"margin_top\":null,\"margin_right\":null,\"margin_bottom\":null,\"margin_left\":null,\"tab_padding_top\":null,\"tab_padding_right\":null,\"tab_padding_bottom\":null,\"tab_padding_left\":null,\"tab_margin_top\":null,\"tab_margin_right\":null,\"tab_margin_bottom\":null,\"tab_margin_left\":null,\"mobile_padding_top\":null,\"mobile_padding_right\":null,\"mobile_padding_bottom\":null,\"mobile_padding_left\":null,\"mobile_margin_top\":null,\"mobile_margin_right\":null,\"mobile_margin_bottom\":null,\"mobile_margin_left\":null,\"page\":\"35\"}'),
(297, 421, '{\"title_t_\":\"GET NEWSLETTER\",\"short_desc_t_\":\"Subscribe to our newsletter to get the latest news and exclusive updates.\",\"email_placeholder_t_\":\"Enter Email\",\"btn_text_t_\":\"Subscriber\",\"background_color\":null,\"background_image\":null,\"background_size\":null,\"background_position\":null,\"background_repeat\":null,\"padding_top\":null,\"padding_right\":null,\"padding_bottom\":null,\"padding_left\":null,\"margin_top\":\"55\",\"margin_right\":null,\"margin_bottom\":null,\"margin_left\":null,\"tab_padding_top\":null,\"tab_padding_right\":null,\"tab_padding_bottom\":null,\"tab_padding_left\":null,\"tab_margin_top\":null,\"tab_margin_right\":null,\"tab_margin_bottom\":null,\"tab_margin_left\":null,\"mobile_padding_top\":null,\"mobile_padding_right\":null,\"mobile_padding_bottom\":null,\"mobile_padding_left\":null,\"mobile_margin_top\":null,\"mobile_margin_right\":null,\"mobile_margin_bottom\":null,\"mobile_margin_left\":null,\"page\":\"35\"}'),
(298, 422, '{\"title_t_\":\"Popular News\",\"type\":\"popular\",\"category\":\"274\",\"count\":\"3\",\"background_color\":null,\"background_image\":null,\"background_size\":null,\"background_position\":null,\"background_repeat\":null,\"padding_top\":null,\"padding_right\":null,\"padding_bottom\":null,\"padding_left\":null,\"margin_top\":\"55\",\"margin_right\":null,\"margin_bottom\":null,\"margin_left\":null,\"tab_padding_top\":null,\"tab_padding_right\":null,\"tab_padding_bottom\":null,\"tab_padding_left\":null,\"tab_margin_top\":null,\"tab_margin_right\":null,\"tab_margin_bottom\":null,\"tab_margin_left\":null,\"mobile_padding_top\":null,\"mobile_padding_right\":null,\"mobile_padding_bottom\":null,\"mobile_padding_left\":null,\"mobile_margin_top\":null,\"mobile_margin_right\":null,\"mobile_margin_bottom\":null,\"mobile_margin_left\":null,\"page\":\"35\"}'),
(299, 423, '{\"ads_image\":\"1152\",\"ads_url\":\"\\/\",\"google_adsense\":null,\"background_color\":null,\"background_image\":null,\"background_size\":null,\"background_position\":null,\"background_repeat\":null,\"padding_top\":null,\"padding_right\":null,\"padding_bottom\":null,\"padding_left\":null,\"margin_top\":\"55\",\"margin_right\":null,\"margin_bottom\":null,\"margin_left\":null,\"tab_padding_top\":null,\"tab_padding_right\":null,\"tab_padding_bottom\":null,\"tab_padding_left\":null,\"tab_margin_top\":null,\"tab_margin_right\":null,\"tab_margin_bottom\":null,\"tab_margin_left\":null,\"mobile_padding_top\":null,\"mobile_padding_right\":null,\"mobile_padding_bottom\":null,\"mobile_padding_left\":null,\"mobile_margin_top\":null,\"mobile_margin_right\":null,\"mobile_margin_bottom\":null,\"mobile_margin_left\":null,\"page\":\"35\"}'),
(301, 425, '{\"title_t_\":null,\"type\":\"category\",\"category\":\"288\",\"post_advance_style\":\"advance_layout_9\",\"count\":\"3\",\"background_color\":null,\"background_image\":null,\"background_size\":null,\"background_position\":null,\"background_repeat\":null,\"padding_top\":null,\"padding_right\":null,\"padding_bottom\":null,\"padding_left\":null,\"margin_top\":\"60\",\"margin_right\":null,\"margin_bottom\":null,\"margin_left\":null,\"tab_padding_top\":null,\"tab_padding_right\":null,\"tab_padding_bottom\":null,\"tab_padding_left\":null,\"tab_margin_top\":null,\"tab_margin_right\":null,\"tab_margin_bottom\":null,\"tab_margin_left\":null,\"mobile_padding_top\":null,\"mobile_padding_right\":null,\"mobile_padding_bottom\":null,\"mobile_padding_left\":null,\"mobile_margin_top\":null,\"mobile_margin_right\":null,\"mobile_margin_bottom\":null,\"mobile_margin_left\":null,\"page\":\"36\"}'),
(302, 426, '{\"title_t_\":\"Recent News\",\"type\":\"recent\",\"category\":\"294\",\"post_advance_style\":\"advance_layout_8\",\"count\":\"6\",\"background_color\":null,\"background_image\":null,\"background_size\":null,\"background_position\":null,\"background_repeat\":null,\"padding_top\":null,\"padding_right\":null,\"padding_bottom\":null,\"padding_left\":null,\"margin_top\":null,\"margin_right\":null,\"margin_bottom\":null,\"margin_left\":null,\"tab_padding_top\":null,\"tab_padding_right\":null,\"tab_padding_bottom\":null,\"tab_padding_left\":null,\"tab_margin_top\":null,\"tab_margin_right\":null,\"tab_margin_bottom\":null,\"tab_margin_left\":null,\"mobile_padding_top\":null,\"mobile_padding_right\":null,\"mobile_padding_bottom\":null,\"mobile_padding_left\":null,\"mobile_margin_top\":null,\"mobile_margin_right\":null,\"mobile_margin_bottom\":null,\"mobile_margin_left\":null,\"page\":\"36\"}'),
(303, 427, '{\"title_t_\":\"Politics\",\"type\":\"category\",\"category\":\"290\",\"count\":\"4\",\"background_color\":null,\"background_image\":null,\"background_size\":null,\"background_position\":null,\"background_repeat\":null,\"padding_top\":null,\"padding_right\":null,\"padding_bottom\":null,\"padding_left\":null,\"margin_top\":null,\"margin_right\":null,\"margin_bottom\":null,\"margin_left\":null,\"tab_padding_top\":null,\"tab_padding_right\":null,\"tab_padding_bottom\":null,\"tab_padding_left\":null,\"tab_margin_top\":null,\"tab_margin_right\":null,\"tab_margin_bottom\":null,\"tab_margin_left\":null,\"mobile_padding_top\":null,\"mobile_padding_right\":null,\"mobile_padding_bottom\":null,\"mobile_padding_left\":null,\"mobile_margin_top\":null,\"mobile_margin_right\":null,\"mobile_margin_bottom\":null,\"mobile_margin_left\":null,\"page\":\"36\"}'),
(304, 428, '{\"title_t_\":\"World News\",\"type\":\"category\",\"category\":\"289\",\"post_style\":\"s_two\",\"post_column_lg\":\"col-lg-6\",\"post_column_md\":\"col-sm-6\",\"post_column_sm\":\"col-12\",\"count\":\"4\",\"background_color\":null,\"background_image\":null,\"background_size\":null,\"background_position\":null,\"background_repeat\":null,\"padding_top\":null,\"padding_right\":null,\"padding_bottom\":null,\"padding_left\":null,\"margin_top\":\"60\",\"margin_right\":null,\"margin_bottom\":null,\"margin_left\":null,\"tab_padding_top\":null,\"tab_padding_right\":null,\"tab_padding_bottom\":null,\"tab_padding_left\":null,\"tab_margin_top\":null,\"tab_margin_right\":null,\"tab_margin_bottom\":null,\"tab_margin_left\":null,\"mobile_padding_top\":null,\"mobile_padding_right\":null,\"mobile_padding_bottom\":null,\"mobile_padding_left\":null,\"mobile_margin_top\":null,\"mobile_margin_right\":null,\"mobile_margin_bottom\":null,\"mobile_margin_left\":null,\"page\":\"36\"}'),
(305, 429, '{\"title_t_\":\"Top Categories\",\"number_of_category\":\"6\",\"background_color\":null,\"background_image\":null,\"background_size\":null,\"background_position\":null,\"background_repeat\":null,\"padding_top\":null,\"padding_right\":null,\"padding_bottom\":null,\"padding_left\":null,\"margin_top\":\"50\",\"margin_right\":null,\"margin_bottom\":null,\"margin_left\":null,\"tab_padding_top\":null,\"tab_padding_right\":null,\"tab_padding_bottom\":null,\"tab_padding_left\":null,\"tab_margin_top\":null,\"tab_margin_right\":null,\"tab_margin_bottom\":null,\"tab_margin_left\":null,\"mobile_padding_top\":null,\"mobile_padding_right\":null,\"mobile_padding_bottom\":null,\"mobile_padding_left\":null,\"mobile_margin_top\":null,\"mobile_margin_right\":null,\"mobile_margin_bottom\":null,\"mobile_margin_left\":null,\"page\":\"36\"}'),
(306, 430, '{\"title_t_\":\"Top Tags\",\"tag_count\":\"15\",\"background_color\":null,\"background_image\":null,\"background_size\":null,\"background_position\":null,\"background_repeat\":null,\"padding_top\":null,\"padding_right\":null,\"padding_bottom\":null,\"padding_left\":null,\"margin_top\":\"50\",\"margin_right\":null,\"margin_bottom\":null,\"margin_left\":null,\"tab_padding_top\":null,\"tab_padding_right\":null,\"tab_padding_bottom\":null,\"tab_padding_left\":null,\"tab_margin_top\":null,\"tab_margin_right\":null,\"tab_margin_bottom\":null,\"tab_margin_left\":null,\"mobile_padding_top\":null,\"mobile_padding_right\":null,\"mobile_padding_bottom\":null,\"mobile_padding_left\":null,\"mobile_margin_top\":null,\"mobile_margin_right\":null,\"mobile_margin_bottom\":null,\"mobile_margin_left\":null,\"page\":\"36\"}'),
(307, 431, '{\"title_t_\":\"Latest Comments\",\"count\":\"4\",\"background_color\":null,\"background_image\":null,\"background_size\":null,\"background_position\":null,\"background_repeat\":null,\"padding_top\":null,\"padding_right\":null,\"padding_bottom\":null,\"padding_left\":null,\"margin_top\":\"45\",\"margin_right\":null,\"margin_bottom\":null,\"margin_left\":null,\"tab_padding_top\":null,\"tab_padding_right\":null,\"tab_padding_bottom\":null,\"tab_padding_left\":null,\"tab_margin_top\":null,\"tab_margin_right\":null,\"tab_margin_bottom\":null,\"tab_margin_left\":null,\"mobile_padding_top\":null,\"mobile_padding_right\":null,\"mobile_padding_bottom\":null,\"mobile_padding_left\":null,\"mobile_margin_top\":null,\"mobile_margin_right\":null,\"mobile_margin_bottom\":null,\"mobile_margin_left\":null,\"page\":\"36\"}'),
(308, 432, '{\"title_t_\":\"Entertainment\",\"playlist_title_t_\":\"Video\",\"type\":\"category\",\"category\":\"295\",\"count\":\"6\",\"background_color\":null,\"background_image\":null,\"background_size\":null,\"background_position\":null,\"background_repeat\":null,\"padding_top\":null,\"padding_right\":null,\"padding_bottom\":null,\"padding_left\":null,\"margin_top\":null,\"margin_right\":null,\"margin_bottom\":null,\"margin_left\":null,\"tab_padding_top\":null,\"tab_padding_right\":null,\"tab_padding_bottom\":null,\"tab_padding_left\":null,\"tab_margin_top\":null,\"tab_margin_right\":null,\"tab_margin_bottom\":null,\"tab_margin_left\":null,\"mobile_padding_top\":null,\"mobile_padding_right\":null,\"mobile_padding_bottom\":null,\"mobile_padding_left\":null,\"mobile_margin_top\":null,\"mobile_margin_right\":null,\"mobile_margin_bottom\":null,\"mobile_margin_left\":null,\"page\":\"36\"}'),
(309, 434, '{\"title_t_\":\"\\u00daltimas not\\u00edcias\",\"type\":\"recent\",\"category\":\"274\",\"post_advance_style\":\"advance_layout_5\",\"count\":\"5\",\"background_color\":null,\"background_image\":null,\"background_size\":null,\"background_position\":null,\"background_repeat\":null,\"padding_top\":null,\"padding_right\":null,\"padding_bottom\":null,\"padding_left\":null,\"margin_top\":null,\"margin_right\":null,\"margin_bottom\":null,\"margin_left\":null,\"tab_padding_top\":null,\"tab_padding_right\":null,\"tab_padding_bottom\":null,\"tab_padding_left\":null,\"tab_margin_top\":null,\"tab_margin_right\":null,\"tab_margin_bottom\":null,\"tab_margin_left\":null,\"mobile_padding_top\":null,\"mobile_padding_right\":null,\"mobile_padding_bottom\":null,\"mobile_padding_left\":null,\"mobile_margin_top\":null,\"mobile_margin_right\":null,\"mobile_margin_bottom\":null,\"mobile_margin_left\":null,\"page\":\"37\"}'),
(310, 436, '{\"widget_image\":\"1170\",\"link\":\"custom_url\",\"link_url\":\"\\/\",\"new_window\":\"0\",\"alignment\":\"center\",\"width_c_\":null,\"max_width_c_\":null,\"height_c_\":null,\"background_color\":null,\"background_image\":null,\"background_size\":null,\"background_position\":null,\"background_repeat\":null,\"padding_top\":null,\"padding_right\":null,\"padding_bottom\":null,\"padding_left\":null,\"margin_top\":\"60\",\"margin_right\":null,\"margin_bottom\":null,\"margin_left\":null,\"tab_padding_top\":null,\"tab_padding_right\":null,\"tab_padding_bottom\":null,\"tab_padding_left\":null,\"tab_margin_top\":null,\"tab_margin_right\":null,\"tab_margin_bottom\":null,\"tab_margin_left\":null,\"mobile_padding_top\":null,\"mobile_padding_right\":null,\"mobile_padding_bottom\":null,\"mobile_padding_left\":null,\"mobile_margin_top\":null,\"mobile_margin_right\":null,\"mobile_margin_bottom\":null,\"mobile_margin_left\":null,\"page\":\"37\"}'),
(311, 437, '{\"title_t_\":\"Principais not\\u00edcias de 2024\",\"type\":\"most_view\",\"category\":\"17\",\"post_advance_style\":\"advance_layout_6\",\"count\":\"7\",\"background_color\":null,\"background_image\":null,\"background_size\":null,\"background_position\":null,\"background_repeat\":null,\"padding_top\":null,\"padding_right\":null,\"padding_bottom\":null,\"padding_left\":null,\"margin_top\":null,\"margin_right\":null,\"margin_bottom\":null,\"margin_left\":null,\"tab_padding_top\":null,\"tab_padding_right\":null,\"tab_padding_bottom\":null,\"tab_padding_left\":null,\"tab_margin_top\":null,\"tab_margin_right\":null,\"tab_margin_bottom\":null,\"tab_margin_left\":null,\"mobile_padding_top\":null,\"mobile_padding_right\":null,\"mobile_padding_bottom\":null,\"mobile_padding_left\":null,\"mobile_margin_top\":null,\"mobile_margin_right\":null,\"mobile_margin_bottom\":null,\"mobile_margin_left\":null,\"page\":\"37\"}'),
(312, 438, '{\"title_t_\":\"Siga-nos\",\"background_color\":null,\"background_image\":null,\"background_size\":null,\"background_position\":null,\"background_repeat\":null,\"padding_top\":null,\"padding_right\":null,\"padding_bottom\":null,\"padding_left\":null,\"margin_top\":null,\"margin_right\":null,\"margin_bottom\":null,\"margin_left\":null,\"tab_padding_top\":null,\"tab_padding_right\":null,\"tab_padding_bottom\":null,\"tab_padding_left\":null,\"tab_margin_top\":null,\"tab_margin_right\":null,\"tab_margin_bottom\":null,\"tab_margin_left\":null,\"mobile_padding_top\":null,\"mobile_padding_right\":null,\"mobile_padding_bottom\":null,\"mobile_padding_left\":null,\"mobile_margin_top\":null,\"mobile_margin_right\":null,\"mobile_margin_bottom\":null,\"mobile_margin_left\":null,\"page\":\"37\"}'),
(313, 439, '{\"title_t_\":\"Categorias\",\"number_of_category\":\"6\",\"background_color\":null,\"background_image\":null,\"background_size\":null,\"background_position\":null,\"background_repeat\":null,\"padding_top\":null,\"padding_right\":null,\"padding_bottom\":null,\"padding_left\":null,\"margin_top\":\"45\",\"margin_right\":null,\"margin_bottom\":null,\"margin_left\":null,\"tab_padding_top\":null,\"tab_padding_right\":null,\"tab_padding_bottom\":null,\"tab_padding_left\":null,\"tab_margin_top\":null,\"tab_margin_right\":null,\"tab_margin_bottom\":null,\"tab_margin_left\":null,\"mobile_padding_top\":null,\"mobile_padding_right\":null,\"mobile_padding_bottom\":null,\"mobile_padding_left\":null,\"mobile_margin_top\":null,\"mobile_margin_right\":null,\"mobile_margin_bottom\":null,\"mobile_margin_left\":null,\"page\":\"37\"}'),
(316, 442, '{\"title_t_\":\"Not\\u00edcias mais vistas\",\"type\":\"most_view\",\"category\":\"274\",\"post_style\":\"s_four\",\"post_column_lg\":\"col-lg-4\",\"post_column_md\":\"col-sm-6\",\"post_column_sm\":\"col-12\",\"count\":\"6\",\"background_color\":null,\"background_image\":null,\"background_size\":null,\"background_position\":null,\"background_repeat\":null,\"padding_top\":null,\"padding_right\":null,\"padding_bottom\":null,\"padding_left\":null,\"margin_top\":null,\"margin_right\":null,\"margin_bottom\":null,\"margin_left\":null,\"tab_padding_top\":null,\"tab_padding_right\":null,\"tab_padding_bottom\":null,\"tab_padding_left\":null,\"tab_margin_top\":null,\"tab_margin_right\":null,\"tab_margin_bottom\":null,\"tab_margin_left\":null,\"mobile_padding_top\":null,\"mobile_padding_right\":null,\"mobile_padding_bottom\":null,\"mobile_padding_left\":null,\"mobile_margin_top\":null,\"mobile_margin_right\":null,\"mobile_margin_bottom\":null,\"mobile_margin_left\":null,\"page\":\"37\"}'),
(319, 453, '{\"ads_image\":\"1152\",\"ads_url\":\"#\",\"new_window\":\"1\",\"google_adsense\":null,\"background_color\":null,\"background_image\":null,\"background_size\":null,\"background_position\":null,\"background_repeat\":null,\"padding_top\":null,\"padding_right\":null,\"padding_bottom\":null,\"padding_left\":null,\"margin_top\":null,\"margin_right\":null,\"margin_bottom\":null,\"margin_left\":null,\"tab_padding_top\":null,\"tab_padding_right\":null,\"tab_padding_bottom\":null,\"tab_padding_left\":null,\"tab_margin_top\":null,\"tab_margin_right\":null,\"tab_margin_bottom\":null,\"tab_margin_left\":null,\"mobile_padding_top\":null,\"mobile_padding_right\":null,\"mobile_padding_bottom\":null,\"mobile_padding_left\":null,\"mobile_margin_top\":null,\"mobile_margin_right\":null,\"mobile_margin_bottom\":null,\"mobile_margin_left\":null,\"page\":\"30\"}'),
(321, 455, '{\"ads_image\":\"1151\",\"ads_url\":\"\\/\",\"google_adsense\":null,\"background_color\":null,\"background_image\":null,\"background_size\":null,\"background_position\":null,\"background_repeat\":null,\"padding_top\":null,\"padding_right\":null,\"padding_bottom\":null,\"padding_left\":null,\"margin_top\":null,\"margin_right\":null,\"margin_bottom\":null,\"margin_left\":null,\"tab_padding_top\":null,\"tab_padding_right\":null,\"tab_padding_bottom\":null,\"tab_padding_left\":null,\"tab_margin_top\":null,\"tab_margin_right\":null,\"tab_margin_bottom\":null,\"tab_margin_left\":null,\"mobile_padding_top\":null,\"mobile_padding_right\":null,\"mobile_padding_bottom\":null,\"mobile_padding_left\":null,\"mobile_margin_top\":null,\"mobile_margin_right\":null,\"mobile_margin_bottom\":null,\"mobile_margin_left\":null,\"page\":\"30\"}'),
(322, 458, '{\"title_t_\":\"Regi\\u00e3o Norte\",\"type\":\"category\",\"category\":\"20\",\"post_advance_style\":\"advance_layout_2\",\"count\":\"7\",\"background_color\":null,\"background_image\":null,\"background_size\":null,\"background_position\":null,\"background_repeat\":null,\"padding_top\":null,\"padding_right\":null,\"padding_bottom\":null,\"padding_left\":null,\"margin_top\":null,\"margin_right\":null,\"margin_bottom\":null,\"margin_left\":null,\"tab_padding_top\":null,\"tab_padding_right\":null,\"tab_padding_bottom\":null,\"tab_padding_left\":null,\"tab_margin_top\":null,\"tab_margin_right\":null,\"tab_margin_bottom\":null,\"tab_margin_left\":null,\"mobile_padding_top\":null,\"mobile_padding_right\":null,\"mobile_padding_bottom\":null,\"mobile_padding_left\":null,\"mobile_margin_top\":null,\"mobile_margin_right\":null,\"mobile_margin_bottom\":null,\"mobile_margin_left\":null,\"page\":\"37\"}'),
(323, 462, '{\"title_t_\":\"Regi\\u00e3o Nordeste\",\"type\":\"category\",\"category\":\"19\",\"post_advance_style\":\"advance_layout_2\",\"count\":\"7\",\"background_color\":null,\"background_image\":null,\"background_size\":null,\"background_position\":null,\"background_repeat\":null,\"padding_top\":null,\"padding_right\":null,\"padding_bottom\":null,\"padding_left\":null,\"margin_top\":null,\"margin_right\":null,\"margin_bottom\":null,\"margin_left\":null,\"tab_padding_top\":null,\"tab_padding_right\":null,\"tab_padding_bottom\":null,\"tab_padding_left\":null,\"tab_margin_top\":null,\"tab_margin_right\":null,\"tab_margin_bottom\":null,\"tab_margin_left\":null,\"mobile_padding_top\":null,\"mobile_padding_right\":null,\"mobile_padding_bottom\":null,\"mobile_padding_left\":null,\"mobile_margin_top\":null,\"mobile_margin_right\":null,\"mobile_margin_bottom\":null,\"mobile_margin_left\":null,\"page\":\"37\"}'),
(324, 461, '{\"title_t_\":\"Regi\\u00e3o Centro-Oeste\",\"type\":\"category\",\"category\":\"21\",\"post_advance_style\":\"advance_layout_2\",\"count\":\"7\",\"background_color\":null,\"background_image\":null,\"background_size\":null,\"background_position\":null,\"background_repeat\":null,\"padding_top\":null,\"padding_right\":null,\"padding_bottom\":null,\"padding_left\":null,\"margin_top\":null,\"margin_right\":null,\"margin_bottom\":null,\"margin_left\":null,\"tab_padding_top\":null,\"tab_padding_right\":null,\"tab_padding_bottom\":null,\"tab_padding_left\":null,\"tab_margin_top\":null,\"tab_margin_right\":null,\"tab_margin_bottom\":null,\"tab_margin_left\":null,\"mobile_padding_top\":null,\"mobile_padding_right\":null,\"mobile_padding_bottom\":null,\"mobile_padding_left\":null,\"mobile_margin_top\":null,\"mobile_margin_right\":null,\"mobile_margin_bottom\":null,\"mobile_margin_left\":null,\"page\":\"37\"}'),
(325, 463, '{\"title_t_\":\"Regi\\u00e3o Sul\",\"type\":\"category\",\"category\":\"22\",\"post_advance_style\":\"advance_layout_2\",\"count\":\"7\",\"background_color\":null,\"background_image\":null,\"background_size\":null,\"background_position\":null,\"background_repeat\":null,\"padding_top\":null,\"padding_right\":null,\"padding_bottom\":null,\"padding_left\":null,\"margin_top\":null,\"margin_right\":null,\"margin_bottom\":null,\"margin_left\":null,\"tab_padding_top\":null,\"tab_padding_right\":null,\"tab_padding_bottom\":null,\"tab_padding_left\":null,\"tab_margin_top\":null,\"tab_margin_right\":null,\"tab_margin_bottom\":null,\"tab_margin_left\":null,\"mobile_padding_top\":null,\"mobile_padding_right\":null,\"mobile_padding_bottom\":null,\"mobile_padding_left\":null,\"mobile_margin_top\":null,\"mobile_margin_right\":null,\"mobile_margin_bottom\":null,\"mobile_margin_left\":null,\"page\":\"37\"}'),
(326, 460, '{\"title_t_\":\"Regi\\u00e3o Sudeste\",\"type\":\"category\",\"category\":\"17\",\"post_advance_style\":\"advance_layout_2\",\"count\":\"7\",\"background_color\":null,\"background_image\":null,\"background_size\":null,\"background_position\":null,\"background_repeat\":null,\"padding_top\":null,\"padding_right\":null,\"padding_bottom\":null,\"padding_left\":null,\"margin_top\":null,\"margin_right\":null,\"margin_bottom\":null,\"margin_left\":null,\"tab_padding_top\":null,\"tab_padding_right\":null,\"tab_padding_bottom\":null,\"tab_padding_left\":null,\"tab_margin_top\":null,\"tab_margin_right\":null,\"tab_margin_bottom\":null,\"tab_margin_left\":null,\"mobile_padding_top\":null,\"mobile_padding_right\":null,\"mobile_padding_bottom\":null,\"mobile_padding_left\":null,\"mobile_margin_top\":null,\"mobile_margin_right\":null,\"mobile_margin_bottom\":null,\"mobile_margin_left\":null,\"page\":\"37\"}'),
(327, 464, '{\"ads_image\":\"1173\",\"ads_url\":null,\"google_adsense\":null,\"background_color\":null,\"background_image\":null,\"background_size\":null,\"background_position\":null,\"background_repeat\":null,\"padding_top\":null,\"padding_right\":null,\"padding_bottom\":null,\"padding_left\":null,\"margin_top\":null,\"margin_right\":null,\"margin_bottom\":null,\"margin_left\":null,\"tab_padding_top\":null,\"tab_padding_right\":null,\"tab_padding_bottom\":null,\"tab_padding_left\":null,\"tab_margin_top\":null,\"tab_margin_right\":null,\"tab_margin_bottom\":null,\"tab_margin_left\":null,\"mobile_padding_top\":null,\"mobile_padding_right\":null,\"mobile_padding_bottom\":null,\"mobile_padding_left\":null,\"mobile_margin_top\":null,\"mobile_margin_right\":null,\"mobile_margin_bottom\":null,\"mobile_margin_left\":null,\"page\":\"37\"}'),
(328, 465, '{\"title_t_\":\"Contato\",\"name_placeholder_t_\":\"Nome:\",\"email_placeholder_t_\":\"E-mail:\",\"subject_placeholder_t_\":\"Assunto:\",\"message_placeholder_t_\":\"Mensagem:\",\"button_text_t_\":\"Enviar\",\"btn_alignment\":\"center\",\"background_color\":null,\"background_image\":null,\"background_size\":null,\"background_position\":null,\"background_repeat\":null,\"padding_top\":null,\"padding_right\":null,\"padding_bottom\":null,\"padding_left\":null,\"margin_top\":null,\"margin_right\":null,\"margin_bottom\":null,\"margin_left\":null,\"tab_padding_top\":null,\"tab_padding_right\":null,\"tab_padding_bottom\":null,\"tab_padding_left\":null,\"tab_margin_top\":null,\"tab_margin_right\":null,\"tab_margin_bottom\":null,\"tab_margin_left\":null,\"mobile_padding_top\":null,\"mobile_padding_right\":null,\"mobile_padding_bottom\":null,\"mobile_padding_left\":null,\"mobile_margin_top\":null,\"mobile_margin_right\":null,\"mobile_margin_bottom\":null,\"mobile_margin_left\":null,\"page\":\"39\"}'),
(329, 467, '{\"footer_variation\":\"footer-1\",\"page\":\"39\"}');

-- --------------------------------------------------------

--
-- Estrutura para tabela `page_builder_sections_properties`
--

CREATE TABLE `page_builder_sections_properties` (
  `id` int(11) NOT NULL,
  `section_id` int(11) DEFAULT NULL,
  `properties` longtext DEFAULT NULL,
  `created_at` timestamp NULL DEFAULT NULL,
  `updated_at` timestamp NULL DEFAULT NULL
) ENGINE=InnoDB DEFAULT CHARSET=utf8mb4 COLLATE=utf8mb4_general_ci;

--
-- Despejando dados para a tabela `page_builder_sections_properties`
--

INSERT INTO `page_builder_sections_properties` (`id`, `section_id`, `properties`, `created_at`, `updated_at`) VALUES
(111, 172, '{\"container\":\"container-fluid\",\"background_color\":null,\"background_image\":null,\"background_size\":null,\"background_position\":null,\"background_repeat\":null,\"padding_top\":null,\"padding_right\":null,\"padding_bottom\":null,\"padding_left\":null,\"margin_top\":null,\"margin_right\":null,\"margin_bottom\":null,\"margin_left\":null,\"tab_padding_top\":null,\"tab_padding_right\":null,\"tab_padding_bottom\":null,\"tab_padding_left\":null,\"tab_margin_top\":null,\"tab_margin_right\":null,\"tab_margin_bottom\":null,\"tab_margin_left\":null,\"mobile_padding_top\":null,\"mobile_padding_right\":null,\"mobile_padding_bottom\":null,\"mobile_padding_left\":null,\"mobile_margin_top\":\"0\",\"mobile_margin_right\":null,\"mobile_margin_bottom\":null,\"mobile_margin_left\":null,\"page\":\"30\"}', '2023-10-30 11:56:54', '2023-12-26 13:25:17'),
(112, 173, '{\"container\":\"container-fluid\",\"background_color\":null,\"background_image\":null,\"background_size\":null,\"background_position\":null,\"background_repeat\":null,\"padding_top\":null,\"padding_right\":null,\"padding_bottom\":null,\"padding_left\":null,\"margin_top\":\"30\",\"margin_right\":null,\"margin_bottom\":null,\"margin_left\":null,\"tab_padding_top\":null,\"tab_padding_right\":null,\"tab_padding_bottom\":null,\"tab_padding_left\":null,\"tab_margin_top\":null,\"tab_margin_right\":null,\"tab_margin_bottom\":null,\"tab_margin_left\":null,\"mobile_padding_top\":null,\"mobile_padding_right\":null,\"mobile_padding_bottom\":null,\"mobile_padding_left\":null,\"mobile_margin_top\":null,\"mobile_margin_right\":null,\"mobile_margin_bottom\":null,\"mobile_margin_left\":null,\"page\":\"30\"}', '2023-10-30 11:57:03', '2023-12-26 13:24:47'),
(114, 180, '{\"background_color\":null,\"background_image\":null,\"background_size\":null,\"background_position\":null,\"background_repeat\":null,\"padding_top\":null,\"padding_right\":null,\"padding_bottom\":null,\"padding_left\":null,\"margin_top\":\"60\",\"margin_right\":null,\"margin_bottom\":null,\"margin_left\":null,\"tab_padding_top\":null,\"tab_padding_right\":null,\"tab_padding_bottom\":null,\"tab_padding_left\":null,\"tab_margin_top\":null,\"tab_margin_right\":null,\"tab_margin_bottom\":null,\"tab_margin_left\":null,\"mobile_padding_top\":null,\"mobile_padding_right\":null,\"mobile_padding_bottom\":null,\"mobile_padding_left\":null,\"mobile_margin_top\":null,\"mobile_margin_right\":null,\"mobile_margin_bottom\":null,\"mobile_margin_left\":null,\"page\":\"30\"}', '2023-11-09 06:30:39', '2023-12-09 12:05:57'),
(116, 187, '{\"background_color\":\"#F7F8FA\",\"background_image\":\"1157\",\"background_size\":\"cover\",\"background_position\":\"bottom\",\"background_repeat\":\"no-repeat\",\"padding_top\":\"50\",\"padding_right\":null,\"padding_bottom\":\"60\",\"padding_left\":null,\"margin_top\":\"50\",\"margin_right\":null,\"margin_bottom\":\"60\",\"margin_left\":null,\"tab_padding_top\":null,\"tab_padding_right\":null,\"tab_padding_bottom\":null,\"tab_padding_left\":null,\"tab_margin_top\":null,\"tab_margin_right\":null,\"tab_margin_bottom\":null,\"tab_margin_left\":null,\"mobile_padding_top\":null,\"mobile_padding_right\":null,\"mobile_padding_bottom\":null,\"mobile_padding_left\":null,\"mobile_margin_top\":null,\"mobile_margin_right\":null,\"mobile_margin_bottom\":null,\"mobile_margin_left\":null,\"page\":\"30\"}', '2023-11-28 05:24:29', '2023-12-28 05:58:01'),
(118, 189, '{\"background_color\":null,\"background_image\":null,\"background_size\":null,\"background_position\":null,\"background_repeat\":null,\"padding_top\":null,\"padding_right\":null,\"padding_bottom\":null,\"padding_left\":null,\"margin_top\":\"50\",\"margin_right\":null,\"margin_bottom\":null,\"margin_left\":null,\"tab_padding_top\":null,\"tab_padding_right\":null,\"tab_padding_bottom\":null,\"tab_padding_left\":null,\"tab_margin_top\":null,\"tab_margin_right\":null,\"tab_margin_bottom\":null,\"tab_margin_left\":null,\"mobile_padding_top\":null,\"mobile_padding_right\":null,\"mobile_padding_bottom\":null,\"mobile_padding_left\":null,\"mobile_margin_top\":null,\"mobile_margin_right\":null,\"mobile_margin_bottom\":null,\"mobile_margin_left\":null,\"page\":\"30\"}', '2023-12-09 10:19:19', '2023-12-21 17:25:24'),
(119, 191, '{\"container\":\"container\",\"background_color\":null,\"background_image\":\"1157\",\"background_size\":\"cover\",\"background_position\":\"center\",\"background_repeat\":\"no-repeat\",\"padding_top\":\"70\",\"padding_right\":null,\"padding_bottom\":\"40\",\"padding_left\":null,\"margin_top\":null,\"margin_right\":null,\"margin_bottom\":null,\"margin_left\":null,\"tab_padding_top\":null,\"tab_padding_right\":null,\"tab_padding_bottom\":null,\"tab_padding_left\":null,\"tab_margin_top\":null,\"tab_margin_right\":null,\"tab_margin_bottom\":null,\"tab_margin_left\":null,\"mobile_padding_top\":null,\"mobile_padding_right\":null,\"mobile_padding_bottom\":null,\"mobile_padding_left\":null,\"mobile_margin_top\":null,\"mobile_margin_right\":null,\"mobile_margin_bottom\":null,\"mobile_margin_left\":null,\"page\":\"34\"}', '2023-12-09 17:17:38', '2023-12-28 05:56:41'),
(120, 192, '{\"container\":\"container-fluid\",\"background_color\":null,\"background_image\":null,\"background_size\":null,\"background_position\":null,\"background_repeat\":null,\"padding_top\":null,\"padding_right\":null,\"padding_bottom\":null,\"padding_left\":null,\"margin_top\":null,\"margin_right\":null,\"margin_bottom\":null,\"margin_left\":null,\"tab_padding_top\":null,\"tab_padding_right\":null,\"tab_padding_bottom\":null,\"tab_padding_left\":null,\"tab_margin_top\":null,\"tab_margin_right\":null,\"tab_margin_bottom\":null,\"tab_margin_left\":null,\"mobile_padding_top\":null,\"mobile_padding_right\":null,\"mobile_padding_bottom\":null,\"mobile_padding_left\":null,\"mobile_margin_top\":null,\"mobile_margin_right\":null,\"mobile_margin_bottom\":null,\"mobile_margin_left\":null,\"page\":\"34\"}', '2023-12-09 17:20:30', '2023-12-09 17:20:30'),
(121, 190, '{\"container\":\"container-fluid\",\"background_color\":null,\"background_image\":null,\"background_size\":null,\"background_position\":null,\"background_repeat\":null,\"padding_top\":null,\"padding_right\":null,\"padding_bottom\":null,\"padding_left\":null,\"margin_top\":null,\"margin_right\":null,\"margin_bottom\":null,\"margin_left\":null,\"tab_padding_top\":null,\"tab_padding_right\":null,\"tab_padding_bottom\":null,\"tab_padding_left\":null,\"tab_margin_top\":null,\"tab_margin_right\":null,\"tab_margin_bottom\":null,\"tab_margin_left\":null,\"mobile_padding_top\":null,\"mobile_padding_right\":null,\"mobile_padding_bottom\":null,\"mobile_padding_left\":null,\"mobile_margin_top\":null,\"mobile_margin_right\":null,\"mobile_margin_bottom\":null,\"mobile_margin_left\":null,\"page\":\"34\"}', '2023-12-09 17:20:33', '2023-12-09 17:20:33'),
(122, 193, '{\"background_color\":null,\"background_image\":null,\"background_size\":null,\"background_position\":null,\"background_repeat\":null,\"padding_top\":null,\"padding_right\":null,\"padding_bottom\":null,\"padding_left\":null,\"margin_top\":\"60\",\"margin_right\":null,\"margin_bottom\":null,\"margin_left\":null,\"tab_padding_top\":null,\"tab_padding_right\":null,\"tab_padding_bottom\":null,\"tab_padding_left\":null,\"tab_margin_top\":null,\"tab_margin_right\":null,\"tab_margin_bottom\":null,\"tab_margin_left\":null,\"mobile_padding_top\":null,\"mobile_padding_right\":null,\"mobile_padding_bottom\":null,\"mobile_padding_left\":null,\"mobile_margin_top\":null,\"mobile_margin_right\":null,\"mobile_margin_bottom\":null,\"mobile_margin_left\":null,\"page\":\"34\"}', '2023-12-09 17:39:37', '2023-12-09 17:39:37'),
(123, 194, '{\"background_color\":null,\"background_image\":null,\"background_size\":null,\"background_position\":null,\"background_repeat\":null,\"padding_top\":null,\"padding_right\":null,\"padding_bottom\":null,\"padding_left\":null,\"margin_top\":\"30\",\"margin_right\":null,\"margin_bottom\":null,\"margin_left\":null,\"tab_padding_top\":null,\"tab_padding_right\":null,\"tab_padding_bottom\":null,\"tab_padding_left\":null,\"tab_margin_top\":null,\"tab_margin_right\":null,\"tab_margin_bottom\":null,\"tab_margin_left\":null,\"mobile_padding_top\":null,\"mobile_padding_right\":null,\"mobile_padding_bottom\":null,\"mobile_padding_left\":null,\"mobile_margin_top\":null,\"mobile_margin_right\":null,\"mobile_margin_bottom\":null,\"mobile_margin_left\":null,\"page\":\"34\"}', '2023-12-09 17:46:53', '2023-12-09 17:46:53'),
(124, 195, '{\"background_color\":null,\"background_image\":null,\"background_size\":null,\"background_position\":null,\"background_repeat\":null,\"padding_top\":null,\"padding_right\":null,\"padding_bottom\":null,\"padding_left\":null,\"margin_top\":\"30\",\"margin_right\":null,\"margin_bottom\":\"60\",\"margin_left\":null,\"tab_padding_top\":null,\"tab_padding_right\":null,\"tab_padding_bottom\":null,\"tab_padding_left\":null,\"tab_margin_top\":null,\"tab_margin_right\":null,\"tab_margin_bottom\":null,\"tab_margin_left\":null,\"mobile_padding_top\":null,\"mobile_padding_right\":null,\"mobile_padding_bottom\":null,\"mobile_padding_left\":null,\"mobile_margin_top\":null,\"mobile_margin_right\":null,\"mobile_margin_bottom\":null,\"mobile_margin_left\":null,\"page\":\"34\"}', '2023-12-09 17:57:19', '2023-12-09 18:01:09'),
(125, 196, '{\"container\":\"container-fluid\",\"background_color\":null,\"background_image\":null,\"background_size\":null,\"background_position\":null,\"background_repeat\":null,\"padding_top\":null,\"padding_right\":null,\"padding_bottom\":null,\"padding_left\":null,\"margin_top\":null,\"margin_right\":null,\"margin_bottom\":null,\"margin_left\":null,\"tab_padding_top\":null,\"tab_padding_right\":null,\"tab_padding_bottom\":null,\"tab_padding_left\":null,\"tab_margin_top\":null,\"tab_margin_right\":null,\"tab_margin_bottom\":null,\"tab_margin_left\":null,\"mobile_padding_top\":null,\"mobile_padding_right\":null,\"mobile_padding_bottom\":null,\"mobile_padding_left\":null,\"mobile_margin_top\":null,\"mobile_margin_right\":null,\"mobile_margin_bottom\":null,\"mobile_margin_left\":null,\"page\":\"35\"}', '2023-12-10 10:47:00', '2023-12-10 10:47:00'),
(126, 197, '{\"container\":\"container-fluid\",\"background_color\":null,\"background_image\":null,\"background_size\":null,\"background_position\":null,\"background_repeat\":null,\"padding_top\":null,\"padding_right\":null,\"padding_bottom\":null,\"padding_left\":null,\"margin_top\":null,\"margin_right\":null,\"margin_bottom\":null,\"margin_left\":null,\"tab_padding_top\":null,\"tab_padding_right\":null,\"tab_padding_bottom\":null,\"tab_padding_left\":null,\"tab_margin_top\":null,\"tab_margin_right\":null,\"tab_margin_bottom\":null,\"tab_margin_left\":null,\"mobile_padding_top\":null,\"mobile_padding_right\":null,\"mobile_padding_bottom\":null,\"mobile_padding_left\":null,\"mobile_margin_top\":null,\"mobile_margin_right\":null,\"mobile_margin_bottom\":null,\"mobile_margin_left\":null,\"page\":\"35\"}', '2023-12-10 10:47:11', '2023-12-10 10:47:11'),
(127, 198, '{\"container\":\"container-fluid\",\"background_color\":null,\"background_image\":null,\"background_size\":null,\"background_position\":null,\"background_repeat\":null,\"padding_top\":null,\"padding_right\":null,\"padding_bottom\":null,\"padding_left\":null,\"margin_top\":null,\"margin_right\":null,\"margin_bottom\":null,\"margin_left\":null,\"tab_padding_top\":null,\"tab_padding_right\":null,\"tab_padding_bottom\":null,\"tab_padding_left\":null,\"tab_margin_top\":null,\"tab_margin_right\":null,\"tab_margin_bottom\":null,\"tab_margin_left\":null,\"mobile_padding_top\":null,\"mobile_padding_right\":null,\"mobile_padding_bottom\":null,\"mobile_padding_left\":null,\"mobile_margin_top\":null,\"mobile_margin_right\":null,\"mobile_margin_bottom\":null,\"mobile_margin_left\":null,\"page\":\"36\"}', '2023-12-10 11:02:52', '2023-12-10 11:02:52'),
(128, 199, '{\"container\":\"container-fluid\",\"background_color\":null,\"background_image\":null,\"background_size\":null,\"background_position\":null,\"background_repeat\":null,\"padding_top\":null,\"padding_right\":null,\"padding_bottom\":null,\"padding_left\":null,\"margin_top\":null,\"margin_right\":null,\"margin_bottom\":null,\"margin_left\":null,\"tab_padding_top\":null,\"tab_padding_right\":null,\"tab_padding_bottom\":null,\"tab_padding_left\":null,\"tab_margin_top\":null,\"tab_margin_right\":null,\"tab_margin_bottom\":null,\"tab_margin_left\":null,\"mobile_padding_top\":null,\"mobile_padding_right\":null,\"mobile_padding_bottom\":null,\"mobile_padding_left\":null,\"mobile_margin_top\":null,\"mobile_margin_right\":null,\"mobile_margin_bottom\":null,\"mobile_margin_left\":null,\"page\":\"36\"}', '2023-12-10 11:03:00', '2023-12-10 11:03:00'),
(129, 200, '{\"container\":\"container-fluid\",\"background_color\":null,\"background_image\":null,\"background_size\":null,\"background_position\":null,\"background_repeat\":null,\"padding_top\":null,\"padding_right\":null,\"padding_bottom\":null,\"padding_left\":null,\"margin_top\":null,\"margin_right\":null,\"margin_bottom\":null,\"margin_left\":null,\"tab_padding_top\":null,\"tab_padding_right\":null,\"tab_padding_bottom\":null,\"tab_padding_left\":null,\"tab_margin_top\":null,\"tab_margin_right\":null,\"tab_margin_bottom\":null,\"tab_margin_left\":null,\"mobile_padding_top\":null,\"mobile_padding_right\":null,\"mobile_padding_bottom\":null,\"mobile_padding_left\":null,\"mobile_margin_top\":null,\"mobile_margin_right\":null,\"mobile_margin_bottom\":null,\"mobile_margin_left\":null,\"page\":\"37\"}', '2023-12-10 11:11:57', '2023-12-10 11:11:57'),
(130, 201, '{\"container\":\"container-fluid\",\"background_color\":null,\"background_image\":null,\"background_size\":null,\"background_position\":null,\"background_repeat\":null,\"padding_top\":null,\"padding_right\":null,\"padding_bottom\":null,\"padding_left\":null,\"margin_top\":null,\"margin_right\":null,\"margin_bottom\":null,\"margin_left\":null,\"tab_padding_top\":null,\"tab_padding_right\":null,\"tab_padding_bottom\":null,\"tab_padding_left\":null,\"tab_margin_top\":null,\"tab_margin_right\":null,\"tab_margin_bottom\":null,\"tab_margin_left\":null,\"mobile_padding_top\":null,\"mobile_padding_right\":null,\"mobile_padding_bottom\":null,\"mobile_padding_left\":null,\"mobile_margin_top\":null,\"mobile_margin_right\":null,\"mobile_margin_bottom\":null,\"mobile_margin_left\":null,\"page\":\"37\"}', '2023-12-10 11:12:05', '2023-12-10 11:12:05'),
(131, 202, '{\"background_color\":null,\"background_image\":null,\"background_size\":null,\"background_position\":null,\"background_repeat\":null,\"padding_top\":null,\"padding_right\":null,\"padding_bottom\":null,\"padding_left\":null,\"margin_top\":\"60\",\"margin_right\":null,\"margin_bottom\":null,\"margin_left\":null,\"tab_padding_top\":null,\"tab_padding_right\":null,\"tab_padding_bottom\":null,\"tab_padding_left\":null,\"tab_margin_top\":null,\"tab_margin_right\":null,\"tab_margin_bottom\":null,\"tab_margin_left\":null,\"mobile_padding_top\":null,\"mobile_padding_right\":null,\"mobile_padding_bottom\":null,\"mobile_padding_left\":null,\"mobile_margin_top\":null,\"mobile_margin_right\":null,\"mobile_margin_bottom\":null,\"mobile_margin_left\":null,\"page\":\"35\"}', '2023-12-10 11:44:10', '2023-12-10 11:44:10'),
(132, 203, '{\"background_color\":null,\"background_image\":null,\"background_size\":null,\"background_position\":null,\"background_repeat\":null,\"padding_top\":null,\"padding_right\":null,\"padding_bottom\":null,\"padding_left\":null,\"margin_top\":\"60\",\"margin_right\":null,\"margin_bottom\":null,\"margin_left\":null,\"tab_padding_top\":null,\"tab_padding_right\":null,\"tab_padding_bottom\":null,\"tab_padding_left\":null,\"tab_margin_top\":null,\"tab_margin_right\":null,\"tab_margin_bottom\":null,\"tab_margin_left\":null,\"mobile_padding_top\":null,\"mobile_padding_right\":null,\"mobile_padding_bottom\":null,\"mobile_padding_left\":null,\"mobile_margin_top\":null,\"mobile_margin_right\":null,\"mobile_margin_bottom\":null,\"mobile_margin_left\":null,\"page\":\"35\"}', '2023-12-10 11:45:16', '2023-12-10 11:45:16'),
(133, 204, '{\"background_color\":null,\"background_image\":null,\"background_size\":null,\"background_position\":null,\"background_repeat\":null,\"padding_top\":null,\"padding_right\":null,\"padding_bottom\":null,\"padding_left\":null,\"margin_top\":\"60\",\"margin_right\":null,\"margin_bottom\":null,\"margin_left\":null,\"tab_padding_top\":null,\"tab_padding_right\":null,\"tab_padding_bottom\":null,\"tab_padding_left\":null,\"tab_margin_top\":null,\"tab_margin_right\":null,\"tab_margin_bottom\":null,\"tab_margin_left\":null,\"mobile_padding_top\":null,\"mobile_padding_right\":null,\"mobile_padding_bottom\":null,\"mobile_padding_left\":null,\"mobile_margin_top\":null,\"mobile_margin_right\":null,\"mobile_margin_bottom\":null,\"mobile_margin_left\":null,\"page\":\"35\"}', '2023-12-10 11:46:37', '2023-12-10 11:46:37'),
(134, 205, '{\"background_color\":null,\"background_image\":null,\"background_size\":null,\"background_position\":null,\"background_repeat\":null,\"padding_top\":null,\"padding_right\":null,\"padding_bottom\":null,\"padding_left\":null,\"margin_top\":\"30\",\"margin_right\":null,\"margin_bottom\":null,\"margin_left\":null,\"tab_padding_top\":null,\"tab_padding_right\":null,\"tab_padding_bottom\":null,\"tab_padding_left\":null,\"tab_margin_top\":null,\"tab_margin_right\":null,\"tab_margin_bottom\":null,\"tab_margin_left\":null,\"mobile_padding_top\":null,\"mobile_padding_right\":null,\"mobile_padding_bottom\":null,\"mobile_padding_left\":null,\"mobile_margin_top\":null,\"mobile_margin_right\":null,\"mobile_margin_bottom\":null,\"mobile_margin_left\":null,\"page\":\"35\"}', '2023-12-10 11:48:58', '2023-12-10 11:51:06'),
(135, 206, '{\"background_color\":null,\"background_image\":null,\"background_size\":null,\"background_position\":null,\"background_repeat\":null,\"padding_top\":null,\"padding_right\":null,\"padding_bottom\":null,\"padding_left\":null,\"margin_top\":\"60\",\"margin_right\":null,\"margin_bottom\":\"30\",\"margin_left\":null,\"tab_padding_top\":null,\"tab_padding_right\":null,\"tab_padding_bottom\":null,\"tab_padding_left\":null,\"tab_margin_top\":null,\"tab_margin_right\":null,\"tab_margin_bottom\":null,\"tab_margin_left\":null,\"mobile_padding_top\":null,\"mobile_padding_right\":null,\"mobile_padding_bottom\":null,\"mobile_padding_left\":null,\"mobile_margin_top\":null,\"mobile_margin_right\":null,\"mobile_margin_bottom\":null,\"mobile_margin_left\":null,\"page\":\"35\"}', '2023-12-10 11:52:13', '2023-12-10 12:10:56'),
(136, 208, '{\"background_color\":null,\"background_image\":null,\"background_size\":null,\"background_position\":null,\"background_repeat\":null,\"padding_top\":null,\"padding_right\":null,\"padding_bottom\":null,\"padding_left\":null,\"margin_top\":\"30\",\"margin_right\":null,\"margin_bottom\":\"60\",\"margin_left\":null,\"tab_padding_top\":null,\"tab_padding_right\":null,\"tab_padding_bottom\":null,\"tab_padding_left\":null,\"tab_margin_top\":null,\"tab_margin_right\":null,\"tab_margin_bottom\":null,\"tab_margin_left\":null,\"mobile_padding_top\":null,\"mobile_padding_right\":null,\"mobile_padding_bottom\":null,\"mobile_padding_left\":null,\"mobile_margin_top\":null,\"mobile_margin_right\":null,\"mobile_margin_bottom\":null,\"mobile_margin_left\":null,\"page\":\"36\"}', '2023-12-10 12:42:49', '2023-12-10 13:01:02'),
(137, 209, '{\"background_color\":null,\"background_image\":null,\"background_size\":null,\"background_position\":null,\"background_repeat\":null,\"padding_top\":null,\"padding_right\":null,\"padding_bottom\":null,\"padding_left\":null,\"margin_top\":\"60\",\"margin_right\":null,\"margin_bottom\":null,\"margin_left\":null,\"tab_padding_top\":null,\"tab_padding_right\":null,\"tab_padding_bottom\":null,\"tab_padding_left\":null,\"tab_margin_top\":null,\"tab_margin_right\":null,\"tab_margin_bottom\":null,\"tab_margin_left\":null,\"mobile_padding_top\":null,\"mobile_padding_right\":null,\"mobile_padding_bottom\":null,\"mobile_padding_left\":null,\"mobile_margin_top\":null,\"mobile_margin_right\":null,\"mobile_margin_bottom\":null,\"mobile_margin_left\":null,\"page\":\"36\"}', '2023-12-10 12:44:19', '2023-12-10 12:44:19'),
(138, 210, '{\"background_color\":null,\"background_image\":null,\"background_size\":null,\"background_position\":null,\"background_repeat\":null,\"padding_top\":null,\"padding_right\":null,\"padding_bottom\":null,\"padding_left\":null,\"margin_top\":\"60\",\"margin_right\":null,\"margin_bottom\":null,\"margin_left\":null,\"tab_padding_top\":null,\"tab_padding_right\":null,\"tab_padding_bottom\":null,\"tab_padding_left\":null,\"tab_margin_top\":null,\"tab_margin_right\":null,\"tab_margin_bottom\":null,\"tab_margin_left\":null,\"mobile_padding_top\":null,\"mobile_padding_right\":null,\"mobile_padding_bottom\":null,\"mobile_padding_left\":null,\"mobile_margin_top\":null,\"mobile_margin_right\":null,\"mobile_margin_bottom\":null,\"mobile_margin_left\":null,\"page\":\"37\"}', '2023-12-10 14:54:19', '2023-12-10 14:54:19'),
(139, 212, '{\"background_color\":null,\"background_image\":null,\"background_size\":null,\"background_position\":null,\"background_repeat\":null,\"padding_top\":null,\"padding_right\":null,\"padding_bottom\":null,\"padding_left\":null,\"margin_top\":\"60\",\"margin_right\":null,\"margin_bottom\":null,\"margin_left\":null,\"tab_padding_top\":null,\"tab_padding_right\":null,\"tab_padding_bottom\":null,\"tab_padding_left\":null,\"tab_margin_top\":null,\"tab_margin_right\":null,\"tab_margin_bottom\":null,\"tab_margin_left\":null,\"mobile_padding_top\":null,\"mobile_padding_right\":null,\"mobile_padding_bottom\":null,\"mobile_padding_left\":null,\"mobile_margin_top\":null,\"mobile_margin_right\":null,\"mobile_margin_bottom\":null,\"mobile_margin_left\":null,\"page\":\"37\"}', '2023-12-10 15:02:07', '2023-12-10 15:02:07'),
(141, 214, '{\"background_color\":null,\"background_image\":null,\"background_size\":null,\"background_position\":null,\"background_repeat\":null,\"padding_top\":null,\"padding_right\":null,\"padding_bottom\":null,\"padding_left\":null,\"margin_top\":\"60\",\"margin_right\":null,\"margin_bottom\":null,\"margin_left\":null,\"tab_padding_top\":null,\"tab_padding_right\":null,\"tab_padding_bottom\":null,\"tab_padding_left\":null,\"tab_margin_top\":null,\"tab_margin_right\":null,\"tab_margin_bottom\":null,\"tab_margin_left\":null,\"mobile_padding_top\":null,\"mobile_padding_right\":null,\"mobile_padding_bottom\":null,\"mobile_padding_left\":null,\"mobile_margin_top\":null,\"mobile_margin_right\":null,\"mobile_margin_bottom\":null,\"mobile_margin_left\":null,\"page\":\"37\"}', '2023-12-10 15:08:48', '2023-12-10 15:08:48'),
(143, 179, '{\"background_color\":null,\"background_image\":null,\"background_size\":null,\"background_position\":null,\"background_repeat\":null,\"padding_top\":\"10\",\"padding_right\":null,\"padding_bottom\":null,\"padding_left\":null,\"margin_top\":null,\"margin_right\":null,\"margin_bottom\":null,\"margin_left\":null,\"tab_padding_top\":null,\"tab_padding_right\":null,\"tab_padding_bottom\":null,\"tab_padding_left\":null,\"tab_margin_top\":null,\"tab_margin_right\":null,\"tab_margin_bottom\":null,\"tab_margin_left\":null,\"mobile_padding_top\":null,\"mobile_padding_right\":null,\"mobile_padding_bottom\":null,\"mobile_padding_left\":null,\"mobile_margin_top\":null,\"mobile_margin_right\":null,\"mobile_margin_bottom\":null,\"mobile_margin_left\":null,\"page\":\"30\"}', '2023-12-26 13:25:35', '2023-12-26 13:26:05'),
(144, 220, '{\"container\":\"container\",\"vertical\":\"center\",\"background_color\":null,\"background_image\":null,\"background_size\":null,\"background_position\":null,\"background_repeat\":null,\"padding_top\":null,\"padding_right\":null,\"padding_bottom\":null,\"padding_left\":null,\"margin_top\":null,\"margin_right\":null,\"margin_bottom\":null,\"margin_left\":null,\"tab_padding_top\":null,\"tab_padding_right\":null,\"tab_padding_bottom\":null,\"tab_padding_left\":null,\"tab_margin_top\":null,\"tab_margin_right\":null,\"tab_margin_bottom\":null,\"tab_margin_left\":null,\"mobile_padding_top\":null,\"mobile_padding_right\":null,\"mobile_padding_bottom\":null,\"mobile_padding_left\":null,\"mobile_margin_top\":null,\"mobile_margin_right\":null,\"mobile_margin_bottom\":null,\"mobile_margin_left\":null,\"page\":\"37\"}', '2024-06-03 17:56:38', '2024-06-03 17:56:38'),
(145, 228, '{\"container\":\"container-fluid\",\"vertical\":\"start\",\"background_color\":null,\"background_image\":null,\"background_size\":null,\"background_position\":null,\"background_repeat\":null,\"padding_top\":null,\"padding_right\":null,\"padding_bottom\":null,\"padding_left\":null,\"margin_top\":null,\"margin_right\":null,\"margin_bottom\":null,\"margin_left\":null,\"tab_padding_top\":null,\"tab_padding_right\":null,\"tab_padding_bottom\":null,\"tab_padding_left\":null,\"tab_margin_top\":null,\"tab_margin_right\":null,\"tab_margin_bottom\":null,\"tab_margin_left\":null,\"mobile_padding_top\":null,\"mobile_padding_right\":null,\"mobile_padding_bottom\":null,\"mobile_padding_left\":null,\"mobile_margin_top\":null,\"mobile_margin_right\":null,\"mobile_margin_bottom\":null,\"mobile_margin_left\":null,\"page\":\"39\"}', '2024-06-03 19:20:50', '2024-06-03 19:20:50'),
(146, 229, '{\"container\":\"container\",\"vertical\":\"start\",\"background_color\":null,\"background_image\":null,\"background_size\":null,\"background_position\":null,\"background_repeat\":null,\"padding_top\":null,\"padding_right\":null,\"padding_bottom\":null,\"padding_left\":null,\"margin_top\":null,\"margin_right\":null,\"margin_bottom\":null,\"margin_left\":null,\"tab_padding_top\":null,\"tab_padding_right\":null,\"tab_padding_bottom\":null,\"tab_padding_left\":null,\"tab_margin_top\":null,\"tab_margin_right\":null,\"tab_margin_bottom\":null,\"tab_margin_left\":null,\"mobile_padding_top\":null,\"mobile_padding_right\":null,\"mobile_padding_bottom\":null,\"mobile_padding_left\":null,\"mobile_margin_top\":null,\"mobile_margin_right\":null,\"mobile_margin_bottom\":null,\"mobile_margin_left\":null,\"page\":\"39\"}', '2024-06-03 19:21:02', '2024-06-03 19:21:02');

-- --------------------------------------------------------

--
-- Estrutura para tabela `page_builder_section_layouts`
--

CREATE TABLE `page_builder_section_layouts` (
  `id` int(11) NOT NULL,
  `section_id` int(11) DEFAULT NULL,
  `col_index` int(3) DEFAULT NULL,
  `col_value` int(3) DEFAULT NULL
) ENGINE=InnoDB DEFAULT CHARSET=utf8mb4 COLLATE=utf8mb4_general_ci;

--
-- Despejando dados para a tabela `page_builder_section_layouts`
--

INSERT INTO `page_builder_section_layouts` (`id`, `section_id`, `col_index`, `col_value`) VALUES
(313, 172, 1, 12),
(314, 173, 1, 12),
(324, 179, 1, 12),
(325, 180, 1, 4),
(326, 180, 2, 4),
(327, 180, 3, 4),
(336, 187, 1, 12),
(339, 189, 1, 8),
(340, 189, 2, 4),
(341, 190, 1, 12),
(342, 191, 1, 12),
(343, 192, 1, 12),
(344, 193, 1, 12),
(345, 194, 1, 8),
(346, 194, 2, 4),
(347, 195, 1, 12),
(348, 196, 1, 12),
(349, 197, 1, 12),
(350, 198, 1, 12),
(351, 199, 1, 12),
(352, 200, 1, 12),
(353, 201, 1, 12),
(354, 202, 1, 12),
(355, 203, 1, 12),
(356, 204, 1, 12),
(357, 205, 1, 12),
(358, 206, 1, 8),
(359, 206, 2, 4),
(360, 207, 1, 12),
(361, 208, 1, 12),
(362, 209, 1, 8),
(363, 209, 2, 4),
(364, 210, 1, 12),
(365, 211, 1, 12),
(366, 212, 1, 8),
(367, 212, 2, 4),
(369, 214, 1, 12),
(378, 220, 1, 12),
(379, 221, 1, 12),
(380, 222, 1, 12),
(381, 223, 1, 12),
(382, 224, 1, 12),
(384, 226, 1, 12),
(385, 227, 1, 12),
(386, 228, 1, 12),
(387, 229, 1, 12);

-- --------------------------------------------------------

--
-- Estrutura para tabela `page_builder_section_layout_widgets`
--

CREATE TABLE `page_builder_section_layout_widgets` (
  `id` int(11) NOT NULL,
  `section_layout_id` int(11) DEFAULT NULL,
  `page_widget_id` int(11) DEFAULT NULL,
  `serial` int(11) NOT NULL DEFAULT 1
) ENGINE=InnoDB DEFAULT CHARSET=utf8mb4 COLLATE=utf8mb4_general_ci;

--
-- Despejando dados para a tabela `page_builder_section_layout_widgets`
--

INSERT INTO `page_builder_section_layout_widgets` (`id`, `section_layout_id`, `page_widget_id`, `serial`) VALUES
(355, 313, 48, 1),
(357, 314, 49, 1),
(362, 324, 47, 1),
(376, 325, 47, 1),
(377, 326, 47, 1),
(379, 327, 23, 1),
(380, 327, 29, 2),
(381, 327, 27, 3),
(389, 340, 42, 2),
(390, 339, 47, 1),
(392, 339, 23, 2),
(393, 336, 45, 1),
(394, 339, 47, 4),
(395, 340, 33, 3),
(398, 339, 46, 3),
(400, 341, 48, 1),
(401, 343, 49, 1),
(402, 342, 44, 1),
(403, 344, 47, 1),
(404, 345, 46, 1),
(405, 346, 29, 1),
(406, 346, 47, 2),
(407, 346, 23, 3),
(408, 347, 46, 1),
(409, 348, 48, 1),
(410, 349, 49, 1),
(411, 350, 48, 1),
(412, 351, 49, 1),
(413, 352, 48, 1),
(414, 353, 49, 1),
(415, 354, 47, 1),
(416, 355, 21, 1),
(417, 356, 46, 1),
(418, 357, 47, 1),
(419, 358, 46, 1),
(420, 359, 29, 1),
(421, 359, 27, 2),
(422, 359, 42, 3),
(423, 359, 23, 4),
(425, 360, 47, 1),
(426, 362, 47, 1),
(427, 363, 42, 1),
(428, 362, 46, 2),
(429, 363, 25, 2),
(430, 363, 26, 3),
(431, 363, 34, 4),
(432, 361, 45, 1),
(434, 364, 47, 1),
(436, 365, 21, 1),
(437, 366, 47, 1),
(438, 367, 29, 1),
(439, 367, 25, 2),
(442, 369, 46, 1),
(453, 340, 23, 4),
(455, 340, 23, 1),
(458, 378, 47, 1),
(460, 382, 47, 1),
(461, 381, 47, 1),
(462, 380, 47, 1),
(463, 379, 47, 1),
(464, 384, 23, 1),
(465, 385, 28, 1),
(466, 386, 48, 1),
(467, 387, 49, 1);

-- --------------------------------------------------------

--
-- Estrutura para tabela `page_builder_widgets`
--

CREATE TABLE `page_builder_widgets` (
  `id` int(11) NOT NULL,
  `name` varchar(255) DEFAULT NULL,
  `full_name` varchar(255) DEFAULT NULL,
  `theme_id` int(11) NOT NULL
) ENGINE=InnoDB DEFAULT CHARSET=utf8mb4 COLLATE=utf8mb4_general_ci;

--
-- Despejando dados para a tabela `page_builder_widgets`
--

INSERT INTO `page_builder_widgets` (`id`, `name`, `full_name`, `theme_id`) VALUES
(19, 'heading_tag', 'Heading Tag', 22),
(20, 'text_editor', 'Text Editor', 22),
(21, 'image', 'Image', 22),
(22, 'button', 'Button', 22),
(23, 'ads', 'Ads', 22),
(24, 'author', 'Author', 22),
(25, 'category', 'Category', 22),
(26, 'tag', 'Tag', 22),
(27, 'newsletter', 'Newsletter', 22),
(28, 'contact', 'Contact', 22),
(29, 'social', 'Social', 22),
(30, 'search', 'Search', 22),
(33, 'voting', 'Voting', 22),
(34, 'recent_comments', 'Recent Comments', 22),
(35, 'address', 'Address', 22),
(36, 'menu_links', 'Menu Links', 22),
(37, 'gallery_post', 'Gallery Post', 22),
(42, 'post_list', 'Post List', 22),
(43, 'post_tab', 'Post Tab', 22),
(44, 'slider_post', 'Slider Post', 22),
(45, 'video_post', 'Video Post', 22),
(46, 'post_layout', 'Post Layout', 22),
(47, 'post_advance_layout', 'Post Advance Layout', 22),
(48, 'header', 'Header', 22),
(49, 'footer', 'Footer', 22),
(50, 'post_filter', 'Post Filter', 22);

-- --------------------------------------------------------

--
-- Estrutura para tabela `page_builder_widget_translations`
--

CREATE TABLE `page_builder_widget_translations` (
  `id` int(11) NOT NULL,
  `lang` varchar(150) DEFAULT NULL,
  `layout_widget_properties_id` int(11) DEFAULT NULL,
  `properties` longtext DEFAULT NULL
) ENGINE=InnoDB DEFAULT CHARSET=utf8mb4 COLLATE=utf8mb4_general_ci;

--
-- Despejando dados para a tabela `page_builder_widget_translations`
--

INSERT INTO `page_builder_widget_translations` (`id`, `lang`, `layout_widget_properties_id`, `properties`) VALUES
(11, 'sa', 254, '{\"title_t_\":\"\\u0627\\u062e\\u0628\\u0627\\u0631 \\u0627\\u0644\\u0639\\u0627\\u0644\\u0645\"}'),
(12, 'sa', 255, '{\"title_t_\":\"\\u062a\\u0643\\u0646\\u0648\\u0644\\u0648\\u062c\\u064a\\u0627\"}'),
(13, 'sa', 257, '{\"title_t_\":\"\\u0627\\u0628\\u0642 \\u0639\\u0644\\u0649 \\u0627\\u062a\\u0635\\u0627\\u0644\"}'),
(14, 'sa', 258, '{\"title_t_\":\"\\u0627\\u062d\\u0635\\u0644 \\u0639\\u0644\\u0649 \\u0627\\u0644\\u0646\\u0634\\u0631\\u0629 \\u0627\\u0644\\u0625\\u062e\\u0628\\u0627\\u0631\\u064a\\u0629\",\"short_desc_t_\":\"\\u0627\\u0634\\u062a\\u0631\\u0643 \\u0641\\u064a \\u0627\\u0644\\u0646\\u0634\\u0631\\u0629 \\u0627\\u0644\\u0625\\u062e\\u0628\\u0627\\u0631\\u064a\\u0629 \\u0644\\u062f\\u064a\\u0646\\u0627 \\u0644\\u0644\\u062d\\u0635\\u0648\\u0644 \\u0639\\u0644\\u0649 \\u0622\\u062e\\u0631 \\u0627\\u0644\\u0623\\u062e\\u0628\\u0627\\u0631 \\u0648\\u0627\\u0644\\u062a\\u062d\\u062f\\u064a\\u062b\\u0627\\u062a \\u0627\\u0644\\u062d\\u0635\\u0631\\u064a\\u0629.\",\"email_placeholder_t_\":\"\\u0623\\u062f\\u062e\\u0644 \\u0627\\u0644\\u0628\\u0631\\u064a\\u062f \\u0627\\u0644\\u0625\\u0644\\u0643\\u062a\\u0631\\u0648\\u0646\\u064a\",\"btn_text_t_\":\"\\u064a\\u0634\\u062a\\u0631\\u0643\"}'),
(15, 'sa', 269, '{\"title_t_\":\"\\u0623\\u0634\\u0631\\u0637\\u0629 \\u0641\\u064a\\u062f\\u064a\\u0648\",\"playlist_title_t_\":\"\\u0642\\u0627\\u0626\\u0645\\u0629 \\u0627\\u0644\\u062a\\u0634\\u063a\\u064a\\u0644\"}'),
(16, 'sa', 266, '{\"title_t_\":\"\\u0645\\u0648\\u0636\\u0629\"}'),
(17, 'sa', 274, '{\"title_t_\":\"\\u062a\\u0631\\u0641\\u064a\\u0647\"}'),
(18, 'sa', 271, '{\"title_t_\":\"\\u0627\\u0644\\u0627\\u062e\\u0628\\u0627\\u0631 \\u0627\\u0644\\u0645\\u0647\\u0645\\u0647\"}'),
(19, 'sa', 265, '{\"title_t_\":\"\\u0631\\u0623\\u064a \\u0627\\u0644\\u0642\\u0631\\u0627\\u0621\"}'),
(20, 'sa', 270, '{\"title_t_\":\"\\u0627\\u0644\\u062a\\u0635\\u0648\\u064a\\u062a \\u0644\\u0644\\u0628\\u0637\\u0644\"}');

-- --------------------------------------------------------

--
-- Estrutura para tabela `permissions`
--

CREATE TABLE `permissions` (
  `id` bigint(20) UNSIGNED NOT NULL,
  `name` varchar(255) NOT NULL,
  `module_id` int(11) NOT NULL DEFAULT 0,
  `guard_name` varchar(255) NOT NULL,
  `created_at` timestamp NULL DEFAULT NULL,
  `updated_at` timestamp NULL DEFAULT NULL
) ENGINE=InnoDB DEFAULT CHARSET=utf8mb4 COLLATE=utf8mb4_unicode_ci;



-- --------------------------------------------------------

--
-- Estrutura para tabela `permission_module`
--

CREATE TABLE `permission_module` (
  `id` int(11) NOT NULL,
  `parent_module` varchar(510) DEFAULT NULL,
  `module_name` varchar(150) DEFAULT NULL,
  `module_type` varchar(150) DEFAULT NULL,
  `location` varchar(50) DEFAULT NULL,
  `order` int(11) DEFAULT NULL,
  `created_at` timestamp NULL DEFAULT current_timestamp(),
  `updated_at` timestamp NULL DEFAULT NULL ON UPDATE current_timestamp()
) ENGINE=InnoDB DEFAULT CHARSET=utf8mb4 COLLATE=utf8mb4_general_ci;

--
-- Despejando dados para a tabela `permission_module`
--

INSERT INTO `permission_module` (`id`, `parent_module`, `module_name`, `module_type`, `location`, `order`, `created_at`, `updated_at`) VALUES
(1, 'Users', 'Role', 'base', NULL, 20, '2023-01-15 09:41:37', '2023-01-29 04:29:56'),
(2, 'Users', 'User', 'base', NULL, 20, '2023-01-15 09:41:43', '2023-01-29 04:29:58'),
(3, 'Users', 'Permission', 'base', NULL, 20, '2023-01-15 09:41:50', '2023-01-29 04:30:00'),
(5, 'Media', 'Media', 'base', NULL, 2, '2023-01-15 09:42:20', '2023-01-29 04:24:38'),
(8, 'Appearences', 'Menus', 'base', NULL, 15, '2023-01-17 05:18:11', '2023-01-29 04:28:34'),
(9, 'Appearences', 'Themes', 'base', NULL, 15, '2023-01-17 05:21:51', '2023-01-29 04:28:37'),
(19, 'Blogs', 'Blog', 'base', NULL, 3, '2023-01-17 22:04:30', '2023-01-29 04:24:46'),
(20, 'Blogs', 'Category', 'base', NULL, 3, '2023-01-17 22:07:25', '2023-01-29 04:24:48'),
(21, 'Blogs', 'Tag', 'base', NULL, 3, '2023-01-17 22:07:44', '2023-01-29 04:24:49'),
(22, 'Blogs', 'Comment', 'base', NULL, 3, '2023-01-17 22:08:21', '2023-01-29 04:24:50'),
(23, 'Pages', 'Page', 'base', NULL, 4, '2023-01-17 22:16:45', '2023-01-29 04:24:59'),
(24, 'Theme Options', 'Widget', 'theme', 'newslooks', 16, '2023-01-19 05:46:41', '2023-11-23 08:44:42'),
(28, 'Dashboard', 'Dashboard', 'base', NULL, 1, '2023-01-25 22:53:11', '2023-01-29 04:24:07'),
(29, 'Theme Options', 'Theme General settings', 'theme', 'newslooks', 17, '2023-01-25 23:26:36', '2023-11-23 08:44:46'),
(33, 'Settings', 'General settings', 'base', NULL, 19, '2023-01-25 23:53:23', '2023-01-29 04:29:34'),
(34, 'Settings', 'Email Settings', 'base', NULL, 19, '2023-01-25 23:54:26', '2023-01-29 04:29:36'),
(35, 'Settings', 'Email Templates', 'base', NULL, 19, '2023-01-25 23:55:17', '2023-01-29 04:29:38'),
(36, 'Settings', 'Language', 'base', NULL, 19, '2023-01-25 23:56:03', '2023-01-29 04:29:40'),
(37, 'Settings', 'Media Settings', 'base', NULL, 19, '2023-01-25 23:56:31', '2023-01-29 04:29:43'),
(38, 'Settings', 'SEO Settings', 'base', NULL, 19, '2023-01-25 23:57:09', '2023-01-29 04:29:45'),
(57, 'Activity Logs', 'Login activity', 'base', NULL, 21, '2023-01-27 23:33:54', '2023-01-29 04:30:10'),
(84, 'Plugins', 'Plugins', 'base', NULL, 18, '2023-07-10 08:36:44', NULL),
(85, 'Page Builder', 'Page Builder', 'plugin', 'newslooks-pagebuilder', 5, '2023-07-10 08:43:15', '2023-11-23 08:35:00'),
(86, 'Voting', 'Voting', 'theme', 'newslooks', 18, '2023-01-25 23:26:36', '2023-11-23 08:44:46'),
(87, 'Members', 'Members', 'theme', 'newslooks', 18, '2023-01-25 23:26:36', '2023-11-23 09:33:02');

-- --------------------------------------------------------

--
-- Estrutura para tabela `personal_access_tokens`
--

CREATE TABLE `personal_access_tokens` (
  `id` bigint(20) UNSIGNED NOT NULL,
  `tokenable_type` varchar(255) NOT NULL,
  `tokenable_id` bigint(20) UNSIGNED NOT NULL,
  `name` varchar(255) NOT NULL,
  `token` varchar(64) NOT NULL,
  `abilities` text DEFAULT NULL,
  `last_used_at` timestamp NULL DEFAULT NULL,
  `created_at` timestamp NULL DEFAULT NULL,
  `updated_at` timestamp NULL DEFAULT NULL
) ENGINE=InnoDB DEFAULT CHARSET=utf8mb4 COLLATE=utf8mb4_unicode_ci;

-- --------------------------------------------------------

--
-- Estrutura para tabela `reading_list`
--

CREATE TABLE `reading_list` (
  `id` bigint(20) NOT NULL,
  `user_id` int(11) DEFAULT NULL,
  `blog_id` bigint(20) UNSIGNED DEFAULT NULL
) ENGINE=InnoDB DEFAULT CHARSET=utf8mb4 COLLATE=utf8mb4_general_ci;

-- --------------------------------------------------------

--
-- Estrutura para tabela `roles`
--

CREATE TABLE `roles` (
  `id` bigint(20) UNSIGNED NOT NULL,
  `name` varchar(255) NOT NULL,
  `guard_name` varchar(255) NOT NULL,
  `created_at` timestamp NULL DEFAULT current_timestamp(),
  `updated_at` timestamp NULL DEFAULT NULL ON UPDATE current_timestamp()
) ENGINE=InnoDB DEFAULT CHARSET=utf8mb4 COLLATE=utf8mb4_unicode_ci;

--
-- Despejando dados para a tabela `roles`
--

INSERT INTO `roles` (`id`, `name`, `guard_name`, `created_at`, `updated_at`) VALUES
(1, 'Super Admin', 'web', '2022-06-06 02:07:19', '2023-01-30 05:36:19'),
(3, 'Gerente', 'web', '2023-02-13 20:42:51', '2024-05-29 19:32:22'),
(4, 'Administrador de demonstração', 'web', '2023-02-16 21:23:22', '2024-05-29 19:33:15');

-- --------------------------------------------------------

--
-- Estrutura para tabela `role_has_permissions`
--

CREATE TABLE `role_has_permissions` (
  `permission_id` bigint(20) UNSIGNED NOT NULL,
  `role_id` bigint(20) UNSIGNED NOT NULL
) ENGINE=InnoDB DEFAULT CHARSET=utf8mb4 COLLATE=utf8mb4_unicode_ci;

--
-- Despejando dados para a tabela `role_has_permissions`
--

INSERT INTO `role_has_permissions` (`permission_id`, `role_id`) VALUES
(3, 3),
(3, 4),
(4, 3),
(4, 4),
(5, 3),
(5, 4),
(10, 3),
(10, 4),
(11, 3),
(11, 4),
(12, 3),
(12, 4),
(13, 3),
(13, 4),
(14, 3),
(14, 4),
(15, 3),
(15, 4),
(17, 3),
(17, 4),
(18, 3),
(18, 4),
(20, 3),
(20, 4),
(25, 3),
(25, 4),
(26, 3),
(26, 4),
(27, 3),
(27, 4),
(28, 3),
(28, 4),
(29, 3),
(29, 4),
(30, 3),
(30, 4),
(31, 3),
(31, 4),
(32, 3),
(32, 4),
(33, 3),
(33, 4),
(34, 3),
(34, 4),
(35, 3),
(35, 4),
(36, 3),
(36, 4),
(41, 3),
(41, 4),
(46, 3),
(46, 4),
(47, 3),
(47, 4),
(48, 3),
(48, 4),
(49, 3),
(49, 4),
(50, 3),
(50, 4),
(51, 3),
(51, 4),
(72, 3),
(72, 4),
(104, 3),
(104, 4);

-- --------------------------------------------------------

--
-- Estrutura para tabela `timezones`
--

CREATE TABLE `timezones` (
  `id` bigint(20) UNSIGNED NOT NULL,
  `name` varchar(255) NOT NULL,
  `offset` varchar(255) NOT NULL,
  `diff_from_gtm` varchar(255) NOT NULL
) ENGINE=InnoDB DEFAULT CHARSET=utf8mb4 COLLATE=utf8mb4_unicode_ci;

-- --------------------------------------------------------

--
-- Estrutura para tabela `tl_blogs_categories`
--

CREATE TABLE `tl_blogs_categories` (
  `id` bigint(20) UNSIGNED NOT NULL,
  `blog_id` bigint(20) UNSIGNED NOT NULL,
  `category_id` bigint(20) UNSIGNED NOT NULL,
  `created_at` timestamp NULL DEFAULT NULL,
  `updated_at` timestamp NULL DEFAULT NULL
) ENGINE=InnoDB DEFAULT CHARSET=utf8mb4 COLLATE=utf8mb4_unicode_ci;

--
-- Despejando dados para a tabela `tl_blogs_categories`
--

INSERT INTO `tl_blogs_categories` (`id`, `blog_id`, `category_id`, `created_at`, `updated_at`) VALUES
(1261, 209, 22, NULL, NULL),
(1262, 209, 23, NULL, NULL),
(1263, 210, 19, NULL, NULL),
(1264, 210, 40, NULL, NULL),
(1269, 211, 17, NULL, NULL),
(1270, 211, 27, NULL, NULL),
(1271, 213, 21, NULL, NULL),
(1272, 213, 31, NULL, NULL),
(1275, 208, 300, NULL, NULL),
(1276, 208, 20, NULL, NULL);

-- --------------------------------------------------------

--
-- Estrutura para tabela `tl_blogs_tags`
--

CREATE TABLE `tl_blogs_tags` (
  `id` bigint(20) UNSIGNED NOT NULL,
  `blog_id` bigint(20) UNSIGNED NOT NULL,
  `tag_id` bigint(20) UNSIGNED NOT NULL,
  `created_at` timestamp NULL DEFAULT NULL,
  `updated_at` timestamp NULL DEFAULT NULL
) ENGINE=InnoDB DEFAULT CHARSET=utf8mb4 COLLATE=utf8mb4_unicode_ci;

-- --------------------------------------------------------

--
-- Estrutura para tabela `tl_blog_categories`
--

CREATE TABLE `tl_blog_categories` (
  `id` bigint(20) UNSIGNED NOT NULL,
  `name` varchar(255) NOT NULL,
  `permalink` text DEFAULT NULL,
  `parent` bigint(20) UNSIGNED DEFAULT NULL,
  `banner` text DEFAULT NULL,
  `icon` text DEFAULT NULL,
  `meta_title` varchar(50) DEFAULT NULL,
  `meta_image` text DEFAULT NULL,
  `meta_description` text DEFAULT NULL,
  `is_featured` int(3) DEFAULT NULL,
  `is_publish` int(3) DEFAULT NULL,
  `created_at` timestamp NULL DEFAULT NULL,
  `updated_at` timestamp NULL DEFAULT NULL
) ENGINE=InnoDB DEFAULT CHARSET=utf8mb4 COLLATE=utf8mb4_general_ci;

--
-- Despejando dados para a tabela `tl_blog_categories`
--

INSERT INTO `tl_blog_categories` (`id`, `name`, `permalink`, `parent`, `banner`, `icon`, `meta_title`, `meta_image`, `meta_description`, `is_featured`, `is_publish`, `created_at`, `updated_at`) VALUES
(17, 'Região Sudeste', 'regiao-sudeste', NULL, NULL, NULL, NULL, NULL, NULL, NULL, 1, '2024-03-05 20:55:38', NULL),
(19, 'Região Nordeste', 'nordeste', NULL, NULL, NULL, NULL, NULL, NULL, NULL, 1, '2024-03-05 21:05:42', NULL),
(20, 'Região Norte', 'norte', NULL, NULL, NULL, NULL, NULL, NULL, NULL, 1, '2024-03-05 21:07:05', NULL),
(21, 'Região Centro-Oeste', 'regiao-centro-oeste', NULL, NULL, NULL, NULL, NULL, NULL, NULL, 1, '2024-05-06 20:35:13', NULL),
(22, 'Região Sul', 'regiao-sul', NULL, NULL, NULL, NULL, NULL, NULL, NULL, 1, '2024-05-06 20:36:26', NULL),
(23, 'Rio Grande do Sul', 'rio-grande-do-sul', 22, NULL, NULL, NULL, '', NULL, NULL, 1, '2024-05-06 20:37:12', NULL),
(24, 'Santa Catarina', 'santa-catarina', 22, NULL, NULL, NULL, '', NULL, NULL, 1, '2024-05-06 20:37:24', NULL),
(25, 'Paraná', 'parana', 22, NULL, NULL, NULL, '', NULL, NULL, 1, '2024-05-06 20:37:36', NULL),
(26, 'São Paulo', 'sao-paulo', 17, NULL, NULL, NULL, '', NULL, NULL, 1, '2024-05-06 20:37:43', NULL),
(27, 'Minas Gerais', 'minas-gerais', 17, NULL, NULL, NULL, '', NULL, NULL, 1, '2024-05-06 20:37:52', NULL),
(28, 'Rio de Janeiro', 'rio-de-janeiro', 17, NULL, NULL, NULL, '', NULL, NULL, 1, '2024-05-06 20:38:04', NULL),
(29, 'Espirito Santo', 'espirito-santo', 17, NULL, NULL, NULL, '', NULL, NULL, 1, '2024-05-06 20:38:19', NULL),
(30, 'Mato Grosso do Sul', 'mato-grosso-do-sul', 21, NULL, NULL, NULL, '', NULL, NULL, 1, '2024-05-06 20:38:50', NULL),
(31, 'Goiás', 'goias', 21, NULL, NULL, NULL, '', NULL, NULL, 1, '2024-05-06 20:39:05', NULL),
(32, 'Distrito Federal', 'distrito-federal', 21, NULL, NULL, NULL, '', NULL, NULL, 1, '2024-05-06 20:39:15', NULL),
(33, 'Mato Grosso', 'mato-grosso', 21, NULL, NULL, NULL, '', NULL, NULL, 1, '2024-05-06 20:39:25', NULL),
(34, 'Bahia', 'bahia', 19, NULL, NULL, NULL, '', NULL, NULL, 1, '2024-05-06 20:39:40', NULL),
(35, 'Sergipe', 'sergipe', 19, NULL, NULL, NULL, '', NULL, NULL, 1, '2024-05-06 20:39:50', NULL),
(36, 'Alagoas', 'alagoas', 19, NULL, NULL, NULL, '', NULL, NULL, 1, '2024-05-06 20:39:56', NULL),
(37, 'Pernambuco', 'pernambuco', 19, NULL, NULL, NULL, '', NULL, NULL, 1, '2024-05-06 20:40:14', NULL),
(38, 'Paraíba', 'paraiba', 19, NULL, NULL, NULL, '', NULL, NULL, 1, '2024-05-06 20:46:23', NULL),
(39, 'Rio Grande do Norte', 'rio-grande-do-norte', 19, NULL, NULL, NULL, '', NULL, NULL, 1, '2024-05-06 20:46:40', NULL),
(40, 'Ceará', 'ceara', 19, NULL, NULL, NULL, '', NULL, NULL, 1, '2024-05-06 20:51:59', NULL),
(41, 'Piauí', 'piaui', 19, NULL, NULL, NULL, '', NULL, NULL, 1, '2024-05-06 20:56:12', NULL),
(42, 'Maranhão', 'maranhao', 19, NULL, NULL, NULL, '', NULL, NULL, 1, '2024-05-06 20:56:25', NULL),
(43, 'Tocantins', 'tocantins', 20, NULL, NULL, '#10c141', '', NULL, NULL, 1, '2024-05-06 20:56:36', NULL),
(44, 'Pará', 'para', 20, NULL, NULL, '#10c141', '', NULL, NULL, 1, '2024-05-06 20:56:41', NULL),
(45, 'Amapá', 'amapa', 20, NULL, NULL, '#10c141', '', NULL, NULL, 1, '2024-05-06 20:56:50', NULL),
(46, 'Amazonas', 'amazonas', 20, NULL, NULL, '#10c141', '', NULL, NULL, 1, '2024-05-06 20:57:04', NULL),
(47, 'Rondônia', 'rondonia', 20, NULL, NULL, '#10c141', '', NULL, NULL, 1, '2024-05-06 20:57:22', NULL),
(49, 'Roraima', 'roraima', 20, NULL, NULL, '#10c141', '', NULL, NULL, 1, '2024-05-06 20:57:50', NULL),
(298, 'Uncategorized', 'uncategorized', NULL, NULL, NULL, NULL, NULL, NULL, NULL, 1, '2024-06-03 14:42:38', '2024-06-03 14:42:38'),
(300, 'Acre', 'acre', 20, NULL, NULL, '', NULL, '', NULL, 1, '2024-06-03 14:48:27', '2024-06-03 18:50:57'),
(302, 'Goiânia', 'goiania', 31, NULL, NULL, 'Goiânia', NULL, '', NULL, 1, '2024-06-03 17:23:08', '2024-06-03 17:23:08'),
(303, 'Anápolis', 'anapolis', 31, NULL, NULL, 'Anápolis', NULL, '', NULL, 1, '2024-06-03 17:24:24', '2024-06-03 17:24:24');

-- --------------------------------------------------------

--
-- Estrutura para tabela `tl_blog_category_translations`
--

CREATE TABLE `tl_blog_category_translations` (
  `id` int(11) NOT NULL,
  `name` varchar(255) NOT NULL,
  `category_id` bigint(20) UNSIGNED DEFAULT NULL,
  `lang` varchar(150) DEFAULT NULL,
  `created_at` timestamp NOT NULL DEFAULT current_timestamp(),
  `updated_at` timestamp NOT NULL DEFAULT current_timestamp()
) ENGINE=InnoDB DEFAULT CHARSET=utf8mb3 COLLATE=utf8mb3_general_ci;

-- --------------------------------------------------------

--
-- Estrutura para tabela `tl_blog_comments`
--

CREATE TABLE `tl_blog_comments` (
  `id` bigint(20) NOT NULL,
  `blog_id` bigint(20) UNSIGNED NOT NULL,
  `user_type` varchar(50) DEFAULT NULL,
  `user_id` int(6) DEFAULT NULL,
  `user_ip_address` varchar(255) DEFAULT NULL,
  `user_name` varchar(255) DEFAULT NULL,
  `user_email` varchar(150) DEFAULT NULL,
  `user_website` varchar(255) DEFAULT NULL,
  `comment` longtext NOT NULL,
  `parent` bigint(20) DEFAULT NULL,
  `status` tinyint(3) DEFAULT 2,
  `previous_status` tinyint(3) DEFAULT NULL,
  `comment_date` datetime DEFAULT NULL,
  `created_at` timestamp NULL DEFAULT NULL,
  `updated_at` timestamp NULL DEFAULT NULL
) ENGINE=InnoDB DEFAULT CHARSET=utf8mb4 COLLATE=utf8mb4_general_ci;

-- --------------------------------------------------------

--
-- Estrutura para tabela `tl_blog_tags`
--

CREATE TABLE `tl_blog_tags` (
  `id` bigint(20) UNSIGNED NOT NULL,
  `name` varchar(255) NOT NULL,
  `permalink` text DEFAULT NULL,
  `meta_title` varchar(50) DEFAULT NULL,
  `meta_image` text DEFAULT NULL,
  `meta_description` text DEFAULT NULL,
  `is_publish` int(3) DEFAULT NULL,
  `created_at` timestamp NULL DEFAULT NULL,
  `updated_at` timestamp NULL DEFAULT NULL
) ENGINE=InnoDB DEFAULT CHARSET=utf8mb4 COLLATE=utf8mb4_general_ci;

--
-- Despejando dados para a tabela `tl_blog_tags`
--

INSERT INTO `tl_blog_tags` (`id`, `name`, `permalink`, `meta_title`, `meta_image`, `meta_description`, `is_publish`, `created_at`, `updated_at`) VALUES
(138, 'Goiânia', 'goiania', NULL, NULL, NULL, 1, '2024-06-03 17:21:30', '2024-06-03 17:21:30'),
(139, 'leonardo', 'leonardo', NULL, NULL, NULL, 1, '2024-06-03 17:30:16', '2024-06-03 17:30:16');

-- --------------------------------------------------------

--
-- Estrutura para tabela `tl_blog_tag_translations`
--

CREATE TABLE `tl_blog_tag_translations` (
  `id` int(11) NOT NULL,
  `name` varchar(255) NOT NULL,
  `tag_id` bigint(20) UNSIGNED DEFAULT NULL,
  `lang` varchar(150) DEFAULT NULL,
  `created_at` timestamp NOT NULL DEFAULT current_timestamp(),
  `updated_at` timestamp NOT NULL DEFAULT current_timestamp()
) ENGINE=InnoDB DEFAULT CHARSET=utf8mb3 COLLATE=utf8mb3_general_ci;

-- --------------------------------------------------------

--
-- Estrutura para tabela `tl_blog_translations`
--

CREATE TABLE `tl_blog_translations` (
  `id` bigint(20) NOT NULL,
  `blog_id` bigint(20) UNSIGNED NOT NULL,
  `lang` varchar(150) NOT NULL,
  `name` varchar(255) DEFAULT NULL,
  `short_description` text DEFAULT NULL,
  `content` longtext DEFAULT NULL,
  `created_at` timestamp NULL DEFAULT NULL,
  `updated_at` timestamp NULL DEFAULT NULL
) ENGINE=InnoDB DEFAULT CHARSET=utf8mb4 COLLATE=utf8mb4_general_ci;

-- --------------------------------------------------------

--
-- Estrutura para tabela `tl_email_templates`
--

CREATE TABLE `tl_email_templates` (
  `id` int(11) NOT NULL,
  `name` varchar(150) DEFAULT NULL,
  `details` varchar(150) DEFAULT NULL,
  `created_at` timestamp NULL DEFAULT current_timestamp(),
  `updated_at` timestamp NULL DEFAULT NULL ON UPDATE current_timestamp(),
  `module_name` varchar(150) DEFAULT NULL
) ENGINE=InnoDB DEFAULT CHARSET=utf8mb4 COLLATE=utf8mb4_general_ci;



-- --------------------------------------------------------

--
-- Estrutura para tabela `tl_email_template_properties`
--

CREATE TABLE `tl_email_template_properties` (
  `id` int(11) NOT NULL,
  `email_type` int(11) NOT NULL DEFAULT 0,
  `subject` text NOT NULL,
  `body` longtext NOT NULL,
  `created_at` timestamp NOT NULL DEFAULT current_timestamp(),
  `updated_at` timestamp NULL DEFAULT NULL ON UPDATE current_timestamp()
) ENGINE=InnoDB DEFAULT CHARSET=utf8mb4 COLLATE=utf8mb4_general_ci;



-- --------------------------------------------------------

--
-- Estrutura para tabela `tl_email_template_variable`
--

CREATE TABLE `tl_email_template_variable` (
  `id` int(11) NOT NULL,
  `name` varchar(150) DEFAULT NULL,
  `details` varchar(150) DEFAULT NULL,
  `template_id` int(11) DEFAULT NULL,
  `created_at` timestamp NULL DEFAULT current_timestamp() ON UPDATE current_timestamp(),
  `updated_at` timestamp NULL DEFAULT NULL ON UPDATE current_timestamp()
) ENGINE=InnoDB DEFAULT CHARSET=utf8mb4 COLLATE=utf8mb4_general_ci;

--
-- Despejando dados para a tabela `tl_email_template_variable`
--

INSERT INTO `tl_email_template_variable` (`id`, `name`, `details`, `template_id`, `created_at`, `updated_at`) VALUES
(1, '_reset_password_link_', 'Reset Password Link', 2, '2023-01-02 06:26:04', '2023-01-02 06:26:04'),
(3, '_blog_link_', 'Blog link', 1, '2023-01-02 06:35:54', '2023-01-02 06:35:54'),
(4, '_blog_name_', 'Blog name', 1, '2023-01-02 06:35:59', '2023-01-02 06:35:59'),
(5, '_comment_status_', 'Comment status', 1, '2023-01-02 06:36:04', '2023-01-02 06:36:04'),
(6, '_author_name_', 'Author Name', 1, '2023-01-02 06:36:10', '2023-01-02 06:36:10'),
(7, '_main_comment_', 'Main content', 1, '2023-01-02 06:36:14', '2023-01-02 06:36:14'),
(9, '_comment_link_', 'Comment Link', 1, '2023-01-02 06:36:23', '2023-01-02 06:36:23');

-- --------------------------------------------------------

--
-- Estrutura para tabela `tl_general_settings`
--

CREATE TABLE `tl_general_settings` (
  `id` int(11) NOT NULL,
  `name` varchar(150) NOT NULL DEFAULT '0',
  `created_at` timestamp NOT NULL DEFAULT current_timestamp(),
  `updated_at` timestamp NULL DEFAULT NULL ON UPDATE current_timestamp()
) ENGINE=InnoDB DEFAULT CHARSET=utf8mb4 COLLATE=utf8mb4_general_ci;

--
-- Despejando dados para a tabela `tl_general_settings`
--

INSERT INTO `tl_general_settings` (`id`, `name`, `created_at`, `updated_at`) VALUES
(274, 'placeholder_image', '2023-01-24 22:50:54', '2023-01-24 22:50:54'),
(275, 'maximum_chunk_size', '2023-01-24 22:50:54', '2023-01-24 22:50:54'),
(276, 'site_title', '2023-01-24 22:50:57', '2023-01-24 22:50:57'),
(277, 'site_meta_title', '2023-01-24 22:50:57', '2023-01-24 22:50:57'),
(278, 'site_meta_description', '2023-01-24 22:50:57', '2023-01-24 22:50:57'),
(279, 'site_meta_keywords', '2023-01-24 22:50:57', '2023-01-24 22:50:57'),
(280, 'site_meta_image', '2023-01-24 22:50:57', '2023-01-24 22:50:57'),
(281, 'default_language', '2023-01-24 22:50:57', '2023-01-24 22:50:57'),
(282, 'system_name', '2023-01-24 22:51:24', '2023-01-24 22:51:24'),
(286, 'default_timezone', '2023-01-24 22:51:24', '2023-01-24 22:51:24'),
(287, 'date_format', '2023-01-24 22:51:24', '2023-01-24 22:51:24'),
(288, 'decimal_number_limit', '2023-01-24 22:51:24', '2023-01-24 22:51:24'),
(291, 'default_currency', '2023-01-24 22:51:24', '2023-01-24 22:51:24'),
(292, 'copyright_text', '2023-01-24 22:51:24', '2023-01-24 22:51:24'),
(305, 'google_client_id', '2023-01-24 22:51:25', '2023-01-24 22:51:25'),
(306, 'google_client_secret', '2023-01-24 22:51:25', '2023-01-24 22:51:25'),
(307, 'facebook_app_id', '2023-01-24 22:51:25', '2023-01-24 22:51:25'),
(308, 'facebook_app_secret', '2023-01-24 22:51:25', '2023-01-24 22:51:25'),
(309, 'twitter_client_id', '2023-01-24 22:51:25', '2023-01-24 22:51:25'),
(310, 'twitter_client_secret', '2023-01-24 22:51:25', '2023-01-24 22:51:25'),
(311, 'chunk_size_upload_status', '2023-01-24 22:51:25', '2023-01-24 22:51:25'),
(312, 'watermark_status', '2023-01-24 22:51:25', '2023-01-24 22:51:25'),
(313, 'watermark_image', '2023-01-24 22:51:25', '2023-01-24 22:51:25'),
(314, 'watermark_image_position', '2023-01-24 22:51:25', '2023-01-24 22:51:25'),
(315, 'water_marking_image_size', '2023-01-24 22:51:25', '2023-01-24 22:51:25'),
(316, 'water_marking_image_opacity', '2023-01-24 22:51:25', '2023-01-24 22:51:25'),
(317, 'water_marking_image_position_x', '2023-01-24 22:51:25', '2023-01-24 22:51:25'),
(318, 'water_marking_image_position_y', '2023-01-24 22:51:25', '2023-01-24 22:51:25'),
(319, 'large_thumb_image_width', '2023-01-24 22:51:25', '2023-01-24 22:51:25'),
(320, 'large_thumb_image_height', '2023-01-24 22:51:25', '2023-01-24 22:51:25'),
(321, 'medium_thumb_image_width', '2023-01-24 22:51:25', '2023-01-24 22:51:25'),
(322, 'medium_thumb_image_height', '2023-01-24 22:51:25', '2023-01-24 22:51:25'),
(323, 'small_thumb_image_width', '2023-01-24 22:51:25', '2023-01-24 22:51:25'),
(324, 'small_thumb_image_height', '2023-01-24 22:51:25', '2023-01-24 22:51:25'),
(325, 'default_comment_status', '2023-01-24 22:51:25', '2023-01-24 22:51:25'),
(326, 'require_name_email', '2023-01-24 22:51:25', '2023-01-24 22:51:25'),
(327, 'comment_registration', '2023-01-24 22:51:25', '2023-01-24 22:51:25'),
(328, 'close_comments_for_old_blogs', '2023-01-24 22:51:25', '2023-01-24 22:51:25'),
(329, 'thread_comments', '2023-01-24 22:51:25', '2023-01-24 22:51:25'),
(330, 'page_comments', '2023-01-24 22:51:25', '2023-01-24 22:51:25'),
(331, 'comments_notify_email', '2023-01-24 22:51:25', '2023-01-24 22:51:25'),
(332, 'comments_moderation_notify_email', '2023-01-24 22:51:25', '2023-01-24 22:51:25'),
(333, 'comment_moderation', '2023-01-24 22:51:25', '2023-01-24 22:51:25'),
(334, 'comment_previously_approved', '2023-01-24 22:51:25', '2023-01-24 22:51:25'),
(335, 'show_avatars', '2023-01-24 22:51:25', '2023-01-24 22:51:25'),
(336, 'close_comments_days_old', '2023-01-24 22:51:25', '2023-01-24 22:51:25'),
(337, 'thread_comments_level', '2023-01-24 22:51:25', '2023-01-24 22:51:25'),
(338, 'comments_per_page', '2023-01-24 22:51:25', '2023-01-24 22:51:25'),
(339, 'comment_order', '2023-01-24 22:51:25', '2023-01-24 22:51:25'),
(340, 'comment_max_links', '2023-01-24 22:51:25', '2023-01-24 22:51:25'),
(341, 'comment_moderation_keys', '2023-01-24 22:51:25', '2023-01-24 22:51:25'),
(342, 'comment_disallowed_keys', '2023-01-24 22:51:25', '2023-01-24 22:51:25'),
(343, 'avatar_default', '2023-01-24 22:51:25', '2023-01-24 22:51:25'),
(344, 'admin_logo', '2023-01-25 00:09:30', '2023-01-25 00:09:30'),
(345, 'admin_mobile_logo', '2023-01-25 00:09:30', '2023-01-25 00:09:30'),
(346, 'admin_dark_logo', '2023-01-25 00:09:30', '2023-01-25 00:09:30'),
(347, 'admin_dark_mobile_logo', '2023-01-25 00:09:30', '2023-01-25 00:09:30'),
(348, 'black_background_logo', '2023-02-04 20:36:34', '2023-02-04 20:36:34'),
(349, 'white_background_logo', '2023-02-04 20:36:34', '2023-02-04 20:36:34'),
(350, 'favicon', '2023-02-04 20:36:34', '2023-02-04 20:36:34'),
(351, 'black_mobile_background_logo', '2023-02-04 20:36:34', '2023-02-04 20:36:34'),
(352, 'white_mobile_background_logo', '2023-02-04 20:36:34', '2023-02-04 20:36:34'),
(353, 'sticky_mobile_background_logo', '2023-02-04 20:36:34', '2023-02-04 20:36:34'),
(354, 'sticky_background_logo', '2023-02-04 20:36:34', '2023-02-04 20:36:34'),
(355, 'sticky_black_mobile_background_logo', '2023-02-04 20:36:34', '2023-02-04 20:36:34'),
(356, 'sticky_black_background_logo', '2023-02-04 20:36:34', '2023-02-04 20:36:34'),
(357, 'site_moto', '2023-03-02 21:24:10', '2023-03-02 21:24:10'),
(358, 'site_motto', '2023-03-20 00:42:26', '2023-03-20 00:42:26'),
(359, 'system_version', '2023-07-12 12:13:05', '2023-07-12 12:13:05'),
(360, 'file_storage', '2024-05-29 22:40:25', '2024-05-29 22:40:25'),
(361, 'aws_access_key_id', '2024-05-29 22:40:25', '2024-05-29 22:40:25'),
(362, 'aws_secret_access_key', '2024-05-29 22:40:25', '2024-05-29 22:40:25'),
(363, 'aws_default_region', '2024-05-29 22:40:25', '2024-05-29 22:40:25'),
(364, 'aws_bucket', '2024-05-29 22:40:25', '2024-05-29 22:40:25'),
(365, 'aws_endpoint', '2024-05-29 22:40:25', '2024-05-29 22:40:25');

-- --------------------------------------------------------

--
-- Estrutura para tabela `tl_general_settings_has_values`
--

CREATE TABLE `tl_general_settings_has_values` (
  `id` int(11) NOT NULL,
  `settings_id` int(11) DEFAULT NULL,
  `value` text DEFAULT NULL,
  `created_at` timestamp NULL DEFAULT current_timestamp(),
  `updated_at` timestamp NULL DEFAULT current_timestamp()
) ENGINE=InnoDB DEFAULT CHARSET=utf8mb4 COLLATE=utf8mb4_general_ci;

--
-- Despejando dados para a tabela `tl_general_settings_has_values`
--

INSERT INTO `tl_general_settings_has_values` (`id`, `settings_id`, `value`, `created_at`, `updated_at`) VALUES
(1366, 288, '2', '2023-01-29 12:37:16', '2023-01-29 12:37:16'),
(1619, 276, '', '2023-02-08 21:57:26', '2023-12-12 16:33:58'),
(1620, 277, 'Hoogli', '2023-02-08 21:57:26', '2024-05-29 19:32:02'),
(1621, 278, 'Somos o portal de notícias mais popular do mundo. Aqui publicamos todos os tipos de notícias mais recentes.', '2023-02-08 21:57:26', '2024-05-29 19:32:02'),
(1622, 279, 'blog, ads, comment, banner', '2023-02-08 21:57:26', '2023-04-30 06:01:49'),
(1623, 280, '1165', '2023-02-08 21:57:26', '2024-06-03 16:09:30'),
(2078, 313, '552', '2023-04-30 08:56:20', '2023-04-30 08:56:20'),
(2079, 314, 'center', '2023-04-30 08:56:20', '2023-04-30 08:56:20'),
(2080, 316, '50', '2023-04-30 08:56:20', '2023-04-30 08:56:20'),
(2502, 274, '1051', '2023-09-14 09:08:30', '2023-09-14 09:08:30'),
(2503, 319, '700', '2023-09-14 09:08:30', '2023-09-14 09:08:30'),
(2504, 320, '700', '2023-09-14 09:08:30', '2023-09-14 09:08:30'),
(2505, 321, '350', '2023-09-14 09:08:30', '2023-09-14 09:08:30'),
(2506, 322, '480', '2023-09-14 09:08:30', '2023-09-14 09:08:30'),
(2507, 323, '250', '2023-09-14 09:08:30', '2023-09-14 09:08:30'),
(2508, 324, '250', '2023-09-14 09:08:30', '2023-09-14 09:08:30'),
(2513, 348, '1050', '2023-09-17 06:28:49', '2023-09-17 06:28:49'),
(2514, 351, '1050', '2023-09-17 06:28:49', '2023-09-17 06:28:49'),
(2515, 354, '1066', '2023-09-17 06:28:49', '2023-09-17 06:28:49'),
(2516, 353, '1066', '2023-09-17 06:28:49', '2023-09-17 06:28:49'),
(2517, 356, '1050', '2023-09-17 06:28:49', '2023-09-17 06:28:49'),
(2518, 355, '1050', '2023-09-17 06:28:49', '2023-09-17 06:28:49'),
(2748, 325, '1', '2023-11-14 12:00:00', '2023-11-14 12:00:00'),
(2749, 326, '0', '2023-11-14 12:00:00', '2023-11-14 12:00:00'),
(2750, 327, '0', '2023-11-14 12:00:00', '2023-11-14 12:00:00'),
(2751, 328, '0', '2023-11-14 12:00:00', '2023-11-14 12:00:00'),
(2752, 329, '0', '2023-11-14 12:00:00', '2023-11-14 12:00:00'),
(2753, 330, '1', '2023-11-14 12:00:00', '2023-11-14 12:00:00'),
(2754, 331, '1', '2023-11-14 12:00:00', '2023-11-14 12:00:00'),
(2755, 332, '0', '2023-11-14 12:00:00', '2023-11-14 12:00:00'),
(2756, 333, '0', '2023-11-14 12:00:00', '2023-11-14 12:00:00'),
(2757, 334, '0', '2023-11-14 12:00:00', '2023-11-14 12:00:00'),
(2758, 335, '1', '2023-11-14 12:00:00', '2023-11-14 12:00:00'),
(2759, 336, '1', '2023-11-14 12:00:00', '2023-11-14 12:00:00'),
(2760, 337, '2', '2023-11-14 12:00:00', '2023-11-14 12:00:00'),
(2761, 338, '5', '2023-11-14 12:00:00', '2023-11-14 12:00:00'),
(2762, 339, '1', '2023-11-14 12:00:00', '2023-11-14 12:00:00'),
(2763, 340, '1', '2023-11-14 12:00:00', '2023-11-14 12:00:00'),
(2764, 341, 'alert(\'XSS!\')', '2023-11-14 12:00:00', '2023-11-14 12:00:00'),
(2765, 342, 'alert(\'XSS!\')', '2023-11-14 12:00:00', '2023-11-14 12:00:00'),
(2766, 343, 'monsterid', '2023-11-14 12:00:00', '2023-11-14 12:00:00'),
(2816, 359, '1.2.3', '2024-05-29 13:40:52', '2024-05-29 13:40:52'),
(2985, 282, 'Aparece Brasil', '2024-06-03 19:08:30', '2024-06-03 19:08:30'),
(2986, 357, 'Frente Parlamentar Mista do Setor de Serviço', '2024-06-03 19:08:30', '2024-06-03 19:08:30'),
(2987, 349, '1159', '2024-06-03 19:08:30', '2024-06-03 19:08:30'),
(2988, 352, '1159', '2024-06-03 19:08:30', '2024-06-03 19:08:30'),
(2989, 344, '1165', '2024-06-03 19:08:30', '2024-06-03 19:08:30'),
(2990, 345, '1159', '2024-06-03 19:08:30', '2024-06-03 19:08:30'),
(2991, 346, '1159', '2024-06-03 19:08:30', '2024-06-03 19:08:30'),
(2992, 347, '1159', '2024-06-03 19:08:30', '2024-06-03 19:08:30'),
(2993, 350, '1165', '2024-06-03 19:08:30', '2024-06-03 19:08:30'),
(2994, 281, '21', '2024-06-03 19:08:30', '2024-06-03 19:08:30'),
(2995, 286, 'America/Sao_Paulo', '2024-06-03 19:08:30', '2024-06-03 19:08:30'),
(2996, 292, '<div>© 2018 - 2024 Aparece Brasil. Todos os direitos reservados.</div>', '2024-06-03 19:08:30', '2024-06-03 19:08:30');

-- --------------------------------------------------------

--
-- Estrutura para tabela `tl_languages`
--

CREATE TABLE `tl_languages` (
  `id` int(11) NOT NULL,
  `name` varchar(50) NOT NULL DEFAULT '',
  `native_name` varchar(50) NOT NULL DEFAULT '',
  `code` varchar(50) NOT NULL DEFAULT '0',
  `flag` text DEFAULT NULL,
  `status` int(11) NOT NULL DEFAULT 0,
  `is_rtl` int(11) NOT NULL DEFAULT 0,
  `created_at` timestamp NOT NULL DEFAULT current_timestamp(),
  `updated_at` timestamp NULL DEFAULT NULL ON UPDATE current_timestamp()
) ENGINE=InnoDB DEFAULT CHARSET=utf8mb4 COLLATE=utf8mb4_general_ci;

--
-- Despejando dados para a tabela `tl_languages`
--

INSERT INTO `tl_languages` (`id`, `name`, `native_name`, `code`, `flag`, `status`, `is_rtl`, `created_at`, `updated_at`) VALUES
(1, 'English', 'English', 'en', NULL, 1, 2, '2022-05-30 09:53:37', '2022-07-26 04:17:44'),
(21, 'Português', 'Português', 'br', NULL, 1, 0, '2024-05-29 22:42:21', '2024-05-29 22:42:21');

-- --------------------------------------------------------

--
-- Estrutura para tabela `tl_media_type`
--

CREATE TABLE `tl_media_type` (
  `id` int(11) NOT NULL,
  `name` varchar(510) DEFAULT NULL
) ENGINE=InnoDB DEFAULT CHARSET=utf8mb4 COLLATE=utf8mb4_general_ci;

--
-- Despejando dados para a tabela `tl_media_type`
--

INSERT INTO `tl_media_type` (`id`, `name`) VALUES
(1, 'Stuffs'),
(2, 'Products'),
(3, 'System'),
(4, 'Media Settings');

-- --------------------------------------------------------

--
-- Estrutura para tabela `tl_menus`
--

CREATE TABLE `tl_menus` (
  `id` int(11) NOT NULL,
  `menu_group_id` int(11) DEFAULT NULL,
  `index` int(11) DEFAULT NULL,
  `parent_id` int(11) DEFAULT NULL,
  `post_id` bigint(20) UNSIGNED DEFAULT NULL,
  `category_id` int(11) DEFAULT NULL,
  `page_id` int(11) DEFAULT NULL,
  `menu_type_id` int(11) DEFAULT NULL,
  `menu_type` varchar(150) DEFAULT NULL,
  `level` int(11) NOT NULL DEFAULT 0,
  `title` varchar(150) DEFAULT NULL,
  `url` text DEFAULT NULL,
  `target` int(11) DEFAULT 1,
  `icon` text DEFAULT NULL,
  `location` varchar(150) DEFAULT NULL,
  `content` varchar(150) DEFAULT NULL,
  `created_at` timestamp NULL DEFAULT current_timestamp(),
  `updated_at` timestamp NULL DEFAULT NULL ON UPDATE current_timestamp()
) ENGINE=InnoDB DEFAULT CHARSET=utf8mb4 COLLATE=utf8mb4_general_ci;

--
-- Despejando dados para a tabela `tl_menus`
--

INSERT INTO `tl_menus` (`id`, `menu_group_id`, `index`, `parent_id`, `post_id`, `category_id`, `page_id`, `menu_type_id`, `menu_type`, `level`, `title`, `url`, `target`, `icon`, `location`, `content`, `created_at`, `updated_at`) VALUES
(451, 21, 1, 0, NULL, NULL, NULL, NULL, NULL, 1, 'Payment Method', '#', 1, ' ', NULL, NULL, '2023-01-29 05:13:21', '2023-01-29 05:13:21'),
(452, 21, 2, 0, NULL, NULL, NULL, NULL, NULL, 1, 'How to Shop', '#', 1, ' ', NULL, NULL, '2023-01-29 05:13:28', '2023-01-29 05:13:28'),
(453, 21, 3, 0, NULL, NULL, NULL, NULL, NULL, 1, 'Terms And Conditions', '#', 1, ' ', NULL, NULL, '2023-01-29 05:13:37', '2023-01-29 05:13:37'),
(454, 21, 4, 0, NULL, NULL, NULL, NULL, NULL, 1, 'Privacy Policy', '#', 1, ' ', NULL, NULL, '2023-01-29 05:13:44', '2023-01-29 05:13:44'),
(455, 21, 5, 0, NULL, NULL, NULL, NULL, NULL, 1, 'Returns', '#', 1, ' ', NULL, NULL, '2023-01-29 05:13:50', '2023-01-29 05:13:50'),
(456, 22, 0, 0, NULL, NULL, NULL, NULL, NULL, 1, 'My Account', '#', 1, ' ', NULL, NULL, '2023-01-29 05:14:03', '2023-01-29 05:14:03'),
(457, 22, 1, 0, NULL, NULL, NULL, NULL, NULL, 1, 'Order Tracking', '#', 1, ' ', NULL, NULL, '2023-01-29 05:14:09', '2023-01-29 05:14:09'),
(458, 22, 2, 0, NULL, NULL, NULL, NULL, NULL, 1, 'Contact Us', '#', 1, ' ', NULL, NULL, '2023-01-29 05:14:15', '2023-01-29 05:14:15'),
(459, 22, 3, 0, NULL, NULL, NULL, NULL, NULL, 1, 'Customer Services', '#', 1, ' ', NULL, NULL, '2023-01-29 05:14:21', '2023-01-29 05:14:21'),
(460, 22, 4, 0, NULL, NULL, NULL, NULL, NULL, 1, 'FAQs', '#', 1, ' ', NULL, NULL, '2023-01-29 05:14:27', '2023-01-29 05:14:27'),
(461, 22, 5, 0, NULL, NULL, NULL, NULL, NULL, 1, 'Help Desk', '#', 1, ' ', NULL, NULL, '2023-01-29 05:14:33', '2023-01-29 05:14:33'),
(464, 24, 0, 0, NULL, NULL, NULL, NULL, NULL, 1, 'Trending Offers', '/collection/15?collection=trending-offers', 1, ' ', NULL, NULL, '2023-01-29 05:49:16', '2023-02-26 22:56:32'),
(465, 24, 1, 0, NULL, NULL, NULL, NULL, NULL, 1, 'Top Fashion', '/collection/16?collection=top-picks-on-clothing', 1, ' ', NULL, NULL, '2023-01-29 05:49:26', '2023-02-26 22:57:09'),
(466, 24, 2, 0, NULL, NULL, NULL, NULL, NULL, 1, 'Adidas Cap', '/products/black-adidas-cotton-cap-for-men-cap', 1, ' ', NULL, NULL, '2023-01-29 05:49:35', '2023-02-26 22:57:54'),
(467, 25, 0, 0, NULL, NULL, NULL, NULL, NULL, 1, 'Home', '/', 1, ' ', NULL, NULL, '2023-01-29 05:51:03', '2023-02-05 17:52:43'),
(468, 25, 1, 0, NULL, NULL, NULL, NULL, NULL, 1, 'All Products', '/products', 1, ' ', NULL, NULL, '2023-01-29 05:51:12', '2023-03-01 14:59:49'),
(474, 25, 6, 0, NULL, NULL, NULL, NULL, NULL, 1, 'Compare', '#', 1, ' ', NULL, NULL, '2023-01-29 05:52:10', '2023-02-26 21:44:03'),
(475, 25, 2, 0, NULL, NULL, NULL, NULL, NULL, 1, 'Flash Sale', '/deals/flash-deals', 1, NULL, NULL, NULL, '2023-02-26 21:41:04', '2023-02-26 21:42:27'),
(476, 25, 3, 0, NULL, NULL, NULL, NULL, NULL, 1, 'Blogs', '/blog', 1, NULL, NULL, NULL, '2023-02-26 21:41:31', '2023-02-26 21:42:27'),
(477, 25, 4, 0, NULL, NULL, NULL, NULL, NULL, 1, 'All Categories', '/categories', 1, NULL, NULL, NULL, '2023-02-26 21:42:17', '2023-02-26 21:42:27'),
(478, 25, 5, 0, NULL, NULL, NULL, NULL, NULL, 1, 'Men\'s Fashion', '/products/category/mens-fashion', 1, NULL, NULL, NULL, '2023-02-26 21:44:00', '2023-02-27 19:53:31'),
(486, 23, 0, 0, NULL, NULL, NULL, 161, 'post', 1, 'Fruits and Vegetables', '/blog/12-fruits-and-vegetables-to-buy-organic-in-2023', 1, NULL, NULL, NULL, '2023-02-27 20:04:02', '2023-02-28 06:16:19'),
(487, 23, 1, 0, NULL, NULL, NULL, NULL, NULL, 1, 'Electronic Device', '/products/category/electronic-devices', 1, NULL, NULL, NULL, '2023-02-27 20:05:57', '2023-02-27 20:05:57'),
(494, 22, 6, 461, NULL, NULL, NULL, 281, 'category', 2, 'Shop', '/blog/category/shop', 1, NULL, NULL, NULL, '2023-03-22 00:19:24', '2023-03-22 00:19:27'),
(495, 22, 7, 494, NULL, NULL, NULL, 280, 'category', 3, 'Travel', '/blog/category/travel', 1, NULL, NULL, NULL, '2023-03-22 00:19:24', '2023-03-22 00:19:29'),
(496, 22, 8, 495, NULL, NULL, NULL, 279, 'category', 4, 'Flower', '/blog/category/flower', 1, NULL, NULL, NULL, '2023-03-22 00:19:24', '2023-03-22 00:19:30'),
(502, 27, 0, 0, NULL, NULL, NULL, 281, 'category', 1, 'Shop', '/blog/category/shop', 1, NULL, NULL, NULL, '2023-05-09 10:33:03', '2023-05-09 10:33:03'),
(503, 27, 1, 0, NULL, NULL, NULL, 181, 'post', 1, 'New Blog is Here', '/blog/new-blog-is-here', 1, NULL, NULL, NULL, '2023-05-09 10:33:06', '2023-05-09 10:33:06'),
(504, 27, 2, 0, NULL, NULL, NULL, 9, 'page', 1, 'About', '/page/about', 1, NULL, NULL, NULL, '2023-05-09 10:33:09', '2023-05-09 10:33:09'),
(505, 27, 3, 504, NULL, NULL, NULL, 110, 'tag', 2, 't-shirt', '/blog/tag/t-shirt', 1, NULL, NULL, NULL, '2023-05-09 10:33:12', '2023-06-01 10:34:57'),
(506, 27, 4, 505, NULL, NULL, NULL, NULL, NULL, 3, 'Hello How are you doing', 'base path', 1, NULL, NULL, NULL, '2023-05-09 10:33:35', '2023-06-01 10:34:58'),
(509, 29, 0, 0, NULL, NULL, NULL, NULL, NULL, 1, 'alert(\'XSS!\')', 'alert(\'XSS!\')', 1, NULL, NULL, NULL, '2023-05-28 10:16:12', '2023-05-28 10:16:12'),
(510, 30, 0, 0, NULL, NULL, NULL, NULL, NULL, 1, 'alert(\'XSS!\')', 'alert(\'XSS!\')', 1, NULL, NULL, NULL, '2023-05-29 08:04:54', '2023-05-29 08:04:54'),
(511, 28, 0, 0, NULL, NULL, NULL, 286, 'category', 1, 'alert(\'XSS!\')', 'alert(\'XSS!\')', 1, NULL, NULL, NULL, '2023-05-29 08:05:24', '2023-05-29 08:05:48'),
(512, 28, 1, 0, NULL, NULL, NULL, 182, 'post', 1, 'Rakib', '/blog/rakib', 1, NULL, NULL, NULL, '2023-05-29 08:06:09', '2023-05-29 08:06:09'),
(513, 28, 2, 0, NULL, NULL, NULL, 181, 'post', 1, 'alert(0)', '/blog/new-blog-is-here', 1, NULL, NULL, NULL, '2023-05-29 08:06:09', '2023-05-29 08:06:32'),
(514, 28, 3, 0, NULL, NULL, NULL, 179, 'post', 1, 'alert(\'XSS!\')', '/blog/summer-adventure-essentials-from-backcountry', 1, NULL, NULL, NULL, '2023-05-29 08:06:09', '2023-05-29 08:06:16'),
(560, 32, 2, 0, NULL, NULL, NULL, 281, 'category', 1, 'Shop', '/blog/category/shop', 1, NULL, NULL, NULL, '2023-11-01 10:34:05', '2023-11-01 10:34:05'),
(575, 33, 0, 0, NULL, NULL, NULL, 33, 'page', 1, 'Terms & Conditions', '/page/terms-&-conditions', 1, NULL, NULL, NULL, '2023-12-06 11:38:27', '2023-12-06 11:38:27'),
(576, 33, 1, 0, NULL, NULL, NULL, 32, 'page', 1, 'Help Line', '/page/help-line', 1, NULL, NULL, NULL, '2023-12-06 11:38:27', '2023-12-06 11:38:27'),
(577, 33, 2, 0, NULL, NULL, NULL, 31, 'page', 1, 'Advertisement', '/page/advertisement', 1, NULL, NULL, NULL, '2023-12-06 11:38:27', '2023-12-06 11:38:27'),
(578, 33, 3, 0, NULL, NULL, NULL, 1, 'page', 1, 'Privacy Policy', '/page/privacy-policy', 1, NULL, NULL, NULL, '2023-12-06 11:38:27', '2023-12-06 11:38:27'),
(579, 33, 4, 0, NULL, NULL, NULL, 295, 'category', 1, 'Entertainment', '/category/entertainment', 1, NULL, NULL, NULL, '2023-12-06 11:38:35', '2023-12-06 11:59:38'),
(580, 33, 6, 0, NULL, NULL, NULL, 288, 'category', 1, 'Technology', '/category/technology', 1, NULL, NULL, NULL, '2023-12-06 11:38:41', '2023-12-06 11:59:12'),
(581, 33, 5, 0, NULL, NULL, NULL, 294, 'category', 1, 'Sports', '/category/sports', 1, NULL, NULL, NULL, '2023-12-06 11:38:59', '2023-12-06 11:59:25'),
(589, 33, 7, 0, NULL, NULL, NULL, 293, 'category', 1, 'Business and Finance', '/category/business-and-finance', 1, NULL, NULL, NULL, '2023-12-26 12:09:42', '2023-12-26 12:09:42'),
(590, 33, 8, 0, NULL, NULL, NULL, 292, 'category', 1, 'Health and Foods', '/category/health-and-foods', 1, NULL, NULL, NULL, '2023-12-26 12:09:42', '2023-12-26 12:09:42'),
(591, 33, 9, 0, NULL, NULL, NULL, 291, 'category', 1, 'Life Style', '/category/life-style', 1, NULL, NULL, NULL, '2023-12-26 12:09:42', '2023-12-26 12:09:42'),
(592, 33, 10, 0, NULL, NULL, NULL, 290, 'category', 1, 'Politics', '/category/politics', 1, NULL, NULL, NULL, '2023-12-26 12:09:42', '2023-12-26 12:09:42'),
(593, 33, 11, 0, NULL, NULL, NULL, 289, 'category', 1, 'World News', '/category/world-news', 1, NULL, NULL, NULL, '2023-12-26 12:09:42', '2023-12-26 12:09:42'),
(594, 33, 12, 0, NULL, NULL, NULL, 280, 'category', 1, 'Travel', '/category/travel', 1, NULL, NULL, NULL, '2023-12-26 12:09:42', '2023-12-26 12:09:42'),
(595, 33, 13, 0, NULL, NULL, NULL, 279, 'category', 1, 'Flower', '/category/flower', 1, NULL, NULL, NULL, '2023-12-26 12:09:42', '2023-12-26 12:09:42'),
(596, 33, 14, 0, NULL, NULL, NULL, 274, 'category', 1, 'Fashion', '/category/fashion', 1, NULL, NULL, NULL, '2023-12-26 12:09:42', '2023-12-26 12:09:42'),
(597, 26, 0, 0, NULL, NULL, NULL, NULL, NULL, 1, 'Home', 'https://portalbrasil.hoogli.dev.br/', 1, NULL, NULL, NULL, '2024-06-03 15:02:28', '2024-06-03 16:51:55'),
(598, 26, 1, 0, NULL, NULL, NULL, 299, 'category', 1, 'Região Norte', '/category/região-norte', 1, NULL, NULL, NULL, '2024-06-03 15:02:35', '2024-06-03 15:20:56'),
(599, 26, 2, 598, NULL, NULL, NULL, 300, 'category', 2, 'Acre', '/category/acre', 1, NULL, NULL, NULL, '2024-06-03 15:20:42', '2024-06-03 15:20:56'),
(601, 26, 3, 598, NULL, NULL, NULL, 44, 'category', 2, 'Pará', '/category/para', 1, NULL, NULL, NULL, '2024-06-03 15:58:28', '2024-06-03 17:10:01'),
(603, 26, 4, 598, NULL, NULL, NULL, 49, 'category', 2, 'Roraima', '/category/roraima', 1, NULL, NULL, NULL, '2024-06-03 15:58:47', '2024-06-03 17:10:01'),
(604, 26, 5, 598, NULL, NULL, NULL, 47, 'category', 2, 'Rondônia', '/category/rondonia', 1, NULL, NULL, NULL, '2024-06-03 15:58:47', '2024-06-03 17:10:01'),
(605, 26, 6, 598, NULL, NULL, NULL, 46, 'category', 2, 'Amazonas', '/category/amazonas', 1, NULL, NULL, NULL, '2024-06-03 15:58:47', '2024-06-03 17:10:01'),
(606, 26, 7, 598, NULL, NULL, NULL, 45, 'category', 2, 'Amapá', '/category/amapa', 1, NULL, NULL, NULL, '2024-06-03 15:58:47', '2024-06-03 17:10:01'),
(608, 26, 8, 598, NULL, NULL, NULL, 43, 'category', 2, 'Tocantins', '/category/tocantins', 1, NULL, NULL, NULL, '2024-06-03 15:58:47', '2024-06-03 17:10:01'),
(609, 26, 10, 630, NULL, NULL, NULL, 23, 'category', 2, 'Rio Grande do Sul', '/category/rio-grande-do-sul', 1, NULL, NULL, NULL, '2024-06-03 16:00:26', '2024-06-03 17:10:01'),
(611, 26, 23, 0, NULL, NULL, NULL, 21, 'category', 1, 'Região Centro-Oeste', '/category/regiao-centro-oeste', 1, NULL, NULL, NULL, '2024-06-03 16:00:26', '2024-06-03 17:10:03'),
(612, 26, 13, 0, NULL, NULL, NULL, 19, 'category', 1, 'Região Nordeste', '/category/nordeste', 1, NULL, NULL, NULL, '2024-06-03 16:00:26', '2024-06-03 17:10:02'),
(613, 26, 30, 0, NULL, NULL, NULL, 17, 'category', 1, 'Região Sudeste', '/category/regiao-sudeste', 1, NULL, NULL, NULL, '2024-06-03 16:00:26', '2024-06-03 17:25:16'),
(614, 26, 12, 630, NULL, NULL, NULL, 25, 'category', 2, 'Paraná', '/category/parana', 1, NULL, NULL, NULL, '2024-06-03 16:00:59', '2024-06-03 17:10:02'),
(615, 26, 11, 630, NULL, NULL, NULL, 24, 'category', 2, 'Santa Catarina', '/category/santa-catarina', 1, NULL, NULL, NULL, '2024-06-03 16:00:59', '2024-06-03 17:10:01'),
(617, 26, 16, 612, NULL, NULL, NULL, 42, 'category', 2, 'Maranhão', '/category/maranhao', 1, NULL, NULL, NULL, '2024-06-03 16:01:53', '2024-06-03 17:10:02'),
(618, 26, 18, 612, NULL, NULL, NULL, 41, 'category', 2, 'Piauí', '/category/piaui', 1, NULL, NULL, NULL, '2024-06-03 16:01:53', '2024-06-03 17:10:02'),
(619, 26, 17, 612, NULL, NULL, NULL, 40, 'category', 2, 'Ceará', '/category/ceara', 1, NULL, NULL, NULL, '2024-06-03 16:01:53', '2024-06-03 17:10:02'),
(620, 26, 21, 612, NULL, NULL, NULL, 39, 'category', 2, 'Rio Grande do Norte', '/category/rio-grande-do-norte', 1, NULL, NULL, NULL, '2024-06-03 16:01:53', '2024-06-03 17:10:03'),
(621, 26, 19, 612, NULL, NULL, NULL, 38, 'category', 2, 'Paraíba', '/category/paraiba', 1, NULL, NULL, NULL, '2024-06-03 16:01:53', '2024-06-03 17:10:02'),
(622, 26, 20, 612, NULL, NULL, NULL, 37, 'category', 2, 'Pernambuco', '/category/pernambuco', 1, NULL, NULL, NULL, '2024-06-03 16:01:53', '2024-06-03 17:10:03'),
(623, 26, 14, 612, NULL, NULL, NULL, 36, 'category', 2, 'Alagoas', '/category/alagoas', 1, NULL, NULL, NULL, '2024-06-03 16:01:53', '2024-06-03 17:10:02'),
(624, 26, 22, 612, NULL, NULL, NULL, 35, 'category', 2, 'Sergipe', '/category/sergipe', 1, NULL, NULL, NULL, '2024-06-03 16:01:53', '2024-06-03 17:10:03'),
(625, 26, 15, 612, NULL, NULL, NULL, 34, 'category', 2, 'Bahia', '/category/bahia', 1, NULL, NULL, NULL, '2024-06-03 16:01:53', '2024-06-03 17:10:02'),
(626, 26, 29, 611, NULL, NULL, NULL, 33, 'category', 2, 'Mato Grosso', '/category/mato-grosso', 1, NULL, NULL, NULL, '2024-06-03 16:03:23', '2024-06-03 17:25:16'),
(627, 26, 24, 611, NULL, NULL, NULL, 32, 'category', 2, 'Distrito Federal', '/category/distrito-federal', 1, NULL, NULL, NULL, '2024-06-03 16:03:23', '2024-06-03 17:10:03'),
(628, 26, 25, 611, NULL, NULL, NULL, 31, 'category', 2, 'Goiás', '/category/goias', 1, NULL, NULL, NULL, '2024-06-03 16:03:23', '2024-06-03 17:10:04'),
(629, 26, 28, 611, NULL, NULL, NULL, 30, 'category', 2, 'Mato Grosso do Sul', '/category/mato-grosso-do-sul', 1, NULL, NULL, NULL, '2024-06-03 16:03:23', '2024-06-03 17:25:16'),
(630, 26, 9, 0, NULL, NULL, NULL, 22, 'category', 1, 'Região Sul', '/category/regiao-sul', 1, NULL, NULL, NULL, '2024-06-03 16:05:04', '2024-06-03 17:10:01'),
(631, 26, 31, 613, NULL, NULL, NULL, 29, 'category', 2, 'Espirito Santo', '/category/espirito-santo', 1, NULL, NULL, NULL, '2024-06-03 16:05:52', '2024-06-03 17:25:16'),
(632, 26, 32, 613, NULL, NULL, NULL, 28, 'category', 2, 'Rio de Janeiro', '/category/rio-de-janeiro', 1, NULL, NULL, NULL, '2024-06-03 16:05:52', '2024-06-03 17:25:16'),
(633, 26, 33, 613, NULL, NULL, NULL, 27, 'category', 2, 'Minas Gerais', '/category/minas-gerais', 1, NULL, NULL, NULL, '2024-06-03 16:05:53', '2024-06-03 17:25:16'),
(634, 26, 34, 613, NULL, NULL, NULL, 26, 'category', 2, 'São Paulo', '/category/sao-paulo', 1, NULL, NULL, NULL, '2024-06-03 16:05:53', '2024-06-03 17:25:16'),
(635, 31, 0, 0, NULL, NULL, NULL, NULL, NULL, 1, 'Acesse nossa Landind Page', 'https://lp.aparecebrasil.com.br/', 1, NULL, NULL, NULL, '2024-06-03 16:59:24', '2024-06-03 16:59:24'),
(638, 26, 26, 628, NULL, NULL, NULL, 302, 'category', 3, 'Goiânia', '/category/goiania', 1, NULL, NULL, NULL, '2024-06-03 17:23:31', '2024-06-03 17:23:39'),
(639, 26, 27, 628, NULL, NULL, NULL, 303, 'category', 3, 'Anápolis', '/category/anapolis', 1, NULL, NULL, NULL, '2024-06-03 17:24:43', '2024-06-03 17:25:16'),
(640, 31, 1, 0, NULL, NULL, NULL, NULL, NULL, 1, 'Termos & Condições', '/page/termos-e-condicoes', 1, NULL, NULL, NULL, '2024-06-03 19:07:34', '2024-06-03 19:07:34'),
(641, 31, 2, 0, NULL, NULL, NULL, NULL, NULL, 1, 'Contato', '/page/contato', 1, NULL, NULL, NULL, '2024-06-03 19:18:58', '2024-06-03 19:19:17');

-- --------------------------------------------------------

--
-- Estrutura para tabela `tl_menu_groups`
--

CREATE TABLE `tl_menu_groups` (
  `id` int(11) NOT NULL,
  `name` varchar(150) DEFAULT NULL,
  `created_at` timestamp NULL DEFAULT current_timestamp(),
  `updated_at` timestamp NULL DEFAULT NULL ON UPDATE current_timestamp()
) ENGINE=InnoDB DEFAULT CHARSET=utf8mb4 COLLATE=utf8mb4_general_ci;

--
-- Despejando dados para a tabela `tl_menu_groups`
--

INSERT INTO `tl_menu_groups` (`id`, `name`, `created_at`, `updated_at`) VALUES
(26, 'Header Menu', '2023-03-21 23:53:13', '2023-03-21 23:53:13'),
(31, 'Menu Top', '2023-09-24 11:11:45', '2023-09-24 11:11:45'),
(32, 'New Test', '2023-11-01 10:32:10', '2023-11-01 10:32:10'),
(33, 'Footer Links', '2023-12-06 11:38:00', '2023-12-06 11:38:00');

-- --------------------------------------------------------

--
-- Estrutura para tabela `tl_menu_groups_translations`
--

CREATE TABLE `tl_menu_groups_translations` (
  `id` int(11) NOT NULL,
  `menu_group_id` int(11) DEFAULT NULL,
  `name` varchar(50) DEFAULT NULL,
  `lang` varchar(50) DEFAULT NULL,
  `created_at` timestamp NOT NULL DEFAULT current_timestamp(),
  `updated_at` timestamp NULL DEFAULT NULL ON UPDATE current_timestamp()
) ENGINE=InnoDB DEFAULT CHARSET=utf8mb4 COLLATE=utf8mb4_general_ci;

--
-- Despejando dados para a tabela `tl_menu_groups_translations`
--

INSERT INTO `tl_menu_groups_translations` (`id`, `menu_group_id`, `name`, `lang`, `created_at`, `updated_at`) VALUES
(8, 21, 'Our Policies', 'en', '2023-01-29 05:13:03', '2023-01-29 05:13:03'),
(9, 24, 'Header Top Left Menus', 'en', '2023-01-29 05:49:46', '2023-01-29 05:49:46'),
(10, 23, 'Header Top Right Menus', 'en', '2023-01-29 05:49:55', '2023-01-29 05:49:55'),
(11, 25, 'Header Middle Menus', 'en', '2023-01-29 05:52:15', '2023-01-29 05:52:15'),
(12, 26, 'Header Menu', 'en', '2023-09-24 11:09:10', '2023-12-26 11:59:11'),
(13, 31, 'Menu Top', 'en', '2023-09-24 11:57:21', '2023-09-24 11:57:21'),
(14, 33, 'Footer Links', 'en', '2023-12-26 12:09:45', '2023-12-26 12:09:45'),
(15, 26, 'Header Menu', 'br', '2024-06-03 16:07:32', '2024-06-03 16:07:32'),
(16, 31, 'Menu Top', 'br', '2024-06-03 18:57:12', '2024-06-03 18:57:12');

-- --------------------------------------------------------

--
-- Estrutura para tabela `tl_menu_group_has_positon`
--

CREATE TABLE `tl_menu_group_has_positon` (
  `id` int(11) NOT NULL,
  `menu_group_id` int(11) DEFAULT NULL,
  `menu_position_id` int(11) DEFAULT NULL,
  `created_at` timestamp NULL DEFAULT current_timestamp(),
  `updated_at` timestamp NULL DEFAULT NULL ON UPDATE current_timestamp()
) ENGINE=InnoDB DEFAULT CHARSET=utf8mb4 COLLATE=utf8mb4_general_ci;

--
-- Despejando dados para a tabela `tl_menu_group_has_positon`
--

INSERT INTO `tl_menu_group_has_positon` (`id`, `menu_group_id`, `menu_position_id`, `created_at`, `updated_at`) VALUES
(110, 24, 3, '2023-01-29 11:49:46', NULL),
(111, 23, 2, '2023-01-29 11:49:55', NULL),
(114, 22, 1, '2023-03-18 04:30:37', NULL),
(118, 27, 5, '2023-05-09 10:33:42', NULL),
(128, 26, 8, '2024-06-03 17:25:40', NULL),
(132, 31, 7, '2024-06-03 19:19:01', NULL);

-- --------------------------------------------------------

--
-- Estrutura para tabela `tl_menu_items`
--

CREATE TABLE `tl_menu_items` (
  `id` int(11) NOT NULL,
  `name` varchar(150) DEFAULT NULL,
  `template` varchar(150) DEFAULT NULL,
  `plugin_location` text DEFAULT NULL
) ENGINE=InnoDB DEFAULT CHARSET=utf8mb4 COLLATE=utf8mb4_general_ci;

--
-- Despejando dados para a tabela `tl_menu_items`
--

INSERT INTO `tl_menu_items` (`id`, `name`, `template`, `plugin_location`) VALUES
(1, 'Product Categories', 'plugin/tlecommercecore::menu.include.product_category_menu_item', 'tlecommercecore');

-- --------------------------------------------------------

--
-- Estrutura para tabela `tl_menu_positions`
--

CREATE TABLE `tl_menu_positions` (
  `id` int(11) NOT NULL,
  `position` varchar(150) DEFAULT NULL,
  `theme_id` int(11) DEFAULT NULL,
  `created_at` timestamp NULL DEFAULT current_timestamp(),
  `updated_at` timestamp NULL DEFAULT NULL ON UPDATE current_timestamp()
) ENGINE=InnoDB DEFAULT CHARSET=utf8mb4 COLLATE=utf8mb4_general_ci;

--
-- Despejando dados para a tabela `tl_menu_positions`
--

INSERT INTO `tl_menu_positions` (`id`, `position`, `theme_id`, `created_at`, `updated_at`) VALUES
(7, 'Header Top Menu', 22, '2023-09-24 11:08:38', '2023-09-24 11:08:38'),
(8, 'Header Main Menu', 22, '2023-09-24 11:08:38', '2023-09-24 11:08:38'),
(9, 'Header Menu', 23, '2023-12-11 16:18:21', '2023-12-11 16:18:21');

-- --------------------------------------------------------

--
-- Estrutura para tabela `tl_menu_translations`
--

CREATE TABLE `tl_menu_translations` (
  `id` int(11) NOT NULL,
  `menu_id` int(11) DEFAULT NULL,
  `lang` varchar(150) DEFAULT NULL,
  `name` varchar(150) DEFAULT NULL,
  `created_at` timestamp NULL DEFAULT current_timestamp(),
  `updated_at` timestamp NULL DEFAULT NULL ON UPDATE current_timestamp()
) ENGINE=InnoDB DEFAULT CHARSET=utf8mb4 COLLATE=utf8mb4_general_ci;

--
-- Despejando dados para a tabela `tl_menu_translations`
--

INSERT INTO `tl_menu_translations` (`id`, `menu_id`, `lang`, `name`, `created_at`, `updated_at`) VALUES
(92, 538, 'en', 'Home', '2023-12-02 09:17:15', '2023-12-05 17:35:02'),
(94, 561, 'en', 'Home 2', '2023-12-05 17:49:13', '2023-12-05 17:49:13'),
(95, 565, 'en', 'Entertainment', '2023-12-06 11:56:01', '2023-12-06 11:56:01'),
(96, 566, 'en', 'Sports', '2023-12-06 11:56:20', '2023-12-06 11:56:20'),
(97, 567, 'en', 'Politics', '2023-12-06 11:56:33', '2023-12-06 11:56:33'),
(98, 568, 'en', 'World News', '2023-12-06 11:56:50', '2023-12-06 11:56:50'),
(99, 569, 'en', 'Technology', '2023-12-06 11:57:08', '2023-12-06 11:57:08'),
(100, 570, 'en', 'Fashion', '2023-12-06 11:57:23', '2023-12-06 11:57:23'),
(101, 580, 'en', 'Technology', '2023-12-06 11:59:12', '2023-12-06 11:59:12'),
(102, 581, 'en', 'Sports', '2023-12-06 11:59:25', '2023-12-06 11:59:25'),
(103, 579, 'en', 'Entertainment', '2023-12-06 11:59:38', '2023-12-06 11:59:38'),
(104, 562, 'en', 'Home 3', '2023-12-10 10:45:30', '2023-12-10 10:45:30'),
(105, 563, 'en', 'Home 4', '2023-12-10 10:45:45', '2023-12-10 10:45:45'),
(106, 564, 'en', 'Home 5', '2023-12-10 10:45:59', '2023-12-10 10:45:59'),
(107, 571, 'sa', 'عن', '2023-12-24 16:22:03', '2023-12-24 16:22:03'),
(108, 572, 'sa', 'خط المساعدة', '2023-12-24 16:22:14', '2023-12-24 16:22:14'),
(109, 573, 'sa', 'إعلان', '2023-12-24 16:22:25', '2023-12-24 16:22:25'),
(110, 574, 'sa', 'سياسة الخصوصية', '2023-12-24 16:22:38', '2023-12-24 16:22:38'),
(111, 568, 'sa', 'اخبار العالم', '2023-12-24 16:22:53', '2023-12-24 16:22:53'),
(112, 567, 'sa', 'سياسة', '2023-12-24 16:23:03', '2023-12-24 16:23:03'),
(113, 566, 'sa', 'رياضات', '2023-12-24 16:23:22', '2023-12-24 16:23:22'),
(114, 565, 'sa', 'ترفيه', '2023-12-24 16:23:39', '2023-12-24 16:23:39'),
(115, 586, 'sa', 'جميع الأخبار', '2023-12-24 16:23:49', '2023-12-24 16:23:49'),
(116, 564, 'sa', 'بيت 5', '2023-12-24 16:24:04', '2023-12-24 16:24:04'),
(117, 563, 'sa', 'بيت 4', '2023-12-24 16:24:09', '2023-12-24 16:24:09'),
(118, 562, 'sa', 'بيت 3', '2023-12-24 16:24:15', '2023-12-24 16:24:15'),
(119, 588, 'sa', 'بيت 2', '2023-12-24 16:24:21', '2023-12-24 16:24:21'),
(120, 587, 'sa', 'بيت 1', '2023-12-24 16:24:25', '2023-12-24 16:24:25'),
(121, 538, 'sa', 'بيت', '2023-12-24 16:24:30', '2023-12-24 16:24:30'),
(122, 575, 'sa', 'البنود و الظروف', '2023-12-24 16:25:20', '2023-12-24 16:25:20'),
(123, 576, 'sa', 'خط المساعدة', '2023-12-24 16:25:31', '2023-12-24 16:25:31'),
(124, 577, 'sa', 'إعلان', '2023-12-24 16:25:41', '2023-12-24 16:25:41'),
(125, 578, 'sa', 'سياسة الخصوصية', '2023-12-24 16:25:51', '2023-12-24 16:25:51'),
(126, 579, 'sa', 'ترفيه', '2023-12-24 16:26:08', '2023-12-24 16:26:08'),
(127, 581, 'sa', 'رياضات', '2023-12-24 16:26:20', '2023-12-24 16:26:20'),
(128, 580, 'sa', 'تكنولوجيا', '2023-12-24 16:26:38', '2023-12-24 16:26:38'),
(129, 587, 'en', 'Home', '2023-12-26 11:59:25', '2023-12-26 11:59:25'),
(130, 589, 'sa', 'الأعمال التجارية والمالية', '2023-12-27 10:05:02', '2023-12-27 10:05:02'),
(131, 590, 'sa', 'الصحة والأغذية', '2023-12-27 10:05:13', '2023-12-27 10:05:13'),
(132, 591, 'sa', 'نمط الحياة', '2023-12-27 10:05:24', '2023-12-27 10:05:24'),
(133, 592, 'sa', 'سياسة', '2023-12-27 10:05:33', '2023-12-27 10:05:33'),
(134, 593, 'sa', 'اخبار العالم', '2023-12-27 10:05:41', '2023-12-27 10:05:41'),
(135, 594, 'sa', 'يسافر', '2023-12-27 10:05:52', '2023-12-27 10:05:52'),
(136, 595, 'sa', 'ورد', '2023-12-27 10:06:02', '2023-12-27 10:06:02'),
(137, 596, 'sa', 'موضة', '2023-12-27 10:06:13', '2023-12-27 10:06:13'),
(138, 574, 'br', 'política de Privacidade', '2024-05-29 19:54:24', '2024-05-29 19:54:24'),
(139, 573, 'br', 'Anúncio', '2024-05-29 19:54:32', '2024-05-29 19:54:32'),
(140, 572, 'br', 'Linha de Ajuda', '2024-05-29 19:54:38', '2024-05-29 19:54:38'),
(141, 571, 'br', 'Sobre', '2024-05-29 19:54:46', '2024-05-29 19:54:46'),
(142, 586, 'br', 'Todas as notícias', '2024-05-29 19:55:01', '2024-05-29 19:55:01'),
(143, 565, 'br', 'Entretenimento', '2024-05-29 19:55:09', '2024-05-29 19:55:09'),
(144, 566, 'br', 'Esportes', '2024-05-29 19:55:16', '2024-05-29 19:55:16'),
(145, 567, 'br', 'Político', '2024-05-29 19:55:22', '2024-05-29 19:55:22'),
(146, 568, 'br', 'Noticias do mundo', '2024-05-29 19:55:29', '2024-05-29 19:55:29'),
(147, 575, 'br', 'termos e Condições', '2024-05-29 19:55:51', '2024-05-29 19:55:51'),
(148, 576, 'br', 'Linha de Ajuda', '2024-05-29 19:55:58', '2024-05-29 19:55:58'),
(149, 577, 'br', 'Anúncio', '2024-05-29 19:56:04', '2024-05-29 19:56:04'),
(150, 578, 'br', 'política de Privacidade', '2024-05-29 19:56:10', '2024-05-29 19:56:10'),
(151, 579, 'br', 'Entretenimento', '2024-05-29 19:56:17', '2024-05-29 19:56:29'),
(152, 581, 'br', 'Esportes', '2024-05-29 19:56:36', '2024-05-29 19:56:36'),
(153, 580, 'br', 'Tecnologia', '2024-05-29 19:56:43', '2024-05-29 19:56:43'),
(154, 589, 'br', 'Negócios e Finanças', '2024-05-29 19:56:54', '2024-05-29 19:56:54'),
(155, 590, 'br', 'Saúde e Alimentos', '2024-05-29 19:57:05', '2024-05-29 19:57:05'),
(156, 591, 'br', 'Estilo de vida', '2024-05-29 19:57:13', '2024-05-29 19:57:13'),
(157, 592, 'br', 'Político', '2024-05-29 19:57:22', '2024-05-29 19:57:22'),
(158, 593, 'br', 'Noticias do mundo', '2024-05-29 19:57:33', '2024-05-29 19:57:33'),
(159, 594, 'br', 'Viagem', '2024-05-29 19:57:41', '2024-05-29 19:57:41'),
(160, 595, 'br', 'Flor', '2024-05-29 19:57:47', '2024-05-29 19:57:47'),
(161, 596, 'br', 'Moda', '2024-05-29 19:57:54', '2024-05-29 19:57:54'),
(162, 597, 'en', 'Home', '2024-06-03 16:51:55', '2024-06-03 16:51:55'),
(163, 635, 'br', 'Conheça nosso CRM', '2024-06-03 18:57:42', '2024-06-03 18:57:42'),
(164, 640, 'br', 'Termos & Condições', '2024-06-03 19:07:52', '2024-06-03 19:07:52'),
(165, 641, 'br', 'Contato', '2024-06-03 19:19:17', '2024-06-03 19:19:17');

-- --------------------------------------------------------

--
-- Estrutura para tabela `tl_page_translations`
--

CREATE TABLE `tl_page_translations` (
  `id` int(11) NOT NULL,
  `title` varchar(255) DEFAULT NULL,
  `content` longtext DEFAULT NULL,
  `page_id` bigint(20) UNSIGNED DEFAULT NULL,
  `lang` varchar(150) DEFAULT NULL,
  `created_at` timestamp NOT NULL DEFAULT current_timestamp() ON UPDATE current_timestamp(),
  `updated_at` timestamp NOT NULL DEFAULT current_timestamp()
) ENGINE=InnoDB DEFAULT CHARSET=utf8mb4 COLLATE=utf8mb4_general_ci;

--
-- Despejando dados para a tabela `tl_page_translations`
--

INSERT INTO `tl_page_translations` (`id`, `title`, `content`, `page_id`, `lang`, `created_at`, `updated_at`) VALUES
(2, 'سياسة الخصوصية', '<h2>مقدمة:</h2>\r\n<br>\r\n<p>نحن ندرك أن الأمان عبر الإنترنت هو\r\n    أمر حيوي لعملاء موقعنا، خاصة أثناء قيادة الأعمال. هذا التأكيد يشرف على حمايتنا\r\n    الترتيبات المتعلقة بمستخدمي الموقع (الضيوف) الذين يقومون بالزيارة دون تنفيذ أعمال والزوار الذين\r\n    قم بالتسجيل لتنفيذ الأعمال على الموقع والاستفادة من الخدمات المختلفة التي يقدمها هذا التطبيق\r\n    (بشكل جماعي، الخدمات) (العملاء المعتمدون).</p>\r\n\r\n<h2>معلومات التعرف الشخصية</h2>\r\n<br>\r\n<p>يشير إلى أي معلومات ذلك\r\n    يحدد أو يمكن استخدامه لتحديد هوية الشخص الذي تتعلق به هذه المعلومات أو الاتصال به أو تحديد مكانه،\r\n    بما في ذلك، على سبيل المثال لا الحصر، الاسم والعنوان ورقم الهاتف ورقم الفاكس وعنوان البريد الإلكتروني والملفات المالية،\r\n    رقم الضمان الاجتماعي ومعلومات بطاقة الائتمان. في الواقع، المعلومات التي يمكن التعرف عليها تستبعد المعلومات\r\n    التي يتم جمعها بشكل مجهول (أي بدون تحديد هوية المستخدم الفردي) أو ديموغرافية\r\n    المعلومات غير المرتبطة بشخص معروف.</p>\r\n\r\n<h2>\r\n    ما هي معلومات التعريف الشخصية التي يتم جمعها؟</h2>\r\n<br>\r\n<p>قد نقوم بجمع ملف تعريف المستخدم الأساسي\r\n    المعلومات من جميع زوارنا. نقوم بجمع المعلومات الإضافية التالية من عملائنا المعتمدين:\r\n    الأسماء والعناوين وأرقام الهواتف وعناوين البريد الإلكتروني للعملاء المعتمدين وطبيعة وحجم\r\n    الأعمال التجارية، وطبيعة وحجم مخزون الإعلان الذي ينوي العميل المرخص شراءه أو\r\n    يبيع.</p>\r\n\r\n<h2>\r\n    ما هي المنظمات التي جمع المعلومات؟</h2>\r\n<br>\r\n<p>على الرغم من لدينا الفورية\r\n    مجموعة متنوعة من المعلومات، وموردي خدمات الطرف الثالث لدينا (مثل شركات بطاقات الائتمان، وغرف المقاصة، و\r\n    البنوك) التي قد تقدم أنواعًا من الخدمات مثل خدمات الائتمان والتأمين والضمان قد تجمع هذا المبلغ\r\n    المعلومات من زوارنا والعملاء المعتمدين. نحن لا نتحكم في كيفية استخدام هذه الأطراف الثالثة لذلك\r\n    المعلومات، لكننا نطلب منهم الكشف عن كيفية استخدامهم للمعلومات الشخصية المقدمة لهم من قبل الزوار و\r\n    العملاء المعتمدين. قد يكون جزء من هذه الأطراف الثالثة وسطاء يعملون فقط كروابط في\r\n    سلسلة التوزيع ولا تقم بتخزين أو الاحتفاظ أو استخدام المعلومات المقدمة لهم.</p>\r\n\r\n<h2>\r\n    كيف يستخدم الموقع معلومات التعريف الشخصية؟</h2>\r\n<br>\r\n<p>نحن نستخدم إمكانية التعرف على القطاع الخاص\r\n    المعلومات لتخصيص الموقع وتقديم عروض الخدمة المناسبة وإتمام عمليات البيع والشراء\r\n    توصيات على الموقع. قد نرسل بريدًا إلكترونيًا للزائرين والعملاء المعتمدين بشأن البحث أو الشراء و\r\n    فرص البيع على الموقع أو المعلومات المتعلقة بموضوع الموقع. قد نستخدمها أيضًا\r\n    معلومات التعريف الشخصية للاتصال بالزائرين والعملاء المعتمدين ردًا على أسئلة محددة\r\n    الاستفسارات أو تقديم المعلومات المطلوبة.</p>\r\n\r\n<h2>\r\n    الذين قد قد تكون مشتركة المعلومات؟</h2>\r\n<br>\r\n<p>معلومات التعرف الشخصية\r\n    قد يتم نقل معلومات حول العملاء المعتمدين إلى العملاء المعتمدين الآخرين الذين يرغبون في تقييم الإمكانات\r\n    المعاملات مع العملاء المعتمدين الآخرين. قد نشارك معلومات مجمعة عن زوارنا،\r\n    بما في ذلك التركيبة السكانية لزوارنا وعملائنا المعتمدين، مع الوكالات التابعة لنا و\r\n    بائعي الطرف الثالث. نحن نقدم بالإضافة إلى ذلك فرصة \"إلغاء الاشتراك\" للحصول على المعلومات أو الوجود\r\n    اتصلت بنا أو بواسطة أي وكالة تتصرف نيابة عنا.</p>\r\n\r\n<h2>\r\n    كيف يتم تخزين معلومات التعريف الشخصية؟</h2>\r\n<br>\r\n<p>معلومات التعرف الشخصية\r\n    يتم تخزينها بشكل آمن بواسطة هذا التطبيق ولا يمكن الوصول إليها من قبل أطراف ثالثة أو موظفي هذا التطبيق باستثناء\r\n    للاستخدام كما هو موضح سابقًا.</p>\r\n\r\n<h2>\r\n    ما هي الخيارات المتاحة للزوار فيما يتعلق بعرض المعلومات واستخدامها ونشرها؟</h2>\r\n<br>\r\n<p>الزوار والعملاء المعتمدين\r\n    قد تتوقف عن الحصول على معلومات عفوية منا أو الاتصال بنا و/أو البائعين التابعين لنا والشركات التابعة لنا\r\n    الوكالات عن طريق الرد على رسائل البريد الإلكتروني وفقًا للتعليمات، أو عن طريق الاتصال بنا.</p>\r\n\r\n<h2>\r\n    هل يتم استخدام ملفات تعريف الارتباط على الموقع؟</h2>\r\n<br>\r\n<p>يتم استخدام ملفات تعريف الارتباط لأسباب مختلفة.\r\n    نحن نستخدم ملفات تعريف الارتباط للحصول على معلومات حول تفضيلات زوارنا والخدمات التي يختارونها. نحن\r\n    استخدم أيضًا ملفات تعريف الارتباط لأغراض أمنية لحماية عملائنا المعتمدين. على سبيل المثال، إذا أذن\r\n    إذا قام العميل بتسجيل الدخول ولم يتم استخدام الموقع، فقد يقوم النظام تلقائيًا بتسجيل خروج العميل المصرح له.</p>\r\n\r\n<h2>\r\n    كيف يستخدم هذا التطبيق معلومات تسجيل الدخول؟</h2>\r\n<br>\r\n<p>يستخدم هذا التطبيق معلومات تسجيل الدخول،\r\n    بما في ذلك، على سبيل المثال لا الحصر، عناوين IP ومقدمي خدمات الإنترنت وأنواع المتصفحات، لتحليل الاتجاهات وإدارة الموقع،\r\n    تتبع حركة المستخدم واستخدامه، وتجميع معلومات ديموغرافية واسعة النطاق.</p>\r\n\r\n<h2>\r\n    ما هو الشركاء أو مقدمو الخدمات الذين يمكنهم الوصول إلى المعلومات الشخصية من الزوار و/أو\r\n    العملاء المعتمدين على الموقع؟</h2>\r\n<br>\r\n<p>وقد دخل هذا التطبيق في وسوف\r\n    الاستمرار في الدخول في شراكات وانتسابات أخرى مع عدد من البائعين. قد يكون لدى هؤلاء البائعين\r\n    الوصول إلى بعض معلومات التعريف الشخصية على أساس الحاجة إلى المعرفة لتقييم المصرح به\r\n    العملاء لأهلية الخدمة. لا تغطي سياسة الخصوصية الخاصة بنا جمعها أو استخدامها\r\n    معلومة. الكشف عن معلومات التعريف الشخصية للامتثال للقانون. سوف نكشف شخصيا\r\n    معلومات تعريفية من أجل الامتثال لأمر المحكمة أو أمر الاستدعاء أو طلب من جهة إنفاذ القانون\r\n    وكالة لنشر المعلومات. وسنكشف أيضًا عن معلومات التعريف الشخصية عندما يكون ذلك معقولًا\r\n    ضرورية لحماية حماية زوارنا وعملائنا المعتمدين.</p>\r\n\r\n<h2>\r\n    كيف يحافظ الموقع على معلومات التعريف الشخصية آمنة؟</h2>\r\n<br>\r\n<p>جميع ممثلينا على دراية\r\n    مع سياستنا وممارساتنا الأمنية. معلومات التعريف الشخصية لزوارنا والمصرح لهم\r\n    لا يمكن الوصول إلى العملاء إلا لعدد محدد مسبقًا من الموظفين المؤهلين الذين يتم منحهم كلمة مرور بالترتيب\r\n    لتحقيق الوصول إلى المعلومة. نقوم بمراجعة أنظمتنا وعملياتنا الأمنية بشكل دوري.\r\n    المعلومات الحساسة، على سبيل المثال، أرقام بطاقات الائتمان أو أرقام الضمان الاجتماعي، محمية بالتشفير\r\n    البروتوكولات المعمول بها لحماية المعلومات المرسلة عبر الإنترنت. في حين أننا نأخذ معقولة تجاريا\r\n    تدابير للحفاظ على موقع آمن، والاتصالات الإلكترونية وقواعد البيانات عرضة للأخطاء، والعبث،\r\n    والاقتحامات، ولا يمكننا أن نضمن أو نضمن عدم وقوع مثل هذه الأحداث ولن نكون مسؤولين عن ذلك\r\n    الزوار أو العملاء المعتمدين لأي من هذه الأحداث.</p>\r\n\r\n<h2>\r\n    كيف يمكن للزائرين تصحيح أي معلومات غير دقيقة في معلومات التعريف الشخصية؟</h2>\r\n<br>\r\n<p>يجوز للزوار والعملاء المعتمدين\r\n    مراسلتنا لتحديث معلومات التعريف الشخصية الخاصة بهم أو لتصحيح أي معلومات غير دقيقة عن طريق البريد الإلكتروني\r\n    لنا هنا. </p>\r\n\r\n<h2>\r\n    هل يمكن للزائر حذف أو إلغاء تنشيط معلومات التعريف الشخصية التي يجمعها الموقع؟</h2>\r\n<br>\r\n<p>نحن نقدم الزوار والمصرح لهم\r\n    العملاء مع آلية لمسح/إلغاء تنشيط معلومات التعريف الشخصية من قاعدة بيانات الموقع\r\n    الاتصال. ومع ذلك، بسبب النسخ الاحتياطية وسجلات الحذف، قد يكون من المستحيل حذف ملف\r\n    دخول الزائر دون الاحتفاظ ببعض المعلومات المتبقية. الشخص الذي يطلب أن يكون شخصيا\r\n    سيتم حذف معلومات التعريف التي تم إلغاء تنشيطها وظيفيًا، ولن نبيع،\r\n    نقل أو استخدام معلومات التعريف الشخصية المتعلقة بهذا الفرد بأي شكل من الأشكال للمضي قدمًا.</p>\r\n\r\n<h2>\r\n    ماذا يحدث إذا تغيرت سياسة الخصوصية؟</h2>\r\n<br>\r\n<p>سنخبر زوارنا وعملائنا المعتمدين بمعرفة ذلك\r\n    حول التغييرات التي تطرأ على سياسة الخصوصية الخاصة بنا عن طريق نشر هذه التغييرات على الموقع. ومع ذلك، على افتراض أننا\r\n    تغيير سياسة الخصوصية الخاصة بنا بطريقة قد تتسبب في الكشف عن معلومات التعريف الشخصية\r\n    طلب زائر أو عميل معتمد سابقًا عدم الكشف عنه، وسوف نقوم بالاتصال بهذا الزائر أو\r\n    العميل المعتمد بالسماح لهذا الزائر أو العميل المعتمد بمنع مثل هذا التعرض.</p>', 1, 'sa', '2023-12-24 10:14:31', '2023-12-24 16:14:31'),
(4, 'عن', '<h2>مقدمة:</h2>\r\n<br>\r\n<p>نحن ندرك أن الأمان عبر الإنترنت هو\r\n    أمر حيوي لعملاء موقعنا، خاصة أثناء قيادة الأعمال. هذا التأكيد يشرف على حمايتنا\r\n    الترتيبات المتعلقة بمستخدمي الموقع (الضيوف) الذين يقومون بالزيارة دون تنفيذ أعمال والزوار الذين\r\n    قم بالتسجيل لتنفيذ الأعمال على الموقع والاستفادة من الخدمات المختلفة التي يقدمها هذا التطبيق\r\n    (بشكل جماعي، الخدمات) (العملاء المعتمدون).</p>\r\n\r\n<h2>معلومات التعرف الشخصية</h2>\r\n<br>\r\n<p>يشير إلى أي معلومات ذلك\r\n    يحدد أو يمكن استخدامه لتحديد هوية الشخص الذي تتعلق به هذه المعلومات أو الاتصال به أو تحديد مكانه،\r\n    بما في ذلك، على سبيل المثال لا الحصر، الاسم والعنوان ورقم الهاتف ورقم الفاكس وعنوان البريد الإلكتروني والملفات المالية،\r\n    رقم الضمان الاجتماعي ومعلومات بطاقة الائتمان. في الواقع، المعلومات التي يمكن التعرف عليها تستبعد المعلومات\r\n    التي يتم جمعها بشكل مجهول (أي بدون تحديد هوية المستخدم الفردي) أو ديموغرافية\r\n    المعلومات غير المرتبطة بشخص معروف.</p>\r\n\r\n<h2>\r\n    ما هي معلومات التعريف الشخصية التي يتم جمعها؟</h2>\r\n<br>\r\n<p>قد نقوم بجمع ملف تعريف المستخدم الأساسي\r\n    المعلومات من جميع زوارنا. نقوم بجمع المعلومات الإضافية التالية من عملائنا المعتمدين:\r\n    الأسماء والعناوين وأرقام الهواتف وعناوين البريد الإلكتروني للعملاء المعتمدين وطبيعة وحجم\r\n    الأعمال التجارية، وطبيعة وحجم مخزون الإعلان الذي ينوي العميل المرخص شراءه أو\r\n    يبيع.</p>\r\n\r\n<h2>\r\n    ما هي المنظمات التي جمع المعلومات؟</h2>\r\n<br>\r\n<p>على الرغم من لدينا الفورية\r\n    مجموعة متنوعة من المعلومات، وموردي خدمات الطرف الثالث لدينا (مثل شركات بطاقات الائتمان، وغرف المقاصة، و\r\n    البنوك) التي قد تقدم أنواعًا من الخدمات مثل خدمات الائتمان والتأمين والضمان قد تجمع هذا المبلغ\r\n    المعلومات من زوارنا والعملاء المعتمدين. نحن لا نتحكم في كيفية استخدام هذه الأطراف الثالثة لذلك\r\n    المعلومات، لكننا نطلب منهم الكشف عن كيفية استخدامهم للمعلومات الشخصية المقدمة لهم من قبل الزوار و\r\n    العملاء المعتمدين. قد يكون جزء من هذه الأطراف الثالثة وسطاء يعملون فقط كروابط في\r\n    سلسلة التوزيع ولا تقم بتخزين أو الاحتفاظ أو استخدام المعلومات المقدمة لهم.</p>\r\n\r\n<h2>\r\n    كيف يستخدم الموقع معلومات التعريف الشخصية؟</h2>\r\n<br>\r\n<p>نحن نستخدم إمكانية التعرف على القطاع الخاص\r\n    المعلومات لتخصيص الموقع وتقديم عروض الخدمة المناسبة وإتمام عمليات البيع والشراء\r\n    توصيات على الموقع. قد نرسل بريدًا إلكترونيًا للزائرين والعملاء المعتمدين بشأن البحث أو الشراء و\r\n    فرص البيع على الموقع أو المعلومات المتعلقة بموضوع الموقع. قد نستخدمها أيضًا\r\n    معلومات التعريف الشخصية للاتصال بالزائرين والعملاء المعتمدين ردًا على أسئلة محددة\r\n    الاستفسارات أو تقديم المعلومات المطلوبة.</p>\r\n\r\n<h2>\r\n    الذين قد قد تكون مشتركة المعلومات؟</h2>\r\n<br>\r\n<p>معلومات التعرف الشخصية\r\n    قد يتم نقل معلومات حول العملاء المعتمدين إلى العملاء المعتمدين الآخرين الذين يرغبون في تقييم الإمكانات\r\n    المعاملات مع العملاء المعتمدين الآخرين. قد نشارك معلومات مجمعة عن زوارنا،\r\n    بما في ذلك التركيبة السكانية لزوارنا وعملائنا المعتمدين، مع الوكالات التابعة لنا و\r\n    بائعي الطرف الثالث. نحن نقدم بالإضافة إلى ذلك فرصة \"إلغاء الاشتراك\" للحصول على المعلومات أو الوجود\r\n    اتصلت بنا أو بواسطة أي وكالة تتصرف نيابة عنا.</p>\r\n\r\n<h2>\r\n    كيف يتم تخزين معلومات التعريف الشخصية؟</h2>\r\n<br>\r\n<p>معلومات التعرف الشخصية\r\n    يتم تخزينها بشكل آمن بواسطة هذا التطبيق ولا يمكن الوصول إليها من قبل أطراف ثالثة أو موظفي هذا التطبيق باستثناء\r\n    للاستخدام كما هو موضح سابقًا.</p>\r\n\r\n<h2>\r\n    ما هي الخيارات المتاحة للزوار فيما يتعلق بعرض المعلومات واستخدامها ونشرها؟</h2>\r\n<br>\r\n<p>الزوار والعملاء المعتمدين\r\n    قد تتوقف عن الحصول على معلومات عفوية منا أو الاتصال بنا و/أو البائعين التابعين لنا والشركات التابعة لنا\r\n    الوكالات عن طريق الرد على رسائل البريد الإلكتروني وفقًا للتعليمات، أو عن طريق الاتصال بنا.</p>\r\n\r\n<h2>\r\n    هل يتم استخدام ملفات تعريف الارتباط على الموقع؟</h2>\r\n<br>\r\n<p>يتم استخدام ملفات تعريف الارتباط لأسباب مختلفة.\r\n    نحن نستخدم ملفات تعريف الارتباط للحصول على معلومات حول تفضيلات زوارنا والخدمات التي يختارونها. نحن\r\n    استخدم أيضًا ملفات تعريف الارتباط لأغراض أمنية لحماية عملائنا المعتمدين. على سبيل المثال، إذا أذن\r\n    إذا قام العميل بتسجيل الدخول ولم يتم استخدام الموقع، فقد يقوم النظام تلقائيًا بتسجيل خروج العميل المصرح له.</p>\r\n\r\n<h2>\r\n    كيف يستخدم هذا التطبيق معلومات تسجيل الدخول؟</h2>\r\n<br>\r\n<p>يستخدم هذا التطبيق معلومات تسجيل الدخول،\r\n    بما في ذلك، على سبيل المثال لا الحصر، عناوين IP ومقدمي خدمات الإنترنت وأنواع المتصفحات، لتحليل الاتجاهات وإدارة الموقع،\r\n    تتبع حركة المستخدم واستخدامه، وتجميع معلومات ديموغرافية واسعة النطاق.</p>\r\n\r\n<h2>\r\n    ما هو الشركاء أو مقدمو الخدمات الذين يمكنهم الوصول إلى المعلومات الشخصية من الزوار و/أو\r\n    العملاء المعتمدين على الموقع؟</h2>\r\n<br>\r\n<p>وقد دخل هذا التطبيق في وسوف\r\n    الاستمرار في الدخول في شراكات وانتسابات أخرى مع عدد من البائعين. قد يكون لدى هؤلاء البائعين\r\n    الوصول إلى بعض معلومات التعريف الشخصية على أساس الحاجة إلى المعرفة لتقييم المصرح به\r\n    العملاء لأهلية الخدمة. لا تغطي سياسة الخصوصية الخاصة بنا جمعها أو استخدامها\r\n    معلومة. الكشف عن معلومات التعريف الشخصية للامتثال للقانون. سوف نكشف شخصيا\r\n    معلومات تعريفية من أجل الامتثال لأمر المحكمة أو أمر الاستدعاء أو طلب من جهة إنفاذ القانون\r\n    وكالة لنشر المعلومات. وسنكشف أيضًا عن معلومات التعريف الشخصية عندما يكون ذلك معقولًا\r\n    ضرورية لحماية حماية زوارنا وعملائنا المعتمدين.</p>\r\n\r\n<h2>\r\n    كيف يحافظ الموقع على معلومات التعريف الشخصية آمنة؟</h2>\r\n<br>\r\n<p>جميع ممثلينا على دراية\r\n    مع سياستنا وممارساتنا الأمنية. معلومات التعريف الشخصية لزوارنا والمصرح لهم\r\n    لا يمكن الوصول إلى العملاء إلا لعدد محدد مسبقًا من الموظفين المؤهلين الذين يتم منحهم كلمة مرور بالترتيب\r\n    لتحقيق الوصول إلى المعلومة. نقوم بمراجعة أنظمتنا وعملياتنا الأمنية بشكل دوري.\r\n    المعلومات الحساسة، على سبيل المثال، أرقام بطاقات الائتمان أو أرقام الضمان الاجتماعي، محمية بالتشفير\r\n    البروتوكولات المعمول بها لحماية المعلومات المرسلة عبر الإنترنت. في حين أننا نأخذ معقولة تجاريا\r\n    تدابير للحفاظ على موقع آمن، والاتصالات الإلكترونية وقواعد البيانات عرضة للأخطاء، والعبث،\r\n    والاقتحامات، ولا يمكننا أن نضمن أو نضمن عدم وقوع مثل هذه الأحداث ولن نكون مسؤولين عن ذلك\r\n    الزوار أو العملاء المعتمدين لأي من هذه الأحداث.</p>\r\n\r\n<h2>\r\n    كيف يمكن للزائرين تصحيح أي معلومات غير دقيقة في معلومات التعريف الشخصية؟</h2>\r\n<br>\r\n<p>يجوز للزوار والعملاء المعتمدين\r\n    مراسلتنا لتحديث معلومات التعريف الشخصية الخاصة بهم أو لتصحيح أي معلومات غير دقيقة عن طريق البريد الإلكتروني\r\n    لنا هنا. </p>\r\n\r\n<h2>\r\n    هل يمكن للزائر حذف أو إلغاء تنشيط معلومات التعريف الشخصية التي يجمعها الموقع؟</h2>\r\n<br>\r\n<p>نحن نقدم الزوار والمصرح لهم\r\n    العملاء مع آلية لمسح/إلغاء تنشيط معلومات التعريف الشخصية من قاعدة بيانات الموقع\r\n    الاتصال. ومع ذلك، بسبب النسخ الاحتياطية وسجلات الحذف، قد يكون من المستحيل حذف ملف\r\n    دخول الزائر دون الاحتفاظ ببعض المعلومات المتبقية. الشخص الذي يطلب أن يكون شخصيا\r\n    سيتم حذف معلومات التعريف التي تم إلغاء تنشيطها وظيفيًا، ولن نبيع،\r\n    نقل أو استخدام معلومات التعريف الشخصية المتعلقة بهذا الفرد بأي شكل من الأشكال للمضي قدمًا.</p>\r\n\r\n<h2>\r\n    ماذا يحدث إذا تغيرت سياسة الخصوصية؟</h2>\r\n<br>\r\n<p>سنخبر زوارنا وعملائنا المعتمدين بمعرفة ذلك\r\n    حول التغييرات التي تطرأ على سياسة الخصوصية الخاصة بنا عن طريق نشر هذه التغييرات على الموقع. ومع ذلك، على افتراض أننا\r\n    تغيير سياسة الخصوصية الخاصة بنا بطريقة قد تتسبب في الكشف عن معلومات التعريف الشخصية\r\n    طلب زائر أو عميل معتمد سابقًا عدم الكشف عنه، وسوف نقوم بالاتصال بهذا الزائر أو\r\n    العميل المعتمد بالسماح لهذا الزائر أو العميل المعتمد بمنع مثل هذا التعرض.</p>', 9, 'sa', '2023-12-24 10:15:15', '2023-12-24 16:15:15'),
(6, 'إعلان', '<h2>مقدمة:</h2>\r\n<br>\r\n<p>نحن ندرك أن الأمان عبر الإنترنت هو\r\n    أمر حيوي لعملاء موقعنا، خاصة أثناء قيادة الأعمال. هذا التأكيد يشرف على حمايتنا\r\n    الترتيبات المتعلقة بمستخدمي الموقع (الضيوف) الذين يقومون بالزيارة دون تنفيذ أعمال والزوار الذين\r\n    قم بالتسجيل لتنفيذ الأعمال على الموقع والاستفادة من الخدمات المختلفة التي يقدمها هذا التطبيق\r\n    (بشكل جماعي، الخدمات) (العملاء المعتمدون).</p>\r\n\r\n<h2>معلومات التعرف الشخصية</h2>\r\n<br>\r\n<p>يشير إلى أي معلومات ذلك\r\n    يحدد أو يمكن استخدامه لتحديد هوية الشخص الذي تتعلق به هذه المعلومات أو الاتصال به أو تحديد مكانه،\r\n    بما في ذلك، على سبيل المثال لا الحصر، الاسم والعنوان ورقم الهاتف ورقم الفاكس وعنوان البريد الإلكتروني والملفات المالية،\r\n    رقم الضمان الاجتماعي ومعلومات بطاقة الائتمان. في الواقع، المعلومات التي يمكن التعرف عليها تستبعد المعلومات\r\n    التي يتم جمعها بشكل مجهول (أي بدون تحديد هوية المستخدم الفردي) أو ديموغرافية\r\n    المعلومات غير المرتبطة بشخص معروف.</p>\r\n\r\n<h2>\r\n    ما هي معلومات التعريف الشخصية التي يتم جمعها؟</h2>\r\n<br>\r\n<p>قد نقوم بجمع ملف تعريف المستخدم الأساسي\r\n    المعلومات من جميع زوارنا. نقوم بجمع المعلومات الإضافية التالية من عملائنا المعتمدين:\r\n    الأسماء والعناوين وأرقام الهواتف وعناوين البريد الإلكتروني للعملاء المعتمدين وطبيعة وحجم\r\n    الأعمال التجارية، وطبيعة وحجم مخزون الإعلان الذي ينوي العميل المرخص شراءه أو\r\n    يبيع.</p>\r\n\r\n<h2>\r\n    ما هي المنظمات التي جمع المعلومات؟</h2>\r\n<br>\r\n<p>على الرغم من لدينا الفورية\r\n    مجموعة متنوعة من المعلومات، وموردي خدمات الطرف الثالث لدينا (مثل شركات بطاقات الائتمان، وغرف المقاصة، و\r\n    البنوك) التي قد تقدم أنواعًا من الخدمات مثل خدمات الائتمان والتأمين والضمان قد تجمع هذا المبلغ\r\n    المعلومات من زوارنا والعملاء المعتمدين. نحن لا نتحكم في كيفية استخدام هذه الأطراف الثالثة لذلك\r\n    المعلومات، لكننا نطلب منهم الكشف عن كيفية استخدامهم للمعلومات الشخصية المقدمة لهم من قبل الزوار و\r\n    العملاء المعتمدين. قد يكون جزء من هذه الأطراف الثالثة وسطاء يعملون فقط كروابط في\r\n    سلسلة التوزيع ولا تقم بتخزين أو الاحتفاظ أو استخدام المعلومات المقدمة لهم.</p>\r\n\r\n<h2>\r\n    كيف يستخدم الموقع معلومات التعريف الشخصية؟</h2>\r\n<br>\r\n<p>نحن نستخدم إمكانية التعرف على القطاع الخاص\r\n    المعلومات لتخصيص الموقع وتقديم عروض الخدمة المناسبة وإتمام عمليات البيع والشراء\r\n    توصيات على الموقع. قد نرسل بريدًا إلكترونيًا للزائرين والعملاء المعتمدين بشأن البحث أو الشراء و\r\n    فرص البيع على الموقع أو المعلومات المتعلقة بموضوع الموقع. قد نستخدمها أيضًا\r\n    معلومات التعريف الشخصية للاتصال بالزائرين والعملاء المعتمدين ردًا على أسئلة محددة\r\n    الاستفسارات أو تقديم المعلومات المطلوبة.</p>\r\n\r\n<h2>\r\n    الذين قد قد تكون مشتركة المعلومات؟</h2>\r\n<br>\r\n<p>معلومات التعرف الشخصية\r\n    قد يتم نقل معلومات حول العملاء المعتمدين إلى العملاء المعتمدين الآخرين الذين يرغبون في تقييم الإمكانات\r\n    المعاملات مع العملاء المعتمدين الآخرين. قد نشارك معلومات مجمعة عن زوارنا،\r\n    بما في ذلك التركيبة السكانية لزوارنا وعملائنا المعتمدين، مع الوكالات التابعة لنا و\r\n    بائعي الطرف الثالث. نحن نقدم بالإضافة إلى ذلك فرصة \"إلغاء الاشتراك\" للحصول على المعلومات أو الوجود\r\n    اتصلت بنا أو بواسطة أي وكالة تتصرف نيابة عنا.</p>\r\n\r\n<h2>\r\n    كيف يتم تخزين معلومات التعريف الشخصية؟</h2>\r\n<br>\r\n<p>معلومات التعرف الشخصية\r\n    يتم تخزينها بشكل آمن بواسطة هذا التطبيق ولا يمكن الوصول إليها من قبل أطراف ثالثة أو موظفي هذا التطبيق باستثناء\r\n    للاستخدام كما هو موضح سابقًا.</p>\r\n\r\n<h2>\r\n    ما هي الخيارات المتاحة للزوار فيما يتعلق بعرض المعلومات واستخدامها ونشرها؟</h2>\r\n<br>\r\n<p>الزوار والعملاء المعتمدين\r\n    قد تتوقف عن الحصول على معلومات عفوية منا أو الاتصال بنا و/أو البائعين التابعين لنا والشركات التابعة لنا\r\n    الوكالات عن طريق الرد على رسائل البريد الإلكتروني وفقًا للتعليمات، أو عن طريق الاتصال بنا.</p>\r\n\r\n<h2>\r\n    هل يتم استخدام ملفات تعريف الارتباط على الموقع؟</h2>\r\n<br>\r\n<p>يتم استخدام ملفات تعريف الارتباط لأسباب مختلفة.\r\n    نحن نستخدم ملفات تعريف الارتباط للحصول على معلومات حول تفضيلات زوارنا والخدمات التي يختارونها. نحن\r\n    استخدم أيضًا ملفات تعريف الارتباط لأغراض أمنية لحماية عملائنا المعتمدين. على سبيل المثال، إذا أذن\r\n    إذا قام العميل بتسجيل الدخول ولم يتم استخدام الموقع، فقد يقوم النظام تلقائيًا بتسجيل خروج العميل المصرح له.</p>\r\n\r\n<h2>\r\n    كيف يستخدم هذا التطبيق معلومات تسجيل الدخول؟</h2>\r\n<br>\r\n<p>يستخدم هذا التطبيق معلومات تسجيل الدخول،\r\n    بما في ذلك، على سبيل المثال لا الحصر، عناوين IP ومقدمي خدمات الإنترنت وأنواع المتصفحات، لتحليل الاتجاهات وإدارة الموقع،\r\n    تتبع حركة المستخدم واستخدامه، وتجميع معلومات ديموغرافية واسعة النطاق.</p>\r\n\r\n<h2>\r\n    ما هو الشركاء أو مقدمو الخدمات الذين يمكنهم الوصول إلى المعلومات الشخصية من الزوار و/أو\r\n    العملاء المعتمدين على الموقع؟</h2>\r\n<br>\r\n<p>وقد دخل هذا التطبيق في وسوف\r\n    الاستمرار في الدخول في شراكات وانتسابات أخرى مع عدد من البائعين. قد يكون لدى هؤلاء البائعين\r\n    الوصول إلى بعض معلومات التعريف الشخصية على أساس الحاجة إلى المعرفة لتقييم المصرح به\r\n    العملاء لأهلية الخدمة. لا تغطي سياسة الخصوصية الخاصة بنا جمعها أو استخدامها\r\n    معلومة. الكشف عن معلومات التعريف الشخصية للامتثال للقانون. سوف نكشف شخصيا\r\n    معلومات تعريفية من أجل الامتثال لأمر المحكمة أو أمر الاستدعاء أو طلب من جهة إنفاذ القانون\r\n    وكالة لنشر المعلومات. وسنكشف أيضًا عن معلومات التعريف الشخصية عندما يكون ذلك معقولًا\r\n    ضرورية لحماية حماية زوارنا وعملائنا المعتمدين.</p>\r\n\r\n<h2>\r\n    كيف يحافظ الموقع على معلومات التعريف الشخصية آمنة؟</h2>\r\n<br>\r\n<p>جميع ممثلينا على دراية\r\n    مع سياستنا وممارساتنا الأمنية. معلومات التعريف الشخصية لزوارنا والمصرح لهم\r\n    لا يمكن الوصول إلى العملاء إلا لعدد محدد مسبقًا من الموظفين المؤهلين الذين يتم منحهم كلمة مرور بالترتيب\r\n    لتحقيق الوصول إلى المعلومة. نقوم بمراجعة أنظمتنا وعملياتنا الأمنية بشكل دوري.\r\n    المعلومات الحساسة، على سبيل المثال، أرقام بطاقات الائتمان أو أرقام الضمان الاجتماعي، محمية بالتشفير\r\n    البروتوكولات المعمول بها لحماية المعلومات المرسلة عبر الإنترنت. في حين أننا نأخذ معقولة تجاريا\r\n    تدابير للحفاظ على موقع آمن، والاتصالات الإلكترونية وقواعد البيانات عرضة للأخطاء، والعبث،\r\n    والاقتحامات، ولا يمكننا أن نضمن أو نضمن عدم وقوع مثل هذه الأحداث ولن نكون مسؤولين عن ذلك\r\n    الزوار أو العملاء المعتمدين لأي من هذه الأحداث.</p>\r\n\r\n<h2>\r\n    كيف يمكن للزائرين تصحيح أي معلومات غير دقيقة في معلومات التعريف الشخصية؟</h2>\r\n<br>\r\n<p>يجوز للزوار والعملاء المعتمدين\r\n    مراسلتنا لتحديث معلومات التعريف الشخصية الخاصة بهم أو لتصحيح أي معلومات غير دقيقة عن طريق البريد الإلكتروني\r\n    لنا هنا. </p>\r\n\r\n<h2>\r\n    هل يمكن للزائر حذف أو إلغاء تنشيط معلومات التعريف الشخصية التي يجمعها الموقع؟</h2>\r\n<br>\r\n<p>نحن نقدم الزوار والمصرح لهم\r\n    العملاء مع آلية لمسح/إلغاء تنشيط معلومات التعريف الشخصية من قاعدة بيانات الموقع\r\n    الاتصال. ومع ذلك، بسبب النسخ الاحتياطية وسجلات الحذف، قد يكون من المستحيل حذف ملف\r\n    دخول الزائر دون الاحتفاظ ببعض المعلومات المتبقية. الشخص الذي يطلب أن يكون شخصيا\r\n    سيتم حذف معلومات التعريف التي تم إلغاء تنشيطها وظيفيًا، ولن نبيع،\r\n    نقل أو استخدام معلومات التعريف الشخصية المتعلقة بهذا الفرد بأي شكل من الأشكال للمضي قدمًا.</p>\r\n\r\n<h2>\r\n    ماذا يحدث إذا تغيرت سياسة الخصوصية؟</h2>\r\n<br>\r\n<p>سنخبر زوارنا وعملائنا المعتمدين بمعرفة ذلك\r\n    حول التغييرات التي تطرأ على سياسة الخصوصية الخاصة بنا عن طريق نشر هذه التغييرات على الموقع. ومع ذلك، على افتراض أننا\r\n    تغيير سياسة الخصوصية الخاصة بنا بطريقة قد تتسبب في الكشف عن معلومات التعريف الشخصية\r\n    طلب زائر أو عميل معتمد سابقًا عدم الكشف عنه، وسوف نقوم بالاتصال بهذا الزائر أو\r\n    العميل المعتمد بالسماح لهذا الزائر أو العميل المعتمد بمنع مثل هذا التعرض.</p>', 31, 'sa', '2023-12-24 16:15:54', '2023-12-24 16:15:54'),
(7, 'خط المساعدة', '<h2>مقدمة:</h2>\r\n<br>\r\n<p>نحن ندرك أن الأمان عبر الإنترنت هو\r\n    أمر حيوي لعملاء موقعنا، خاصة أثناء قيادة الأعمال. هذا التأكيد يشرف على حمايتنا\r\n    الترتيبات المتعلقة بمستخدمي الموقع (الضيوف) الذين يقومون بالزيارة دون تنفيذ أعمال والزوار الذين\r\n    قم بالتسجيل لتنفيذ الأعمال على الموقع والاستفادة من الخدمات المختلفة التي يقدمها هذا التطبيق\r\n    (بشكل جماعي، الخدمات) (العملاء المعتمدون).</p>\r\n\r\n<h2>معلومات التعرف الشخصية</h2>\r\n<br>\r\n<p>يشير إلى أي معلومات ذلك\r\n    يحدد أو يمكن استخدامه لتحديد هوية الشخص الذي تتعلق به هذه المعلومات أو الاتصال به أو تحديد مكانه،\r\n    بما في ذلك، على سبيل المثال لا الحصر، الاسم والعنوان ورقم الهاتف ورقم الفاكس وعنوان البريد الإلكتروني والملفات المالية،\r\n    رقم الضمان الاجتماعي ومعلومات بطاقة الائتمان. في الواقع، المعلومات التي يمكن التعرف عليها تستبعد المعلومات\r\n    التي يتم جمعها بشكل مجهول (أي بدون تحديد هوية المستخدم الفردي) أو ديموغرافية\r\n    المعلومات غير المرتبطة بشخص معروف.</p>\r\n\r\n<h2>\r\n    ما هي معلومات التعريف الشخصية التي يتم جمعها؟</h2>\r\n<br>\r\n<p>قد نقوم بجمع ملف تعريف المستخدم الأساسي\r\n    المعلومات من جميع زوارنا. نقوم بجمع المعلومات الإضافية التالية من عملائنا المعتمدين:\r\n    الأسماء والعناوين وأرقام الهواتف وعناوين البريد الإلكتروني للعملاء المعتمدين وطبيعة وحجم\r\n    الأعمال التجارية، وطبيعة وحجم مخزون الإعلان الذي ينوي العميل المرخص شراءه أو\r\n    يبيع.</p>\r\n\r\n<h2>\r\n    ما هي المنظمات التي جمع المعلومات؟</h2>\r\n<br>\r\n<p>على الرغم من لدينا الفورية\r\n    مجموعة متنوعة من المعلومات، وموردي خدمات الطرف الثالث لدينا (مثل شركات بطاقات الائتمان، وغرف المقاصة، و\r\n    البنوك) التي قد تقدم أنواعًا من الخدمات مثل خدمات الائتمان والتأمين والضمان قد تجمع هذا المبلغ\r\n    المعلومات من زوارنا والعملاء المعتمدين. نحن لا نتحكم في كيفية استخدام هذه الأطراف الثالثة لذلك\r\n    المعلومات، لكننا نطلب منهم الكشف عن كيفية استخدامهم للمعلومات الشخصية المقدمة لهم من قبل الزوار و\r\n    العملاء المعتمدين. قد يكون جزء من هذه الأطراف الثالثة وسطاء يعملون فقط كروابط في\r\n    سلسلة التوزيع ولا تقم بتخزين أو الاحتفاظ أو استخدام المعلومات المقدمة لهم.</p>\r\n\r\n<h2>\r\n    كيف يستخدم الموقع معلومات التعريف الشخصية؟</h2>\r\n<br>\r\n<p>نحن نستخدم إمكانية التعرف على القطاع الخاص\r\n    المعلومات لتخصيص الموقع وتقديم عروض الخدمة المناسبة وإتمام عمليات البيع والشراء\r\n    توصيات على الموقع. قد نرسل بريدًا إلكترونيًا للزائرين والعملاء المعتمدين بشأن البحث أو الشراء و\r\n    فرص البيع على الموقع أو المعلومات المتعلقة بموضوع الموقع. قد نستخدمها أيضًا\r\n    معلومات التعريف الشخصية للاتصال بالزائرين والعملاء المعتمدين ردًا على أسئلة محددة\r\n    الاستفسارات أو تقديم المعلومات المطلوبة.</p>\r\n\r\n<h2>\r\n    الذين قد قد تكون مشتركة المعلومات؟</h2>\r\n<br>\r\n<p>معلومات التعرف الشخصية\r\n    قد يتم نقل معلومات حول العملاء المعتمدين إلى العملاء المعتمدين الآخرين الذين يرغبون في تقييم الإمكانات\r\n    المعاملات مع العملاء المعتمدين الآخرين. قد نشارك معلومات مجمعة عن زوارنا،\r\n    بما في ذلك التركيبة السكانية لزوارنا وعملائنا المعتمدين، مع الوكالات التابعة لنا و\r\n    بائعي الطرف الثالث. نحن نقدم بالإضافة إلى ذلك فرصة \"إلغاء الاشتراك\" للحصول على المعلومات أو الوجود\r\n    اتصلت بنا أو بواسطة أي وكالة تتصرف نيابة عنا.</p>\r\n\r\n<h2>\r\n    كيف يتم تخزين معلومات التعريف الشخصية؟</h2>\r\n<br>\r\n<p>معلومات التعرف الشخصية\r\n    يتم تخزينها بشكل آمن بواسطة هذا التطبيق ولا يمكن الوصول إليها من قبل أطراف ثالثة أو موظفي هذا التطبيق باستثناء\r\n    للاستخدام كما هو موضح سابقًا.</p>\r\n\r\n<h2>\r\n    ما هي الخيارات المتاحة للزوار فيما يتعلق بعرض المعلومات واستخدامها ونشرها؟</h2>\r\n<br>\r\n<p>الزوار والعملاء المعتمدين\r\n    قد تتوقف عن الحصول على معلومات عفوية منا أو الاتصال بنا و/أو البائعين التابعين لنا والشركات التابعة لنا\r\n    الوكالات عن طريق الرد على رسائل البريد الإلكتروني وفقًا للتعليمات، أو عن طريق الاتصال بنا.</p>\r\n\r\n<h2>\r\n    هل يتم استخدام ملفات تعريف الارتباط على الموقع؟</h2>\r\n<br>\r\n<p>يتم استخدام ملفات تعريف الارتباط لأسباب مختلفة.\r\n    نحن نستخدم ملفات تعريف الارتباط للحصول على معلومات حول تفضيلات زوارنا والخدمات التي يختارونها. نحن\r\n    استخدم أيضًا ملفات تعريف الارتباط لأغراض أمنية لحماية عملائنا المعتمدين. على سبيل المثال، إذا أذن\r\n    إذا قام العميل بتسجيل الدخول ولم يتم استخدام الموقع، فقد يقوم النظام تلقائيًا بتسجيل خروج العميل المصرح له.</p>\r\n\r\n<h2>\r\n    كيف يستخدم هذا التطبيق معلومات تسجيل الدخول؟</h2>\r\n<br>\r\n<p>يستخدم هذا التطبيق معلومات تسجيل الدخول،\r\n    بما في ذلك، على سبيل المثال لا الحصر، عناوين IP ومقدمي خدمات الإنترنت وأنواع المتصفحات، لتحليل الاتجاهات وإدارة الموقع،\r\n    تتبع حركة المستخدم واستخدامه، وتجميع معلومات ديموغرافية واسعة النطاق.</p>\r\n\r\n<h2>\r\n    ما هو الشركاء أو مقدمو الخدمات الذين يمكنهم الوصول إلى المعلومات الشخصية من الزوار و/أو\r\n    العملاء المعتمدين على الموقع؟</h2>\r\n<br>\r\n<p>وقد دخل هذا التطبيق في وسوف\r\n    الاستمرار في الدخول في شراكات وانتسابات أخرى مع عدد من البائعين. قد يكون لدى هؤلاء البائعين\r\n    الوصول إلى بعض معلومات التعريف الشخصية على أساس الحاجة إلى المعرفة لتقييم المصرح به\r\n    العملاء لأهلية الخدمة. لا تغطي سياسة الخصوصية الخاصة بنا جمعها أو استخدامها\r\n    معلومة. الكشف عن معلومات التعريف الشخصية للامتثال للقانون. سوف نكشف شخصيا\r\n    معلومات تعريفية من أجل الامتثال لأمر المحكمة أو أمر الاستدعاء أو طلب من جهة إنفاذ القانون\r\n    وكالة لنشر المعلومات. وسنكشف أيضًا عن معلومات التعريف الشخصية عندما يكون ذلك معقولًا\r\n    ضرورية لحماية حماية زوارنا وعملائنا المعتمدين.</p>\r\n\r\n<h2>\r\n    كيف يحافظ الموقع على معلومات التعريف الشخصية آمنة؟</h2>\r\n<br>\r\n<p>جميع ممثلينا على دراية\r\n    مع سياستنا وممارساتنا الأمنية. معلومات التعريف الشخصية لزوارنا والمصرح لهم\r\n    لا يمكن الوصول إلى العملاء إلا لعدد محدد مسبقًا من الموظفين المؤهلين الذين يتم منحهم كلمة مرور بالترتيب\r\n    لتحقيق الوصول إلى المعلومة. نقوم بمراجعة أنظمتنا وعملياتنا الأمنية بشكل دوري.\r\n    المعلومات الحساسة، على سبيل المثال، أرقام بطاقات الائتمان أو أرقام الضمان الاجتماعي، محمية بالتشفير\r\n    البروتوكولات المعمول بها لحماية المعلومات المرسلة عبر الإنترنت. في حين أننا نأخذ معقولة تجاريا\r\n    تدابير للحفاظ على موقع آمن، والاتصالات الإلكترونية وقواعد البيانات عرضة للأخطاء، والعبث،\r\n    والاقتحامات، ولا يمكننا أن نضمن أو نضمن عدم وقوع مثل هذه الأحداث ولن نكون مسؤولين عن ذلك\r\n    الزوار أو العملاء المعتمدين لأي من هذه الأحداث.</p>\r\n\r\n<h2>\r\n    كيف يمكن للزائرين تصحيح أي معلومات غير دقيقة في معلومات التعريف الشخصية؟</h2>\r\n<br>\r\n<p>يجوز للزوار والعملاء المعتمدين\r\n    مراسلتنا لتحديث معلومات التعريف الشخصية الخاصة بهم أو لتصحيح أي معلومات غير دقيقة عن طريق البريد الإلكتروني\r\n    لنا هنا. </p>\r\n\r\n<h2>\r\n    هل يمكن للزائر حذف أو إلغاء تنشيط معلومات التعريف الشخصية التي يجمعها الموقع؟</h2>\r\n<br>\r\n<p>نحن نقدم الزوار والمصرح لهم\r\n    العملاء مع آلية لمسح/إلغاء تنشيط معلومات التعريف الشخصية من قاعدة بيانات الموقع\r\n    الاتصال. ومع ذلك، بسبب النسخ الاحتياطية وسجلات الحذف، قد يكون من المستحيل حذف ملف\r\n    دخول الزائر دون الاحتفاظ ببعض المعلومات المتبقية. الشخص الذي يطلب أن يكون شخصيا\r\n    سيتم حذف معلومات التعريف التي تم إلغاء تنشيطها وظيفيًا، ولن نبيع،\r\n    نقل أو استخدام معلومات التعريف الشخصية المتعلقة بهذا الفرد بأي شكل من الأشكال للمضي قدمًا.</p>\r\n\r\n<h2>\r\n    ماذا يحدث إذا تغيرت سياسة الخصوصية؟</h2>\r\n<br>\r\n<p>سنخبر زوارنا وعملائنا المعتمدين بمعرفة ذلك\r\n    حول التغييرات التي تطرأ على سياسة الخصوصية الخاصة بنا عن طريق نشر هذه التغييرات على الموقع. ومع ذلك، على افتراض أننا\r\n    تغيير سياسة الخصوصية الخاصة بنا بطريقة قد تتسبب في الكشف عن معلومات التعريف الشخصية\r\n    طلب زائر أو عميل معتمد سابقًا عدم الكشف عنه، وسوف نقوم بالاتصال بهذا الزائر أو\r\n    العميل المعتمد بالسماح لهذا الزائر أو العميل المعتمد بمنع مثل هذا التعرض.</p>', 32, 'sa', '2023-12-24 16:17:55', '2023-12-24 16:17:55'),
(8, 'البنود و الظروف', '<h2>مقدمة:</h2>\r\n<br>\r\n<p>نحن ندرك أن الأمان عبر الإنترنت هو\r\n    أمر حيوي لعملاء موقعنا، خاصة أثناء قيادة الأعمال. هذا التأكيد يشرف على حمايتنا\r\n    الترتيبات المتعلقة بمستخدمي الموقع (الضيوف) الذين يقومون بالزيارة دون تنفيذ أعمال والزوار الذين\r\n    قم بالتسجيل لتنفيذ الأعمال على الموقع والاستفادة من الخدمات المختلفة التي يقدمها هذا التطبيق\r\n    (بشكل جماعي، الخدمات) (العملاء المعتمدون).</p>\r\n\r\n<h2>معلومات التعرف الشخصية</h2>\r\n<br>\r\n<p>يشير إلى أي معلومات ذلك\r\n    يحدد أو يمكن استخدامه لتحديد هوية الشخص الذي تتعلق به هذه المعلومات أو الاتصال به أو تحديد مكانه،\r\n    بما في ذلك، على سبيل المثال لا الحصر، الاسم والعنوان ورقم الهاتف ورقم الفاكس وعنوان البريد الإلكتروني والملفات المالية،\r\n    رقم الضمان الاجتماعي ومعلومات بطاقة الائتمان. في الواقع، المعلومات التي يمكن التعرف عليها تستبعد المعلومات\r\n    التي يتم جمعها بشكل مجهول (أي بدون تحديد هوية المستخدم الفردي) أو ديموغرافية\r\n    المعلومات غير المرتبطة بشخص معروف.</p>\r\n\r\n<h2>\r\n    ما هي معلومات التعريف الشخصية التي يتم جمعها؟</h2>\r\n<br>\r\n<p>قد نقوم بجمع ملف تعريف المستخدم الأساسي\r\n    المعلومات من جميع زوارنا. نقوم بجمع المعلومات الإضافية التالية من عملائنا المعتمدين:\r\n    الأسماء والعناوين وأرقام الهواتف وعناوين البريد الإلكتروني للعملاء المعتمدين وطبيعة وحجم\r\n    الأعمال التجارية، وطبيعة وحجم مخزون الإعلان الذي ينوي العميل المرخص شراءه أو\r\n    يبيع.</p>\r\n\r\n<h2>\r\n    ما هي المنظمات التي جمع المعلومات؟</h2>\r\n<br>\r\n<p>على الرغم من لدينا الفورية\r\n    مجموعة متنوعة من المعلومات، وموردي خدمات الطرف الثالث لدينا (مثل شركات بطاقات الائتمان، وغرف المقاصة، و\r\n    البنوك) التي قد تقدم أنواعًا من الخدمات مثل خدمات الائتمان والتأمين والضمان قد تجمع هذا المبلغ\r\n    المعلومات من زوارنا والعملاء المعتمدين. نحن لا نتحكم في كيفية استخدام هذه الأطراف الثالثة لذلك\r\n    المعلومات، لكننا نطلب منهم الكشف عن كيفية استخدامهم للمعلومات الشخصية المقدمة لهم من قبل الزوار و\r\n    العملاء المعتمدين. قد يكون جزء من هذه الأطراف الثالثة وسطاء يعملون فقط كروابط في\r\n    سلسلة التوزيع ولا تقم بتخزين أو الاحتفاظ أو استخدام المعلومات المقدمة لهم.</p>\r\n\r\n<h2>\r\n    كيف يستخدم الموقع معلومات التعريف الشخصية؟</h2>\r\n<br>\r\n<p>نحن نستخدم إمكانية التعرف على القطاع الخاص\r\n    المعلومات لتخصيص الموقع وتقديم عروض الخدمة المناسبة وإتمام عمليات البيع والشراء\r\n    توصيات على الموقع. قد نرسل بريدًا إلكترونيًا للزائرين والعملاء المعتمدين بشأن البحث أو الشراء و\r\n    فرص البيع على الموقع أو المعلومات المتعلقة بموضوع الموقع. قد نستخدمها أيضًا\r\n    معلومات التعريف الشخصية للاتصال بالزائرين والعملاء المعتمدين ردًا على أسئلة محددة\r\n    الاستفسارات أو تقديم المعلومات المطلوبة.</p>\r\n\r\n<h2>\r\n    الذين قد قد تكون مشتركة المعلومات؟</h2>\r\n<br>\r\n<p>معلومات التعرف الشخصية\r\n    قد يتم نقل معلومات حول العملاء المعتمدين إلى العملاء المعتمدين الآخرين الذين يرغبون في تقييم الإمكانات\r\n    المعاملات مع العملاء المعتمدين الآخرين. قد نشارك معلومات مجمعة عن زوارنا،\r\n    بما في ذلك التركيبة السكانية لزوارنا وعملائنا المعتمدين، مع الوكالات التابعة لنا و\r\n    بائعي الطرف الثالث. نحن نقدم بالإضافة إلى ذلك فرصة \"إلغاء الاشتراك\" للحصول على المعلومات أو الوجود\r\n    اتصلت بنا أو بواسطة أي وكالة تتصرف نيابة عنا.</p>\r\n\r\n<h2>\r\n    كيف يتم تخزين معلومات التعريف الشخصية؟</h2>\r\n<br>\r\n<p>معلومات التعرف الشخصية\r\n    يتم تخزينها بشكل آمن بواسطة هذا التطبيق ولا يمكن الوصول إليها من قبل أطراف ثالثة أو موظفي هذا التطبيق باستثناء\r\n    للاستخدام كما هو موضح سابقًا.</p>\r\n\r\n<h2>\r\n    ما هي الخيارات المتاحة للزوار فيما يتعلق بعرض المعلومات واستخدامها ونشرها؟</h2>\r\n<br>\r\n<p>الزوار والعملاء المعتمدين\r\n    قد تتوقف عن الحصول على معلومات عفوية منا أو الاتصال بنا و/أو البائعين التابعين لنا والشركات التابعة لنا\r\n    الوكالات عن طريق الرد على رسائل البريد الإلكتروني وفقًا للتعليمات، أو عن طريق الاتصال بنا.</p>\r\n\r\n<h2>\r\n    هل يتم استخدام ملفات تعريف الارتباط على الموقع؟</h2>\r\n<br>\r\n<p>يتم استخدام ملفات تعريف الارتباط لأسباب مختلفة.\r\n    نحن نستخدم ملفات تعريف الارتباط للحصول على معلومات حول تفضيلات زوارنا والخدمات التي يختارونها. نحن\r\n    استخدم أيضًا ملفات تعريف الارتباط لأغراض أمنية لحماية عملائنا المعتمدين. على سبيل المثال، إذا أذن\r\n    إذا قام العميل بتسجيل الدخول ولم يتم استخدام الموقع، فقد يقوم النظام تلقائيًا بتسجيل خروج العميل المصرح له.</p>\r\n\r\n<h2>\r\n    كيف يستخدم هذا التطبيق معلومات تسجيل الدخول؟</h2>\r\n<br>\r\n<p>يستخدم هذا التطبيق معلومات تسجيل الدخول،\r\n    بما في ذلك، على سبيل المثال لا الحصر، عناوين IP ومقدمي خدمات الإنترنت وأنواع المتصفحات، لتحليل الاتجاهات وإدارة الموقع،\r\n    تتبع حركة المستخدم واستخدامه، وتجميع معلومات ديموغرافية واسعة النطاق.</p>\r\n\r\n<h2>\r\n    ما هو الشركاء أو مقدمو الخدمات الذين يمكنهم الوصول إلى المعلومات الشخصية من الزوار و/أو\r\n    العملاء المعتمدين على الموقع؟</h2>\r\n<br>\r\n<p>وقد دخل هذا التطبيق في وسوف\r\n    الاستمرار في الدخول في شراكات وانتسابات أخرى مع عدد من البائعين. قد يكون لدى هؤلاء البائعين\r\n    الوصول إلى بعض معلومات التعريف الشخصية على أساس الحاجة إلى المعرفة لتقييم المصرح به\r\n    العملاء لأهلية الخدمة. لا تغطي سياسة الخصوصية الخاصة بنا جمعها أو استخدامها\r\n    معلومة. الكشف عن معلومات التعريف الشخصية للامتثال للقانون. سوف نكشف شخصيا\r\n    معلومات تعريفية من أجل الامتثال لأمر المحكمة أو أمر الاستدعاء أو طلب من جهة إنفاذ القانون\r\n    وكالة لنشر المعلومات. وسنكشف أيضًا عن معلومات التعريف الشخصية عندما يكون ذلك معقولًا\r\n    ضرورية لحماية حماية زوارنا وعملائنا المعتمدين.</p>\r\n\r\n<h2>\r\n    كيف يحافظ الموقع على معلومات التعريف الشخصية آمنة؟</h2>\r\n<br>\r\n<p>جميع ممثلينا على دراية\r\n    مع سياستنا وممارساتنا الأمنية. معلومات التعريف الشخصية لزوارنا والمصرح لهم\r\n    لا يمكن الوصول إلى العملاء إلا لعدد محدد مسبقًا من الموظفين المؤهلين الذين يتم منحهم كلمة مرور بالترتيب\r\n    لتحقيق الوصول إلى المعلومة. نقوم بمراجعة أنظمتنا وعملياتنا الأمنية بشكل دوري.\r\n    المعلومات الحساسة، على سبيل المثال، أرقام بطاقات الائتمان أو أرقام الضمان الاجتماعي، محمية بالتشفير\r\n    البروتوكولات المعمول بها لحماية المعلومات المرسلة عبر الإنترنت. في حين أننا نأخذ معقولة تجاريا\r\n    تدابير للحفاظ على موقع آمن، والاتصالات الإلكترونية وقواعد البيانات عرضة للأخطاء، والعبث،\r\n    والاقتحامات، ولا يمكننا أن نضمن أو نضمن عدم وقوع مثل هذه الأحداث ولن نكون مسؤولين عن ذلك\r\n    الزوار أو العملاء المعتمدين لأي من هذه الأحداث.</p>\r\n\r\n<h2>\r\n    كيف يمكن للزائرين تصحيح أي معلومات غير دقيقة في معلومات التعريف الشخصية؟</h2>\r\n<br>\r\n<p>يجوز للزوار والعملاء المعتمدين\r\n    مراسلتنا لتحديث معلومات التعريف الشخصية الخاصة بهم أو لتصحيح أي معلومات غير دقيقة عن طريق البريد الإلكتروني\r\n    لنا هنا. </p>\r\n\r\n<h2>\r\n    هل يمكن للزائر حذف أو إلغاء تنشيط معلومات التعريف الشخصية التي يجمعها الموقع؟</h2>\r\n<br>\r\n<p>نحن نقدم الزوار والمصرح لهم\r\n    العملاء مع آلية لمسح/إلغاء تنشيط معلومات التعريف الشخصية من قاعدة بيانات الموقع\r\n    الاتصال. ومع ذلك، بسبب النسخ الاحتياطية وسجلات الحذف، قد يكون من المستحيل حذف ملف\r\n    دخول الزائر دون الاحتفاظ ببعض المعلومات المتبقية. الشخص الذي يطلب أن يكون شخصيا\r\n    سيتم حذف معلومات التعريف التي تم إلغاء تنشيطها وظيفيًا، ولن نبيع،\r\n    نقل أو استخدام معلومات التعريف الشخصية المتعلقة بهذا الفرد بأي شكل من الأشكال للمضي قدمًا.</p>\r\n\r\n<h2>\r\n    ماذا يحدث إذا تغيرت سياسة الخصوصية؟</h2>\r\n<br>\r\n<p>سنخبر زوارنا وعملائنا المعتمدين بمعرفة ذلك\r\n    حول التغييرات التي تطرأ على سياسة الخصوصية الخاصة بنا عن طريق نشر هذه التغييرات على الموقع. ومع ذلك، على افتراض أننا\r\n    تغيير سياسة الخصوصية الخاصة بنا بطريقة قد تتسبب في الكشف عن معلومات التعريف الشخصية\r\n    طلب زائر أو عميل معتمد سابقًا عدم الكشف عنه، وسوف نقوم بالاتصال بهذا الزائر أو\r\n    العميل المعتمد بالسماح لهذا الزائر أو العميل المعتمد بمنع مثل هذا التعرض.</p>', 33, 'sa', '2023-12-24 16:19:00', '2023-12-24 16:19:00');

-- --------------------------------------------------------

--
-- Estrutura para tabela `tl_plugins`
--

CREATE TABLE `tl_plugins` (
  `id` int(11) NOT NULL,
  `name` varchar(150) NOT NULL,
  `location` varchar(150) DEFAULT NULL,
  `author` varchar(150) NOT NULL,
  `description` text DEFAULT NULL,
  `version` varchar(11) NOT NULL DEFAULT '1',
  `unique_indentifier` text NOT NULL,
  `is_activated` int(10) NOT NULL,
  `namespace` varchar(150) NOT NULL,
  `url` text DEFAULT NULL,
  `created_at` timestamp NOT NULL DEFAULT current_timestamp(),
  `updated_at` timestamp NOT NULL DEFAULT current_timestamp()
) ENGINE=InnoDB DEFAULT CHARSET=utf8mb3 COLLATE=utf8mb3_general_ci;

--
-- Despejando dados para a tabela `tl_plugins`
--

INSERT INTO `tl_plugins` (`id`, `name`, `location`, `author`, `description`, `version`, `unique_indentifier`, `is_activated`, `namespace`, `url`, `created_at`, `updated_at`) VALUES
(39, 'Demo Plugin', 'demo-plugin', 'Themelooks', 'Demo Plugin for CMSLooks', '1.0', 'xxCtN1kNseh5suW', 1, 'Plugin\\DemoPlugin\\', 'http://www.themelooks.com/', '2023-07-15 11:13:43', '2023-07-16 04:49:18'),
(48, 'Newslooks Page Builder', 'newslooks-pagebuilder', 'Themelooks', 'Page Builder Plugin for Newslooks', '1.0', '5Z3Q4IZiKADfcIm', 1, 'Plugin\\NewslooksPageBuilder\\', 'http://www.themelooks.com/', '2023-10-19 12:09:04', '2023-10-19 06:09:19');

-- --------------------------------------------------------

--
-- Estrutura para tabela `tl_sidebar_has_widgets`
--

CREATE TABLE `tl_sidebar_has_widgets` (
  `id` int(11) NOT NULL,
  `sidebar_id` int(11) DEFAULT NULL,
  `widget_id` bigint(20) DEFAULT NULL,
  `order` bigint(20) DEFAULT 1
) ENGINE=InnoDB DEFAULT CHARSET=utf8mb4 COLLATE=utf8mb4_general_ci;

--
-- Despejando dados para a tabela `tl_sidebar_has_widgets`
--

INSERT INTO `tl_sidebar_has_widgets` (`id`, `sidebar_id`, `widget_id`, `order`) VALUES
(849, 9, 111, 6),
(850, 9, 110, 7),
(852, 9, 114, 1),
(854, 9, 115, 4),
(855, 9, 116, 3),
(856, 9, 108, 2),
(857, 9, 118, 5),
(862, 10, 121, 6),
(874, 13, 119, 1),
(876, 13, 121, 2),
(877, 10, 108, 2),
(878, 10, 113, 7),
(879, 10, 115, 5),
(880, 10, 111, 8),
(882, 10, 114, 1),
(883, 10, 116, 4),
(884, 10, 117, 3),
(885, 10, 118, 9);

-- --------------------------------------------------------

--
-- Estrutura para tabela `tl_sidebar_widget_has_translate_values`
--

CREATE TABLE `tl_sidebar_widget_has_translate_values` (
  `id` int(11) NOT NULL,
  `value` longtext DEFAULT NULL,
  `sidebar_widget_has_values_id` int(11) DEFAULT NULL,
  `lang` varchar(150) DEFAULT NULL,
  `created_at` timestamp NULL DEFAULT NULL,
  `updated_at` timestamp NULL DEFAULT NULL
) ENGINE=InnoDB DEFAULT CHARSET=utf8mb4 COLLATE=utf8mb4_general_ci;

--
-- Despejando dados para a tabela `tl_sidebar_widget_has_translate_values`
--

INSERT INTO `tl_sidebar_widget_has_translate_values` (`id`, `value`, `sidebar_widget_has_values_id`, `lang`, `created_at`, `updated_at`) VALUES
(52, '{\"widget_title\":\"\\u0645\\u0639\\u0644\\u0648\\u0645\\u0627\\u062a \\u0639\\u0646\\u0627\",\"description\":\"\\u0646\\u062d\\u0646 \\u0628\\u0648\\u0627\\u0628\\u0629 \\u0627\\u0644\\u0623\\u062e\\u0628\\u0627\\u0631 \\u0627\\u0644\\u0623\\u0643\\u062b\\u0631 \\u0634\\u0639\\u0628\\u064a\\u0629 \\u0641\\u064a \\u0627\\u0644\\u0639\\u0627\\u0644\\u0645. \\u0647\\u0646\\u0627 \\u0646\\u0646\\u0634\\u0631 \\u062c\\u0645\\u064a\\u0639 \\u0623\\u0646\\u0648\\u0627\\u0639 \\u0622\\u062e\\u0631 \\u0627\\u0644\\u0623\\u062e\\u0628\\u0627\\u0631.\",\"address\":\"53 \\u0637\\u0631\\u064a\\u0642 \\u0627\\u0644\\u0645\\u0637\\u0631\\u060c \\u062c\\u0646\\u0627\\u062d 41 \\u0623\\u0648\\u0633\\u062a\\u0646\\u060c \\u0646\\u064a\\u0648\\u064a\\u0648\\u0631\\u0643\\u060c \\u0627\\u0644\\u0648\\u0644\\u0627\\u064a\\u0627\\u062a \\u0627\\u0644\\u0645\\u062a\\u062d\\u062f\\u0629 \\u0627\\u0644\\u0623\\u0645\\u0631\\u064a\\u0643\\u064a\\u0629\"}', 231, 'sa', '2023-12-26 18:03:15', '2023-12-26 18:03:15'),
(53, '{\"widget_title\":\"\\u0634\\u0631\\u0643\\u0629\"}', 232, 'sa', '2023-12-26 18:03:39', '2023-12-26 18:03:39'),
(54, '{\"widget_title\":\"\\u0645\\u0634\\u0627\\u0631\\u0643\\u0629 \\u0627\\u0644\\u0635\\u0648\\u0631\\u0629\"}', 233, 'sa', '2023-12-26 18:04:05', '2023-12-26 18:04:05'),
(55, '{\"search_placeholder\":\"\\u0628\\u062d\\u062b \\u0641\\u064a \\u0627\\u0644\\u0623\\u062e\\u0628\\u0627\\u0631\"}', 209, 'sa', '2023-12-26 18:40:17', '2023-12-26 18:40:17'),
(56, '{\"widget_title\":\"\\u0627\\u0644\\u0642\\u0637\\u0639\\u0629 \\u0627\\u0644\\u0641\\u0626\\u0629\"}', 206, 'sa', '2023-12-26 18:40:29', '2023-12-26 18:40:29'),
(57, '{\"widget_title\":\"\\u062a\\u0627\\u0628\\u0639\\u0646\\u0627 \\u0647\\u0646\\u0627\"}', 213, 'sa', '2023-12-26 18:40:50', '2023-12-26 18:40:50'),
(58, '{\"widget_title\":\"\\u0627\\u0644\\u0642\\u0637\\u0639\\u0629 \\u0627\\u0644\\u0645\\u062f\\u0648\\u0646\\u0629\"}', 211, 'sa', '2023-12-26 18:41:36', '2023-12-26 18:41:36'),
(59, '{\"widget_title\":\"\\u0627\\u0644\\u062a\\u0639\\u0644\\u064a\\u0642 \\u0627\\u0644\\u0623\\u062e\\u064a\\u0631\"}', 241, 'sa', '2023-12-27 15:12:24', '2023-12-27 15:12:24'),
(60, '{\"search_placeholder\":\"\\u0628\\u062d\\u062b \\u0641\\u064a \\u0627\\u0644\\u0623\\u062e\\u0628\\u0627\\u0631\"}', 242, 'sa', '2023-12-27 17:06:17', '2023-12-27 17:06:17'),
(61, '{\"widget_title\":\"\\u062a\\u0627\\u0628\\u0639\\u0646\\u0627\"}', 234, 'sa', '2023-12-27 17:06:38', '2023-12-27 17:06:38'),
(62, '{\"widget_title\":\"\\u0627\\u0644\\u062a\\u0635\\u0648\\u064a\\u062a \\u0644\\u0644\\u0628\\u0637\\u0644\"}', 240, 'sa', '2023-12-27 17:06:50', '2023-12-27 17:06:50'),
(63, '{\"widget_title\":\"\\u0623\\u062e\\u0628\\u0627\\u0631 \\u062d\\u062f\\u064a\\u062b\\u0629\"}', 235, 'sa', '2023-12-27 17:07:14', '2023-12-27 17:07:14'),
(64, '{\"widget_title\":\"\\u0635\\u0627\\u0644\\u0629 \\u0639\\u0631\\u0636\"}', 218, 'sa', '2023-12-27 17:07:52', '2023-12-27 17:07:52'),
(65, '{\"newsletter_title\":\"\\u0627\\u062d\\u0635\\u0644 \\u0639\\u0644\\u0649 \\u0622\\u062e\\u0631 \\u0627\\u0644\\u0623\\u062e\\u0628\\u0627\\u0631\",\"newsletter_subtitle\":\"\\u0627\\u0634\\u062a\\u0631\\u0643 \\u0641\\u064a \\u0627\\u0644\\u0646\\u0634\\u0631\\u0629 \\u0627\\u0644\\u0625\\u062e\\u0628\\u0627\\u0631\\u064a\\u0629 \\u0644\\u062f\\u064a\\u0646\\u0627 \\u0644\\u0644\\u062d\\u0635\\u0648\\u0644 \\u0639\\u0644\\u0649 \\u0622\\u062e\\u0631 \\u0627\\u0644\\u0623\\u062e\\u0628\\u0627\\u0631 \\u0648\\u0627\\u0644\\u062a\\u062d\\u062f\\u064a\\u062b\\u0627\\u062a \\u0627\\u0644\\u062d\\u0635\\u0631\\u064a\\u0629.\",\"email_placeholder\":\"\\u0623\\u062f\\u062e\\u0644 \\u0627\\u0644\\u0628\\u0631\\u064a\\u062f \\u0627\\u0644\\u0625\\u0644\\u0643\\u062a\\u0631\\u0648\\u0646\\u064a\",\"button_text\":\"\\u064a\\u0634\\u062a\\u0631\\u0643\"}', 236, 'sa', '2023-12-27 17:08:25', '2023-12-27 17:08:25'),
(66, '{\"widget_title\":\"\\u0623\\u0647\\u0645 \\u0627\\u0644\\u0641\\u0626\\u0627\\u062a\"}', 237, 'sa', '2023-12-27 17:08:39', '2023-12-27 17:08:39'),
(67, '{\"widget_title\":\"\\u0627\\u0644\\u062a\\u0639\\u0644\\u064a\\u0642 \\u0627\\u0644\\u0623\\u062e\\u064a\\u0631\"}', 214, 'sa', '2023-12-27 17:09:34', '2023-12-27 17:09:34'),
(68, '{\"widget_title\":\"\\u0627\\u0644\\u0643\\u0644\\u0645\\u0627\\u062a \\u0627\\u0644\\u0634\\u0639\\u0628\\u064a\\u0629\"}', 207, 'sa', '2023-12-27 17:50:01', '2023-12-27 17:50:01'),
(69, '{\"widget_title\":\"Sobre\",\"description\":\"Intelig\\u00eancia estrat\\u00e9gica em gest\\u00e3o de mandato, comunica\\u00e7\\u00e3o e elei\\u00e7\\u00f5es!\",\"address\":\"SRTVS Bloco B, Ed. Pal\\u00e1cio do R\\u00e1dio II Sala 619, SHCS, Bras\\u00edlia - DF, 70340-901\",\"mail\":\"contato@aparecebrasil.com.br\",\"phone\":\"(61) 3322-6669\"}', 231, 'br', '2024-06-03 16:30:18', '2024-06-03 17:43:27'),
(70, '{\"widget_title\":\"\\u00daltimas Not\\u00edcias\",\"blog_type\":\"recent\"}', 233, 'br', '2024-06-03 16:30:47', '2024-06-03 16:30:47'),
(71, '{\"widget_title\":\"Site Map\",\"menu_group_id\":\"33\"}', 232, 'br', '2024-06-03 16:30:59', '2024-06-03 16:30:59'),
(72, '{\"search_placeholder\":\"Pesquisar not\\u00edcias\"}', 209, 'br', '2024-06-03 16:41:13', '2024-06-03 16:41:13'),
(73, '{\"widget_title\":\"Siga-nos aqui\"}', 213, 'br', '2024-06-03 16:41:20', '2024-06-03 16:41:20'),
(74, '{\"widget_title\":\"Widget do blog\",\"number_of_blogs\":\"4\",\"type_of_blogs\":\"recent\"}', 211, 'br', '2024-06-03 16:41:31', '2024-06-03 16:41:31'),
(75, '{\"widget_title\":\"Coment\\u00e1rio recente\",\"number_of_comments\":\"3\"}', 214, 'br', '2024-06-03 16:41:42', '2024-06-03 16:41:42'),
(76, '{\"widget_title\":\"Tags populares\",\"number_of_tags\":\"8\"}', 207, 'br', '2024-06-03 16:41:59', '2024-06-03 16:41:59'),
(77, '{\"widget_title\":\"Widget de categoria\",\"number_of_category\":\"5\"}', 206, 'br', '2024-06-03 16:42:06', '2024-06-03 16:42:06'),
(78, '{\"search_placeholder\":\"Pesquisar not\\u00edcias\"}', 242, 'br', '2024-06-03 16:42:14', '2024-06-03 16:42:14'),
(79, '{\"widget_title\":\"Siga-nos\"}', 234, 'br', '2024-06-03 16:42:23', '2024-06-03 16:42:23'),
(80, '{\"widget_title\":\"Not\\u00edcias recentes\",\"number_of_blogs\":\"5\",\"type_of_blogs\":\"recent\"}', 235, 'br', '2024-06-03 16:42:42', '2024-06-03 16:42:42'),
(81, '{\"widget_title\":\"Coment\\u00e1rio recente\",\"number_of_comments\":\"3\"}', 241, 'br', '2024-06-03 16:42:51', '2024-06-03 16:42:51'),
(82, '{\"widget_title\":\"Principais categorias\",\"number_of_category\":\"4\"}', 237, 'br', '2024-06-03 16:42:58', '2024-06-03 16:42:58'),
(83, '{\"newsletter_title\":\"Receba as \\u00faltimas not\\u00edcias\",\"newsletter_subtitle\":\"Assine nossa newsletter para receber as \\u00faltimas not\\u00edcias e atualiza\\u00e7\\u00f5es exclusivas.\",\"email_placeholder\":\"Digite o e-mail\",\"button_text\":\"Se inscrever\"}', 236, 'br', '2024-06-03 16:43:18', '2024-06-03 16:43:18'),
(84, '{\"widget_title\":\"Galeria\",\"blog_type\":\"recent\"}', 218, 'br', '2024-06-03 16:43:26', '2024-06-03 16:43:26');

-- --------------------------------------------------------

--
-- Estrutura para tabela `tl_sidebar_widget_has_values`
--

CREATE TABLE `tl_sidebar_widget_has_values` (
  `id` int(11) NOT NULL,
  `sidebar_has_widget_id` int(11) DEFAULT NULL,
  `value` text DEFAULT NULL
) ENGINE=InnoDB DEFAULT CHARSET=utf8mb4 COLLATE=utf8mb4_general_ci;

--
-- Despejando dados para a tabela `tl_sidebar_widget_has_values`
--

INSERT INTO `tl_sidebar_widget_has_values` (`id`, `sidebar_has_widget_id`, `value`) VALUES
(204, 846, '{\"widget_title\":\"Blog Engrushu\",\"number_of_blogs\":\"3\",\"type_of_blogs\":\"recent\"}'),
(205, 847, '{\"widget_title\":\"About Me\",\"author_id\":\"1\",\"author_designation\":\"CEO of Bangladesh\",\"author_image\":\"1074\"}'),
(206, 849, '{\"widget_title\":\"Category Widget\",\"number_of_category\":\"5\"}'),
(207, 850, '{\"widget_title\":\"Popular Tags\",\"number_of_tags\":\"8\"}'),
(208, 851, '{\"ads_image\":\"1072\",\"ads_url\":\"\\/\",\"google_adsence_sidebar\":\"\"}'),
(209, 852, '{\"search_placeholder\":\"Search News\"}'),
(210, 853, '{\"newsletter_title\":\"Get Our News\",\"newsletter_subtitle\":\"Get The Latest News of Newslooks and Get Stoned\",\"email_placeholder\":\"Enter Email\",\"button_text\":\"Subscribe\"}'),
(211, 854, '{\"widget_title\":\"Blog Widget\",\"number_of_blogs\":\"4\",\"type_of_blogs\":\"most_view\"}'),
(212, 855, '{\"number_of_blogs\":\"3\"}'),
(213, 856, '{\"widget_title\":\"Follow Us Here\"}'),
(214, 857, '{\"widget_title\":\"Recent Comment\",\"number_of_comments\":\"3\"}'),
(215, 858, '{\"widget_title\":\"Online Voting\",\"vote_id\":\"1\"}'),
(216, 859, '{\"widget_title\":\"Best Footballer\",\"vote_id\":\"5\"}'),
(217, 860, '{\"widget_title\":\"ABOUT US\",\"description\":\"We are the most popular news portal in the world. Here we publish all kinds of the latest news.\",\"address\":\"27 Division St, New York, NY 1002 United States of America\",\"mail\":\"support@newslooks.com\",\"phone\":\"+96-321-111-222\"}'),
(218, 862, '{\"widget_title\":\"Gallery\",\"blog_type\":\"recent\"}'),
(219, 861, '{\"widget_title\":\"Important Links\",\"menu_group_id\":\"26\"}'),
(220, 863, '{\"widget_title\":\"Best Author\",\"author_id\":\"1\",\"author_designation\":\"SEO Specilist\",\"author_image\":\"1074\"}'),
(221, 864, '{\"widget_title\":\"Follow Us Here\"}'),
(222, 865, '{\"widget_title\":\"Popular Tags\",\"number_of_tags\":\"15\"}'),
(223, 866, '{\"widget_title\":\"Top Categories\",\"number_of_category\":\"5\"}'),
(224, 867, '{\"ads_image\":\"1072\",\"ads_url\":\"\\/\",\"google_adsence_sidebar\":\"\"}'),
(225, 868, '{\"newsletter_title\":\"Newsletter\",\"newsletter_subtitle\":\"Subscribe to our newsletter for latest post\",\"email_placeholder\":\"Enter Email\",\"button_text\":\"Subscribe\"}'),
(226, 869, '{\"search_placeholder\":\"Search News\"}'),
(227, 870, '{\"widget_title\":\"Popular Blogs\",\"number_of_blogs\":\"4\",\"type_of_blogs\":\"popular\"}'),
(228, 871, '{\"number_of_blogs\":\"4\"}'),
(229, 872, '{\"widget_title\":\"Voting\",\"vote_id\":\"5\"}'),
(230, 873, '{\"widget_title\":\"Recent Comment\",\"number_of_comments\":\"3\"}'),
(231, 874, '{\"widget_title\":\"About Us\",\"description\":\"We are the most popular news portal in the world. Here we publish all kinds of the latest news.\",\"address\":\"53 Rain Road, Suite 41 Austin, NY, USA\",\"mail\":\"contact@gmail.com\",\"phone\":\"415-737-5445\"}'),
(232, 875, '{\"widget_title\":\"Company\",\"menu_group_id\":\"33\"}'),
(233, 876, '{\"widget_title\":\"Image Post\",\"blog_type\":\"recent\"}'),
(234, 877, '{\"widget_title\":\"Follow US\"}'),
(235, 879, '{\"widget_title\":\"Recent News\",\"number_of_blogs\":\"5\",\"type_of_blogs\":\"recent\"}'),
(236, 878, '{\"newsletter_title\":\"Get Latest News\",\"newsletter_subtitle\":\"Subscribe to our newsletter to get the latest news and exclusive updates.\",\"email_placeholder\":\"Enter Email\",\"button_text\":\"Subscribe\"}'),
(237, 880, '{\"widget_title\":\"Top Categories\",\"number_of_category\":\"4\"}'),
(238, 881, '{\"widget_title\":\"Wade Wilson\",\"author_id\":\"1\",\"author_designation\":\"Content Writter\",\"author_image\":\"1140\"}'),
(239, 883, '{\"number_of_blogs\":\"3\"}'),
(240, 884, '{\"widget_title\":\"VOTE FOR CHAMPION\",\"vote_id\":\"1\"}'),
(241, 885, '{\"widget_title\":\"Recent Comment\",\"number_of_comments\":\"3\"}'),
(242, 882, '{\"search_placeholder\":\"Search News\"}');

-- --------------------------------------------------------

--
-- Estrutura para tabela `tl_themes`
--

CREATE TABLE `tl_themes` (
  `id` int(11) NOT NULL,
  `name` varchar(150) NOT NULL,
  `location` varchar(200) NOT NULL,
  `author` varchar(150) NOT NULL,
  `description` text DEFAULT NULL,
  `version` varchar(150) NOT NULL DEFAULT '1.0',
  `unique_indentifier` text NOT NULL,
  `is_activated` int(11) NOT NULL DEFAULT 1,
  `namespace` varchar(150) NOT NULL,
  `url` text DEFAULT NULL,
  `created_at` timestamp NOT NULL DEFAULT current_timestamp(),
  `updated_at` timestamp NOT NULL DEFAULT current_timestamp()
) ENGINE=InnoDB DEFAULT CHARSET=utf8mb3 COLLATE=utf8mb3_general_ci;

--
-- Despejando dados para a tabela `tl_themes`
--

INSERT INTO `tl_themes` (`id`, `name`, `location`, `author`, `description`, `version`, `unique_indentifier`, `is_activated`, `namespace`, `url`, `created_at`, `updated_at`) VALUES
(22, 'NewsLooks', 'newslooks', 'Themelooks', 'NewsLooks Default Theme', '1.2.3', 'bLI1fREhK5JrYqL', 1, 'Theme\\NewsLooks\\', 'http://www.themelooks.com/', '2023-08-29 06:50:02', '2024-05-29 22:40:52');

-- --------------------------------------------------------

--
-- Estrutura para tabela `tl_theme_option_settings`
--

CREATE TABLE `tl_theme_option_settings` (
  `id` bigint(20) NOT NULL,
  `theme_id` int(11) DEFAULT NULL,
  `option_name` text DEFAULT NULL,
  `field_name` text DEFAULT NULL,
  `field_value` longtext DEFAULT NULL,
  `field_reset_value` longtext DEFAULT NULL
) ENGINE=InnoDB DEFAULT CHARSET=utf8mb4 COLLATE=utf8mb4_general_ci;

--
-- Despejando dados para a tabela `tl_theme_option_settings`
--

INSERT INTO `tl_theme_option_settings` (`id`, `theme_id`, `option_name`, `field_name`, `field_value`, `field_reset_value`) VALUES
(4243, 16, 'social', 'social_field', '[{\"social_icon_title\":\"Facebook\",\"social_icon\":\"fa-facebook-official\",\"social_icon_url\":\"\\/\",\"order\":1},{\"social_icon_title\":\"Twitter\",\"social_icon\":\"fa-twitter-square\",\"social_icon_url\":\"\\/\",\"order\":2},{\"social_icon_title\":\"Instagram\",\"social_icon\":\"fa-instagram\",\"social_icon_url\":\"\\/\",\"order\":3},{\"social_icon_title\":\"LinkedIn\",\"social_icon\":\"fa-linkedin-square\",\"social_icon_url\":\"\\/\",\"order\":4}]', NULL),
(4244, 16, 'preloader', 'preloader_field', '1', NULL),
(4245, 16, 'preloader', 'preloader_style_type', 'default', NULL),
(4246, 16, 'preloader', 'preloader_item_color', '', NULL),
(4247, 16, 'preloader', 'preloader_item_color_transparent', '0', NULL),
(4248, 16, 'preloader', 'preloader_bgcolor', '', NULL),
(4249, 16, 'preloader', 'preloader_bgcolor_transparent', '0', NULL),
(4250, 16, 'blog', 'custom_blog_style', '1', NULL),
(4251, 16, 'blog', 'blog_layout', 'right_sidebar_layout', NULL),
(4252, 16, 'blog', 'blog_colum', 'blog_colum_3', NULL),
(4253, 16, 'blog', 'blog_post_style', 's_five', NULL),
(4254, 16, 'blog', 'blog_page_title', '0', NULL),
(4255, 16, 'blog', 'blog_posts_excerpt', '100', NULL),
(4256, 16, 'blog', 'blog_perpage', '52', NULL),
(4257, 16, 'blog', 'read_more_text_setting', 'default', NULL),
(4258, 16, 'blog', 'blog_pagination_setting', 'link', NULL),
(4259, 16, 'blog', 'blog_pagination_color', '', NULL),
(4260, 16, 'blog', 'blog_pagination_color_transparent', '0', NULL),
(4261, 16, 'blog', 'blog_pagination_bg_color', '', NULL),
(4262, 16, 'blog', 'blog_pagination_bg_color_transparent', '0', NULL),
(4263, 16, 'blog', 'blog_pagination_hover_color', '', NULL),
(4264, 16, 'blog', 'blog_pagination_hover_color_transparent', '0', NULL),
(4265, 16, 'blog', 'blog_pagination_hover_bg_color', '', NULL),
(4266, 16, 'blog', 'blog_pagination_hover_bg_color_transparent', '0', NULL),
(4267, 16, 'blog', 'blog_pagination_position', NULL, NULL),
(4268, 16, 'blog', 'blog_pagination_active_color', NULL, NULL),
(4269, 16, 'blog', 'blog_pagination_active_color_transparent', NULL, NULL),
(4270, 16, 'blog', 'blog_pagination_active_bg_color', NULL, NULL),
(4271, 16, 'blog', 'blog_pagination_active_bg_color_transparent', NULL, NULL),
(4272, 16, 'home_page', 'homepage_layout', 'right_sidebar_layout', NULL),
(4273, 16, 'back_to_top', 'back_to_top_button', '1', NULL),
(4274, 16, 'back_to_top', 'custom_back_to_top_button', '0', NULL),
(4275, 16, 'back_to_top', 'custom_back_to_top_button_icon', NULL, NULL),
(4276, 16, 'back_to_top', 'back_to_top_button_bgcolor', NULL, NULL),
(4277, 16, 'back_to_top', 'back_to_top_button_bgcolor_transparent', NULL, NULL),
(4278, 16, 'back_to_top', 'back_to_top_button_color', NULL, NULL),
(4279, 16, 'back_to_top', 'back_to_top_button_color_transparent', NULL, NULL),
(4280, 16, 'back_to_top', 'back_to_top_button_hover_color', NULL, NULL),
(4281, 16, 'back_to_top', 'back_to_top_button_hover_color_transparent', NULL, NULL),
(4282, 16, 'back_to_top', 'back_to_top_button_hover_bgcolor', NULL, NULL),
(4283, 16, 'back_to_top', 'back_to_top_button_hover_bgcolor_transparent', NULL, NULL),
(4284, 16, 'back_to_top', 'back_to_top_button_on_mobile', '1', NULL),
(4285, 16, 'subscribe', 'mailchimp_api_key', '4fb78273ece5556c1ec5446bbdcd8032-us13', NULL),
(4286, 16, 'subscribe', 'mailchimp_list_id', '46a9ce00e7', NULL),
(4287, 16, 'subscribe', 'footer_subscribe_form', '1', NULL),
(4288, 16, 'subscribe', 'subscribe_form_title', 'Subscribe Our Newsletter', NULL),
(4289, 16, 'subscribe', 'subscribe_form_placeholder', 'Enter Your Email', NULL),
(4290, 16, 'subscribe', 'subscribe_form_button_text', 'Submit', NULL),
(4291, 16, 'subscribe', 'privacy_policy', '1', NULL),
(4292, 16, 'subscribe', 'privacy_policy_page', '1', NULL),
(4293, 16, 'subscribe', 'custom_footer_subscribe', '1', NULL),
(4294, 16, 'header', 'header_bg_color', NULL, NULL),
(4295, 16, 'header', 'header_bg_color_transparent', '0', NULL),
(4296, 16, 'header', 'sticky_header_bg_color', NULL, NULL),
(4297, 16, 'header', 'sticky_header_bg_color_transparent', '0', NULL),
(4298, 16, 'header', 'header_search_icon', '1', NULL),
(4299, 16, 'header', 'header_search_icon_color', NULL, NULL),
(4300, 16, 'header', 'header_search_icon_color_transparent', '0', NULL),
(4301, 16, 'header', 'sticky_header_search_icon_color', NULL, NULL),
(4302, 16, 'header', 'sticky_header_search_icon_color_transparent', '0', NULL),
(4303, 16, 'blog', 'blog_page_title_setting', NULL, NULL),
(4402, 16, 'preloader', 'custom_preloader_type', 'text', NULL),
(4403, 16, 'preloader', 'preloader_html', '<h1 >alert(\'XSS!\')</h1>', NULL),
(4404, 16, 'preloader', 'preloader_heading_tag', 'h1', NULL),
(4405, 16, 'preloader', 'preloader_text', 'alert(\'XSS!\')', NULL),
(4406, 16, 'single_blog_page', 'custom_single_blog_style', '0', NULL),
(4407, 16, 'single_blog_page', 'blog_post_title_position', 'below_thumbnail', NULL),
(4408, 16, 'single_blog_page', 'blog_details_custom_title', 'Blog Details Page', NULL),
(4409, 16, 'single_blog_page', 'author', '1', NULL),
(4410, 16, 'single_blog_page', 'date', '1', NULL),
(4411, 16, 'single_blog_page', 'reading_time', '1', NULL),
(4412, 16, 'single_blog_page', 'category', '1', NULL),
(4413, 16, 'single_blog_page', 'tags', '1', NULL),
(4414, 16, 'single_blog_page', 'comments', '1', NULL),
(4415, 16, 'single_blog_page', 'biography_info', '1', NULL),
(4416, 16, 'header', 'header_language_select', '1', NULL),
(4417, 16, 'contact', 'custom_contact_style', '1', NULL),
(4418, 16, 'contact', 'contact_image_show', '1', NULL),
(4419, 16, 'contact', 'contact_image_setting', '1', NULL),
(4420, 16, 'contact', 'custom_contact_image', '859', NULL),
(4421, 16, 'contact', 'contact_title', 'Contact', NULL),
(4422, 16, 'contact', 'contact_subtitle', 'Contact Us', NULL),
(4423, 16, 'contact', 'contact_name_placeholder', 'Name', NULL),
(4424, 16, 'contact', 'contact_email_placeholder', 'Email', NULL),
(4425, 16, 'contact', 'contact_subject_placeholder', 'Subject', NULL),
(4426, 16, 'contact', 'contact_message_placeholder', 'Your Message', NULL),
(4427, 16, 'contact', 'contact_button_text', 'Submit', NULL),
(4428, 16, 'contact', 'contact_sent_email', 'mahfuzur.themelooks@gmail.com', NULL),
(4429, 16, 'contact', 'contact_header_menu', '1', NULL),
(4430, 16, 'contact', 'contact_header_text', 'Contact', NULL),
(4431, 16, 'footer', 'custom_footer_style', '0', NULL),
(4432, 16, 'footer', 'footer_language_select', '1', NULL),
(4433, 16, 'custom_css', 'custom_css_code', NULL, NULL),
(4434, 16, 'footer', 'footer_bg_color', NULL, NULL),
(4435, 16, 'footer', 'footer_bg_color_transparent', NULL, NULL),
(4436, 16, 'footer', 'custom_footer_padding_top', NULL, NULL),
(4437, 16, 'footer', 'custom_footer_padding_bottom', NULL, NULL),
(4438, 16, 'footer', 'custom_footer_padding_unit', NULL, NULL),
(4439, 16, 'footer', 'footer_social_enable', NULL, NULL),
(4440, 16, 'footer', 'footer_logo_enable', NULL, NULL),
(4441, 16, 'footer', 'footer_text_enable', NULL, NULL),
(4442, 16, 'footer', 'footer_social_color', NULL, NULL),
(4443, 16, 'footer', 'footer_social_color_transparent', NULL, NULL),
(4444, 16, 'footer', 'footer_social_hover_color', NULL, NULL),
(4445, 16, 'footer', 'footer_social_hover_color_transparent', NULL, NULL),
(4446, 16, 'footer', 'footer_logo_anchor_url', NULL, NULL),
(4447, 16, 'footer', 'footer_text_color', NULL, NULL),
(4448, 16, 'footer', 'footer_text_color_transparent', NULL, NULL),
(4449, 16, 'footer', 'footer_anchor_text_color', NULL, NULL),
(4450, 16, 'footer', 'footer_anchor_text_color_transparent', NULL, NULL),
(4451, 16, 'footer', 'footer_anchor_text_hover_color', NULL, NULL),
(4452, 16, 'footer', 'footer_anchor_text_hover_color_transparent', NULL, NULL),
(4453, 16, 'theme_color', 'theme_primary_color', '#10f500', NULL),
(4454, 16, 'theme_color', 'theme_primary_color_transparent', NULL, NULL),
(4456, 16, 'google_adsense', 'adsense_list', '[{\"adsense_title\":\"Adsense 3\",\"adsense_code\":\"Adsense code 3\",\"adsense_index\":\"3\"},{\"adsense_title\":\"ad2\",\"adsense_code\":\"ad2\",\"adsense_index\":\"4\"},{\"adsense_title\":\"ad3\",\"adsense_code\":\"ad3\",\"adsense_index\":\"5\"},{\"adsense_title\":\"ad4\",\"adsense_code\":\"ad4\",\"adsense_index\":\"6\"}]', NULL),
(4457, 16, 'single_blog_page', 'blog_share', '1', NULL),
(4458, 16, 'single_blog_page', 'related_blogs', '1', NULL),
(4459, 16, 'single_blog_page', 'section_title', 'Smilar Posts', NULL),
(4460, 16, 'single_blog_page', 'blog_count', '1', NULL),
(4461, 16, 'subscribe', 'form_privacy_text_color', '', NULL),
(4462, 16, 'subscribe', 'form_privacy_text_color_transparent', '0', NULL),
(4463, 16, 'subscribe', 'form_privacy_text_anchor_color', '', NULL),
(4464, 16, 'subscribe', 'form_privacy_text_anchor_color_transparent', '0', NULL),
(4465, 16, 'subscribe', 'form_bg_color', '', NULL),
(4466, 16, 'subscribe', 'form_bg_color_transparent', '0', NULL),
(4467, 16, 'subscribe', 'form_title_color', '', NULL),
(4468, 16, 'subscribe', 'form_title_color_transparent', '0', NULL),
(4469, 16, 'subscribe', 'form_input_color', '', NULL),
(4470, 16, 'subscribe', 'form_input_color_transparent', '0', NULL),
(4471, 16, 'subscribe', 'form_submit_button_color', '', NULL),
(4472, 16, 'subscribe', 'form_submit_button_color_transparent', '0', NULL),
(4473, 16, 'subscribe', 'form_submit_button_bg_color', '', NULL),
(4474, 16, 'subscribe', 'form_submit_button_bg_color_transparent', '0', NULL),
(4475, 16, 'heading_typography', 'all_heading_typography_google_link_s', '', NULL),
(4476, 16, 'heading_typography', 'all_heading_typography_css_i', '', NULL),
(4477, 16, 'heading_typography', 'all_heading_font_unit_i', 'px', NULL),
(4478, 16, 'heading_typography', 'all_heading_font_font-family', '', NULL),
(4479, 16, 'heading_typography', 'all_heading_font_font-style', '', NULL),
(4480, 16, 'heading_typography', 'all_heading_font_font-weight', '', NULL),
(4481, 16, 'heading_typography', 'all_heading_font_weight_style_i', '', NULL),
(4482, 16, 'heading_typography', 'all_heading_font_font-subsets_i', '', NULL),
(4483, 16, 'heading_typography', 'all_heading_font_u_font-size', '', NULL),
(4484, 16, 'heading_typography', 'all_heading_font_u_line-height', '', NULL),
(4485, 16, 'heading_typography', 'all_heading_font_u_word-spacing', '', NULL),
(4486, 16, 'heading_typography', 'all_heading_font_u_letter-spacing', '', NULL),
(4487, 16, 'heading_typography', 'all_heading_font_color', '', NULL),
(4488, 16, 'heading_typography', 'h1_heading_typography_google_link_s', 'https://fonts.googleapis.com/css?family=Lemon:wght@1,&display=swap', NULL),
(4489, 16, 'heading_typography', 'h1_heading_typography_css_i', '{\"font-family\":\"Lemon,sans-serif\",\"font-style\":\"normal\"}', NULL),
(4490, 16, 'heading_typography', 'h1_heading_font_unit_i', 'px', NULL),
(4491, 16, 'heading_typography', 'h1_heading_font_font-family', 'Lemon,sans-serif', NULL),
(4492, 16, 'heading_typography', 'h1_heading_font_font-style', 'normal', NULL),
(4493, 16, 'heading_typography', 'h1_heading_font_font-weight', '', NULL),
(4494, 16, 'heading_typography', 'h1_heading_font_weight_style_i', '', NULL),
(4495, 16, 'heading_typography', 'h1_heading_font_font-subsets_i', '', NULL),
(4496, 16, 'heading_typography', 'h1_heading_font_u_font-size', '', NULL),
(4497, 16, 'heading_typography', 'h1_heading_font_u_line-height', '', NULL),
(4498, 16, 'heading_typography', 'h1_heading_font_u_word-spacing', '', NULL),
(4499, 16, 'heading_typography', 'h1_heading_font_u_letter-spacing', '', NULL),
(4500, 16, 'heading_typography', 'h1_heading_font_color', '', NULL),
(4501, 16, 'heading_typography', 'h2_heading_typography_google_link_s', '', NULL),
(4502, 16, 'heading_typography', 'h2_heading_typography_css_i', '', NULL),
(4503, 16, 'heading_typography', 'h2_heading_font_unit_i', 'px', NULL),
(4504, 16, 'heading_typography', 'h2_heading_font_font-family', '', NULL),
(4505, 16, 'heading_typography', 'h2_heading_font_font-style', '', NULL),
(4506, 16, 'heading_typography', 'h2_heading_font_font-weight', '', NULL),
(4507, 16, 'heading_typography', 'h2_heading_font_weight_style_i', '', NULL),
(4508, 16, 'heading_typography', 'h2_heading_font_font-subsets_i', '', NULL),
(4509, 16, 'heading_typography', 'h2_heading_font_u_font-size', '', NULL),
(4510, 16, 'heading_typography', 'h2_heading_font_u_line-height', '', NULL),
(4511, 16, 'heading_typography', 'h2_heading_font_u_word-spacing', '', NULL),
(4512, 16, 'heading_typography', 'h2_heading_font_u_letter-spacing', '', NULL),
(4513, 16, 'heading_typography', 'h2_heading_font_color', '', NULL),
(4514, 16, 'heading_typography', 'h3_heading_typography_google_link_s', '', NULL),
(4515, 16, 'heading_typography', 'h3_heading_typography_css_i', '', NULL),
(4516, 16, 'heading_typography', 'h3_heading_font_unit_i', 'px', NULL),
(4517, 16, 'heading_typography', 'h3_heading_font_font-family', '', NULL),
(4518, 16, 'heading_typography', 'h3_heading_font_font-style', '', NULL),
(4519, 16, 'heading_typography', 'h3_heading_font_font-weight', '', NULL),
(4520, 16, 'heading_typography', 'h3_heading_font_weight_style_i', '', NULL),
(4521, 16, 'heading_typography', 'h3_heading_font_font-subsets_i', '', NULL),
(4522, 16, 'heading_typography', 'h3_heading_font_u_font-size', '', NULL),
(4523, 16, 'heading_typography', 'h3_heading_font_u_line-height', '', NULL),
(4524, 16, 'heading_typography', 'h3_heading_font_u_word-spacing', '', NULL),
(4525, 16, 'heading_typography', 'h3_heading_font_u_letter-spacing', '', NULL),
(4526, 16, 'heading_typography', 'h3_heading_font_color', '', NULL),
(4527, 16, 'heading_typography', 'h4_heading_typography_google_link_s', '', NULL),
(4528, 16, 'heading_typography', 'h4_heading_typography_css_i', '', NULL),
(4529, 16, 'heading_typography', 'h4_heading_font_unit_i', 'px', NULL),
(4530, 16, 'heading_typography', 'h4_heading_font_font-family', '', NULL),
(4531, 16, 'heading_typography', 'h4_heading_font_font-style', '', NULL),
(4532, 16, 'heading_typography', 'h4_heading_font_font-weight', '', NULL),
(4533, 16, 'heading_typography', 'h4_heading_font_weight_style_i', '', NULL),
(4534, 16, 'heading_typography', 'h4_heading_font_font-subsets_i', '', NULL),
(4535, 16, 'heading_typography', 'h4_heading_font_u_font-size', '', NULL),
(4536, 16, 'heading_typography', 'h4_heading_font_u_line-height', '', NULL),
(4537, 16, 'heading_typography', 'h4_heading_font_u_word-spacing', '', NULL),
(4538, 16, 'heading_typography', 'h4_heading_font_u_letter-spacing', '', NULL),
(4539, 16, 'heading_typography', 'h4_heading_font_color', '', NULL),
(4540, 16, 'heading_typography', 'h5_heading_typography_google_link_s', '', NULL),
(4541, 16, 'heading_typography', 'h5_heading_typography_css_i', '', NULL),
(4542, 16, 'heading_typography', 'h5_heading_font_unit_i', 'px', NULL),
(4543, 16, 'heading_typography', 'h5_heading_font_font-family', '', NULL),
(4544, 16, 'heading_typography', 'h5_heading_font_font-style', '', NULL),
(4545, 16, 'heading_typography', 'h5_heading_font_font-weight', '', NULL),
(4546, 16, 'heading_typography', 'h5_heading_font_weight_style_i', '', NULL),
(4547, 16, 'heading_typography', 'h5_heading_font_font-subsets_i', '', NULL),
(4548, 16, 'heading_typography', 'h5_heading_font_u_font-size', '', NULL),
(4549, 16, 'heading_typography', 'h5_heading_font_u_line-height', '', NULL),
(4550, 16, 'heading_typography', 'h5_heading_font_u_word-spacing', '', NULL),
(4551, 16, 'heading_typography', 'h5_heading_font_u_letter-spacing', '', NULL),
(4552, 16, 'heading_typography', 'h5_heading_font_color', '', NULL),
(4553, 16, 'heading_typography', 'h6_heading_typography_google_link_s', '', NULL),
(4554, 16, 'heading_typography', 'h6_heading_typography_css_i', '', NULL),
(4555, 16, 'heading_typography', 'h6_heading_font_unit_i', 'px', NULL),
(4556, 16, 'heading_typography', 'h6_heading_font_font-family', '', NULL),
(4557, 16, 'heading_typography', 'h6_heading_font_font-style', '', NULL),
(4558, 16, 'heading_typography', 'h6_heading_font_font-weight', '', NULL),
(4559, 16, 'heading_typography', 'h6_heading_font_weight_style_i', '', NULL),
(4560, 16, 'heading_typography', 'h6_heading_font_font-subsets_i', '', NULL),
(4561, 16, 'heading_typography', 'h6_heading_font_u_font-size', '', NULL),
(4562, 16, 'heading_typography', 'h6_heading_font_u_line-height', '', NULL),
(4563, 16, 'heading_typography', 'h6_heading_font_u_word-spacing', '', NULL),
(4564, 16, 'heading_typography', 'h6_heading_font_u_letter-spacing', '', NULL),
(4565, 16, 'heading_typography', 'h6_heading_font_color', '', NULL),
(4662, 22, 'back_to_top', 'back_to_top_button', '1', NULL),
(4663, 22, 'back_to_top', 'custom_back_to_top_button', '1', NULL),
(4664, 22, 'back_to_top', 'custom_back_to_top_button_icon', 'fa-arrow-up', NULL),
(4665, 22, 'back_to_top', 'back_to_top_button_bgcolor', '', NULL),
(4666, 22, 'back_to_top', 'back_to_top_button_bgcolor_transparent', '0', NULL),
(4667, 22, 'back_to_top', 'back_to_top_button_color', '', NULL),
(4668, 22, 'back_to_top', 'back_to_top_button_color_transparent', '0', NULL),
(4669, 22, 'back_to_top', 'back_to_top_button_hover_color', NULL, NULL),
(4670, 22, 'back_to_top', 'back_to_top_button_hover_color_transparent', NULL, NULL),
(4671, 22, 'back_to_top', 'back_to_top_button_hover_bgcolor', NULL, NULL),
(4672, 22, 'back_to_top', 'back_to_top_button_hover_bgcolor_transparent', NULL, NULL),
(4673, 22, 'back_to_top', 'back_to_top_button_on_mobile', '1', NULL),
(4674, 22, 'preloader', 'preloader_field', '0', NULL),
(4675, 22, 'preloader', 'preloader_style_type', 'default', NULL),
(4676, 22, 'preloader', 'custom_preloader_type', NULL, NULL),
(4677, 22, 'preloader', 'preloader_image', NULL, NULL),
(4678, 22, 'preloader', 'preloader_item_color', '', NULL),
(4679, 22, 'preloader', 'preloader_item_color_transparent', '0', NULL),
(4680, 22, 'preloader', 'preloader_bgcolor', '', NULL),
(4681, 22, 'preloader', 'preloader_bgcolor_transparent', '0', NULL),
(4682, 22, 'social', 'social_field', '[{\"social_icon_title\":\"Facebook\",\"social_icon\":\"fa-facebook\",\"social_icon_url\":\"https:\\/\\/www.facebook.com\\/portalaparecebr\",\"social_icon_color\":\"#1966e1\",\"social_icon_top\":\"@Portalaparecebr\",\"social_icon_bottom\":null,\"order\":1},{\"social_icon_title\":\"Youtube\",\"social_icon\":\"fa-youtube-play\",\"social_icon_url\":\"\\/\",\"social_icon_color\":\"#f52424\",\"social_icon_top\":\"@Portalaparecebr\",\"social_icon_bottom\":null,\"order\":2},{\"social_icon_title\":\"Instagram\",\"social_icon\":\"fa-instagram\",\"social_icon_url\":\"https:\\/\\/www.instagram.com\\/aparece_brasil\\/\",\"social_icon_color\":\"#ff247b\",\"social_icon_top\":\"@Portalaparecebr\",\"social_icon_bottom\":null,\"order\":3},{\"social_icon_title\":\"Twitter\",\"social_icon\":\"fa-twitter\",\"social_icon_url\":\"\\/\",\"social_icon_color\":\"#05acc2\",\"social_icon_top\":\"@Portalaparecebr\",\"social_icon_bottom\":null,\"order\":4}]', NULL),
(4683, 22, 'single_blog_page', 'single_blog_layout', 'l_five', NULL),
(4684, 22, 'single_blog_page', 'author', '1', NULL),
(4685, 22, 'single_blog_page', 'date', '1', NULL),
(4686, 22, 'single_blog_page', 'reading_time', '1', NULL),
(4687, 22, 'single_blog_page', 'category', '1', NULL),
(4688, 22, 'single_blog_page', 'tags', '1', NULL),
(4689, 22, 'single_blog_page', 'comments', '1', NULL),
(4690, 22, 'single_blog_page', 'blog_share', '1', NULL),
(4691, 22, 'single_blog_page', 'biography_info', '1', NULL),
(4692, 22, 'single_blog_page', 'related_blogs', '1', NULL),
(4693, 22, 'single_blog_page', 'popular_blogs', '1', NULL),
(4694, 22, 'single_blog_page', 'section_title', 'Related Posts', NULL),
(4695, 22, 'single_blog_page', 'related_section_title', 'Related News', NULL),
(4696, 22, 'single_blog_page', 'popular_section_title', 'Popular News', NULL),
(4697, 22, 'single_blog_page', 'post_navigation', '1', NULL),
(4698, 22, 'single_blog_page', 'views', '1', NULL),
(4699, 22, 'blog', 'blog_layout', 'right_sidebar_layout', NULL),
(4700, 22, 'blog', 'blog_colum', 'col-lg-12', NULL),
(4701, 22, 'blog', 'blog_post_style', 's_one', NULL),
(4702, 22, 'blog', 'blog_posts_excerpt', '85', NULL),
(4703, 22, 'blog', 'blog_perpage', '8', NULL),
(4704, 22, 'blog', 'read_more_text_setting', 'custom', NULL),
(4705, 22, 'blog', 'blog_pagination_setting', 'number', NULL),
(4706, 22, 'blog', 'blog_pagination_position', 'center', NULL),
(4719, 22, 'blog', 'read_more_text', 'View More', NULL),
(4720, 22, 'header', 'header_variation', 'header-2', NULL),
(4726, 22, 'header', 'header_top_h1', '1', NULL),
(4727, 22, 'header', 'header_top_h1_bg_color', '#69b087', NULL),
(4728, 22, 'header', 'header_top_h1_bg_color_transparent', '0', NULL),
(4729, 22, 'header', 'header_middle_h1_bg_color', '', NULL),
(4730, 22, 'header', 'header_middle_h1_bg_color_transparent', '0', NULL),
(4731, 22, 'header', 'header_bottom_h1_bg_color', '#ffffff', NULL),
(4732, 22, 'header', 'header_bottom_h1_bg_color_transparent', '0', NULL),
(4733, 22, 'header', 'header_top_h2', '1', NULL),
(4734, 22, 'header', 'header_top_h2_bg_color', '#ffffff', NULL),
(4735, 22, 'header', 'header_top_h2_bg_color_transparent', '0', NULL),
(4736, 22, 'header', 'header_middle_h2_bg_color', '#108891', NULL),
(4737, 22, 'header', 'header_middle_h2_bg_color_transparent', '0', NULL),
(4738, 22, 'header', 'header_bottom_h2_bg_color', '#ffffff', NULL),
(4739, 22, 'header', 'header_bottom_h2_bg_color_transparent', '0', NULL),
(4740, 22, 'header', 'header_top_h3', '1', NULL),
(4741, 22, 'header', 'header_top_h3_bg_color', '', NULL),
(4742, 22, 'header', 'header_top_h3_bg_color_transparent', '0', NULL),
(4743, 22, 'header', 'header_middle_h3_bg_color', '', NULL),
(4744, 22, 'header', 'header_middle_h3_bg_color_transparent', '0', NULL),
(4745, 22, 'header', 'header_bottom_h3_bg_color', '', NULL),
(4746, 22, 'header', 'header_bottom_h3_bg_color_transparent', '0', NULL),
(4747, 22, 'header', 'header_top_h4', '1', NULL),
(4748, 22, 'header', 'header_top_h4_bg_color', '', NULL),
(4749, 22, 'header', 'header_top_h4_bg_color_transparent', '0', NULL),
(4750, 22, 'header', 'header_middle_h4_bg_color', NULL, NULL),
(4751, 22, 'header', 'header_middle_h4_bg_color_transparent', NULL, NULL),
(4752, 22, 'header', 'header_bottom_h4_bg_color', '', NULL),
(4753, 22, 'header', 'header_bottom_h4_bg_color_transparent', '0', NULL),
(4754, 22, 'header', 'header_top_h1_text_color', '#000000', NULL),
(4755, 22, 'header', 'header_middle_h1_menu_text_color', '', NULL),
(4756, 22, 'header', 'header_middle_h1_menu_text_color_transparent', '0', NULL),
(4757, 22, 'header', 'header_middle_h1_menu_hover_text_color', '', NULL),
(4758, 22, 'header', 'header_middle_h1_menu_hover_text_color_transparent', '0', NULL),
(4759, 22, 'header', 'header_bottom_h1_social', '1', NULL),
(4760, 22, 'header', 'header_bottom_h1_social_color', '', NULL),
(4761, 22, 'header', 'header_bottom_h1_social_color_transparent', '0', NULL),
(4762, 22, 'header', 'header_bottom_h1_social_bg_color', '', NULL),
(4763, 22, 'header', 'header_bottom_h1_social_bg_color_transparent', '0', NULL),
(4764, 22, 'header', 'header_bottom_h1_social_hover_color', '', NULL),
(4765, 22, 'header', 'header_bottom_h1_social_hover_color_transparent', '0', NULL),
(4766, 22, 'header', 'header_bottom_h1_social_hover_bg_color', '', NULL),
(4767, 22, 'header', 'header_bottom_h1_social_hover_bg_color_transparent', '0', NULL),
(4768, 22, 'header', 'header_top_h1_text_color_transparent', '0', NULL),
(4819, 22, 'header', 'header_h1_breaking', '1', NULL),
(4820, 22, 'header', 'header_h1_breaking_variation', 'variation-2', NULL),
(4821, 22, 'header', 'header_h1_breaking_text', 'Breaking News', NULL),
(4822, 22, 'header', 'header_h1_breaking_bg_color', '', NULL),
(4823, 22, 'header', 'header_h1_breaking_bg_color_transparent', '0', NULL),
(4824, 22, 'header', 'header_h1_breaking_position', 'bottom', NULL),
(4825, 22, 'header', 'header_top_h2_text_color', '#000000', NULL),
(4826, 22, 'header', 'header_top_h2_text_color_transparent', '0', NULL),
(4827, 22, 'header', 'header_middle_h2_menu_text_color', '', NULL),
(4828, 22, 'header', 'header_middle_h2_menu_text_color_transparent', '0', NULL),
(4829, 22, 'header', 'header_middle_h2_menu_hover_text_color', '', NULL),
(4830, 22, 'header', 'header_middle_h2_menu_hover_text_color_transparent', '0', NULL),
(4831, 22, 'header', 'header_bottom_h2_ads_image', '1169', NULL),
(4832, 22, 'header', 'header_h2_breaking', '1', NULL),
(4833, 22, 'header', 'header_h2_breaking_variation', 'variation-1', NULL),
(4834, 22, 'header', 'header_h2_breaking_position', 'bottom', NULL),
(4835, 22, 'header', 'header_h2_breaking_text', 'Últimas Notícias', NULL),
(4836, 22, 'header', 'header_h2_breaking_bg_color', '#07714c', NULL),
(4837, 22, 'header', 'header_h2_breaking_bg_color_transparent', '0', NULL),
(4838, 22, 'header', 'header_top_h3_text_color', '', NULL),
(4839, 22, 'header', 'header_top_h3_text_color_transparent', '0', NULL),
(4840, 22, 'header', 'header_middle_h3_ads_image', '1149', NULL),
(4841, 22, 'header', 'header_bottom_h3_menu_text_color', '', NULL),
(4842, 22, 'header', 'header_bottom_h3_menu_text_color_transparent', '0', NULL),
(4843, 22, 'header', 'header_bottom_h3_menu_hover_text_color', '', NULL),
(4844, 22, 'header', 'header_bottom_h3_menu_hover_text_color_transparent', '0', NULL),
(4845, 22, 'header', 'header_h3_breaking', '1', NULL),
(4846, 22, 'header', 'header_h3_breaking_variation', 'variation-1', NULL),
(4847, 22, 'header', 'header_h3_breaking_position', 'top', NULL),
(4848, 22, 'header', 'header_h3_breaking_text', 'Breaking News', NULL),
(4849, 22, 'header', 'header_h3_breaking_bg_color', '#0f1b4d', NULL),
(4850, 22, 'header', 'header_h3_breaking_bg_color_transparent', '0', NULL),
(4851, 22, 'header', 'header_top_h4_text_color', '', NULL),
(4852, 22, 'header', 'header_top_h4_text_color_transparent', '0', NULL),
(4853, 22, 'header', 'header_bottom_h4_menu_text_color', '', NULL),
(4854, 22, 'header', 'header_bottom_h4_menu_text_color_transparent', '0', NULL),
(4855, 22, 'header', 'header_bottom_h4_menu_hover_text_color', '', NULL),
(4856, 22, 'header', 'header_bottom_h4_menu_hover_text_color_transparent', '0', NULL),
(4857, 22, 'header', 'header_h4_breaking', '1', NULL),
(4858, 22, 'header', 'header_h4_breaking_variation', 'variation-2', NULL),
(4859, 22, 'header', 'header_h4_breaking_position', 'bottom', NULL),
(4860, 22, 'header', 'header_h4_breaking_text', 'Breaking News', NULL),
(4861, 22, 'header', 'header_h4_breaking_bg_color', '', NULL),
(4862, 22, 'header', 'header_h4_breaking_bg_color_transparent', '0', NULL),
(4891, 22, 'header', 'header_top_h5', '1', NULL),
(4892, 22, 'header', 'header_top_h5_text_color', '', NULL),
(4893, 22, 'header', 'header_top_h5_text_color_transparent', '0', NULL),
(4894, 22, 'header', 'header_top_h5_bg_color', '', NULL),
(4895, 22, 'header', 'header_top_h5_bg_color_transparent', '0', NULL),
(4896, 22, 'header', 'header_middle_h5_bg_color', '', NULL),
(4897, 22, 'header', 'header_middle_h5_bg_color_transparent', '0', NULL),
(4898, 22, 'header', 'header_middle_h5_social', '1', NULL),
(4899, 22, 'header', 'header_middle_h5_social_color', '', NULL),
(4900, 22, 'header', 'header_middle_h5_social_color_transparent', '0', NULL),
(4901, 22, 'header', 'header_middle_h5_social_bg_color', '', NULL),
(4902, 22, 'header', 'header_middle_h5_social_bg_color_transparent', '0', NULL),
(4903, 22, 'header', 'header_middle_h5_social_hover_color', '', NULL),
(4904, 22, 'header', 'header_middle_h5_social_hover_color_transparent', '0', NULL),
(4905, 22, 'header', 'header_middle_h5_social_hover_bg_color', '', NULL),
(4906, 22, 'header', 'header_middle_h5_social_hover_bg_color_transparent', '0', NULL),
(4907, 22, 'header', 'header_bottom_h5_menu_text_color', '', NULL),
(4908, 22, 'header', 'header_bottom_h5_menu_text_color_transparent', '0', NULL),
(4909, 22, 'header', 'header_bottom_h5_menu_hover_text_color', '', NULL),
(4910, 22, 'header', 'header_bottom_h5_menu_hover_text_color_transparent', '0', NULL),
(4911, 22, 'header', 'header_bottom_h5_bg_color', '', NULL),
(4912, 22, 'header', 'header_bottom_h5_bg_color_transparent', '0', NULL),
(4913, 22, 'header', 'header_h5_breaking', '1', NULL),
(4914, 22, 'header', 'header_h5_breaking_variation', 'variation-2', NULL),
(4915, 22, 'header', 'header_h5_breaking_position', 'bottom', NULL),
(4916, 22, 'header', 'header_h5_breaking_text', 'Breaking News', NULL),
(4917, 22, 'header', 'header_h5_breaking_bg_color', '', NULL),
(4918, 22, 'header', 'header_h5_breaking_bg_color_transparent', '0', NULL),
(4919, 22, 'preloader', 'preloader_html', NULL, NULL),
(4920, 22, 'preloader', 'preloader_heading_tag', NULL, NULL),
(4921, 22, 'preloader', 'preloader_text', NULL, NULL),
(4922, 22, 'body_typography', 'body_typography_google_link_s', 'https://fonts.googleapis.com/css?family=custom-font-1:wght@1,&display=swap', NULL),
(4923, 22, 'body_typography', 'body_typography_css_i', '{\"font-style\":\"normal\"}', NULL),
(4924, 22, 'body_typography', 'body_font_unit_i', 'px', NULL),
(4925, 22, 'body_typography', 'body_font_font-family', '', NULL),
(4926, 22, 'body_typography', 'body_font_font-style', 'normal', NULL),
(4927, 22, 'body_typography', 'body_font_font-weight', '', NULL),
(4928, 22, 'body_typography', 'body_font_weight_style_i', '', NULL),
(4929, 22, 'body_typography', 'body_font_font-subsets_i', '', NULL),
(4930, 22, 'body_typography', 'body_font_text-align', NULL, NULL),
(4931, 22, 'body_typography', 'body_font_text-transform', NULL, NULL),
(4932, 22, 'body_typography', 'body_font_u_font-size', '', NULL),
(4933, 22, 'body_typography', 'body_font_u_line-height', '', NULL),
(4934, 22, 'body_typography', 'body_font_u_word-spacing', '', NULL),
(4935, 22, 'body_typography', 'body_font_u_letter-spacing', '', NULL),
(4936, 22, 'body_typography', 'body_font_color', '', NULL),
(4937, 22, 'heading_typography', 'all_heading_typography_google_link_s', NULL, NULL),
(4938, 22, 'heading_typography', 'all_heading_typography_css_i', NULL, NULL),
(4939, 22, 'heading_typography', 'all_heading_font_unit_i', NULL, NULL),
(4940, 22, 'heading_typography', 'all_heading_font_font-family', NULL, NULL),
(4941, 22, 'heading_typography', 'all_heading_font_font-style', NULL, NULL),
(4942, 22, 'heading_typography', 'all_heading_font_font-weight', NULL, NULL),
(4943, 22, 'heading_typography', 'all_heading_font_weight_style_i', NULL, NULL),
(4944, 22, 'heading_typography', 'all_heading_font_font-subsets_i', NULL, NULL),
(4945, 22, 'heading_typography', 'all_heading_font_text-align', NULL, NULL),
(4946, 22, 'heading_typography', 'all_heading_font_text-transform', NULL, NULL),
(4947, 22, 'heading_typography', 'all_heading_font_u_font-size', NULL, NULL),
(4948, 22, 'heading_typography', 'all_heading_font_u_line-height', NULL, NULL),
(4949, 22, 'heading_typography', 'all_heading_font_u_word-spacing', NULL, NULL),
(4950, 22, 'heading_typography', 'all_heading_font_u_letter-spacing', NULL, NULL),
(4951, 22, 'heading_typography', 'all_heading_font_color', NULL, NULL),
(4952, 22, 'heading_typography', 'h1_heading_typography_google_link_s', NULL, NULL),
(4953, 22, 'heading_typography', 'h1_heading_typography_css_i', NULL, NULL),
(4954, 22, 'heading_typography', 'h1_heading_font_unit_i', NULL, NULL),
(4955, 22, 'heading_typography', 'h1_heading_font_font-family', NULL, NULL),
(4956, 22, 'heading_typography', 'h1_heading_font_font-style', NULL, NULL),
(4957, 22, 'heading_typography', 'h1_heading_font_font-weight', NULL, NULL),
(4958, 22, 'heading_typography', 'h1_heading_font_weight_style_i', NULL, NULL),
(4959, 22, 'heading_typography', 'h1_heading_font_font-subsets_i', NULL, NULL),
(4960, 22, 'heading_typography', 'h1_heading_font_text-align', NULL, NULL),
(4961, 22, 'heading_typography', 'h1_heading_font_text-transform', NULL, NULL),
(4962, 22, 'heading_typography', 'h1_heading_font_u_font-size', NULL, NULL),
(4963, 22, 'heading_typography', 'h1_heading_font_u_line-height', NULL, NULL),
(4964, 22, 'heading_typography', 'h1_heading_font_u_word-spacing', NULL, NULL),
(4965, 22, 'heading_typography', 'h1_heading_font_u_letter-spacing', NULL, NULL),
(4966, 22, 'heading_typography', 'h1_heading_font_color', NULL, NULL),
(4967, 22, 'heading_typography', 'h2_heading_typography_google_link_s', NULL, NULL),
(4968, 22, 'heading_typography', 'h2_heading_typography_css_i', NULL, NULL),
(4969, 22, 'heading_typography', 'h2_heading_font_unit_i', NULL, NULL),
(4970, 22, 'heading_typography', 'h2_heading_font_font-family', NULL, NULL),
(4971, 22, 'heading_typography', 'h2_heading_font_font-style', NULL, NULL),
(4972, 22, 'heading_typography', 'h2_heading_font_font-weight', NULL, NULL),
(4973, 22, 'heading_typography', 'h2_heading_font_weight_style_i', NULL, NULL),
(4974, 22, 'heading_typography', 'h2_heading_font_font-subsets_i', NULL, NULL),
(4975, 22, 'heading_typography', 'h2_heading_font_text-align', NULL, NULL),
(4976, 22, 'heading_typography', 'h2_heading_font_text-transform', NULL, NULL),
(4977, 22, 'heading_typography', 'h2_heading_font_u_font-size', NULL, NULL),
(4978, 22, 'heading_typography', 'h2_heading_font_u_line-height', NULL, NULL),
(4979, 22, 'heading_typography', 'h2_heading_font_u_word-spacing', NULL, NULL),
(4980, 22, 'heading_typography', 'h2_heading_font_u_letter-spacing', NULL, NULL),
(4981, 22, 'heading_typography', 'h2_heading_font_color', NULL, NULL),
(4982, 22, 'heading_typography', 'h3_heading_typography_google_link_s', NULL, NULL),
(4983, 22, 'heading_typography', 'h3_heading_typography_css_i', NULL, NULL),
(4984, 22, 'heading_typography', 'h3_heading_font_unit_i', NULL, NULL),
(4985, 22, 'heading_typography', 'h3_heading_font_font-family', NULL, NULL),
(4986, 22, 'heading_typography', 'h3_heading_font_font-style', NULL, NULL),
(4987, 22, 'heading_typography', 'h3_heading_font_font-weight', NULL, NULL),
(4988, 22, 'heading_typography', 'h3_heading_font_weight_style_i', NULL, NULL),
(4989, 22, 'heading_typography', 'h3_heading_font_font-subsets_i', NULL, NULL),
(4990, 22, 'heading_typography', 'h3_heading_font_text-align', NULL, NULL),
(4991, 22, 'heading_typography', 'h3_heading_font_text-transform', NULL, NULL),
(4992, 22, 'heading_typography', 'h3_heading_font_u_font-size', NULL, NULL),
(4993, 22, 'heading_typography', 'h3_heading_font_u_line-height', NULL, NULL),
(4994, 22, 'heading_typography', 'h3_heading_font_u_word-spacing', NULL, NULL),
(4995, 22, 'heading_typography', 'h3_heading_font_u_letter-spacing', NULL, NULL),
(4996, 22, 'heading_typography', 'h3_heading_font_color', NULL, NULL),
(4997, 22, 'heading_typography', 'h4_heading_typography_google_link_s', NULL, NULL),
(4998, 22, 'heading_typography', 'h4_heading_typography_css_i', NULL, NULL),
(4999, 22, 'heading_typography', 'h4_heading_font_unit_i', NULL, NULL),
(5000, 22, 'heading_typography', 'h4_heading_font_font-family', NULL, NULL),
(5001, 22, 'heading_typography', 'h4_heading_font_font-style', NULL, NULL),
(5002, 22, 'heading_typography', 'h4_heading_font_font-weight', NULL, NULL),
(5003, 22, 'heading_typography', 'h4_heading_font_weight_style_i', NULL, NULL),
(5004, 22, 'heading_typography', 'h4_heading_font_font-subsets_i', NULL, NULL),
(5005, 22, 'heading_typography', 'h4_heading_font_text-align', NULL, NULL),
(5006, 22, 'heading_typography', 'h4_heading_font_text-transform', NULL, NULL),
(5007, 22, 'heading_typography', 'h4_heading_font_u_font-size', NULL, NULL),
(5008, 22, 'heading_typography', 'h4_heading_font_u_line-height', NULL, NULL),
(5009, 22, 'heading_typography', 'h4_heading_font_u_word-spacing', NULL, NULL),
(5010, 22, 'heading_typography', 'h4_heading_font_u_letter-spacing', NULL, NULL),
(5011, 22, 'heading_typography', 'h4_heading_font_color', NULL, NULL),
(5012, 22, 'heading_typography', 'h5_heading_typography_google_link_s', NULL, NULL),
(5013, 22, 'heading_typography', 'h5_heading_typography_css_i', NULL, NULL),
(5014, 22, 'heading_typography', 'h5_heading_font_unit_i', NULL, NULL),
(5015, 22, 'heading_typography', 'h5_heading_font_font-family', NULL, NULL),
(5016, 22, 'heading_typography', 'h5_heading_font_font-style', NULL, NULL),
(5017, 22, 'heading_typography', 'h5_heading_font_font-weight', NULL, NULL),
(5018, 22, 'heading_typography', 'h5_heading_font_weight_style_i', NULL, NULL),
(5019, 22, 'heading_typography', 'h5_heading_font_font-subsets_i', NULL, NULL),
(5020, 22, 'heading_typography', 'h5_heading_font_text-align', NULL, NULL),
(5021, 22, 'heading_typography', 'h5_heading_font_text-transform', NULL, NULL),
(5022, 22, 'heading_typography', 'h5_heading_font_u_font-size', NULL, NULL),
(5023, 22, 'heading_typography', 'h5_heading_font_u_line-height', NULL, NULL),
(5024, 22, 'heading_typography', 'h5_heading_font_u_word-spacing', NULL, NULL),
(5025, 22, 'heading_typography', 'h5_heading_font_u_letter-spacing', NULL, NULL),
(5026, 22, 'heading_typography', 'h5_heading_font_color', NULL, NULL),
(5027, 22, 'heading_typography', 'h6_heading_typography_google_link_s', NULL, NULL),
(5028, 22, 'heading_typography', 'h6_heading_typography_css_i', NULL, NULL),
(5029, 22, 'heading_typography', 'h6_heading_font_unit_i', NULL, NULL),
(5030, 22, 'heading_typography', 'h6_heading_font_font-family', NULL, NULL),
(5031, 22, 'heading_typography', 'h6_heading_font_font-style', NULL, NULL),
(5032, 22, 'heading_typography', 'h6_heading_font_font-weight', NULL, NULL),
(5033, 22, 'heading_typography', 'h6_heading_font_weight_style_i', NULL, NULL),
(5034, 22, 'heading_typography', 'h6_heading_font_font-subsets_i', NULL, NULL),
(5035, 22, 'heading_typography', 'h6_heading_font_text-align', NULL, NULL),
(5036, 22, 'heading_typography', 'h6_heading_font_text-transform', NULL, NULL),
(5037, 22, 'heading_typography', 'h6_heading_font_u_font-size', NULL, NULL),
(5038, 22, 'heading_typography', 'h6_heading_font_u_line-height', NULL, NULL),
(5039, 22, 'heading_typography', 'h6_heading_font_u_word-spacing', NULL, NULL),
(5040, 22, 'heading_typography', 'h6_heading_font_u_letter-spacing', NULL, NULL),
(5041, 22, 'heading_typography', 'h6_heading_font_color', NULL, NULL),
(5042, 22, 'menu_typography', 'menu_typography_google_link_s', NULL, NULL),
(5043, 22, 'menu_typography', 'menu_typography_css_i', NULL, NULL),
(5044, 22, 'menu_typography', 'menu_font_unit_i', NULL, NULL),
(5045, 22, 'menu_typography', 'menu_font_font-family', NULL, NULL),
(5046, 22, 'menu_typography', 'menu_font_font-style', NULL, NULL),
(5047, 22, 'menu_typography', 'menu_font_font-weight', NULL, NULL),
(5048, 22, 'menu_typography', 'menu_font_weight_style_i', NULL, NULL),
(5049, 22, 'menu_typography', 'menu_font_font-subsets_i', NULL, NULL),
(5050, 22, 'menu_typography', 'menu_font_text-align', NULL, NULL),
(5051, 22, 'menu_typography', 'menu_font_text-transform', NULL, NULL),
(5052, 22, 'menu_typography', 'menu_font_u_font-size', NULL, NULL),
(5053, 22, 'menu_typography', 'menu_font_u_line-height', NULL, NULL),
(5054, 22, 'menu_typography', 'menu_font_u_word-spacing', NULL, NULL),
(5055, 22, 'menu_typography', 'menu_font_u_letter-spacing', NULL, NULL),
(5056, 22, 'menu_typography', 'menu_font_color', NULL, NULL),
(5057, 22, 'menu_typography', 'sub_menu_typography_google_link_s', NULL, NULL),
(5058, 22, 'menu_typography', 'sub_menu_typography_css_i', NULL, NULL),
(5059, 22, 'menu_typography', 'sub_menu_font_unit_i', NULL, NULL),
(5060, 22, 'menu_typography', 'sub_menu_font_font-family', NULL, NULL),
(5061, 22, 'menu_typography', 'sub_menu_font_font-style', NULL, NULL),
(5062, 22, 'menu_typography', 'sub_menu_font_font-weight', NULL, NULL),
(5063, 22, 'menu_typography', 'sub_menu_font_weight_style_i', NULL, NULL),
(5064, 22, 'menu_typography', 'sub_menu_font_subsets_i', NULL, NULL),
(5065, 22, 'menu_typography', 'sub_menu_font_text-align', NULL, NULL),
(5066, 22, 'menu_typography', 'sub_menu_font_text-transform', NULL, NULL),
(5067, 22, 'menu_typography', 'sub_menu_font_u_font-size', NULL, NULL),
(5068, 22, 'menu_typography', 'sub_menu_font_u_line-height', NULL, NULL),
(5069, 22, 'menu_typography', 'sub_menu_font_u_word-spacing', NULL, NULL),
(5070, 22, 'menu_typography', 'sub_menu_font_u_letter-spacing', NULL, NULL),
(5071, 22, 'menu_typography', 'sub_menu_font_color', NULL, NULL),
(5072, 22, 'footer', 'footer_variation', 'footer-1', NULL),
(5146, 22, 'footer', 'footer_1_newsletter', '1', NULL),
(5147, 22, 'footer', 'footer_1_widget_bg_color', '#108891', NULL),
(5148, 22, 'footer', 'footer_1_widget_bg_color_transparent', '0', NULL),
(5149, 22, 'footer', 'footer_1_widget_text_color', '', NULL),
(5150, 22, 'footer', 'footer_1_widget_text_color_transparent', '0', NULL),
(5151, 22, 'footer', 'footer_1_widget_title_style', 'style-2', NULL),
(5152, 22, 'footer', 'footer_1_widget_title_s1_after_color', '#ffffff', NULL),
(5153, 22, 'footer', 'footer_1_widget_title_s1_after_color_transparent', '0', NULL),
(5154, 22, 'footer', 'footer_1_widget_anchor_hover_color', '', NULL),
(5155, 22, 'footer', 'footer_1_widget_anchor_hover_color_transparent', '0', NULL),
(5156, 22, 'footer', 'footer_1_bottom_bg_color', '#108891', NULL),
(5157, 22, 'footer', 'footer_1_bottom_bg_color_transparent', '0', NULL),
(5158, 22, 'footer', 'footer_1_bottom_menu', '31', NULL),
(5159, 22, 'footer', 'footer_2_middle_bg_color', '', NULL),
(5160, 22, 'footer', 'footer_2_middle_bg_color_transparent', '0', NULL),
(5161, 22, 'footer', 'footer_2_middle_text', 'We are the most popular news portal in the world. Here we publish all kinds of the latest news.', NULL),
(5162, 22, 'footer', 'footer_2_middle_text_color', '', NULL),
(5163, 22, 'footer', 'footer_2_middle_text_color_transparent', '0', NULL),
(5164, 22, 'footer', 'footer_2_middle_social_color', '', NULL),
(5165, 22, 'footer', 'footer_2_middle_social_color_transparent', '0', NULL),
(5166, 22, 'footer', 'footer_2_middle_social_bg_color', '', NULL),
(5167, 22, 'footer', 'footer_2_middle_social_bg_color_transparent', '0', NULL),
(5168, 22, 'footer', 'footer_2_middle_social_hover_color', '', NULL),
(5169, 22, 'footer', 'footer_2_middle_social_hover_color_transparent', '0', NULL),
(5170, 22, 'footer', 'footer_2_middle_social_hover_bg_color', '', NULL),
(5171, 22, 'footer', 'footer_2_middle_social_hover_bg_color_transparent', '0', NULL),
(5172, 22, 'footer', 'footer_2_bottom_bg_color', '', NULL),
(5173, 22, 'footer', 'footer_2_bottom_bg_color_transparent', '0', NULL),
(5174, 22, 'footer', 'footer_2_bottom_menu', '31', NULL),
(5235, 22, 'footer', 'footer_1_newsletter_position', 'top', NULL),
(5236, 22, 'footer', 'footer_1_newsletter_bg_color', '#108891', NULL),
(5237, 22, 'footer', 'footer_1_newsletter_bg_color_transparent', '0', NULL),
(5238, 22, 'footer', 'footer_1_newsletter_button_bg_color', '', NULL),
(5239, 22, 'footer', 'footer_1_newsletter_button_bg_color_transparent', '0', NULL),
(5240, 22, 'footer', 'footer_1_newsletter_button_text_color', '', NULL),
(5241, 22, 'footer', 'footer_1_newsletter_button_text_color_transparent', '0', NULL),
(5242, 22, 'footer', 'footer_1_newsletter_social_color', '', NULL),
(5243, 22, 'footer', 'footer_1_newsletter_social_color_transparent', '0', NULL),
(5244, 22, 'footer', 'footer_1_newsletter_social_bg_color', '#108891', NULL),
(5245, 22, 'footer', 'footer_1_newsletter_social_bg_color_transparent', '0', NULL),
(5246, 22, 'footer', 'footer_1_newsletter_social_hover_color', '', NULL),
(5247, 22, 'footer', 'footer_1_newsletter_social_hover_color_transparent', '0', NULL),
(5248, 22, 'footer', 'footer_1_newsletter_social_hover_bg_color', '', NULL),
(5249, 22, 'footer', 'footer_1_newsletter_social_hover_bg_color_transparent', '0', NULL),
(5250, 22, 'footer', 'footer_1_widget_title_color', '', NULL),
(5251, 22, 'footer', 'footer_1_widget_title_color_transparent', '0', NULL),
(5354, 22, 'sidebar_options', 'custom_sidebar', NULL, NULL),
(5355, 22, 'sidebar_options', 'widget_background_color', NULL, NULL),
(5356, 22, 'sidebar_options', 'widget_background_color_transparent', NULL, NULL),
(5357, 22, 'sidebar_options', 'widget_margin_top', NULL, NULL),
(5358, 22, 'sidebar_options', 'widget_margin_right', NULL, NULL),
(5359, 22, 'sidebar_options', 'widget_margin_bottom', NULL, NULL),
(5360, 22, 'sidebar_options', 'widget_margin_left', NULL, NULL),
(5361, 22, 'sidebar_options', 'widget_margin_unit', NULL, NULL),
(5362, 22, 'sidebar_options', 'widget_padding_top', NULL, NULL),
(5363, 22, 'sidebar_options', 'widget_padding_right', NULL, NULL),
(5364, 22, 'sidebar_options', 'widget_padding_bottom', NULL, NULL),
(5365, 22, 'sidebar_options', 'widget_padding_left', NULL, NULL),
(5366, 22, 'sidebar_options', 'widget_padding_unit', NULL, NULL),
(5367, 22, 'sidebar_options', 'widget_title_color', NULL, NULL),
(5368, 22, 'sidebar_options', 'widget_title_color_transparent', NULL, NULL),
(5369, 22, 'sidebar_options', 'widget_title_s1_after_color', NULL, NULL),
(5370, 22, 'sidebar_options', 'widget_title_s1_after_color_transparent', NULL, NULL),
(5371, 22, 'sidebar_options', 'widget_title_after_color', NULL, NULL),
(5372, 22, 'sidebar_options', 'widget_title_after_color_transparent', NULL, NULL),
(5373, 22, 'page', 'page_breadcrumb', '1', NULL),
(5374, 22, 'page_404', 'page_404_image', '1070', NULL),
(5375, 22, 'page_404', 'page_404_title', 'Ops... Página não encontrada!', NULL),
(5376, 22, 'page_404', 'page_404_subtitle', 'Tente usar o botão abaixo para ir para a página principal do site', NULL),
(5377, 22, 'page_404', 'page_404_button_text', 'Voltar à página inicial', NULL),
(5378, 22, 'page_404', 'custom_404_page_c', '1', NULL),
(5379, 22, 'page_404', 'page_404_bg_color', '#28c3c0', NULL),
(5380, 22, 'page_404', 'page_404_bg_color_transparent', '0', NULL),
(5381, 22, 'page_404', 'page_404_text_color', '#ffffff', NULL),
(5382, 22, 'page_404', 'page_404_text_color_transparent', '0', NULL),
(5385, 22, 'page_404', 'custom_404_page', '1', NULL),
(5386, 22, 'custom_css', 'custom_css_code', '', NULL),
(5387, 22, 'custom_fonts', 'custom_font_1', '1', NULL),
(5388, 22, 'custom_fonts', 'custom_font_1_woff', '', NULL),
(5389, 22, 'custom_fonts', 'custom_font_1_ttf', 'RubikGemstones-Regular.ttf', NULL),
(5390, 22, 'custom_fonts', 'custom_font_1_eot', '', NULL),
(5391, 22, 'custom_fonts', 'custom_font_2', '0', NULL),
(5392, 22, 'custom_fonts', 'custom_font_1_ttf_file', '/opt/lampp/temp/phpWgh8Do', NULL),
(5413, 22, 'subscribe', 'mailchimp_api_key', '5700913d72751e5bcf22546c2257baf6-us13', NULL),
(5414, 22, 'subscribe', 'mailchimp_list_id', '46a9ce00e7', NULL),
(5415, 22, 'subscribe', 'custom_footer_subscribe', '0', NULL),
(5416, 22, 'subscribe', 'newsletter_bg_image', NULL, NULL),
(5417, 22, 'subscribe', 'newsletter_title_color', NULL, NULL),
(5418, 22, 'subscribe', 'newsletter_title_color_transparent', NULL, NULL),
(5419, 22, 'subscribe', 'newsletter_subtitle_color', NULL, NULL),
(5420, 22, 'subscribe', 'newsletter_subtitle_color_transparent', NULL, NULL),
(5421, 22, 'subscribe', 'newsletter_button_color', NULL, NULL),
(5422, 22, 'subscribe', 'newsletter_button_color_transparent', NULL, NULL),
(5423, 22, 'gdpr', 'gdpr_status', '1', NULL),
(5424, 22, 'gdpr', 'gdpr_btn_label', 'Aceitar Cookie', NULL),
(5425, 22, 'gdpr', 'gdpr_message', '<p><span style=\"font-size: 12px;\">Aceite cookies para melhor desempenho</span><br></p>', NULL),
(5426, 22, 'gdpr', 'gdpr_position_class', 'left', NULL),
(5427, 22, 'gdpr', 'gdpr_bg_color', '#4b0d02', NULL),
(5428, 22, 'gdpr', 'gdpr_bg_color_transparent', '0', NULL),
(5429, 22, 'website_popup', 'website_popup_status', '0', NULL),
(5430, 22, 'website_popup', 'website_popup_content', '<p><img src=\"https://newslooks.themelooks.us/public/uploaded/blog/content/blog_content_image17015137241018016896.png\"><br></p><h2 style=\"text-align: center; \">Subscribe To Our Newsletter</h2><p style=\"text-align: center;\">Subscribe To our newsleetr for lattest news about word, sports, entertainment, war etc.</p>', NULL),
(5431, 22, 'website_popup', 'website_popup_subscribe_status', '0', NULL),
(5432, 22, 'website_popup', 'files', '/tmp/phptpOFmZ', NULL),
(5433, 22, 'theme_color', 'theme_primary_color', '#69b087', NULL),
(5434, 22, 'contact', 'contact_sent_email', 'admin@gmail.com', NULL),
(5435, 22, 'footer', 'footer_1_widget_title_after_color', '', NULL),
(5436, 22, 'footer', 'footer_1_widget_title_after_color_transparent', '0', NULL),
(5437, 22, 'footer', 'footer_logo', '1168', NULL),
(5438, 22, 'header', 'header_top_multi_language', '1', NULL);

-- --------------------------------------------------------

--
-- Estrutura para tabela `tl_theme_sidebars`
--

CREATE TABLE `tl_theme_sidebars` (
  `id` int(11) NOT NULL,
  `sidebar_name` varchar(255) DEFAULT NULL,
  `theme_id` int(11) DEFAULT NULL,
  `created_at` timestamp NULL DEFAULT current_timestamp(),
  `updated_at` timestamp NULL DEFAULT NULL ON UPDATE current_timestamp()
) ENGINE=InnoDB DEFAULT CHARSET=utf8mb4 COLLATE=utf8mb4_general_ci;

--
-- Despejando dados para a tabela `tl_theme_sidebars`
--

INSERT INTO `tl_theme_sidebars` (`id`, `sidebar_name`, `theme_id`, `created_at`, `updated_at`) VALUES
(9, 'Blog Sidebar', 22, '2023-09-02 06:15:46', '2023-09-02 06:15:46'),
(10, 'Blog Details Sidebar', 22, '2023-09-02 06:15:46', '2023-09-02 06:15:46'),
(13, 'Footer Variation 1 Sidebar', 22, '2023-10-11 09:08:58', '2023-10-11 09:08:58');

-- --------------------------------------------------------

--
-- Estrutura para tabela `tl_theme_translations`
--

CREATE TABLE `tl_theme_translations` (
  `id` int(11) NOT NULL,
  `lang` varchar(250) DEFAULT NULL,
  `lang_key` text DEFAULT NULL,
  `lang_value` longtext DEFAULT NULL,
  `theme` varchar(200) DEFAULT NULL,
  `created_at` timestamp NOT NULL DEFAULT current_timestamp(),
  `updated_at` timestamp NOT NULL DEFAULT current_timestamp()
) ENGINE=InnoDB DEFAULT CHARSET=utf8mb3 COLLATE=utf8mb3_general_ci;



-- --------------------------------------------------------

--
-- Estrutura para tabela `tl_translations`
--

CREATE TABLE `tl_translations` (
  `id` int(11) NOT NULL,
  `lang` text DEFAULT NULL,
  `lang_key` text DEFAULT NULL,
  `lang_value` longtext DEFAULT NULL,
  `created_at` timestamp NULL DEFAULT current_timestamp(),
  `updated_at` timestamp NULL DEFAULT NULL ON UPDATE current_timestamp()
) ENGINE=InnoDB DEFAULT CHARSET=utf8mb4 COLLATE=utf8mb4_general_ci;




INSERT INTO `tl_translations` (`id`, `lang`, `lang_key`, `lang_value`, `created_at`, `updated_at`) VALUES
(8344, 'sa', 'add_tag', 'إضافة علامة', '2023-12-28 11:01:47', '2023-12-28 11:01:47'),
(8345, 'sa', 'post_comment', 'أضف تعليقا', '2023-12-28 11:01:47', '2023-12-28 11:01:47'),
(8346, 'sa', 'approve', 'يعتمد', '2023-12-28 11:01:47', '2023-12-28 11:01:47'),
(8347, 'sa', 'spam', 'رسائل إلكترونية مزعجة', '2023-12-28 11:01:47', '2023-12-28 11:01:47'),
(8348, 'sa', 'trash', 'نفاية', '2023-12-28 11:01:47', '2023-12-28 11:01:47'),
(8349, 'sa', 'in_response_to', 'للإستجابة ل', '2023-12-28 11:01:47', '2023-12-28 11:01:47'),
(8350, 'sa', 'unapprove', 'عدم الموافقة', '2023-12-28 11:01:47', '2023-12-28 11:01:47'),
(8351, 'sa', 'reply', 'رد', '2023-12-28 11:01:47', '2023-12-28 11:01:47'),
(8352, 'sa', 'view_blog', 'عرض المدونة', '2023-12-28 11:01:47', '2023-12-28 11:01:47'),
(8353, 'sa', 'in_reply_to', 'ردا على', '2023-12-28 11:01:47', '2023-12-28 11:01:47'),
(8354, 'sa', 'comment_delete_confirmation', 'تأكيد حذف التعليق', '2023-12-28 11:01:47', '2023-12-28 11:01:47'),
(8355, 'sa', 'are_you_sure_you_want_to_permanently_delete_this_comment', 'هل أنت متأكد أنك تريد حذف هذا التعليق نهائيًا', '2023-12-28 11:01:47', '2023-12-28 11:01:47'),
(8356, 'sa', 'bulk_action_confirmation', 'تأكيد الإجراء المجمع', '2023-12-28 11:01:47', '2023-12-28 11:01:47'),
(8357, 'sa', 'are_you_sure_you_want_to_take_this_action', 'هل أنت متأكد أنك تريد اتخاذ هذا الإجراء', '2023-12-28 11:01:47', '2023-12-28 11:01:47'),
(8358, 'sa', 'comment_reply', 'الرد على التعليق', '2023-12-28 11:01:47', '2023-12-28 11:01:47'),
(8359, 'sa', 'move_to_trash', 'ارسال الى سلة المحذوفات', '2023-12-28 11:01:47', '2023-12-28 11:01:47'),
(8360, 'sa', 'mark_as_spam', 'علامة كدعاية', '2023-12-28 11:01:47', '2023-12-28 11:01:47'),
(8361, 'sa', 'not_spam', 'ليس بريدا موذيا', '2023-12-28 11:01:47', '2023-12-28 11:01:47'),
(8362, 'sa', 'delete_permanetly', 'حذف نهائيا', '2023-12-28 11:01:47', '2023-12-28 11:01:47'),
(8363, 'sa', 'restore', 'يعيد', '2023-12-28 11:01:47', '2023-12-28 11:01:47'),
(8364, 'sa', 'delete_all', 'حذف الكل', '2023-12-28 11:01:47', '2023-12-28 11:01:47'),
(8365, 'sa', 'share_options', 'مشاركة الخيارات', '2023-12-28 11:01:47', '2023-12-28 11:01:47'),
(8366, 'sa', 'comment_setting', 'إعداد التعليق', '2023-12-28 11:01:47', '2023-12-28 11:01:47'),
(8367, 'sa', 'default_post_settings', 'إعدادات النشر الافتراضية', '2023-12-28 11:01:47', '2023-12-28 11:01:47'),
(8368, 'sa', 'allow_people_to_submit_comments_on_new_posts', 'السماح للأشخاص بتقديم تعليقات على المشاركات الجديدة', '2023-12-28 11:01:47', '2023-12-28 11:01:47'),
(8369, 'sa', 'other_comment_settings', 'إعدادات التعليق الأخرى', '2023-12-28 11:01:47', '2023-12-28 11:01:47'),
(8370, 'sa', 'comment_author_must_fill_out_name_and_email', 'يجب على مؤلف التعليق ملء الاسم والبريد الإلكتروني', '2023-12-28 11:01:47', '2023-12-28 11:01:47'),
(8371, 'sa', 'users_must_be_registered_and_logged_in_to_comment', 'المستخدمون يجب ان يسجلوا دخولهم للتعليق', '2023-12-28 11:01:47', '2023-12-28 11:01:47'),
(8372, 'sa', 'automatically_close_comments_on_blogs_older_than', 'إغلاق التعليقات تلقائيًا على المدونات الأقدم من', '2023-12-28 11:01:47', '2023-12-28 11:01:47'),
(8373, 'sa', 'days', 'أيام', '2023-12-28 11:01:47', '2023-12-28 11:01:47'),
(8374, 'sa', 'enable_threaded_nested_comments', 'تمكين التعليقات المترابطة (المتداخلة).', '2023-12-28 11:01:47', '2023-12-28 11:01:47'),
(8375, 'sa', 'levels_deep', 'مستويات عميقة', '2023-12-28 11:01:47', '2023-12-28 11:01:47'),
(8376, 'sa', 'break_comments_into_pages_with', 'قسم التعليقات إلى صفحات باستخدام', '2023-12-28 11:01:47', '2023-12-28 11:01:47'),
(8377, 'sa', 'top_level_comments_per_page_and', 'تعليقات المستوى الأعلى لكل صفحة و', '2023-12-28 11:01:47', '2023-12-28 11:01:47'),
(8378, 'sa', 'comments_should_be_displayed_with_the', 'يجب أن يتم عرض التعليقات مع', '2023-12-28 11:01:47', '2023-12-28 11:01:47'),
(8379, 'sa', 'older', 'اكبر سنا', '2023-12-28 11:01:47', '2023-12-28 11:01:47'),
(8380, 'sa', 'newer', 'أحدث', '2023-12-28 11:01:47', '2023-12-28 11:01:47'),
(8381, 'sa', 'comments_at_the_top_of_each_page', 'التعليقات في أعلى كل صفحة', '2023-12-28 11:01:47', '2023-12-28 11:01:47'),
(8382, 'sa', 'email_me_whenever', 'أرسل لي بريدا إلكترونيا في أي وقت', '2023-12-28 11:01:47', '2023-12-28 11:01:47'),
(8383, 'sa', 'anyone_posts_a_comment', 'أي شخص ينشر تعليقا', '2023-12-28 11:01:47', '2023-12-28 11:01:47'),
(8384, 'sa', 'a_comment_is_held_for_moderation', 'التعليق معلق للإعتدال', '2023-12-28 11:01:47', '2023-12-28 11:01:47'),
(8385, 'sa', 'before_a_comment_appears', 'قبل ظهور التعليق', '2023-12-28 11:01:47', '2023-12-28 11:01:47'),
(8386, 'sa', 'comment_must_be_manually_approved', 'يجب الموافقة على التعليق يدويا', '2023-12-28 11:01:47', '2023-12-28 11:01:47'),
(8387, 'sa', 'comment_author_must_have_a_previously_approved_comment', 'يجب أن يكون لدى كاتب التعليق تعليق تمت الموافقة عليه مسبقًا', '2023-12-28 11:01:47', '2023-12-28 11:01:47'),
(8388, 'sa', 'comment_moderation', 'تعليق الاعتدال', '2023-12-28 11:01:47', '2023-12-28 11:01:47'),
(8389, 'sa', 'hold_a_comment_in_the_queue_if_it_contains', 'احتفظ بالتعليق في قائمة الانتظار إذا كان يحتوي على', '2023-12-28 11:01:47', '2023-12-28 11:01:47'),
(8390, 'sa', 'or_more_links_a_common_characteristic_of_comment_spam_is_a_large_number_of_hyperlinks', 'أو المزيد من الروابط (من السمات الشائعة للتعليقات غير المرغوب فيها وجود عدد كبير من الارتباطات التشعبية.)', '2023-12-28 11:01:47', '2023-12-28 11:01:47'),
(8391, 'sa', 'when_a_comment_contains_any_of_these_words_in_its_content_author_name_url_email_ip_address_or_browsers_user_agent_string_it_will_be_held_in_the_', 'عندما يحتوي التعليق على أي من هذه الكلمات في محتواه أو اسم المؤلف أو عنوان URL أو البريد الإلكتروني أو عنوان IP أو سلسلة وكيل مستخدم المتصفح، فسيتم الاحتفاظ به في', '2023-12-28 11:01:47', '2023-12-28 11:01:47'),
(8392, 'sa', 'pending_queue', 'قائمة الانتظار المعلقة', '2023-12-28 11:01:47', '2023-12-28 11:01:47'),
(8393, 'sa', 'one_word_or_ip_address_per_line_it_will_match_inside_words_so_press_will_match_wordpress', 'كلمة واحدة أو عنوان IP في كل سطر. سوف يتطابق مع الكلمات الداخلية، لذا فإن كلمة \"صحافة\" سوف تتطابق مع كلمة \"WordPress\".', '2023-12-28 11:01:47', '2023-12-28 11:01:47'),
(8394, 'sa', 'disallowed_comment_keys', 'مفاتيح التعليق غير المسموح بها', '2023-12-28 11:01:47', '2023-12-28 11:01:47'),
(8395, 'sa', 'when_a_comment_contains_any_of_these_words_in_its_content_author_name_url_email_ip_address_or_browsers_user_agent_string_it_will_be_put_in_the_trash_one_word_or_ip_address_per_line_it_will_match_inside_words_so_press_will_match_wordpress', 'عندما يحتوي التعليق على أي من هذه الكلمات في محتواه أو اسم المؤلف أو عنوان URL أو البريد الإلكتروني أو عنوان IP أو سلسلة وكيل مستخدم المتصفح، فسيتم وضعه في سلة المهملات. كلمة واحدة أو عنوان IP في كل سطر. سوف يتطابق مع الكلمات الداخلية، لذا فإن كلمة \"صحافة\" سوف تتطابق مع كلمة \"WordPress\".', '2023-12-28 11:01:47', '2023-12-28 11:01:47'),
(8396, 'sa', 'avatars', 'الآلهة', '2023-12-28 11:01:47', '2023-12-28 11:01:47'),
(8397, 'sa', 'an_avatar_is_an_image_that_can_be_associated_with_a_user_across_multiple_websites_in_this_area_you_can_choose_to_display_avatars_of_users_who_interact_with_the_site', 'الصورة الرمزية هي صورة يمكن ربطها بمستخدم عبر مواقع ويب متعددة. في هذه المنطقة، يمكنك اختيار عرض الصور الرمزية للمستخدمين الذين يتفاعلون مع الموقع.', '2023-12-28 11:01:47', '2023-12-28 11:01:47'),
(8398, 'sa', 'avatar_display', 'عرض الصورة الرمزية', '2023-12-28 11:01:47', '2023-12-28 11:01:47'),
(8399, 'sa', 'show_avatars', 'إظهار الصور الرمزية', '2023-12-28 11:01:47', '2023-12-28 11:01:47'),
(8400, 'sa', 'default_avatar', 'الصورة الرمزية الافتراضية', '2023-12-28 11:01:47', '2023-12-28 11:01:47'),
(8401, 'sa', 'for_users_without_a_custom_avatar_of_their_own_you_can_either_display_a_generic_logo_or_a_generated_one_based_on_their_email_address', 'بالنسبة للمستخدمين الذين ليس لديهم صورة رمزية مخصصة خاصة بهم، يمكنك إما عرض شعار عام أو شعار تم إنشاؤه بناءً على عنوان بريدهم الإلكتروني.', '2023-12-28 11:01:47', '2023-12-28 11:01:47'),
(8402, 'sa', 'mystery_person', 'الشخص الغامض', '2023-12-28 11:01:47', '2023-12-28 11:01:47'),
(8403, 'sa', 'blank', 'فارغ', '2023-12-28 11:01:47', '2023-12-28 11:01:47'),
(8404, 'sa', 'gravatar_logo', 'شعار غرافاتار', '2023-12-28 11:01:47', '2023-12-28 11:01:47'),
(8405, 'sa', 'identicon_generated', 'رمز التعريف (تم إنشاؤه)', '2023-12-28 11:01:47', '2023-12-28 11:01:47'),
(8406, 'sa', 'wavatar_generated', 'وافاتار (تم إنشاؤه)', '2023-12-28 11:01:47', '2023-12-28 11:01:47'),
(8407, 'sa', 'monsterid_generated', 'MonsterID (تم إنشاؤه)', '2023-12-28 11:01:47', '2023-12-28 11:01:47'),
(8408, 'sa', 'retro_generated', 'ريترو (تم إنشاؤه)', '2023-12-28 11:01:47', '2023-12-28 11:01:47'),
(8409, 'sa', 'add_page', 'إضافة صفحة', '2023-12-28 11:01:47', '2023-12-28 11:01:47'),
(8410, 'sa', 'homepage', 'الصفحة الرئيسية', '2023-12-28 11:01:47', '2023-12-28 11:01:47'),
(8411, 'sa', 'builder', 'منشئ', '2023-12-28 11:01:47', '2023-12-28 11:01:47'),
(8412, 'sa', 'current_homepage', 'الصفحة الرئيسية الحالية', '2023-12-28 11:01:47', '2023-12-28 11:01:47'),
(8413, 'sa', 'make_homepage', 'جعل الصفحة الرئيسية', '2023-12-28 11:01:47', '2023-12-28 11:01:47'),
(8414, 'sa', 'demo_pluin', 'التجريبي بلوين', '2023-12-28 11:01:47', '2023-12-28 11:01:47'),
(8415, 'sa', 'theme_creating_guide', 'دليل إنشاء الموضوع', '2023-12-28 11:01:47', '2023-12-28 11:01:47'),
(8416, 'sa', 'install_theme', 'تثبيت موضوع', '2023-12-28 11:01:47', '2023-12-28 11:01:47'),
(8417, 'sa', 'by', 'بواسطة:', '2023-12-28 11:01:47', '2023-12-28 11:01:47'),
(8418, 'sa', 'version', 'إصدار:', '2023-12-28 11:01:47', '2023-12-28 11:01:47'),
(8419, 'sa', 'activated', 'مفعل', '2023-12-28 11:01:47', '2023-12-28 11:01:47'),
(8420, 'sa', 'activate_confirmation', 'تفعيل التأكيد', '2023-12-28 11:01:47', '2023-12-28 11:01:47'),
(8421, 'sa', 'are_you_sure_to_active_this_theme', 'هل أنت متأكد من تفعيل هذا الموضوع', '2023-12-28 11:01:47', '2023-12-28 11:01:47'),
(8422, 'sa', 'activate', 'تفعيل', '2023-12-28 11:01:47', '2023-12-28 11:01:47'),
(8423, 'sa', 'are_you_sure_to_delete_this_theme', 'هل أنت متأكد من حذف هذا الموضوع', '2023-12-28 11:01:47', '2023-12-28 11:01:47'),
(8424, 'sa', 'active_confirmation', 'التأكيد النشط', '2023-12-28 11:01:47', '2023-12-28 11:01:47'),
(8425, 'sa', 'purchase_key', 'مفتاح الشراء', '2023-12-28 11:01:47', '2023-12-28 11:01:47'),
(8426, 'sa', 'give_purchase_key_to_activate_this_theme', 'أعط مفتاح الشراء لتنشيط هذا الموضوع', '2023-12-28 11:01:47', '2023-12-28 11:01:47'),
(8427, 'sa', 'manage_widgets', 'إدارة الحاجيات', '2023-12-28 11:01:47', '2023-12-28 11:01:47'),
(8428, 'sa', 'available_widgets', 'الحاجيات المتاحة', '2023-12-28 11:01:47', '2023-12-28 11:01:47'),
(8429, 'sa', 'add_widget', 'إضافة القطعة', '2023-12-28 11:01:47', '2023-12-28 11:01:47'),
(8430, 'sa', 'adding_widget_to_sidebar_failed', 'فشلت إضافة القطعة إلى الشريط الجانبي', '2023-12-28 11:01:47', '2023-12-28 11:01:47'),
(8431, 'sa', 'sidebar_widget_opening_failed', 'فشل فتح عنصر واجهة المستخدم للشريط الجانبي', '2023-12-28 11:01:47', '2023-12-28 11:01:47'),
(8432, 'sa', 'widget_added_to_sidebar_failed', 'فشلت إضافة القطعة إلى الشريط الجانبي', '2023-12-28 11:01:47', '2023-12-28 11:01:47'),
(8433, 'sa', 'widget_form_submit_failed_failed', 'فشل إرسال نموذج القطعة', '2023-12-28 11:01:47', '2023-12-28 11:01:47'),
(8434, 'sa', 'generate_site_map', 'إنشاء خريطة الموقع', '2023-12-28 11:01:47', '2023-12-28 11:01:47'),
(8435, 'sa', 'sitemap_generating_request_failed', 'فشل إنشاء طلب خريطة الموقع', '2023-12-28 11:01:47', '2023-12-28 11:01:47'),
(8436, 'sa', 'please_check_your_email_to_confirm_your_subscription', 'يرجى التحقق من بريدك الالكتروني لتأكيد اشتراكك', '2023-12-28 11:01:47', '2023-12-28 11:01:47'),
(8437, 'sa', 'please_enter_a_valid_email', 'يرجى إدخال البريد الإلكتروني الصحيح', '2023-12-28 11:01:47', '2023-12-28 11:01:47'),
(8438, 'sa', 'mailchimp_api_key', 'مفتاح واجهة برمجة تطبيقات Mailchimp', '2023-12-28 11:01:47', '2023-12-28 11:01:47'),
(8439, 'sa', 'set_mailchimp_api_key', 'قم بتعيين مفتاح واجهة برمجة تطبيقات mailchimp', '2023-12-28 11:01:47', '2023-12-28 11:01:47'),
(8440, 'sa', 'mailchimp_list_id', 'معرف قائمة Mailchimp', '2023-12-28 11:01:47', '2023-12-28 11:01:47'),
(8441, 'sa', 'set_mailchimp_list_id', 'تعيين معرف قائمة mailchimp', '2023-12-28 11:01:47', '2023-12-28 11:01:47'),
(8442, 'sa', 'custom_sidebar_subscribe_style', 'نمط الاشتراك في الشريط الجانبي المخصص', '2023-12-28 11:01:47', '2023-12-28 11:01:47'),
(8443, 'sa', 'set_custom_footer_subscribe_style', 'قم بتعيين نمط الاشتراك المخصص للتذييل', '2023-12-28 11:01:47', '2023-12-28 11:01:47'),
(8444, 'sa', 'newsletter_background_image', 'صورة خلفية النشرة الإخبارية', '2023-12-28 11:01:47', '2023-12-28 11:01:47'),
(8445, 'sa', 'newsletter_title_color', 'لون عنوان النشرة الإخبارية', '2023-12-28 11:01:47', '2023-12-28 11:01:47'),
(8446, 'sa', 'newsletter_subtitle_color', 'لون العنوان الفرعي للنشرة الإخبارية', '2023-12-28 11:01:47', '2023-12-28 11:01:47'),
(8447, 'sa', 'newsletter_button_text_color', 'لون نص زر النشرة الإخبارية', '2023-12-28 11:01:47', '2023-12-28 11:01:47'),
(8448, 'sa', 'edit_post', 'تعديل المنشور', '2023-12-28 11:01:47', '2023-12-28 11:01:47'),
(8449, 'sa', 'what_is_the_primary_focus_of_your_post', 'ما هو التركيز الأساسي لمشاركتك', '2023-12-28 11:01:47', '2023-12-28 11:01:47'),
(8450, 'sa', 'add_new', 'اضف جديد', '2023-12-28 11:01:47', '2023-12-28 11:01:47'),
(8451, 'sa', 'stick_this_post_to_the_front_of_blog_list_page', 'الصق هذا المنشور في مقدمة صفحة قائمة المدونات', '2023-12-28 11:01:47', '2023-12-28 11:01:47'),
(8452, 'sa', 'please_insert_post_name', 'الرجاء إدخال اسم المشاركة', '2023-12-28 11:01:47', '2023-12-28 11:01:47'),
(8453, 'sa', 'this_name_is_already_available_please_insert_another', 'هذا الاسم متاح بالفعل، يرجى إدخال اسم آخر', '2023-12-28 11:01:47', '2023-12-28 11:01:47'),
(8454, 'sa', 'please_write_the_post_name_under_225_words', 'يرجى كتابة اسم المشاركة تحت 225 كلمة', '2023-12-28 11:01:47', '2023-12-28 11:01:47'),
(8455, 'sa', 'this_permalink_is_already_available_please_insert_another', 'هذا الرابط الثابت متوفر بالفعل، يرجى إدخال رابط آخر', '2023-12-28 11:01:47', '2023-12-28 11:01:47'),
(8456, 'sa', 'something_went_wrong_please_select_category_again', 'حدث خطأ ما، يرجى تحديد الفئة مرة أخرى', '2023-12-28 11:01:47', '2023-12-28 11:01:47'),
(8457, 'sa', 'please_insert_a_valid_image', 'الرجاء إدخال صورة صالحة', '2023-12-28 11:01:47', '2023-12-28 11:01:47'),
(8458, 'sa', 'please_write_some_content', 'يرجى كتابة بعض المحتوى', '2023-12-28 11:01:47', '2023-12-28 11:01:47'),
(8459, 'sa', 'please_select_a_valid_image', 'الرجاء تحديد صورة صالحة', '2023-12-28 11:01:47', '2023-12-28 11:01:47'),
(8460, 'sa', 'something_went_wrong_please_select_visibility_again', 'حدث خطأ ما، يرجى تحديد مستوى الرؤية مرة أخرى', '2023-12-28 11:01:47', '2023-12-28 11:01:47'),
(8461, 'sa', 'post_updated_successfully', 'تم تحديث المشاركة بنجاح', '2023-12-28 11:01:47', '2023-12-28 11:01:47'),
(8462, 'sa', 'category_cannot_be_deleted_there_are_posts_available', 'لا يمكن حذف الفئة! هناك مشاركات متاحة', '2023-12-28 11:01:47', '2023-12-28 11:01:47'),
(8463, 'sa', 'ecommercecategory_cannot_be_deleted_there_are_posts_available', 'لا يمكن حذف فئة التجارة الإلكترونية! هناك مشاركات متاحة', '2023-12-28 11:01:47', '2023-12-28 11:01:47'),
(8464, 'sa', 'media_file_uploaded_successful', 'تم تحميل ملف الوسائط بنجاح', '2023-12-28 11:01:47', '2023-12-28 11:01:47'),
(8465, 'sa', 'this_category_name_or_slug_is_already_available_please_insert_another', 'اسم الفئة أو سبيكة الاتصال هذه متاحة بالفعل، يرجى إدخال اسم آخر', '2023-12-28 11:01:47', '2023-12-28 11:01:47'),
(8466, 'sa', 'this_tag_name_or_slug_is_already_available_please_insert_another', 'اسم العلامة أو Slug هذا متاح بالفعل، يرجى إدخال اسم آخر', '2023-12-28 11:01:47', '2023-12-28 11:01:47'),
(8467, 'sa', 'a_parent_category_cannot_be_deletedfirst_delete_the_child_category', 'لا يمكن حذف الفئة الأصلية. قم أولاً بحذف الفئة الفرعية', '2023-12-28 11:01:47', '2023-12-28 11:01:47'),
(8468, 'sa', 'edit_post_category', 'تحرير فئة المشاركة', '2023-12-28 11:01:47', '2023-12-28 11:01:47'),
(8469, 'sa', 'please_insert_a_name', 'الرجاء إدخال اسم', '2023-12-28 11:01:47', '2023-12-28 11:01:47'),
(8470, 'sa', 'please_write_the_category_name_under_225_words', 'يرجى كتابة اسم الفئة تحت 225 كلمة', '2023-12-28 11:01:47', '2023-12-28 11:01:47'),
(8471, 'sa', 'post_category_update_failed', 'فشل تحديث فئة المشاركة', '2023-12-28 11:01:47', '2023-12-28 11:01:47'),
(8472, 'sa', 'post_category_updated_successfully', 'تم تحديث فئة المشاركة بنجاح', '2023-12-28 11:01:47', '2023-12-28 11:01:47'),
(8473, 'sa', 'post_category_deleted_successfully', 'تم حذف فئة المشاركة بنجاح', '2023-12-28 11:01:47', '2023-12-28 11:01:47'),
(8474, 'sa', 'post_category_deleting_failed', 'فشل حذف فئة المشاركة', '2023-12-28 11:01:47', '2023-12-28 11:01:47'),
(8475, 'sa', 'tag_bulk_deleted_successfully', 'تم حذف العلامة المجمعة بنجاح', '2023-12-28 11:01:47', '2023-12-28 11:01:47'),
(8476, 'sa', 'new_blog_saved', 'تم حفظ المدونة الجديدة', '2023-12-28 11:01:47', '2023-12-28 11:01:47'),
(8477, 'sa', 'media_file_deleted_successfully', 'تم حذف ملف الوسائط بنجاح', '2023-12-28 11:01:47', '2023-12-28 11:01:47'),
(8478, 'sa', 'post_featured_status_changed_successfully', 'تم تغيير حالة المشاركة المميزة بنجاح', '2023-12-28 11:01:47', '2023-12-28 11:01:47'),
(8479, 'sa', 'background', 'خلفية', '2023-12-28 11:01:47', '2023-12-28 11:01:47'),
(8480, 'sa', 'advanced', 'متقدم', '2023-12-28 11:01:47', '2023-12-28 11:01:47'),
(8481, 'sa', 'widget_title', 'عنوان الأداة', '2023-12-28 11:01:47', '2023-12-28 11:01:47'),
(8482, 'sa', 'post_type', 'نوع آخر', '2023-12-28 11:01:47', '2023-12-28 11:01:47'),
(8483, 'sa', 'recent_post', 'المنشور الاخير', '2023-12-28 11:01:47', '2023-12-28 11:01:47'),
(8484, 'sa', 'featured_post', 'مشاركة مميزة', '2023-12-28 11:01:47', '2023-12-28 11:01:47'),
(8485, 'sa', 'most_commented_post', 'المشاركة الأكثر تعليقا', '2023-12-28 11:01:47', '2023-12-28 11:01:47'),
(8486, 'sa', 'popular_post', 'منشور مشهور', '2023-12-28 11:01:47', '2023-12-28 11:01:47'),
(8487, 'sa', 'category_wise', 'الفئة الحكيمة', '2023-12-28 11:01:47', '2023-12-28 11:01:47'),
(8488, 'sa', 'select_category', 'اختر الفئة', '2023-12-28 11:01:47', '2023-12-28 11:01:47'),
(8489, 'sa', 'post_advance_style', 'أسلوب النشر المسبق', '2023-12-28 11:01:47', '2023-12-28 11:01:47'),
(8490, 'sa', 'background_color', 'لون الخلفية', '2023-12-28 11:01:47', '2023-12-28 11:01:47'),
(8491, 'sa', 'background_image', 'الصورة الخلفية', '2023-12-28 11:01:47', '2023-12-28 11:01:47'),
(8492, 'sa', 'background_size', 'حجم الخلفية', '2023-12-28 11:01:47', '2023-12-28 11:01:47'),
(8493, 'sa', 'background_position', 'موقف الخلفية', '2023-12-28 11:01:47', '2023-12-28 11:01:47'),
(8494, 'sa', 'background_repeat', 'تكرار الخلفية', '2023-12-28 11:01:47', '2023-12-28 11:01:47'),
(8495, 'sa', 'desktop', 'سطح المكتب', '2023-12-28 11:01:47', '2023-12-28 11:01:47'),
(8496, 'sa', 'tab', 'فاتورة غير مدفوعة', '2023-12-28 11:02:37', '2023-12-28 11:02:37'),
(8497, 'sa', 'mobile', 'متحرك', '2023-12-28 11:02:37', '2023-12-28 11:02:37'),
(8498, 'sa', 'padding', 'حشوة', '2023-12-28 11:02:37', '2023-12-28 11:02:37'),
(8499, 'sa', 'margin', 'هامِش', '2023-12-28 11:02:37', '2023-12-28 11:02:37'),
(8500, 'sa', 'widget_properties_updated_successfully', 'تم تحديث خصائص القطعة بنجاح', '2023-12-28 11:02:37', '2023-12-28 11:02:37'),
(8501, 'sa', 'section_width', 'عرض القسم', '2023-12-28 11:02:37', '2023-12-28 11:02:37'),
(8502, 'sa', 'container', 'حاوية', '2023-12-28 11:02:37', '2023-12-28 11:02:37'),
(8503, 'sa', 'container_fluid', 'سائل الحاوية', '2023-12-28 11:02:37', '2023-12-28 11:02:37'),
(8504, 'sa', 'vertical_alignment', 'انحياز عمودي', '2023-12-28 11:02:37', '2023-12-28 11:02:37'),
(8505, 'sa', 'featured_title', 'عنوان مميز', '2023-12-28 11:02:37', '2023-12-28 11:02:37'),
(8506, 'sa', 'most_popular_title', 'العنوان الأكثر شعبية', '2023-12-28 11:02:37', '2023-12-28 11:02:37'),
(8507, 'sa', 'most_viewed_title', 'العنوان الأكثر مشاهدة', '2023-12-28 11:02:37', '2023-12-28 11:02:37'),
(8508, 'sa', 'recent_title', 'العنوان الأخير', '2023-12-28 11:02:37', '2023-12-28 11:02:37'),
(8509, 'sa', 'most_commented_title', 'العنوان الأكثر تعليقا', '2023-12-28 11:02:37', '2023-12-28 11:02:37'),
(8510, 'sa', 'section_properties_updated_successfully', 'تم تحديث خصائص القسم بنجاح', '2023-12-28 11:02:37', '2023-12-28 11:02:37'),
(8511, 'sa', 'post_style', 'نمط المشاركة', '2023-12-28 11:02:37', '2023-12-28 11:02:37'),
(8512, 'sa', 'post_count', 'عدد المشاركات', '2023-12-28 11:02:37', '2023-12-28 11:02:37'),
(8513, 'sa', 'playlist_title', 'عنوان قائمة التشغيل', '2023-12-28 11:02:37', '2023-12-28 11:02:37'),
(8514, 'sa', 'menu_deleted_successfully', 'تم حذف القائمة بنجاح', '2023-12-28 11:02:37', '2023-12-28 11:02:37'),
(8515, 'sa', 'pages_bulk_delete_successful', 'تم حذف الصفحات المجمعة بنجاح', '2023-12-28 11:02:37', '2023-12-28 11:02:37'),
(8516, 'sa', 'page_deleted_successfully', 'تم حذف الصفحة بنجاح', '2023-12-28 11:02:37', '2023-12-28 11:02:37'),
(8517, 'sa', 'page_deleting_failed', 'فشل حذف الصفحة', '2023-12-28 11:02:37', '2023-12-28 11:02:37'),
(8518, 'sa', 'page_title', 'عنوان الصفحة', '2023-12-28 11:02:37', '2023-12-28 11:02:37'),
(8519, 'sa', 'add_title', 'أضف عنوانا', '2023-12-28 11:02:37', '2023-12-28 11:02:37'),
(8520, 'sa', 'make_with_builder', 'اصنع مع منشئ', '2023-12-28 11:02:37', '2023-12-28 11:02:37'),
(8521, 'sa', 'page_attributes', 'سمات الصفحة', '2023-12-28 11:02:37', '2023-12-28 11:02:37'),
(8522, 'sa', 'parents', 'آباء', '2023-12-28 11:02:37', '2023-12-28 11:02:37'),
(8523, 'sa', 'select_a_parent_page', 'حدد الصفحة الأم', '2023-12-28 11:02:37', '2023-12-28 11:02:37'),
(8524, 'sa', 'featured_image', 'صورة مميزة', '2023-12-28 11:02:37', '2023-12-28 11:02:37'),
(8525, 'sa', 'please_insert_page_title', 'الرجاء إدراج عنوان الصفحة', '2023-12-28 11:02:37', '2023-12-28 11:02:37'),
(8526, 'sa', 'this_title_is_already_available_please_insert_another', 'هذا العنوان متاح بالفعل، يرجى إدخال عنوان آخر', '2023-12-28 11:02:37', '2023-12-28 11:02:37'),
(8527, 'sa', 'please_write_the_page_title_under_225_words', 'يرجى كتابة عنوان الصفحة تحت 225 كلمة', '2023-12-28 11:02:37', '2023-12-28 11:02:37'),
(8528, 'sa', 'something_went_wrong_please_select_parent_again', 'حدث خطأ ما، يرجى تحديد أحد الوالدين مرة أخرى', '2023-12-28 11:02:37', '2023-12-28 11:02:37'),
(8529, 'sa', 'new_page_saved', 'تم حفظ الصفحة الجديدة', '2023-12-28 11:02:37', '2023-12-28 11:02:37'),
(8530, 'sa', 'edit_page', 'تعديل الصفحة', '2023-12-28 11:02:37', '2023-12-28 11:02:37'),
(8531, 'sa', 'page_updated_successfully', 'تم تحديث الصفحة بنجاح', '2023-12-28 11:02:37', '2023-12-28 11:02:37'),
(8532, 'sa', 'select_menu_group', 'حدد مجموعة القائمة', '2023-12-28 11:02:37', '2023-12-28 11:02:37'),
(8533, 'sa', 'done', 'منتهي', '2023-12-28 11:02:37', '2023-12-28 11:02:37'),
(8534, 'sa', 'widget_form_saved', 'تم حفظ نموذج القطعة', '2023-12-28 11:02:37', '2023-12-28 11:02:37'),
(8535, 'sa', 'please_check_for_missing_field_or_invalid_data_and_try_again', 'يرجى التحقق من وجود حقل مفقود أو بيانات غير صالحة والمحاولة مرة أخرى.', '2023-12-28 11:02:37', '2023-12-28 11:02:37'),
(8536, 'sa', 'select_vote', 'حدد التصويت', '2023-12-28 11:02:37', '2023-12-28 11:02:37'),
(8537, 'sa', 'widget_removed_from_sidebar', 'تمت إزالة القطعة من الشريط الجانبي', '2023-12-28 11:02:37', '2023-12-28 11:02:37'),
(8538, 'sa', 'select_adsence', 'حدد ادسنس', '2023-12-28 11:02:37', '2023-12-28 11:02:37'),
(8539, 'sa', 'if_you_select_adsense_it_will_be_overwrite_image_and_url_fields', 'إذا حددت AdSense، فسيتم استبدال حقول الصور وعنوان URL.', '2023-12-28 11:02:37', '2023-12-28 11:02:37'),
(8540, 'sa', 'newsletter_title', 'عنوان النشرة الإخبارية', '2023-12-28 11:02:37', '2023-12-28 11:02:37'),
(8541, 'sa', 'newsletter_subtitle', 'النشرة الإخبارية العنوان الفرعي', '2023-12-28 11:02:37', '2023-12-28 11:02:37'),
(8542, 'sa', 'email_placeholder', 'العنصر النائب للبريد الإلكتروني', '2023-12-28 11:02:37', '2023-12-28 11:02:37'),
(8543, 'sa', 'button_text', 'زر كتابة', '2023-12-28 11:02:37', '2023-12-28 11:02:37'),
(8544, 'sa', 'number_of_comments', 'عدد التعليقات', '2023-12-28 11:02:37', '2023-12-28 11:02:37'),
(8545, 'sa', 'number_of_posts', 'عدد المنشورات', '2023-12-28 11:02:37', '2023-12-28 11:02:37'),
(8546, 'sa', 'recent_tab_popular_tab_and_most_comment_tab', 'علامة التبويب الأخيرة وعلامة التبويب الشائعة وعلامة التبويب الأكثر تعليقًا', '2023-12-28 11:02:37', '2023-12-28 11:02:37'),
(8547, 'sa', 'select_a_user_for_authur_widget', 'حدد مستخدمًا لأداة Authur', '2023-12-28 11:02:37', '2023-12-28 11:02:37'),
(8548, 'sa', 'author_designation', 'تسمية المؤلف', '2023-12-28 11:02:37', '2023-12-28 11:02:37'),
(8549, 'sa', 'author_image', 'صورة المؤلف', '2023-12-28 11:02:37', '2023-12-28 11:02:37'),
(8550, 'sa', 'header_variations', 'اختلافات الرأس', '2023-12-28 11:02:37', '2023-12-28 11:02:37'),
(8551, 'sa', 'choose_header_variation_from_here', 'اختر اختلاف الرأس من هنا.', '2023-12-28 11:02:37', '2023-12-28 11:02:37'),
(8552, 'sa', 'header_top', 'رأس أعلى', '2023-12-28 11:02:37', '2023-12-28 11:02:37'),
(8553, 'sa', 'header_top_text_color', 'لون النص العلوي للرأس', '2023-12-28 11:02:37', '2023-12-28 11:02:37'),
(8554, 'sa', 'header_top_background_color', 'رأس أعلى لون الخلفية', '2023-12-28 11:02:37', '2023-12-28 11:02:37'),
(8555, 'sa', 'header_main_menu_text_color', 'لون نص القائمة الرئيسية للرأس', '2023-12-28 11:02:37', '2023-12-28 11:02:37'),
(8556, 'sa', 'header_main_menu_hover_color', 'رأس القائمة الرئيسية تحوم اللون', '2023-12-28 11:02:37', '2023-12-28 11:02:37'),
(8557, 'sa', 'header_middle_background_color', 'لون الخلفية الوسطى للرأس', '2023-12-28 11:02:37', '2023-12-28 11:02:37'),
(8558, 'sa', 'header_bottom_background_color', 'رأس أسفل لون الخلفية', '2023-12-28 11:02:37', '2023-12-28 11:02:37'),
(8559, 'sa', 'header_bottom_social_option', 'رأس أسفل الخيار الاجتماعي', '2023-12-28 11:02:37', '2023-12-28 11:02:37'),
(8560, 'sa', 'switch_header_bottom_social_option', 'تبديل الخيار الاجتماعي السفلي للرأس.', '2023-12-28 11:02:37', '2023-12-28 11:02:37'),
(8561, 'sa', 'header_bottom_social_icon_color', 'لون الرمز الاجتماعي السفلي للرأس', '2023-12-28 11:02:37', '2023-12-28 11:02:37'),
(8562, 'sa', 'header_bottom_social_background_color', 'لون الخلفية الاجتماعية للرأس السفلي', '2023-12-28 11:02:37', '2023-12-28 11:02:37'),
(8563, 'sa', 'header_bottom_social_icon_hover_color', 'لون رأس الصفحة السفلية للرمز الاجتماعي', '2023-12-28 11:02:37', '2023-12-28 11:02:37'),
(8564, 'sa', 'header_bottom_social_background_hover_color', 'لون الخلفية الاجتماعية للرأس السفلي', '2023-12-28 11:02:37', '2023-12-28 11:02:37'),
(8565, 'sa', 'breaking_news_option', 'خيار الأخبار العاجلة', '2023-12-28 11:02:37', '2023-12-28 11:02:37'),
(8566, 'sa', 'breaking_news_variations', 'الأخبار العاجلة الاختلافات', '2023-12-28 11:02:37', '2023-12-28 11:02:37'),
(8567, 'sa', 'choose_breaking_news_variation_from_here', 'اختر صيغة الأخبار العاجلة من هنا.', '2023-12-28 11:02:37', '2023-12-28 11:02:37'),
(8568, 'sa', 'breaking_news_position', 'موقف الأخبار العاجلة', '2023-12-28 11:02:37', '2023-12-28 11:02:37'),
(8569, 'sa', 'choose_breaking_news_position', 'اختر موضع الأخبار العاجلة.', '2023-12-28 11:02:37', '2023-12-28 11:02:37'),
(8570, 'sa', 'breaking_news_text', 'نص الأخبار العاجلة', '2023-12-28 11:02:37', '2023-12-28 11:02:37'),
(8571, 'sa', 'breaking_news_variation_1_background_color', 'الأخبار العاجلة الاختلاف 1 لون الخلفية', '2023-12-28 11:02:37', '2023-12-28 11:02:37'),
(8572, 'sa', 'ads', 'إعلانات', '2023-12-28 11:02:37', '2023-12-28 11:02:37'),
(8573, 'sa', 'set_ads_image', 'تعيين صورة الإعلانات.', '2023-12-28 11:02:37', '2023-12-28 11:02:37'),
(8574, 'sa', 'header_main_background_color', 'لون الخلفية الرئيسية للرأس', '2023-12-28 11:02:37', '2023-12-28 11:02:37'),
(8575, 'sa', 'header_middle_social_option', 'رأس الخيار الاجتماعي الأوسط', '2023-12-28 11:02:37', '2023-12-28 11:02:37'),
(8576, 'sa', 'switch_header_middle_social_option', 'تبديل الخيار الاجتماعي الأوسط للرأس.', '2023-12-28 11:02:37', '2023-12-28 11:02:37'),
(8577, 'sa', 'header_middle_social_icon_color', 'لون الرمز الاجتماعي الأوسط للرأس', '2023-12-28 11:02:37', '2023-12-28 11:02:37'),
(8578, 'sa', 'header_middle_social_background_color', 'لون الخلفية الاجتماعية الوسطى للرأس', '2023-12-28 11:02:37', '2023-12-28 11:02:37'),
(8579, 'sa', 'header_middle_social_icon_hover_color', 'لون رأس الرمز الاجتماعي الأوسط', '2023-12-28 11:02:37', '2023-12-28 11:02:37'),
(8580, 'sa', 'header_middle_social_background_hover_color', 'لون الخلفية الاجتماعية الوسطى للرأس', '2023-12-28 11:02:37', '2023-12-28 11:02:37'),
(8581, 'sa', 'header_bottom_menu_text_color', 'لون نص القائمة السفلية للرأس', '2023-12-28 11:02:37', '2023-12-28 11:02:37'),
(8582, 'sa', 'header_bottom_menu_hover_color', 'رأس القائمة السفلية تحوم اللون', '2023-12-28 11:02:37', '2023-12-28 11:02:37'),
(8583, 'sa', 'widget_position_updated_successfully', 'تم تحديث موضع القطعة بنجاح', '2023-12-28 11:02:37', '2023-12-28 11:02:37'),
(8584, 'sa', 'widget_order_updated_successfully', 'تم تحديث ترتيب القطعة بنجاح', '2023-12-28 11:02:37', '2023-12-28 11:02:37'),
(8585, 'sa', 'new_section_created_successfully', 'تم إنشاء قسم جديد بنجاح', '2023-12-28 11:02:37', '2023-12-28 11:02:37'),
(8586, 'sa', 'section_sorted_successfully', 'تم فرز القسم بنجاح', '2023-12-28 11:02:37', '2023-12-28 11:02:37'),
(8587, 'sa', 'section_removed_successfully', 'تمت إزالة القسم بنجاح', '2023-12-28 11:02:37', '2023-12-28 11:02:37'),
(8588, 'sa', 'link', 'وصلة', '2023-12-28 11:02:37', '2023-12-28 11:02:37'),
(8589, 'sa', 'ads_url', 'عنوان URL للإعلانات', '2023-12-28 11:02:37', '2023-12-28 11:02:37'),
(8590, 'sa', 'open_in_new_window', 'افتح في نافذة جديدة', '2023-12-28 11:02:37', '2023-12-28 11:02:37'),
(8591, 'sa', 'widget_removed_successfully', 'تمت إزالة القطعة بنجاح', '2023-12-28 11:02:37', '2023-12-28 11:02:37'),
(8592, 'sa', 'widget_added_successfully', 'تمت إضافة القطعة بنجاح', '2023-12-28 11:02:37', '2023-12-28 11:02:37'),
(8593, 'sa', 'newsletter_short_desc', 'النشرة الإخبارية وصف قصير', '2023-12-28 11:02:37', '2023-12-28 11:02:37'),
(8594, 'sa', 'name_placeholder', 'اسم العنصر النائب', '2023-12-28 11:02:37', '2023-12-28 11:02:37'),
(8595, 'sa', 'subject_placeholder', 'العنصر النائب للموضوع', '2023-12-28 11:02:37', '2023-12-28 11:02:37'),
(8596, 'sa', 'message_placeholder', 'العنصر النائب للرسالة', '2023-12-28 11:02:37', '2023-12-28 11:02:37'),
(8597, 'sa', 'button_placeholder', 'العنصر النائب للزر', '2023-12-28 11:02:37', '2023-12-28 11:02:37'),
(8598, 'sa', 'submit_button_alignment', 'إرسال محاذاة الزر', '2023-12-28 11:02:37', '2023-12-28 11:02:37'),
(8599, 'sa', 'search_placeholder', 'البحث في العنصر النائب', '2023-12-28 11:02:37', '2023-12-28 11:02:37'),
(8600, 'sa', 'voting', 'التصويت', '2023-12-28 11:02:37', '2023-12-28 11:02:37'),
(8601, 'sa', 'votes', 'الأصوات', '2023-12-28 11:02:37', '2023-12-28 11:02:37'),
(8602, 'sa', 'add_vote', 'أضف التصويت', '2023-12-28 11:02:37', '2023-12-28 11:02:37'),
(8603, 'sa', 'vote_deleted_successfully', 'تم حذف التصويت بنجاح', '2023-12-28 11:02:37', '2023-12-28 11:02:37'),
(8604, 'sa', 'edit_vote', 'تحرير التصويت', '2023-12-28 11:02:37', '2023-12-28 11:02:37'),
(8605, 'sa', 'vote_end', 'نهاية التصويت', '2023-12-28 11:02:37', '2023-12-28 11:02:37'),
(8606, 'sa', 'voting_featured_image', 'صورة التصويت المميزة', '2023-12-28 11:02:37', '2023-12-28 11:02:37'),
(8607, 'sa', 'options', 'خيارات', '2023-12-28 11:02:37', '2023-12-28 11:02:37'),
(8608, 'sa', 'option', 'خيار', '2023-12-28 11:02:37', '2023-12-28 11:02:37'),
(8609, 'sa', 'title_field_is_required', 'حقل العنوان مطلوب', '2023-12-28 11:02:37', '2023-12-28 11:02:37'),
(8610, 'sa', 'date_field_is_required', 'حقل التاريخ مطلوب', '2023-12-28 11:02:37', '2023-12-28 11:02:37'),
(8611, 'sa', 'option_field_is_required', 'حقل الخيار مطلوب', '2023-12-28 11:02:37', '2023-12-28 11:02:37'),
(8612, 'sa', 'vote_update_successfully', 'تم تحديث التصويت بنجاح', '2023-12-28 11:02:37', '2023-12-28 11:02:37'),
(8613, 'sa', 'theme_primary_color', 'اللون الأساسي للموضوع', '2023-12-28 11:02:37', '2023-12-28 11:02:37'),
(8614, 'sa', 'set_theme_primary_color', 'تعيين اللون الأساسي للموضوع', '2023-12-28 11:02:37', '2023-12-28 11:02:37'),
(8615, 'sa', 'no_section_found', 'لم يتم العثور على أي قسم', '2023-12-28 11:02:37', '2023-12-28 11:02:37'),
(8616, 'sa', 'header_variation', 'اختلاف الرأس', '2023-12-28 11:02:37', '2023-12-28 11:02:37'),
(8617, 'sa', 'footer_variation', 'تنوع التذييل', '2023-12-28 11:02:37', '2023-12-28 11:02:37'),
(8618, 'sa', 'footer_variations', 'اختلافات التذييل', '2023-12-28 11:02:37', '2023-12-28 11:02:37'),
(8619, 'sa', 'choose_footer_variation_from_here', 'اختر صيغة التذييل من هنا.', '2023-12-28 11:02:37', '2023-12-28 11:02:37'),
(8620, 'sa', 'newsletter_on_footer', 'النشرة الإخبارية على التذييل', '2023-12-28 11:02:37', '2023-12-28 11:02:37'),
(8621, 'sa', 'footer_newsletter_position', 'موضع تذييل النشرة الإخبارية', '2023-12-28 11:02:37', '2023-12-28 11:02:37'),
(8622, 'sa', 'choose_footer_newsletter_position', 'اختر موضع تذييل الرسالة الإخبارية.', '2023-12-28 11:02:37', '2023-12-28 11:02:37'),
(8623, 'sa', 'footer_newsletter_background_color', 'لون خلفية الرسالة الإخبارية في التذييل', '2023-12-28 11:02:37', '2023-12-28 11:02:37'),
(8624, 'sa', 'footer_newsletter_button_color', 'لون زر الرسالة الإخبارية للتذييل', '2023-12-28 11:02:37', '2023-12-28 11:02:37'),
(8625, 'sa', 'footer_newsletter_button_text_color', 'لون نص زر الرسالة الإخبارية للتذييل', '2023-12-28 11:02:37', '2023-12-28 11:02:37'),
(8626, 'sa', 'newsletter_social_icon_color', 'لون أيقونة النشرة الاجتماعية', '2023-12-28 11:02:37', '2023-12-28 11:02:37'),
(8627, 'sa', 'newsletter_social_background_color', 'لون الخلفية الاجتماعية للنشرة الإخبارية', '2023-12-28 11:02:37', '2023-12-28 11:02:37'),
(8628, 'sa', 'newsletter_social_icon_hover_color', 'أيقونة النشرة الاجتماعية تحوم اللون', '2023-12-28 11:02:37', '2023-12-28 11:02:37'),
(8629, 'sa', 'newsletter_social_background_hover_color', 'لون الخلفية الاجتماعية للنشرة الإخبارية', '2023-12-28 11:02:37', '2023-12-28 11:02:37'),
(8630, 'sa', 'footer_widget_background_color', 'لون خلفية القطعة التذييلية', '2023-12-28 11:02:37', '2023-12-28 11:02:37'),
(8631, 'sa', 'footer_widget_title_color', 'لون عنوان عنصر واجهة المستخدم', '2023-12-28 11:02:37', '2023-12-28 11:02:37'),
(8632, 'sa', 'footer_widget_title_after_color', 'عنوان القطعة التذييلية بعد اللون', '2023-12-28 11:02:37', '2023-12-28 11:02:37'),
(8633, 'sa', 'footer_widget_text_color', 'لون نص أداة التذييل', '2023-12-28 11:02:37', '2023-12-28 11:02:37'),
(8634, 'sa', 'footer_widget_anchor_hover_color', 'لون مرساة أداة التذييل', '2023-12-28 11:02:37', '2023-12-28 11:02:37'),
(8635, 'sa', 'footer_bottom_background_color', 'لون الخلفية السفلية للتذييل', '2023-12-28 11:02:37', '2023-12-28 11:02:37'),
(8636, 'sa', 'footer_bottom_menu', 'القائمة السفلية للتذييل', '2023-12-28 11:02:37', '2023-12-28 11:02:37'),
(8637, 'sa', 'choose_footer_bottom_menu', 'اختر القائمة السفلية للتذييل.', '2023-12-28 11:02:37', '2023-12-28 11:02:37'),
(8638, 'sa', 'footer_middle_background_color', 'لون الخلفية الوسطى للتذييل', '2023-12-28 11:02:37', '2023-12-28 11:02:37'),
(8639, 'sa', 'footer_middle_text', 'تذييل النص الأوسط', '2023-12-28 11:02:37', '2023-12-28 11:02:37'),
(8640, 'sa', 'footer_middle_text_color', 'لون النص الأوسط للتذييل', '2023-12-28 11:02:37', '2023-12-28 11:02:37'),
(8641, 'sa', 'footer_middle_social_icon_color', 'لون رمز التذييل الاجتماعي الأوسط', '2023-12-28 11:02:37', '2023-12-28 11:02:37'),
(8642, 'sa', 'footer_middle_social_background_color', 'لون الخلفية الاجتماعية الوسطى للتذييل', '2023-12-28 11:02:37', '2023-12-28 11:02:37'),
(8643, 'sa', 'footer_middle_social_icon_hover_color', 'لون رمز التذييل الاجتماعي الأوسط', '2023-12-28 11:02:37', '2023-12-28 11:02:37'),
(8644, 'sa', 'footer_middle_social_background_hover_color', 'لون الخلفية الاجتماعية للتذييل الأوسط', '2023-12-28 11:02:37', '2023-12-28 11:02:37'),
(8645, 'sa', 'style', 'أسلوب', '2023-12-28 11:02:37', '2023-12-28 11:02:37'),
(8646, 'sa', 'none', 'لا أحد', '2023-12-28 11:02:37', '2023-12-28 11:02:37'),
(8647, 'sa', 'media_file', 'ملف وسائط', '2023-12-28 11:02:37', '2023-12-28 11:02:37'),
(8648, 'sa', 'custom_url', 'عنوان URL مخصص', '2023-12-28 11:02:37', '2023-12-28 11:02:37'),
(8649, 'sa', 'your_link', 'وصلتك', '2023-12-28 11:02:37', '2023-12-28 11:02:37'),
(8650, 'sa', 'image_alignment', 'محاذاة الصورة', '2023-12-28 11:02:37', '2023-12-28 11:02:37'),
(8651, 'sa', 'width', 'عرض', '2023-12-28 11:02:37', '2023-12-28 11:02:37'),
(8652, 'sa', 'max_width', 'أقصى عرض', '2023-12-28 11:02:37', '2023-12-28 11:02:37'),
(8653, 'sa', 'height', 'ارتفاع', '2023-12-28 11:02:37', '2023-12-28 11:02:37'),
(8654, 'sa', 'number_of_categories', 'عدد الفئات', '2023-12-28 11:02:37', '2023-12-28 11:02:37'),
(8655, 'sa', 'number_of_tags', 'عدد العلامات', '2023-12-28 11:02:37', '2023-12-28 11:02:37'),
(8656, 'sa', 'comment_count', 'تعليق العد', '2023-12-28 11:02:37', '2023-12-28 11:02:37'),
(8657, 'sa', 'address', 'عنوان', '2023-12-28 11:02:37', '2023-12-28 11:02:37'),
(8658, 'sa', 'mail', 'بريد', '2023-12-28 11:02:37', '2023-12-28 11:02:37'),
(8659, 'sa', 'phone', 'هاتف', '2023-12-28 11:02:37', '2023-12-28 11:02:37'),
(8660, 'sa', 'sidebar_updated', 'تم تحديث الشريط الجانبي', '2023-12-28 11:02:37', '2023-12-28 11:02:37'),
(8661, 'sa', 'type_of_posts', 'نوع المشاركات', '2023-12-28 11:02:37', '2023-12-28 11:02:37'),
(8662, 'sa', 'login_credentials_does_not_match', 'بيانات اعتماد تسجيل الدخول غير متطابقة', '2023-12-28 11:02:37', '2023-12-28 11:02:37'),
(8663, 'sa', 'edit_comment', 'تعديل التعليق', '2023-12-28 11:02:37', '2023-12-28 11:02:37'),
(8664, 'sa', 'post_update_failed', 'فشل نشر التحديث', '2023-12-28 11:02:37', '2023-12-28 11:02:37'),
(8665, 'sa', 'please_insert_author_name', 'الرجاء إدخال اسم المؤلف', '2023-12-28 11:02:37', '2023-12-28 11:02:37'),
(8666, 'sa', 'author_maximum_length_is_50', 'الحد الأقصى لطول المؤلف هو 50', '2023-12-28 11:02:37', '2023-12-28 11:02:37'),
(8667, 'sa', 'please_insert_author_email', 'الرجاء إدخال البريد الإلكتروني للمؤلف', '2023-12-28 11:02:37', '2023-12-28 11:02:37'),
(8668, 'sa', 'email_is_not_valid', 'البريد الإلكتروني غير صالح', '2023-12-28 11:02:37', '2023-12-28 11:02:37'),
(8669, 'sa', 'please_write_some_comment', 'يرجى كتابة بعض التعليق', '2023-12-28 11:02:37', '2023-12-28 11:02:37'),
(8670, 'sa', 'comment_status_is_required', 'حالة التعليق مطلوبة', '2023-12-28 11:02:37', '2023-12-28 11:02:37'),
(8671, 'sa', 'submitted_field_must_not_be_empty', 'يجب ألا يكون الحقل المقدم فارغًا', '2023-12-28 11:02:37', '2023-12-28 11:02:37'),
(8672, 'sa', 'comment_update_successfully', 'تم تحديث التعليق بنجاح', '2023-12-28 11:02:37', '2023-12-28 11:02:37'),
(8673, 'sa', 'setup_open_ai_settings', 'الإعداد افتح إعدادات الذكاء الاصطناعي', '2023-12-28 11:02:37', '2023-12-28 11:02:37'),
(8674, 'sa', 'default_openai_model', 'نموذج OpenAI الافتراضي', '2023-12-28 11:02:37', '2023-12-28 11:02:37'),
(8675, 'sa', 'openai_secret_key', 'OpenAI المفتاح السري', '2023-12-28 11:02:37', '2023-12-28 11:02:37'),
(8676, 'sa', 'enter_secret_key', 'أدخل المفتاح السري', '2023-12-28 11:02:37', '2023-12-28 11:02:37'),
(8677, 'sa', 'general_settings_updated_successfully', 'تم تحديث الإعدادات العامة بنجاح', '2023-12-28 11:02:37', '2023-12-28 11:02:37'),
(8678, 'sa', 'registration_successful_please_login', 'تم التسجيل بنجاح. الرجاء تسجيل الدخول', '2023-12-28 11:02:37', '2023-12-28 11:02:37'),
(8679, 'sa', 'name_field_is_required', 'حقل الاسم مطلوب', '2023-12-28 11:02:37', '2023-12-28 11:02:37'),
(8680, 'sa', 'name_field_maximum_value_is_100_characters', 'الحد الأقصى لقيمة حقل الاسم هو 100 حرف', '2023-12-28 11:02:37', '2023-12-28 11:02:37'),
(8681, 'sa', 'email_field_is_required', 'حقل البريد الإلكتروني مطلوب', '2023-12-28 11:02:37', '2023-12-28 11:02:37'),
(8682, 'sa', 'email_must_be_a_valid_email', 'يجب أن يكون البريد الإلكتروني بريدًا إلكترونيًا صالحًا', '2023-12-28 11:02:37', '2023-12-28 11:02:37'),
(8683, 'sa', 'an_account_with_this_email_already_exists', 'يوجد حساب بهذا البريد الإلكتروني بالفعل', '2023-12-28 11:02:37', '2023-12-28 11:02:37'),
(8684, 'sa', 'the_image_must_be_a_file_of_type_png_jpg_jpeg_svg', 'يجب أن تكون الصورة ملفًا من النوع: png، jpg، jpeg، svg.', '2023-12-28 11:02:37', '2023-12-28 11:02:37'),
(8685, 'sa', 'the_image_maximum_size_is_100_kilobytes', 'الحد الأقصى لحجم الصورة هو 100 كيلو بايت.', '2023-12-28 11:02:37', '2023-12-28 11:02:37'),
(8686, 'sa', 'profile_updated_successfully', 'تم تحديث الملف الشخصي بنجاح', '2023-12-28 11:02:37', '2023-12-28 11:02:37'),
(8687, 'sa', 'update_user', 'تحديث المستخدم', '2023-12-28 11:02:37', '2023-12-28 11:02:37'),
(8688, 'sa', 'profile_picture', 'الصوره الشخصيه', '2023-12-28 11:02:37', '2023-12-28 11:02:37'),
(8689, 'sa', 'give_your_name', 'ذكر اسمك', '2023-12-28 11:02:37', '2023-12-28 11:02:37'),
(8690, 'sa', 'give_your_email_address', 'أعط عنوان بريدك الإلكتروني', '2023-12-28 11:02:37', '2023-12-28 11:02:37'),
(8691, 'sa', 'assign_role', 'تعيين الدور', '2023-12-28 11:02:37', '2023-12-28 11:02:37'),
(8692, 'sa', 'select_a_role', 'حدد دورًا', '2023-12-28 11:02:37', '2023-12-28 11:02:37'),
(8693, 'sa', 'profile_pic_is_required', 'صورة الملف الشخصي مطلوبة', '2023-12-28 11:02:37', '2023-12-28 11:02:37'),
(8694, 'sa', 'invalid_selection', 'التحديد غير صالح', '2023-12-28 11:02:37', '2023-12-28 11:02:37'),
(8695, 'sa', 'user_updated_successfully', 'تم تحديث المستخدم بنجاح', '2023-12-28 11:02:37', '2023-12-28 11:02:37'),
(8696, 'sa', 'install_themes', 'تثبيت السمات', '2023-12-28 11:02:37', '2023-12-28 11:02:37'),
(8697, 'sa', 'zip_file', 'ملف مضغوط', '2023-12-28 11:02:37', '2023-12-28 11:02:37'),
(8698, 'sa', 'install', 'ثَبَّتَ', '2023-12-28 11:02:37', '2023-12-28 11:02:37'),
(8699, 'sa', 'theme_install_successfully', 'تم تثبيت الموضوع بنجاح', '2023-12-28 11:02:37', '2023-12-28 11:02:37'),
(8700, 'sa', 'theme_activate_successfully', 'تم تفعيل الموضوع بنجاح', '2023-12-28 11:02:37', '2023-12-28 11:02:37'),
(8701, 'sa', 'plugings', 'المقابس', '2023-12-28 11:02:37', '2023-12-28 11:02:37'),
(8702, 'sa', 'plugin_creating_guide', 'دليل إنشاء البرنامج المساعد', '2023-12-28 11:02:37', '2023-12-28 11:02:37'),
(8703, 'sa', 'install_plugin', 'تثبيت البرنامج المساعد', '2023-12-28 11:02:37', '2023-12-28 11:02:37'),
(8704, 'sa', 'deactivate', 'إلغاء التنشيط', '2023-12-28 11:02:37', '2023-12-28 11:02:37'),
(8705, 'sa', 'deactive_confirmation', 'تأكيد التعطيل', '2023-12-28 11:02:37', '2023-12-28 11:02:37'),
(8706, 'sa', 'are_you_sure_to_deactive_this_plugin', 'هل أنت متأكد من إلغاء تنشيط هذا البرنامج المساعد', '2023-12-28 11:02:37', '2023-12-28 11:02:37'),
(8707, 'sa', 'are_you_sure_to_active_this_plugin', 'هل أنت متأكد من تفعيل هذا البرنامج المساعد', '2023-12-28 11:02:37', '2023-12-28 11:02:37'),
(8708, 'sa', 'give_purchase_key_to_activate_this_plugin', 'أعط مفتاح الشراء لتنشيط هذا البرنامج المساعد', '2023-12-28 11:02:37', '2023-12-28 11:02:37'),
(8709, 'sa', 'theme_deleted_successfully', 'تم حذف الموضوع بنجاح', '2023-12-28 11:02:37', '2023-12-28 11:02:37'),
(8710, 'sa', 'nothing_found', 'لم يتم العثور على شيء', '2023-12-28 11:02:37', '2023-12-28 11:02:37'),
(8711, 'sa', 'footer_logo', 'شعار التذييل', '2023-12-28 11:02:37', '2023-12-28 11:02:37'),
(8712, 'sa', 'set_footer_logo', 'تعيين شعار التذييل.', '2023-12-28 11:02:37', '2023-12-28 11:02:37'),
(8713, 'sa', 'site_seo__settings', 'إعدادات سيو الموقع', '2023-12-28 11:02:37', '2023-12-28 11:02:37'),
(8714, 'sa', 'meta_keywords', 'كلمات دلالية', '2023-12-28 11:02:37', '2023-12-28 11:02:37'),
(8715, 'sa', 'seo_update_successfully', 'تم تحديث السيو بنجاح', '2023-12-28 11:02:37', '2023-12-28 11:02:37'),
(8716, 'sa', 'page_home_status_updated', 'تم تحديث حالة الصفحة الرئيسية', '2023-12-28 11:02:37', '2023-12-28 11:02:37'),
(8717, 'sa', 'smtp_configuration', 'تكوين SMTP', '2023-12-28 11:02:37', '2023-12-28 11:02:37'),
(8718, 'sa', 'email_configuration', 'تكوين البريد الإلكتروني', '2023-12-28 11:02:37', '2023-12-28 11:02:37'),
(8719, 'sa', 'type', 'يكتب', '2023-12-28 11:02:37', '2023-12-28 11:02:37'),
(8720, 'sa', 'smtp', 'com.smtp', '2023-12-28 11:02:37', '2023-12-28 11:02:37'),
(8721, 'sa', 'sendmail', 'ارسل بريد', '2023-12-28 11:02:37', '2023-12-28 11:02:37'),
(8722, 'sa', 'mailgun', 'بريد', '2023-12-28 11:02:37', '2023-12-28 11:02:37'),
(8723, 'sa', 'mail_host', 'مضيف البريد', '2023-12-28 11:02:37', '2023-12-28 11:02:37'),
(8724, 'sa', 'mail_port', 'ميناء البريد', '2023-12-28 11:02:37', '2023-12-28 11:02:37'),
(8725, 'sa', 'mail_username', 'اسم مستخدم البريد', '2023-12-28 11:02:37', '2023-12-28 11:02:37'),
(8726, 'sa', 'mail_password', 'كلمة مرور البريد', '2023-12-28 11:02:37', '2023-12-28 11:02:37'),
(8727, 'sa', 'mail_encryption', 'تشفير البريد', '2023-12-28 11:02:37', '2023-12-28 11:02:37'),
(8728, 'sa', 'mail_from_address', 'البريد من العنوان', '2023-12-28 11:02:37', '2023-12-28 11:02:37'),
(8729, 'sa', 'mail_from_name', 'البريد من الاسم', '2023-12-28 11:02:37', '2023-12-28 11:02:37'),
(8730, 'sa', 'mailgun_domain', 'مجال ميلجون', '2023-12-28 11:02:37', '2023-12-28 11:02:37'),
(8731, 'sa', 'mailgun_secret', 'سر مايلجون', '2023-12-28 11:02:37', '2023-12-28 11:02:37'),
(8732, 'sa', 'send_test_mail', 'إرسال بريد الاختبار', '2023-12-28 11:02:37', '2023-12-28 11:02:37'),
(8733, 'sa', 'subject', 'موضوع', '2023-12-28 11:02:37', '2023-12-28 11:02:37'),
(8734, 'sa', 'message', 'رسالة', '2023-12-28 11:02:37', '2023-12-28 11:02:37'),
(8735, 'sa', 'send', 'يرسل', '2023-12-28 11:02:37', '2023-12-28 11:02:37'),
(8736, 'sa', 'no', 'لا.', '2023-12-28 11:02:37', '2023-12-28 11:02:37'),
(8737, 'sa', 'template', 'نموذج', '2023-12-28 11:02:37', '2023-12-28 11:02:37'),
(8738, 'sa', 'details', 'تفاصيل', '2023-12-28 11:02:37', '2023-12-28 11:02:37'),
(8739, 'sa', 'enter_email_subject', 'أدخل موضوع البريد الإلكتروني', '2023-12-28 11:02:37', '2023-12-28 11:02:37'),
(8740, 'sa', 'variables', 'المتغيرات', '2023-12-28 11:02:37', '2023-12-28 11:02:37'),
(8741, 'sa', 'email_template_updated_successful', 'تم تحديث قالب البريد الإلكتروني بنجاح', '2023-12-28 11:02:37', '2023-12-28 11:02:37'),
(8742, 'sa', 'placeholder_image', 'صورة العنصر النائب', '2023-12-28 11:02:37', '2023-12-28 11:02:37'),
(8743, 'sa', 'media_thumbnails_sizes', 'أحجام الصور المصغرة للوسائط', '2023-12-28 11:02:37', '2023-12-28 11:02:37'),
(8744, 'sa', 'large_thumb_image_size', 'حجم صورة الإبهام كبير', '2023-12-28 11:02:37', '2023-12-28 11:02:37'),
(8745, 'sa', 'large_thumb_image_width', 'عرض صورة الإبهام كبير', '2023-12-28 11:02:37', '2023-12-28 11:02:37'),
(8746, 'sa', 'large_thumb_image_height', 'ارتفاع صورة الإبهام كبير', '2023-12-28 11:02:37', '2023-12-28 11:02:37'),
(8747, 'sa', 'medium_thumb_image_size', 'حجم صورة الإبهام المتوسط', '2023-12-28 11:02:37', '2023-12-28 11:02:37'),
(8748, 'sa', 'medium_thumb_image_width', 'عرض صورة الإبهام متوسط', '2023-12-28 11:02:37', '2023-12-28 11:02:37'),
(8749, 'sa', 'medium_thumb_image_height', 'ارتفاع متوسط ​​لصورة الإبهام', '2023-12-28 11:02:37', '2023-12-28 11:02:37'),
(8750, 'sa', 'small_thumb_image_size', 'حجم صورة الإبهام صغير', '2023-12-28 11:02:37', '2023-12-28 11:02:37'),
(8751, 'sa', 'small_thumb_image_width', 'عرض صورة الإبهام الصغيرة', '2023-12-28 11:02:37', '2023-12-28 11:02:37'),
(8752, 'sa', 'small_thumb_image_height', 'ارتفاع صورة الإبهام الصغيرة', '2023-12-28 11:02:37', '2023-12-28 11:02:37'),
(8753, 'sa', 'language_deleted_successfully', 'تم حذف اللغة بنجاح', '2023-12-28 11:02:37', '2023-12-28 11:02:37'),
(8754, 'sa', 'new_language', 'لغة جديدة', '2023-12-28 11:02:37', '2023-12-28 11:02:37'),
(8755, 'sa', 'type_name', 'أكتب اسم', '2023-12-28 11:02:37', '2023-12-28 11:02:37'),
(8756, 'sa', 'type__native_name', 'اكتب الاسم الأصلي', '2023-12-28 11:02:37', '2023-12-28 11:02:37'),
(8757, 'sa', 'select_a_option', 'حدد خيارًا', '2023-12-28 11:02:37', '2023-12-28 11:02:37'),
(8758, 'sa', 'translations_updated_successfully', 'تم تحديث الترجمات بنجاح', '2023-12-28 11:02:37', '2023-12-28 11:02:37'),
(8759, 'sa', 'site_map_generated_successfully', 'تم إنشاء خريطة الموقع بنجاح', '2023-12-28 11:02:37', '2023-12-28 11:02:37'),
(8760, 'sa', 'add_user', 'إضافة مستخدم', '2023-12-28 11:02:37', '2023-12-28 11:02:37'),
(8761, 'sa', 'give_your_password', 'أعط كلمة المرور الخاصة بك', '2023-12-28 11:02:37', '2023-12-28 11:02:37'),
(8762, 'sa', 'confirm_password', 'تأكيد كلمة المرور', '2023-12-28 11:02:37', '2023-12-28 11:02:37'),
(8763, 'sa', 'confirm_your_password', 'أكد رقمك السري', '2023-12-28 11:02:37', '2023-12-28 11:02:37'),
(8764, 'sa', 'add_role', 'أضف دور', '2023-12-28 11:02:37', '2023-12-28 11:02:37'),
(8765, 'sa', 'give_role_name', 'إعطاء اسم الدور', '2023-12-28 11:02:37', '2023-12-28 11:02:37'),
(8766, 'sa', 'module', 'وحدة', '2023-12-28 11:02:37', '2023-12-28 11:02:37'),
(8767, 'sa', 'feature', 'ميزة', '2023-12-28 11:02:37', '2023-12-28 11:02:37'),
(8768, 'sa', 'create', 'يخلق', '2023-12-28 11:02:37', '2023-12-28 11:02:37'),
(8769, 'sa', 'manage', 'يدير', '2023-12-28 11:02:37', '2023-12-28 11:02:37'),
(8770, 'sa', 'show_', 'يعرض', '2023-12-28 11:02:37', '2023-12-28 11:02:37'),
(8771, 'sa', 'create_', 'يخلق', '2023-12-28 11:02:37', '2023-12-28 11:02:37'),
(8772, 'sa', 'edit_', 'يحرر', '2023-12-28 11:02:37', '2023-12-28 11:02:37'),
(8773, 'sa', 'delete_', 'يمسح', '2023-12-28 11:02:37', '2023-12-28 11:02:37'),
(8774, 'sa', 'manage_', 'يدير', '2023-12-28 11:02:37', '2023-12-28 11:02:37'),
(8775, 'sa', 'update_role', 'تحديث الدور', '2023-12-28 11:02:37', '2023-12-28 11:02:37'),
(8776, 'sa', 'update_profile', 'تحديث الملف', '2023-12-28 11:02:37', '2023-12-28 11:02:37'),
(8777, 'sa', 'biography', 'سيرة شخصية', '2023-12-28 11:02:37', '2023-12-28 11:02:37'),
(8778, 'sa', 'not_more_than_200_characters', 'لا يزيد عن 200 حرفا', '2023-12-28 11:02:37', '2023-12-28 11:02:37'),
(8779, 'sa', 'give_you_biography', 'أعطيك السيرة الذاتية', '2023-12-28 11:02:37', '2023-12-28 11:02:37'),
(8780, 'sa', 'old_password', 'كلمة المرور القديمة', '2023-12-28 11:02:37', '2023-12-28 11:02:37'),
(8781, 'sa', 'social_info', 'المعلومات الاجتماعية', '2023-12-28 11:02:37', '2023-12-28 11:02:37'),
(8782, 'sa', 'set_the_default_social_from_theme_option_or_make_custom_social', 'قم بتعيين الخيار الاجتماعي الافتراضي من السمة أو قم بإنشاء اجتماعي مخصص.', '2023-12-28 11:02:37', '2023-12-28 11:02:37'),
(8783, 'sa', 'add_slide', 'أضف شريحة', '2023-12-28 11:02:37', '2023-12-28 11:02:37'),
(8784, 'sa', 'switch_enabled_to_display_preloader', 'تم تمكين التبديل لعرض أداة التحميل المسبق.', '2023-12-28 11:02:37', '2023-12-28 11:02:37'),
(8785, 'sa', 'preloader_style_type', 'نوع نمط التحميل المسبق', '2023-12-28 11:02:37', '2023-12-28 11:02:37'),
(8786, 'sa', 'control_preloader_style_type_if_you_use_this_option_then_you_will_able_to_set_lot_of_preloader_style', 'التحكم في نوع نمط التحميل المسبق. إذا استخدمت هذا الخيار، فسوف تتمكن من تعيين الكثير من أنماط التحميل المسبق', '2023-12-28 11:02:37', '2023-12-28 11:02:37'),
(8787, 'sa', 'custom_preloader_type', 'نوع التحميل المسبق المخصص', '2023-12-28 11:02:37', '2023-12-28 11:02:37');

INSERT INTO `tl_translations` (`id`, `lang`, `lang_key`, `lang_value`, `created_at`, `updated_at`) VALUES
(9233, 'br', 'header_bottom_menu_hover_color', 'Cor flutuante do menu inferior do cabeçalho', '2024-05-29 14:22:42', '2024-05-29 14:22:42'),
(9234, 'br', 'widget_position_updated_successfully', 'Posição do widget atualizada com sucesso', '2024-05-29 14:22:42', '2024-05-29 14:22:42'),
(9235, 'br', 'widget_order_updated_successfully', 'Pedido de widget atualizado com sucesso', '2024-05-29 14:22:42', '2024-05-29 14:22:42'),
(9236, 'br', 'new_section_created_successfully', 'Nova seção criada com sucesso', '2024-05-29 14:22:42', '2024-05-29 14:22:42'),
(9237, 'br', 'section_sorted_successfully', 'Seção classificada com sucesso', '2024-05-29 14:22:42', '2024-05-29 14:22:42'),
(9238, 'br', 'section_removed_successfully', 'Seção removida com sucesso', '2024-05-29 14:22:42', '2024-05-29 14:22:42'),
(9239, 'br', 'link', 'Link', '2024-05-29 14:22:42', '2024-05-29 14:22:42'),
(9240, 'br', 'ads_url', 'URL dos anúncios', '2024-05-29 14:22:42', '2024-05-29 14:22:42'),
(9241, 'br', 'open_in_new_window', 'Abrir em nova janela', '2024-05-29 14:22:42', '2024-05-29 14:22:42'),
(9242, 'br', 'widget_removed_successfully', 'Widget removido com sucesso', '2024-05-29 14:22:42', '2024-05-29 14:22:42'),
(9243, 'br', 'widget_added_successfully', 'Widget adicionado com sucesso', '2024-05-29 14:22:42', '2024-05-29 14:22:42'),
(9244, 'br', 'newsletter_short_desc', 'Breve descrição do boletim informativo', '2024-05-29 14:22:42', '2024-05-29 14:22:42'),
(9245, 'br', 'name_placeholder', 'Espaço reservado para nome', '2024-05-29 14:22:42', '2024-05-29 14:22:42'),
(9246, 'br', 'subject_placeholder', 'Espaço reservado para assunto', '2024-05-29 14:22:42', '2024-05-29 14:22:42'),
(9247, 'br', 'header_main_menu_hover_color', 'Cor de foco do menu principal do cabeçalho', '2024-05-29 14:23:36', '2024-05-29 14:23:36'),
(9248, 'br', 'header_middle_background_color', 'Cor de fundo do meio do cabeçalho', '2024-05-29 14:23:36', '2024-05-29 14:23:36'),
(9249, 'br', 'header_bottom_background_color', 'Cor de fundo da parte inferior do cabeçalho', '2024-05-29 14:23:36', '2024-05-29 14:23:36'),
(9250, 'br', 'header_bottom_social_option', 'Opção social inferior do cabeçalho', '2024-05-29 14:23:36', '2024-05-29 14:23:36'),
(9251, 'br', 'switch_header_bottom_social_option', 'Alternar opção social inferior do cabeçalho.', '2024-05-29 14:23:36', '2024-05-29 14:23:36'),
(9252, 'br', 'header_bottom_social_icon_color', 'Cor do ícone social inferior do cabeçalho', '2024-05-29 14:23:36', '2024-05-29 14:23:36'),
(9253, 'br', 'header_bottom_social_background_color', 'Cor de fundo social da parte inferior do cabeçalho', '2024-05-29 14:23:36', '2024-05-29 14:23:36'),
(9254, 'br', 'header_bottom_social_icon_hover_color', 'Cor de foco do ícone social inferior do cabeçalho', '2024-05-29 14:23:36', '2024-05-29 14:23:36'),
(9255, 'br', 'header_bottom_social_background_hover_color', 'Cor de foco do plano de fundo social da parte inferior do cabeçalho', '2024-05-29 14:23:36', '2024-05-29 14:23:36'),
(9256, 'br', 'breaking_news_option', 'Opção de notícias de última hora', '2024-05-29 14:23:36', '2024-05-29 14:23:36'),
(9257, 'br', 'breaking_news_variations', 'Variações de notícias de última hora', '2024-05-29 14:23:36', '2024-05-29 14:23:36'),
(9258, 'br', 'choose_breaking_news_variation_from_here', 'Escolha a variação das últimas notícias aqui.', '2024-05-29 14:23:36', '2024-05-29 14:23:36'),
(9259, 'br', 'breaking_news_position', 'Posição nas últimas notícias', '2024-05-29 14:23:36', '2024-05-29 14:23:36'),
(9260, 'br', 'choose_breaking_news_position', 'Escolha a posição das últimas notícias.', '2024-05-29 14:23:36', '2024-05-29 14:23:36'),
(9261, 'br', 'breaking_news_text', 'Texto de notícias de última hora', '2024-05-29 14:23:36', '2024-05-29 14:24:16'),
(9262, 'br', 'breaking_news_variation_1_background_color', 'Últimas notícias, variação 1, cor de fundo', '2024-05-29 14:23:36', '2024-05-29 14:24:16'),
(9263, 'br', 'ads', 'Publicidades', '2024-05-29 14:23:36', '2024-05-29 14:24:16'),
(9264, 'br', 'set_ads_image', 'Definir imagem de anúncios.', '2024-05-29 14:23:36', '2024-05-29 14:24:16'),
(9265, 'br', 'header_main_background_color', 'Cor de fundo principal do cabeçalho', '2024-05-29 14:23:36', '2024-05-29 14:24:16'),
(9266, 'br', 'header_middle_social_option', 'Opção social intermediária do cabeçalho', '2024-05-29 14:23:36', '2024-05-29 14:24:16'),
(9267, 'br', 'select_vote', 'Selecione Votar', '2024-05-29 14:25:39', '2024-05-29 14:25:39'),
(9268, 'br', 'widget_removed_from_sidebar', 'Widget removido da barra lateral', '2024-05-29 14:25:39', '2024-05-29 14:25:39'),
(9269, 'br', 'select_adsence', 'Selecione Adsense', '2024-05-29 14:25:39', '2024-05-29 14:25:39'),
(9270, 'br', 'if_you_select_adsense_it_will_be_overwrite_image_and_url_fields', 'Se você selecionar AdSense, os campos Imagem e URL serão substituídos.', '2024-05-29 14:25:39', '2024-05-29 14:25:39'),
(9271, 'br', 'newsletter_title', 'Título do boletim informativo', '2024-05-29 14:25:39', '2024-05-29 14:25:39'),
(9272, 'br', 'newsletter_subtitle', 'Legenda do boletim informativo', '2024-05-29 14:25:39', '2024-05-29 14:25:39'),
(9273, 'br', 'email_placeholder', 'Espaço reservado para e-mail', '2024-05-29 14:25:39', '2024-05-29 14:25:39'),
(9274, 'br', 'button_text', 'Botão de texto', '2024-05-29 14:25:39', '2024-05-29 14:25:39'),
(9275, 'br', 'number_of_comments', 'Número de comentários', '2024-05-29 14:25:39', '2024-05-29 14:25:39'),
(9276, 'br', 'number_of_posts', 'Número de posts', '2024-05-29 14:25:39', '2024-05-29 14:25:39'),
(9277, 'br', 'recent_tab_popular_tab_and_most_comment_tab', 'Guia Recente, Guia Popular e Guia Mais Comentários', '2024-05-29 14:25:39', '2024-05-29 14:25:39'),
(9278, 'br', 'select_a_user_for_authur_widget', 'Selecione um usuário para o widget do autor', '2024-05-29 14:25:39', '2024-05-29 14:25:39'),
(9279, 'br', 'author_designation', 'Designação do Autor', '2024-05-29 14:25:39', '2024-05-29 14:25:39'),
(9280, 'br', 'author_image', 'Imagem do autor', '2024-05-29 14:25:39', '2024-05-29 14:25:39'),
(9281, 'br', 'header_variations', 'Variações de cabeçalho', '2024-05-29 14:25:39', '2024-05-29 14:25:39'),
(9282, 'br', 'choose_header_variation_from_here', 'Escolha a variação do cabeçalho aqui.', '2024-05-29 14:25:39', '2024-05-29 14:25:39'),
(9283, 'br', 'header_top', 'Cabeçalho superior', '2024-05-29 14:25:39', '2024-05-29 14:25:39'),
(9284, 'br', 'header_top_text_color', 'Cor do texto superior do cabeçalho', '2024-05-29 14:25:39', '2024-05-29 14:25:39'),
(9285, 'br', 'header_top_background_color', 'Cor de fundo superior do cabeçalho', '2024-05-29 14:25:39', '2024-05-29 14:25:39'),
(9286, 'br', 'header_main_menu_text_color', 'Cor do texto do menu principal do cabeçalho', '2024-05-29 14:25:39', '2024-05-29 14:25:39'),
(9287, 'br', 'page_deleted_successfully', 'Página excluída com sucesso', '2024-05-29 14:27:03', '2024-05-29 14:27:03'),
(9288, 'br', 'page_deleting_failed', 'Falha ao excluir página', '2024-05-29 14:27:03', '2024-05-29 14:27:03'),
(9289, 'br', 'page_title', 'Título da página', '2024-05-29 14:27:03', '2024-05-29 14:27:03'),
(9290, 'br', 'add_title', 'Adicionar título', '2024-05-29 14:27:03', '2024-05-29 14:27:03'),
(9291, 'br', 'make_with_builder', 'Faça com o Construtor', '2024-05-29 14:27:03', '2024-05-29 14:27:03'),
(9292, 'br', 'page_attributes', 'Atributos da página', '2024-05-29 14:27:03', '2024-05-29 14:27:03'),
(9293, 'br', 'parents', 'Pais', '2024-05-29 14:27:03', '2024-05-29 14:27:03'),
(9294, 'br', 'select_a_parent_page', 'Selecione uma página pai', '2024-05-29 14:27:03', '2024-05-29 14:27:03'),
(9295, 'br', 'featured_image', 'Imagem em destaque', '2024-05-29 14:27:03', '2024-05-29 14:27:03'),
(9296, 'br', 'please_insert_page_title', 'Insira o título da página', '2024-05-29 14:27:03', '2024-05-29 14:27:03'),
(9297, 'br', 'this_title_is_already_available_please_insert_another', 'Este título já está disponível, insira outro', '2024-05-29 14:27:03', '2024-05-29 14:27:03'),
(9298, 'br', 'please_write_the_page_title_under_225_words', 'Escreva o título da página com menos de 225 palavras', '2024-05-29 14:27:03', '2024-05-29 14:27:03'),
(9299, 'br', 'something_went_wrong_please_select_parent_again', 'Algo deu errado, selecione o pai novamente', '2024-05-29 14:27:03', '2024-05-29 14:27:03'),
(9300, 'br', 'new_page_saved', 'Nova página salva', '2024-05-29 14:27:03', '2024-05-29 14:27:03'),
(9301, 'br', 'edit_page', 'Editar Página', '2024-05-29 14:27:03', '2024-05-29 14:27:03'),
(9302, 'br', 'page_updated_successfully', 'Página atualizada com sucesso', '2024-05-29 14:27:03', '2024-05-29 14:27:03'),
(9303, 'br', 'select_menu_group', 'Selecione o grupo de menus', '2024-05-29 14:27:03', '2024-05-29 14:27:03'),
(9304, 'br', 'done', 'Feito', '2024-05-29 14:27:03', '2024-05-29 14:27:03'),
(9305, 'br', 'widget_form_saved', 'Formulário de widget salvo', '2024-05-29 14:27:03', '2024-05-29 14:27:03'),
(9306, 'br', 'please_check_for_missing_field_or_invalid_data_and_try_again', 'Verifique se há campos ausentes ou dados inválidos e tente novamente.', '2024-05-29 14:27:03', '2024-05-29 14:27:03'),
(9307, 'br', 'tab', 'Aba', '2024-05-29 14:28:42', '2024-05-29 14:28:42'),
(9308, 'br', 'mobile', 'Móvel', '2024-05-29 14:28:42', '2024-05-29 14:28:42'),
(9309, 'br', 'padding', 'Preenchimento', '2024-05-29 14:28:42', '2024-05-29 14:28:42'),
(9310, 'br', 'margin', 'Margem', '2024-05-29 14:28:42', '2024-05-29 14:28:42'),
(9311, 'br', 'widget_properties_updated_successfully', 'Propriedades do widget atualizadas com sucesso', '2024-05-29 14:28:42', '2024-05-29 14:28:42'),
(9312, 'br', 'section_width', 'Largura da secção', '2024-05-29 14:28:42', '2024-05-29 14:28:42'),
(9313, 'br', 'container', 'Container', '2024-05-29 14:28:42', '2024-05-29 14:28:42'),
(9314, 'br', 'container_fluid', 'Container Fluid', '2024-05-29 14:28:42', '2024-05-29 14:28:42'),
(9315, 'br', 'vertical_alignment', 'Alinhamento vertical', '2024-05-29 14:28:42', '2024-05-29 14:28:42'),
(9316, 'br', 'featured_title', 'Título em destaque', '2024-05-29 14:28:42', '2024-05-29 14:28:42'),
(9317, 'br', 'most_popular_title', 'Título mais popular', '2024-05-29 14:28:42', '2024-05-29 14:28:42'),
(9318, 'br', 'most_viewed_title', 'Título mais visto', '2024-05-29 14:28:42', '2024-05-29 14:28:42'),
(9319, 'br', 'recent_title', 'Título recente', '2024-05-29 14:28:42', '2024-05-29 14:28:42'),
(9320, 'br', 'most_commented_title', 'Título mais comentado', '2024-05-29 14:28:42', '2024-05-29 14:28:42'),
(9321, 'br', 'section_properties_updated_successfully', 'Propriedades da seção atualizadas com sucesso', '2024-05-29 14:28:42', '2024-05-29 14:28:42'),
(9322, 'br', 'post_style', 'Estilo de postagem', '2024-05-29 14:28:42', '2024-05-29 14:28:42'),
(9323, 'br', 'post_count', 'Contagem de publicações', '2024-05-29 14:28:42', '2024-05-29 14:28:42'),
(9324, 'br', 'playlist_title', 'Título da lista de reprodução', '2024-05-29 14:28:42', '2024-05-29 14:28:42'),
(9325, 'br', 'menu_deleted_successfully', 'Menu excluído com sucesso', '2024-05-29 14:28:42', '2024-05-29 14:28:42'),
(9326, 'br', 'pages_bulk_delete_successful', 'Exclusão em massa de páginas bem-sucedida', '2024-05-29 14:28:42', '2024-05-29 14:28:42'),
(9327, 'br', 'new_blog_saved', 'Novo blog salvo', '2024-05-29 14:30:13', '2024-05-29 14:30:13'),
(9328, 'br', 'media_file_deleted_successfully', 'Arquivo de mídia excluído com sucesso', '2024-05-29 14:30:13', '2024-05-29 14:30:13'),
(9329, 'br', 'post_featured_status_changed_successfully', 'Status da postagem em destaque alterado com sucesso', '2024-05-29 14:30:13', '2024-05-29 14:30:13'),
(9330, 'br', 'background', 'Background', '2024-05-29 14:30:13', '2024-05-29 14:30:13'),
(9331, 'br', 'advanced', 'Avançado', '2024-05-29 14:30:13', '2024-05-29 14:30:13'),
(9332, 'br', 'widget_title', 'Título do widget', '2024-05-29 14:30:13', '2024-05-29 14:30:13'),
(9333, 'br', 'post_type', 'Tipo de postagem', '2024-05-29 14:30:13', '2024-05-29 14:30:13'),
(9334, 'br', 'recent_post', 'Postagem recente', '2024-05-29 14:30:13', '2024-05-29 14:30:13'),
(9335, 'br', 'featured_post', 'Postagem em destaque', '2024-05-29 14:30:13', '2024-05-29 14:30:13'),
(9336, 'br', 'most_commented_post', 'Postagem mais comentada', '2024-05-29 14:30:13', '2024-05-29 14:30:13'),
(9337, 'br', 'popular_post', 'Publicação popular', '2024-05-29 14:30:13', '2024-05-29 14:30:13'),
(9338, 'br', 'category_wise', 'Categoria Sábia', '2024-05-29 14:30:13', '2024-05-29 14:30:13'),
(9339, 'br', 'select_category', 'Selecione a Categoria', '2024-05-29 14:30:13', '2024-05-29 14:30:13'),
(9340, 'br', 'post_advance_style', 'Estilo pós-avanço', '2024-05-29 14:30:13', '2024-05-29 14:30:13'),
(9341, 'br', 'background_color', 'Cor de fundo', '2024-05-29 14:30:13', '2024-05-29 14:30:13'),
(9342, 'br', 'background_image', 'Imagem de fundo', '2024-05-29 14:30:13', '2024-05-29 14:30:13'),
(9343, 'br', 'background_size', 'Tamanho do plano de fundo', '2024-05-29 14:30:13', '2024-05-29 14:30:13'),
(9344, 'br', 'background_position', 'Posição de fundo', '2024-05-29 14:30:13', '2024-05-29 14:30:13'),
(9345, 'br', 'background_repeat', 'fundo de repetição', '2024-05-29 14:30:13', '2024-05-29 14:30:13'),
(9346, 'br', 'desktop', 'Área de Trabalho', '2024-05-29 14:30:13', '2024-05-29 14:30:13'),
(9347, 'br', 'something_went_wrong_please_select_category_again', 'Algo deu errado, selecione a categoria novamente', '2024-05-29 14:31:51', '2024-05-29 14:31:51'),
(9348, 'br', 'please_insert_a_valid_image', 'Insira uma imagem válida', '2024-05-29 14:31:51', '2024-05-29 14:31:51'),
(9349, 'br', 'please_write_some_content', 'Por favor, escreva algum conteúdo', '2024-05-29 14:31:51', '2024-05-29 14:31:51'),
(9350, 'br', 'please_select_a_valid_image', 'Selecione uma imagem válida', '2024-05-29 14:31:51', '2024-05-29 14:31:51'),
(9351, 'br', 'something_went_wrong_please_select_visibility_again', 'Algo deu errado. Selecione Visibilidade novamente', '2024-05-29 14:31:51', '2024-05-29 14:31:51'),
(9352, 'br', 'post_updated_successfully', 'Postagem atualizada com sucesso', '2024-05-29 14:31:51', '2024-05-29 14:31:51'),
(9353, 'br', 'category_cannot_be_deleted_there_are_posts_available', 'A categoria não pode ser excluída! Existem postagens disponíveis', '2024-05-29 14:31:51', '2024-05-29 14:31:51'),
(9354, 'br', 'ecommercecategory_cannot_be_deleted_there_are_posts_available', 'A categoria de comércio eletrônico não pode ser excluída! Existem postagens disponíveis', '2024-05-29 14:31:51', '2024-05-29 14:31:51'),
(9355, 'br', 'media_file_uploaded_successful', 'Arquivo de mídia enviado com sucesso', '2024-05-29 14:31:51', '2024-05-29 14:31:51'),
(9356, 'br', 'this_category_name_or_slug_is_already_available_please_insert_another', 'Este nome de categoria ou slug já está disponível. Insira outro', '2024-05-29 14:31:51', '2024-05-29 14:31:51'),
(9357, 'br', 'this_tag_name_or_slug_is_already_available_please_insert_another', 'Este nome de tag ou slug já está disponível. Insira outro', '2024-05-29 14:31:51', '2024-05-29 14:31:51'),
(9358, 'br', 'a_parent_category_cannot_be_deletedfirst_delete_the_child_category', 'Uma categoria pai não pode ser excluída. Primeiro, exclua a categoria filha', '2024-05-29 14:31:51', '2024-05-29 14:31:51'),
(9359, 'br', 'edit_post_category', 'Editar categoria de postagem', '2024-05-29 14:31:51', '2024-05-29 14:31:51'),
(9360, 'br', 'please_insert_a_name', 'Por favor insira um nome', '2024-05-29 14:31:51', '2024-05-29 14:31:51'),
(9361, 'br', 'please_write_the_category_name_under_225_words', 'Escreva o nome da categoria com menos de 225 palavras', '2024-05-29 14:31:51', '2024-05-29 14:31:51'),
(9362, 'br', 'post_category_update_failed', 'Falha na atualização da categoria de postagem', '2024-05-29 14:31:51', '2024-05-29 14:31:51'),
(9363, 'br', 'post_category_updated_successfully', 'Categoria de postagem atualizada com sucesso', '2024-05-29 14:31:51', '2024-05-29 14:31:51'),
(9364, 'br', 'post_category_deleted_successfully', 'Categoria de postagem excluída com sucesso', '2024-05-29 14:31:51', '2024-05-29 14:31:51'),
(9365, 'br', 'post_category_deleting_failed', 'Falha na exclusão da categoria de postagem', '2024-05-29 14:31:51', '2024-05-29 14:31:51'),
(9366, 'br', 'tag_bulk_deleted_successfully', 'Tag excluída em massa com sucesso', '2024-05-29 14:31:51', '2024-05-29 14:31:51'),
(9367, 'br', 'please_check_your_email_to_confirm_your_subscription', 'Verifique seu e-mail para confirmar sua assinatura', '2024-05-29 14:33:07', '2024-05-29 14:33:07'),
(9368, 'br', 'please_enter_a_valid_email', 'Por favor digite um email válido', '2024-05-29 14:33:07', '2024-05-29 14:33:07'),
(9369, 'br', 'mailchimp_api_key', 'Chave de API do Mailchimp', '2024-05-29 14:33:07', '2024-05-29 14:33:07'),
(9370, 'br', 'set_mailchimp_api_key', 'Definir chave de API do mailchimp', '2024-05-29 14:33:07', '2024-05-29 14:33:07'),
(9371, 'br', 'mailchimp_list_id', 'ID da lista Mailchimp', '2024-05-29 14:33:07', '2024-05-29 14:33:07'),
(9372, 'br', 'set_mailchimp_list_id', 'Defina o ID da lista mailchimp.', '2024-05-29 14:33:07', '2024-05-29 14:33:07'),
(9373, 'br', 'custom_sidebar_subscribe_style', 'Estilo de assinatura da barra lateral personalizada', '2024-05-29 14:33:07', '2024-05-29 14:33:07'),
(9374, 'br', 'set_custom_footer_subscribe_style', 'Definir estilo de assinatura de rodapé personalizado', '2024-05-29 14:33:07', '2024-05-29 14:33:07'),
(9375, 'br', 'newsletter_background_image', 'Imagem de fundo do boletim informativo', '2024-05-29 14:33:07', '2024-05-29 14:33:07'),
(9376, 'br', 'newsletter_title_color', 'Cor do título do boletim informativo', '2024-05-29 14:33:07', '2024-05-29 14:33:07'),
(9377, 'br', 'newsletter_subtitle_color', 'Cor da legenda do boletim informativo', '2024-05-29 14:33:07', '2024-05-29 14:33:07'),
(9378, 'br', 'newsletter_button_text_color', 'Cor do texto do botão do boletim informativo', '2024-05-29 14:33:07', '2024-05-29 14:33:07'),
(9379, 'br', 'edit_post', 'Editar post', '2024-05-29 14:33:07', '2024-05-29 14:33:07'),
(9380, 'br', 'what_is_the_primary_focus_of_your_post', 'Qual é o foco principal da sua postagem', '2024-05-29 14:33:07', '2024-05-29 14:33:07'),
(9381, 'br', 'add_new', 'Adicionar novo', '2024-05-29 14:33:07', '2024-05-29 14:33:07'),
(9382, 'br', 'stick_this_post_to_the_front_of_blog_list_page', 'Cole esta postagem na frente da página da lista de blogs', '2024-05-29 14:33:07', '2024-05-29 14:33:07'),
(9383, 'br', 'please_insert_post_name', 'Insira o nome da postagem', '2024-05-29 14:33:07', '2024-05-29 14:33:07'),
(9384, 'br', 'this_name_is_already_available_please_insert_another', 'Este nome já está disponível Insira outro', '2024-05-29 14:33:07', '2024-05-29 14:33:07'),
(9385, 'br', 'please_write_the_post_name_under_225_words', 'Por favor, escreva o nome da postagem com menos de 225 palavras', '2024-05-29 14:33:07', '2024-05-29 14:33:07'),
(9386, 'br', 'this_permalink_is_already_available_please_insert_another', 'Este link permanente já está disponível. Insira outro', '2024-05-29 14:33:07', '2024-05-29 14:33:07'),
(9387, 'br', 'install_theme', 'Instalar tema', '2024-05-29 14:33:37', '2024-05-29 14:33:37'),
(9388, 'br', 'by', 'Por:', '2024-05-29 14:33:37', '2024-05-29 14:33:37'),
(9389, 'br', 'version', 'Versão:', '2024-05-29 14:33:37', '2024-05-29 14:33:37'),
(9390, 'br', 'activated', 'Ativado', '2024-05-29 14:33:37', '2024-05-29 14:33:37'),
(9391, 'br', 'activate_confirmation', 'ativar confirmação', '2024-05-29 14:33:37', '2024-05-29 14:33:37'),
(9392, 'br', 'are_you_sure_to_active_this_theme', 'Tem certeza de ativar este tema', '2024-05-29 14:33:37', '2024-05-29 14:33:37'),
(9393, 'br', 'activate', 'Ativar', '2024-05-29 14:33:37', '2024-05-29 14:33:37'),
(9394, 'br', 'are_you_sure_to_delete_this_theme', 'Tem certeza de que deseja excluir este tema', '2024-05-29 14:33:37', '2024-05-29 14:34:41'),
(9395, 'br', 'active_confirmation', 'Confirmação Ativa', '2024-05-29 14:33:37', '2024-05-29 14:34:41'),
(9396, 'br', 'purchase_key', 'Chave de compra', '2024-05-29 14:33:37', '2024-05-29 14:34:41'),
(9397, 'br', 'give_purchase_key_to_activate_this_theme', 'Dê a chave de compra para ativar este tema', '2024-05-29 14:33:37', '2024-05-29 14:34:41'),
(9398, 'br', 'manage_widgets', 'Gerenciar widgets', '2024-05-29 14:33:37', '2024-05-29 14:34:41'),
(9399, 'br', 'available_widgets', 'Widgets disponíveis', '2024-05-29 14:33:37', '2024-05-29 14:34:41'),
(9400, 'br', 'add_widget', 'Adicionar widget', '2024-05-29 14:33:37', '2024-05-29 14:34:41'),
(9401, 'br', 'adding_widget_to_sidebar_failed', 'Falha ao adicionar widget à barra lateral', '2024-05-29 14:33:37', '2024-05-29 14:34:41'),
(9402, 'br', 'sidebar_widget_opening_failed', 'Falha na abertura do widget da barra lateral', '2024-05-29 14:33:37', '2024-05-29 14:34:41'),
(9403, 'br', 'widget_added_to_sidebar_failed', 'Falha no widget adicionado à barra lateral', '2024-05-29 14:33:37', '2024-05-29 14:34:41'),
(9404, 'br', 'widget_form_submit_failed_failed', 'Falha no envio do formulário do widget', '2024-05-29 14:33:37', '2024-05-29 14:34:41'),
(9405, 'br', 'generate_site_map', 'Gerar mapa do site', '2024-05-29 14:33:37', '2024-05-29 14:34:41'),
(9406, 'br', 'sitemap_generating_request_failed', 'Falha na solicitação de geração do mapa do site', '2024-05-29 14:33:37', '2024-05-29 14:34:41'),
(9407, 'br', 'avatars', 'Avatares', '2024-05-29 14:36:12', '2024-05-29 14:36:12'),
(9408, 'br', 'an_avatar_is_an_image_that_can_be_associated_with_a_user_across_multiple_websites_in_this_area_you_can_choose_to_display_avatars_of_users_who_interact_with_the_site', 'Um avatar é uma imagem que pode ser associada a um usuário em vários sites. Nesta área você pode optar por exibir avatares dos usuários que interagem com o site.', '2024-05-29 14:36:12', '2024-05-29 14:36:12'),
(9409, 'br', 'avatar_display', 'Exibição de avatares', '2024-05-29 14:36:12', '2024-05-29 14:36:12'),
(9410, 'br', 'show_avatars', 'Mostrar avatares', '2024-05-29 14:36:12', '2024-05-29 14:36:12'),
(9411, 'br', 'default_avatar', 'Avatar padrão', '2024-05-29 14:36:12', '2024-05-29 14:36:12'),
(9412, 'br', 'for_users_without_a_custom_avatar_of_their_own_you_can_either_display_a_generic_logo_or_a_generated_one_based_on_their_email_address', 'Para usuários sem um avatar personalizado próprio, você pode exibir um logotipo genérico ou gerado com base em seu endereço de e-mail.', '2024-05-29 14:36:12', '2024-05-29 14:36:12'),
(9413, 'br', 'mystery_person', 'Pessoa Misteriosa', '2024-05-29 14:36:12', '2024-05-29 14:36:12'),
(9414, 'br', 'blank', 'Em branco', '2024-05-29 14:36:12', '2024-05-29 14:36:12'),
(9415, 'br', 'gravatar_logo', 'Gravatar Logo', '2024-05-29 14:36:12', '2024-05-29 14:36:12'),
(9416, 'br', 'identicon_generated', 'Identicon (Gerado)', '2024-05-29 14:36:12', '2024-05-29 14:36:12'),
(9417, 'br', 'wavatar_generated', 'Wavatar (gerado)', '2024-05-29 14:36:12', '2024-05-29 14:36:12'),
(9418, 'br', 'monsterid_generated', 'MonsterID (gerado)', '2024-05-29 14:36:12', '2024-05-29 14:36:12'),
(9419, 'br', 'retro_generated', 'Retrô (gerado)', '2024-05-29 14:36:12', '2024-05-29 14:36:12'),
(9420, 'br', 'add_page', 'Adicionar Página', '2024-05-29 14:36:12', '2024-05-29 14:36:12'),
(9421, 'br', 'homepage', 'Pagina inicial', '2024-05-29 14:36:12', '2024-05-29 14:36:12'),
(9422, 'br', 'builder', 'Construtor', '2024-05-29 14:36:12', '2024-05-29 14:36:12'),
(9423, 'br', 'current_homepage', 'Página inicial atual', '2024-05-29 14:36:12', '2024-05-29 14:36:12'),
(9424, 'br', 'make_homepage', 'Criar página inicial', '2024-05-29 14:36:12', '2024-05-29 14:36:12'),
(9425, 'br', 'demo_pluin', 'Plug-in de demonstração', '2024-05-29 14:36:12', '2024-05-29 14:36:12'),
(9426, 'br', 'theme_creating_guide', 'Guia de criação de tema', '2024-05-29 14:36:12', '2024-05-29 14:36:12'),
(9427, 'br', 'break_comments_into_pages_with', 'Divida os comentários em páginas com', '2024-05-29 14:37:33', '2024-05-29 14:37:33'),
(9428, 'br', 'top_level_comments_per_page_and', 'comentários de nível superior por página e', '2024-05-29 14:37:33', '2024-05-29 14:37:33'),
(9429, 'br', 'comments_should_be_displayed_with_the', 'Os comentários devem ser exibidos com o', '2024-05-29 14:37:33', '2024-05-29 14:37:33'),
(9430, 'br', 'older', 'mais velho', '2024-05-29 14:37:33', '2024-05-29 14:37:33'),
(9431, 'br', 'newer', 'mais recente', '2024-05-29 14:37:33', '2024-05-29 14:37:33'),
(9432, 'br', 'comments_at_the_top_of_each_page', 'comentários no topo de cada página', '2024-05-29 14:37:33', '2024-05-29 14:37:33'),
(9433, 'br', 'email_me_whenever', 'Envie-me um e-mail sempre que quiser', '2024-05-29 14:37:33', '2024-05-29 14:37:33'),
(9434, 'br', 'anyone_posts_a_comment', 'Qualquer pessoa posta um comentário', '2024-05-29 14:37:33', '2024-05-29 14:37:33'),
(9435, 'br', 'a_comment_is_held_for_moderation', 'Um comentário é retido para moderação', '2024-05-29 14:37:33', '2024-05-29 14:37:33'),
(9436, 'br', 'before_a_comment_appears', 'Antes que um comentário apareça', '2024-05-29 14:37:33', '2024-05-29 14:37:33'),
(9437, 'br', 'comment_must_be_manually_approved', 'O comentário deve ser aprovado manualmente', '2024-05-29 14:37:33', '2024-05-29 14:37:33'),
(9438, 'br', 'comment_author_must_have_a_previously_approved_comment', 'O autor do comentário deve ter um comentário previamente aprovado', '2024-05-29 14:37:33', '2024-05-29 14:37:33'),
(9439, 'br', 'comment_moderation', 'Moderação dos comentários', '2024-05-29 14:37:33', '2024-05-29 14:37:33'),
(9440, 'br', 'hold_a_comment_in_the_queue_if_it_contains', 'Mantenha um comentário na fila se ele contiver', '2024-05-29 14:37:33', '2024-05-29 14:37:33'),
(9441, 'br', 'or_more_links_a_common_characteristic_of_comment_spam_is_a_large_number_of_hyperlinks', 'ou mais links. (Uma característica comum do spam de comentários é um grande número de hiperlinks.)', '2024-05-29 14:37:33', '2024-05-29 14:37:33'),
(9442, 'br', 'when_a_comment_contains_any_of_these_words_in_its_content_author_name_url_email_ip_address_or_browsers_user_agent_string_it_will_be_held_in_the_', 'Quando um comentário contiver qualquer uma dessas palavras em seu conteúdo, nome do autor, URL, e-mail, endereço IP ou string do agente do usuário do navegador, ele será mantido no', '2024-05-29 14:37:33', '2024-05-29 14:37:33'),
(9443, 'br', 'pending_queue', 'fila pendente', '2024-05-29 14:37:33', '2024-05-29 14:37:33'),
(9444, 'br', 'one_word_or_ip_address_per_line_it_will_match_inside_words_so_press_will_match_wordpress', 'Uma palavra ou endereço IP por linha. Irá corresponder às palavras internas, então “press” corresponderá a “WordPress”.', '2024-05-29 14:37:33', '2024-05-29 14:37:33'),
(9445, 'br', 'disallowed_comment_keys', 'Chaves de comentários não permitidas', '2024-05-29 14:37:33', '2024-05-29 14:37:33'),
(9446, 'br', 'when_a_comment_contains_any_of_these_words_in_its_content_author_name_url_email_ip_address_or_browsers_user_agent_string_it_will_be_put_in_the_trash_one_word_or_ip_address_per_line_it_will_match_inside_words_so_press_will_match_wordpress', 'Quando um comentário contém qualquer uma dessas palavras em seu conteúdo, nome do autor, URL, e-mail, endereço IP ou string do agente do usuário do navegador, ele será colocado na Lixeira. Uma palavra ou endereço IP por linha. Irá corresponder às palavras internas, então “press” corresponderá a “WordPress”.', '2024-05-29 14:37:33', '2024-05-29 14:37:33'),
(9447, 'br', 'bulk_action_confirmation', 'Confirmação de ação em massa', '2024-05-29 14:39:08', '2024-05-29 14:39:08'),
(9448, 'br', 'are_you_sure_you_want_to_take_this_action', 'Tem certeza de que deseja realizar esta ação', '2024-05-29 14:39:08', '2024-05-29 14:39:08'),
(9449, 'br', 'comment_reply', 'Comentário Responder', '2024-05-29 14:39:08', '2024-05-29 14:39:08'),
(9450, 'br', 'move_to_trash', 'Mover para lixeira', '2024-05-29 14:39:08', '2024-05-29 14:39:08'),
(9451, 'br', 'mark_as_spam', 'Marcar como spam', '2024-05-29 14:39:08', '2024-05-29 14:39:08'),
(9452, 'br', 'not_spam', 'Não é spam', '2024-05-29 14:39:08', '2024-05-29 14:39:08'),
(9453, 'br', 'delete_permanetly', 'Apagar permanentemente', '2024-05-29 14:39:08', '2024-05-29 14:39:08'),
(9454, 'br', 'restore', 'Restaurar', '2024-05-29 14:39:08', '2024-05-29 14:39:08'),
(9455, 'br', 'delete_all', 'Excluir tudo', '2024-05-29 14:39:08', '2024-05-29 14:39:08'),
(9456, 'br', 'share_options', 'Opções de compartilhamento', '2024-05-29 14:39:08', '2024-05-29 14:39:08'),
(9457, 'br', 'comment_setting', 'Configuração de comentários', '2024-05-29 14:39:08', '2024-05-29 14:39:08'),
(9458, 'br', 'default_post_settings', 'Configurações de postagem padrão', '2024-05-29 14:39:08', '2024-05-29 14:39:08'),
(9459, 'br', 'allow_people_to_submit_comments_on_new_posts', 'Permitir que as pessoas enviem comentários em novas postagens', '2024-05-29 14:39:08', '2024-05-29 14:39:08'),
(9460, 'br', 'other_comment_settings', 'Outras configurações de comentários', '2024-05-29 14:39:08', '2024-05-29 14:39:08'),
(9461, 'br', 'comment_author_must_fill_out_name_and_email', 'O autor do comentário deve preencher nome e e-mail', '2024-05-29 14:39:08', '2024-05-29 14:39:08'),
(9462, 'br', 'users_must_be_registered_and_logged_in_to_comment', 'Usuários devem ser registrados e estarem logados para comentar', '2024-05-29 14:39:08', '2024-05-29 14:39:08'),
(9463, 'br', 'automatically_close_comments_on_blogs_older_than', 'Fechar automaticamente comentários em blogs anteriores a', '2024-05-29 14:39:08', '2024-05-29 14:39:08'),
(9464, 'br', 'days', 'dias', '2024-05-29 14:39:08', '2024-05-29 14:39:08'),
(9465, 'br', 'enable_threaded_nested_comments', 'Ativar comentários encadeados (aninhados)', '2024-05-29 14:39:08', '2024-05-29 14:39:08'),
(9466, 'br', 'levels_deep', 'níveis profundos', '2024-05-29 14:39:08', '2024-05-29 14:39:08'),
(9467, 'br', 'select_parent', 'Selecione pai', '2024-05-29 14:40:22', '2024-05-29 14:40:22'),
(9468, 'br', 'select_a_parent_category', 'Selecione uma categoria pai', '2024-05-29 14:40:22', '2024-05-29 14:40:22'),
(9469, 'br', 'add_new_category', 'Adicionar nova categoria', '2024-05-29 14:40:22', '2024-05-29 14:40:22'),
(9470, 'br', 'post_category', 'Categoria de postagem', '2024-05-29 14:40:22', '2024-05-29 14:40:22'),
(9471, 'br', 'post_categories', 'Categorias de postagem', '2024-05-29 14:40:22', '2024-05-29 14:40:22'),
(9472, 'br', 'add_post_category', 'Adicionar categoria de postagem', '2024-05-29 14:40:22', '2024-05-29 14:40:22'),
(9473, 'br', 'parent', 'Pai', '2024-05-29 14:40:22', '2024-05-29 14:40:22'),
(9474, 'br', 'tag', 'Marcação', '2024-05-29 14:40:22', '2024-05-29 14:40:22'),
(9475, 'br', 'add_tag', 'Adicionar etiqueta', '2024-05-29 14:40:22', '2024-05-29 14:40:22'),
(9476, 'br', 'post_comment', 'Postar comentário', '2024-05-29 14:40:22', '2024-05-29 14:40:22'),
(9477, 'br', 'approve', 'Aprovar', '2024-05-29 14:40:22', '2024-05-29 14:40:22'),
(9478, 'br', 'spam', 'Spam', '2024-05-29 14:40:22', '2024-05-29 14:40:22'),
(9479, 'br', 'trash', 'Lixo', '2024-05-29 14:40:22', '2024-05-29 14:40:22'),
(9480, 'br', 'in_response_to', 'Em resposta a', '2024-05-29 14:40:22', '2024-05-29 14:40:22'),
(9481, 'br', 'unapprove', 'Reprovar', '2024-05-29 14:40:22', '2024-05-29 14:40:22'),
(9482, 'br', 'reply', 'Responder', '2024-05-29 14:40:22', '2024-05-29 14:40:22'),
(9483, 'br', 'view_blog', 'Ver blog', '2024-05-29 14:40:22', '2024-05-29 14:40:44'),
(9484, 'br', 'in_reply_to', 'Em resposta a', '2024-05-29 14:40:22', '2024-05-29 14:40:44'),
(9485, 'br', 'comment_delete_confirmation', 'Confirmação de exclusão de comentário', '2024-05-29 14:40:22', '2024-05-29 14:40:44'),
(9486, 'br', 'are_you_sure_you_want_to_permanently_delete_this_comment', 'Tem certeza de que deseja excluir permanentemente este comentário', '2024-05-29 14:40:22', '2024-05-29 14:40:44'),
(9487, 'br', 'if_password_field_is_remain_empty_then_visibility_will_be_saved_as_public', 'Se o campo de senha permanecer vazio, a visibilidade será salva como pública.', '2024-05-29 14:42:37', '2024-05-29 14:42:37'),
(9488, 'br', 'private', 'Privado', '2024-05-29 14:42:37', '2024-05-29 14:42:37'),
(9489, 'br', 'formate', 'FORMATOS', '2024-05-29 14:42:37', '2024-05-29 14:42:37'),
(9490, 'br', 'standard', 'Padrão', '2024-05-29 14:42:37', '2024-05-29 14:42:37'),
(9491, 'br', 'video', 'Vídeo', '2024-05-29 14:42:37', '2024-05-29 14:42:37'),
(9492, 'br', 'audio', 'Áudio', '2024-05-29 14:42:37', '2024-05-29 14:42:37'),
(9493, 'br', 'gallery', 'Galeria', '2024-05-29 14:42:37', '2024-05-29 14:42:37'),
(9494, 'br', 'post_image', 'Postar imagem', '2024-05-29 14:42:37', '2024-05-29 14:42:37'),
(9495, 'br', 'preferred_size_for_thumnail_image_is_1110__578_px', 'O tamanho preferido para a imagem em miniatura é 1110 × 578 px', '2024-05-29 14:42:37', '2024-05-29 14:42:37'),
(9496, 'br', 'preferred_size_for_gallery_images_is_1110__578_px', 'O tamanho preferido para imagens da galeria é 1110 × 578 px', '2024-05-29 14:42:37', '2024-05-29 14:42:37'),
(9497, 'br', 'choose_files', 'Escolher os arquivos', '2024-05-29 14:42:37', '2024-05-29 14:42:37'),
(9498, 'br', 'featured_status', 'Status em destaque', '2024-05-29 14:42:37', '2024-05-29 14:42:37'),
(9499, 'br', 'breaking_news', 'Últimas notícias', '2024-05-29 14:42:37', '2024-05-29 14:42:37'),
(9500, 'br', 'no_option_selected', 'Nenhuma opção selecionada', '2024-05-29 14:42:37', '2024-05-29 14:42:37'),
(9501, 'br', 'new_tag', 'Nova etiqueta', '2024-05-29 14:42:37', '2024-05-29 14:42:37'),
(9502, 'br', 'only_active_categories', 'Somente categorias ativas', '2024-05-29 14:42:37', '2024-05-29 14:42:37'),
(9503, 'br', 'add', 'Adicionar', '2024-05-29 14:42:37', '2024-05-29 14:42:37'),
(9504, 'br', 'select_a_category', 'Selecione uma categoria', '2024-05-29 14:42:37', '2024-05-29 14:42:37'),
(9505, 'br', 'add_new_tag', 'Adicionar nova etiqueta', '2024-05-29 14:42:37', '2024-05-29 14:42:37'),
(9506, 'br', 'new_category', 'Nova categoria', '2024-05-29 14:42:37', '2024-05-29 14:42:37'),
(9507, 'br', 'post_content', 'Publicar conteúdo', '2024-05-29 14:43:43', '2024-05-29 14:43:43'),
(9508, 'br', 'title_length', 'Comprimento do título', '2024-05-29 14:43:43', '2024-05-29 14:43:43'),
(9509, 'br', 'short_details_length', 'Comprimento de detalhes curtos', '2024-05-29 14:43:43', '2024-05-29 14:43:43'),
(9510, 'br', 'content_length', 'Comprimento do conteúdo', '2024-05-29 14:43:43', '2024-05-29 14:43:43'),
(9511, 'br', 'generate', 'Gerar', '2024-05-29 14:43:43', '2024-05-29 14:43:43'),
(9512, 'br', 'permalink', 'Link permanente', '2024-05-29 14:43:43', '2024-05-29 14:43:43'),
(9513, 'br', 'type_here', 'Digite aqui', '2024-05-29 14:43:43', '2024-05-29 14:43:43'),
(9514, 'br', 'short_description', 'Pequena descrição', '2024-05-29 14:43:43', '2024-05-29 14:43:43'),
(9515, 'br', 'content', 'Contente', '2024-05-29 14:43:43', '2024-05-29 14:43:43'),
(9516, 'br', 'seo_meta_tags', 'Metatags de SEO', '2024-05-29 14:43:43', '2024-05-29 14:43:43'),
(9517, 'br', 'meta_title', 'Meta título', '2024-05-29 14:43:43', '2024-05-29 14:43:43'),
(9518, 'br', 'meta_description', 'Meta Descrição', '2024-05-29 14:43:43', '2024-05-29 14:43:43'),
(9519, 'br', 'meta_image', 'Meta imagem', '2024-05-29 14:43:43', '2024-05-29 14:43:43'),
(9520, 'br', 'choose_file', 'Escolher arquivo', '2024-05-29 14:43:43', '2024-05-29 14:44:13'),
(9521, 'br', 'publish', 'Publicar', '2024-05-29 14:43:43', '2024-05-29 14:44:13'),
(9522, 'br', 'draft', 'Rascunho', '2024-05-29 14:43:43', '2024-05-29 14:44:13'),
(9523, 'br', 'visibility', 'Visibilidade', '2024-05-29 14:43:43', '2024-05-29 14:44:13'),
(9524, 'br', 'public', 'Público', '2024-05-29 14:43:43', '2024-05-29 14:44:13'),
(9525, 'br', 'stick_this_post_to_the_front_of_post_list_page', 'Cole esta postagem na frente da página da lista de postagens', '2024-05-29 14:43:43', '2024-05-29 14:44:13'),
(9526, 'br', 'password_protected', 'Cole esta postagem na frente da página da lista de postagens', '2024-05-29 14:43:43', '2024-05-29 14:44:13'),
(9527, 'br', 'priority_keywords', 'Palavras-chave prioritárias', '2024-05-29 14:44:44', '2024-05-29 14:44:44'),
(9528, 'br', 'give_priority_kewords_seperated_by_comma_', 'Dê prioridade às palavras-chave separadas por vírgula (,)', '2024-05-29 14:44:44', '2024-05-29 14:44:44'),
(9529, 'br', 'level_of_creativity', 'Nível de criatividade', '2024-05-29 14:44:44', '2024-05-29 14:44:44'),
(9530, 'br', 'extra_ordinary', 'Extraordinário', '2024-05-29 14:44:44', '2024-05-29 14:44:44'),
(9531, 'br', 'ordinary', 'Ordinário', '2024-05-29 14:44:44', '2024-05-29 14:44:44'),
(9532, 'br', 'minimal', 'Mínimo', '2024-05-29 14:44:44', '2024-05-29 14:44:44'),
(9533, 'br', 'editorial_tone', 'Tom editorial', '2024-05-29 14:44:44', '2024-05-29 14:44:44'),
(9534, 'br', 'formal', 'Formal', '2024-05-29 14:44:44', '2024-05-29 14:45:53'),
(9535, 'br', 'casual', 'Casual', '2024-05-29 14:44:44', '2024-05-29 14:45:53'),
(9536, 'br', 'humorous', 'Bem-humorado', '2024-05-29 14:44:44', '2024-05-29 14:45:53'),
(9537, 'br', 'authoritative', 'Autoritário', '2024-05-29 14:44:44', '2024-05-29 14:45:53'),
(9538, 'br', 'persuasive', 'Persuasivo', '2024-05-29 14:44:44', '2024-05-29 14:45:53'),
(9539, 'br', 'empathetic', 'Empático', '2024-05-29 14:44:44', '2024-05-29 14:45:53'),
(9540, 'br', 'inspirational', 'Inspirador', '2024-05-29 14:44:44', '2024-05-29 14:45:53'),
(9541, 'br', 'educational', 'Educacional', '2024-05-29 14:44:44', '2024-05-29 14:45:53'),
(9542, 'br', 'witty', 'Inteligente', '2024-05-29 14:44:44', '2024-05-29 14:45:53'),
(9543, 'br', 'intimate', 'Íntimo', '2024-05-29 14:44:44', '2024-05-29 14:46:07'),
(9544, 'br', 'choose_what_you_want_to_generate', 'Escolha o que você deseja gerar', '2024-05-29 14:44:44', '2024-05-29 14:46:07'),
(9545, 'br', 'post_title', 'Título da postagem', '2024-05-29 14:44:44', '2024-05-29 14:46:07'),
(9546, 'br', 'post_short_description', 'Postar breve descrição', '2024-05-29 14:44:44', '2024-05-29 14:46:07'),
(9547, 'br', 'italian', 'Italian', '2024-05-29 14:47:27', '2024-05-29 14:47:27'),
(9548, 'br', 'japanese', 'Japanese', '2024-05-29 14:47:27', '2024-05-29 14:47:27'),
(9549, 'br', 'korean', 'Korean', '2024-05-29 14:47:27', '2024-05-29 14:47:27'),
(9550, 'br', 'lithuanian', 'Lithuanian', '2024-05-29 14:47:27', '2024-05-29 14:47:27'),
(9551, 'br', 'malay', 'Malay', '2024-05-29 14:47:27', '2024-05-29 14:47:27'),
(9552, 'br', 'norwegian', 'Norwegian', '2024-05-29 14:47:27', '2024-05-29 14:47:27'),
(9553, 'br', 'polish', 'Polish', '2024-05-29 14:47:27', '2024-05-29 14:47:27'),
(9554, 'br', 'portuguese', 'Português', '2024-05-29 14:47:27', '2024-05-29 14:47:27'),
(9555, 'br', 'romanian', 'Romanian', '2024-05-29 14:47:27', '2024-05-29 14:47:27'),
(9556, 'br', 'russian', 'Russian', '2024-05-29 14:47:27', '2024-05-29 14:47:27'),
(9557, 'br', 'slovenian', 'Slovenian', '2024-05-29 14:47:27', '2024-05-29 14:47:27'),
(9558, 'br', 'spanish', 'Spanish', '2024-05-29 14:47:27', '2024-05-29 14:47:27'),
(9559, 'br', 'swahili', 'Swahili', '2024-05-29 14:47:27', '2024-05-29 14:47:27'),
(9560, 'br', 'swedish', 'Swedish', '2024-05-29 14:47:27', '2024-05-29 14:47:27'),
(9561, 'br', 'thai', 'Thai', '2024-05-29 14:47:27', '2024-05-29 14:47:27'),
(9562, 'br', 'turkish', 'Turkish', '2024-05-29 14:47:27', '2024-05-29 14:47:27'),
(9563, 'br', 'ukrainian', 'Ukrainian', '2024-05-29 14:47:27', '2024-05-29 14:47:27'),
(9564, 'br', 'vietnamese', 'Vietnamese', '2024-05-29 14:47:27', '2024-05-29 14:47:27'),
(9565, 'br', 'what_is_the_primary_focus_of_your_blog', 'Qual é o foco principal do seu blog', '2024-05-29 14:47:27', '2024-05-29 14:47:27'),
(9566, 'br', 'primary_focus', 'Foco primário', '2024-05-29 14:47:27', '2024-05-29 14:47:27'),
(9567, 'br', 'select_language', 'Selecione o idioma', '2024-05-29 14:48:31', '2024-05-29 14:48:31'),
(9568, 'br', 'arabic', 'Arabic', '2024-05-29 14:48:31', '2024-05-29 14:48:31'),
(9569, 'br', 'bulgarian', 'Bulgarian', '2024-05-29 14:48:31', '2024-05-29 14:48:31'),
(9570, 'br', 'chinese_simplified', 'Chinese (Simplified)', '2024-05-29 14:48:31', '2024-05-29 14:48:31'),
(9571, 'br', 'chinese_traditional', 'Chinese (Traditional)', '2024-05-29 14:48:31', '2024-05-29 14:48:31'),
(9572, 'br', 'croatian', 'Croatian', '2024-05-29 14:48:31', '2024-05-29 14:48:31'),
(9573, 'br', 'czech', 'Czech', '2024-05-29 14:48:31', '2024-05-29 14:48:31'),
(9574, 'br', 'danish', 'Danish', '2024-05-29 14:48:31', '2024-05-29 14:48:31'),
(9575, 'br', 'dutch', 'Dutch', '2024-05-29 14:48:31', '2024-05-29 14:48:31'),
(9576, 'br', 'english', 'English', '2024-05-29 14:48:31', '2024-05-29 14:48:31'),
(9577, 'br', 'estonian', 'Estonian', '2024-05-29 14:48:31', '2024-05-29 14:48:31'),
(9578, 'br', 'finnish', 'Finnish', '2024-05-29 14:48:31', '2024-05-29 14:48:31'),
(9579, 'br', 'french', 'French', '2024-05-29 14:48:31', '2024-05-29 14:48:31'),
(9580, 'br', 'german', 'German', '2024-05-29 14:48:31', '2024-05-29 14:48:31'),
(9581, 'br', 'greek', 'Greek', '2024-05-29 14:48:31', '2024-05-29 14:48:31'),
(9582, 'br', 'hebrew', 'Hebrew', '2024-05-29 14:48:31', '2024-05-29 14:48:31'),
(9583, 'br', 'hindi', 'Hindi', '2024-05-29 14:48:31', '2024-05-29 14:48:31'),
(9584, 'br', 'hungarian', 'Hungarian', '2024-05-29 14:48:31', '2024-05-29 14:48:31'),
(9585, 'br', 'icelandic', 'Icelandic', '2024-05-29 14:48:31', '2024-05-29 14:48:31'),
(9586, 'br', 'indonesian', 'Indonesian', '2024-05-29 14:48:31', '2024-05-29 14:48:31'),
(9587, 'br', 'file_url', 'URL do arquivo:', '2024-05-29 14:49:38', '2024-05-29 14:49:38'),
(9588, 'br', 'file_type', 'Tipo de arquivo:', '2024-05-29 14:49:38', '2024-05-29 14:49:38'),
(9589, 'br', 'file_size', 'Tamanho do arquivo:', '2024-05-29 14:49:38', '2024-05-29 14:49:38'),
(9590, 'br', 'uploaded_by', 'Enviado por:', '2024-05-29 14:49:38', '2024-05-29 14:49:38'),
(9591, 'br', 'created_at', 'Criado em:', '2024-05-29 14:49:38', '2024-05-29 14:49:38'),
(9592, 'br', 'updated_at', 'Atualizado em:', '2024-05-29 14:49:38', '2024-05-29 14:49:38'),
(9593, 'br', 'download', 'Download', '2024-05-29 14:49:38', '2024-05-29 14:49:38'),
(9594, 'br', 'copy_url_to_clipboard', 'Copiar URL para a área de transferência', '2024-05-29 14:49:38', '2024-05-29 14:49:38'),
(9595, 'br', 'add_post', 'Adicionar postagem', '2024-05-29 14:49:38', '2024-05-29 14:49:38'),
(9596, 'br', 'all', 'Todos', '2024-05-29 14:49:38', '2024-05-29 14:49:38'),
(9597, 'br', 'mine', 'Minha', '2024-05-29 14:49:38', '2024-05-29 14:49:38'),
(9598, 'br', 'showing', 'Mostrando', '2024-05-29 14:49:38', '2024-05-29 14:49:38'),
(9599, 'br', 'items_of', 'itens de', '2024-05-29 14:49:38', '2024-05-29 14:49:38'),
(9600, 'br', 'bulk_action', 'Ação em massa', '2024-05-29 14:49:38', '2024-05-29 14:49:38'),
(9601, 'br', 'delete_selection', 'Excluir seleção', '2024-05-29 14:49:38', '2024-05-29 14:50:07'),
(9602, 'br', 'apply', 'Aplicar', '2024-05-29 14:49:38', '2024-05-29 14:50:07'),
(9603, 'br', 'no_action_selected', 'Nenhuma ação selecionada', '2024-05-29 14:49:38', '2024-05-29 14:50:07'),
(9604, 'br', 'no_item_selected', 'Nenhum item selecionado', '2024-05-29 14:49:38', '2024-05-29 14:50:07'),
(9605, 'br', 'ai_assistent', 'Assistência de IA', '2024-05-29 14:49:38', '2024-05-29 14:50:07'),
(9606, 'br', 'language', 'Linguagem', '2024-05-29 14:49:38', '2024-05-29 14:50:07'),
(9607, 'br', 'save_menu', 'Salvar Menu', '2024-05-29 14:51:43', '2024-05-29 14:51:43'),
(9608, 'br', 'drag_the_items_into_the_order_you_prefer_click_the_arrow_on_the_right_of_the_item_to_reveal_additional_configuration_options', 'Arraste os itens na ordem que preferir. Clique na seta à direita do item para revelar opções de configuração adicionais.', '2024-05-29 14:51:43', '2024-05-29 14:51:43'),
(9609, 'br', 'delete_menu', 'Excluir menu', '2024-05-29 14:51:43', '2024-05-29 14:51:43'),
(9610, 'br', 'update_menu', 'Menu Atualizar', '2024-05-29 14:51:43', '2024-05-29 14:51:43'),
(9611, 'br', 'your_theme_supports', 'Seu tema suporta', '2024-05-29 14:51:43', '2024-05-29 14:51:43'),
(9612, 'br', 'menus_select_which_menu_appears_in_each_location', 'menus. Selecione qual menu aparece em cada local.', '2024-05-29 14:51:43', '2024-05-29 14:51:43'),
(9613, 'br', 'theme_location', 'Localização do tema', '2024-05-29 14:51:43', '2024-05-29 14:51:43'),
(9614, 'br', 'assigned_menu', 'Menu atribuído', '2024-05-29 14:51:43', '2024-05-29 14:51:43'),
(9615, 'br', '_edit', 'Editar', '2024-05-29 14:51:43', '2024-05-29 14:51:43'),
(9616, 'br', 'use_new_menu', 'Usar novo menu', '2024-05-29 14:51:43', '2024-05-29 14:51:43'),
(9617, 'br', 'menu_list_updated_successfully', 'Lista de menu atualizada com sucesso', '2024-05-29 14:51:43', '2024-05-29 14:51:43'),
(9618, 'br', 'cache_clear_successfully', 'Cache limpo com sucesso', '2024-05-29 14:51:43', '2024-05-29 14:51:43'),
(9619, 'br', 'enable_website_popup', 'Habilitar pop-up do site', '2024-05-29 14:51:43', '2024-05-29 14:51:43'),
(9620, 'br', 'popup_content', 'Conteúdo pop-up', '2024-05-29 14:51:43', '2024-05-29 14:51:43'),
(9621, 'br', 'show_subscriber_form', 'Mostrar formulário de assinante?', '2024-05-29 14:51:43', '2024-05-29 14:51:43'),
(9622, 'br', 'theme_option_saved', 'Opção de tema salva', '2024-05-29 14:51:43', '2024-05-29 14:51:43'),
(9623, 'br', 'a_new_comment_added', 'Um novo comentário adicionado.', '2024-05-29 14:51:43', '2024-05-29 14:51:43'),
(9624, 'br', 'your_comment_added', 'Seu comentário adicionado', '2024-05-29 14:51:43', '2024-05-29 14:51:43'),
(9625, 'br', 'delete_permanently', 'Apagar permanentemente', '2024-05-29 14:51:43', '2024-05-29 14:51:43'),
(9626, 'br', 'file_name', 'Nome do arquivo:', '2024-05-29 14:51:43', '2024-05-29 14:51:43'),
(9627, 'br', 'page_builder', 'Construtor de páginas', '2024-05-29 14:52:17', '2024-05-29 14:52:17'),
(9628, 'br', 'preview', 'Visualização', '2024-05-29 14:52:17', '2024-05-29 14:52:17'),
(9629, 'br', 'add_new_section', 'Adicionar nova seção', '2024-05-29 14:52:17', '2024-05-29 14:52:17'),
(9630, 'br', 'widgets', 'Adicionar nova seção', '2024-05-29 14:52:17', '2024-05-29 14:52:17'),
(9631, 'br', 'save', 'Salvar', '2024-05-29 14:52:17', '2024-05-29 14:52:17'),
(9632, 'br', 'search_widget', 'Widget de pesquisa', '2024-05-29 14:52:17', '2024-05-29 14:52:17'),
(9633, 'br', 'delete_confirmation', 'Excluir confirmação', '2024-05-29 14:52:17', '2024-05-29 14:53:21'),
(9634, 'br', 'are_you_sure_to_delete_this', 'Tem certeza de que deseja excluir isto', '2024-05-29 14:52:17', '2024-05-29 14:53:21'),
(9635, 'br', 'cancel', 'cancelar', '2024-05-29 14:52:17', '2024-05-29 14:53:21'),
(9636, 'br', 'delete', 'Excluir', '2024-05-29 14:52:17', '2024-05-29 14:53:21'),
(9637, 'br', 'select_layout', 'Selecione Layout', '2024-05-29 14:52:17', '2024-05-29 14:53:21'),
(9638, 'br', 'media_library', 'Biblioteca de mídia', '2024-05-29 14:52:17', '2024-05-29 14:53:21'),
(9639, 'br', 'upload_files', 'Fazer upload de arquivos', '2024-05-29 14:52:17', '2024-05-29 14:53:21'),
(9640, 'br', 'click_or_drop_files_here_to_upload', 'Clique ou solte os arquivos aqui para fazer upload', '2024-05-29 14:52:17', '2024-05-29 14:53:21'),
(9641, 'br', 'filter_media', 'Filtrar mídia', '2024-05-29 14:52:17', '2024-05-29 14:53:21'),
(9642, 'br', 'all_file_type', 'Todos os tipos de arquivo', '2024-05-29 14:52:17', '2024-05-29 14:53:21'),
(9643, 'br', 'all_dates', 'Todas as datas', '2024-05-29 14:52:17', '2024-05-29 14:53:21'),
(9644, 'br', 'load_more', 'Carregue mais', '2024-05-29 14:52:17', '2024-05-29 14:53:21'),
(9645, 'br', 'insert', 'Inserir', '2024-05-29 14:52:17', '2024-05-29 14:53:21'),
(9646, 'br', 'attachment_details', 'DETALHES DO ANEXO', '2024-05-29 14:52:17', '2024-05-29 14:53:21'),
(9647, 'br', 'page_section_create_request_failed', 'Falha na solicitação de criação da seção da página', '2024-05-29 14:54:30', '2024-05-29 14:54:30'),
(9648, 'br', 'page_section_remove_request_failed', 'Falha na solicitação de remoção da seção da página', '2024-05-29 14:54:30', '2024-05-29 14:54:30'),
(9649, 'br', 'section_properties', 'Propriedades da seção', '2024-05-29 14:54:30', '2024-05-29 14:54:30'),
(9650, 'br', 'section_edit_request_failed', 'Falha na solicitação de edição de seção', '2024-05-29 14:54:30', '2024-05-29 14:54:30'),
(9651, 'br', 'widget_adding_request_failed', 'Falha na solicitação de adição de widget', '2024-05-29 14:54:30', '2024-05-29 14:54:30'),
(9652, 'br', 'widget_removing_request_failed', 'Falha na solicitação de remoção de widget', '2024-05-29 14:54:30', '2024-05-29 14:54:30'),
(9653, 'br', 'widget_position_update_request_failed', 'Falha na solicitação de atualização de posição do widget', '2024-05-29 14:54:30', '2024-05-29 14:54:30'),
(9654, 'br', 'widget_order_request_failed', 'Falha na solicitação de pedido de widget', '2024-05-29 14:54:30', '2024-05-29 14:54:30'),
(9655, 'br', 'properties', 'Propriedades', '2024-05-29 14:54:30', '2024-05-29 14:54:30'),
(9656, 'br', 'widget_edit_request_failed', 'Falha na solicitação de edição do widget', '2024-05-29 14:54:30', '2024-05-29 14:54:30'),
(9657, 'br', 'properties_update_request_failed', 'Falha na solicitação de atualização de propriedades', '2024-05-29 14:54:30', '2024-05-29 14:54:30'),
(9658, 'br', 'my_profile', 'Meu perfil', '2024-05-29 14:54:30', '2024-05-29 14:54:30'),
(9659, 'br', 'log_out', 'Sair', '2024-05-29 14:54:30', '2024-05-29 14:54:30'),
(9660, 'br', 'clear_cache', 'Clear Cache', '2024-05-29 14:54:30', '2024-05-29 14:54:30'),
(9661, 'br', 'dashboard', 'Painel', '2024-05-29 14:54:30', '2024-05-29 14:55:44'),
(9662, 'br', 'media', 'Media', '2024-05-29 14:54:30', '2024-05-29 14:55:57'),
(9663, 'br', 'post', 'Post', '2024-05-29 14:54:30', '2024-05-29 14:55:44'),
(9664, 'br', 'all_posts', 'Todas as publicações', '2024-05-29 14:54:30', '2024-05-29 14:55:44'),
(9665, 'br', 'add_new_post', 'Adicionar nova postagem', '2024-05-29 14:54:30', '2024-05-29 14:55:44'),
(9666, 'br', 'categories', 'Categorias', '2024-05-29 14:54:30', '2024-05-29 14:55:44'),
(9667, 'en', 'cache_limpo_com_sucesso', 'Cache limpo com sucesso', '2024-05-29 14:54:34', '2024-05-29 14:54:34'),
(9668, 'br', 'tags', 'Tag', '2024-05-29 14:56:18', '2024-05-29 14:56:18'),
(9669, 'br', 'comments', 'Comentários', '2024-05-29 14:56:18', '2024-05-29 14:56:18'),
(9670, 'br', 'settings', 'Configurações', '2024-05-29 14:56:18', '2024-05-29 14:56:18'),
(9671, 'br', 'post_share_settings', 'Configurações de pós-compartilhamento', '2024-05-29 14:56:18', '2024-05-29 14:56:18'),
(9672, 'br', 'open_ai_settings', 'Abra as configurações de IA', '2024-05-29 14:56:18', '2024-05-29 14:56:34'),
(9673, 'br', 'comment_settings', 'Configurações de comentários', '2024-05-29 14:56:18', '2024-05-29 14:56:34'),
(9674, 'br', 'pages', 'Páginas', '2024-05-29 14:56:18', '2024-05-29 14:56:34'),
(9675, 'br', 'all_pages', 'Todas as páginas', '2024-05-29 14:56:18', '2024-05-29 14:57:18'),
(9676, 'br', 'add_new_page', 'Adicionar nova página', '2024-05-29 14:56:18', '2024-05-29 14:57:18'),
(9677, 'br', 'demo_plugin', 'Plug-in de demonstração', '2024-05-29 14:56:18', '2024-05-29 14:57:18'),
(9678, 'br', 'addon', 'Addon', '2024-05-29 14:56:18', '2024-05-29 14:57:18');


-- --------------------------------------------------------

--
-- Estrutura para tabela `tl_uploaded_files`
--

CREATE TABLE `tl_uploaded_files` (
  `id` int(11) NOT NULL,
  `media_type` int(11) NOT NULL DEFAULT 1,
  `disk` varchar(150) NOT NULL DEFAULT 'public',
  `name` text DEFAULT NULL,
  `title` text DEFAULT NULL,
  `alt` text DEFAULT NULL,
  `caption` text DEFAULT NULL,
  `description` text DEFAULT NULL,
  `path` text NOT NULL,
  `size` double DEFAULT NULL,
  `variant` text DEFAULT NULL,
  `file_type` varchar(150) DEFAULT NULL,
  `extension` varchar(150) DEFAULT NULL,
  `folder_name` varchar(200) DEFAULT NULL,
  `uploaded_by` varchar(150) DEFAULT NULL,
  `created_at` timestamp NULL DEFAULT current_timestamp(),
  `updated_at` timestamp NULL DEFAULT NULL ON UPDATE current_timestamp()
) ENGINE=InnoDB DEFAULT CHARSET=utf8mb4 COLLATE=utf8mb4_general_ci;

--
-- Despejando dados para a tabela `tl_uploaded_files`
--

INSERT INTO `tl_uploaded_files` (`id`, `media_type`, `disk`, `name`, `title`, `alt`, `caption`, `description`, `path`, `size`, `variant`, `file_type`, `extension`, `folder_name`, `uploaded_by`, `created_at`, `updated_at`) VALUES
(1051, 3, 'public', 'img-demo_1051', NULL, NULL, NULL, NULL, 'storage/all_files/2023/Aug/img-demo_1051.jpg', 2972, '{\"large_size\":[\"700\",\"600\"],\"medium_size\":[\"500\",\"270\"],\"small_size\":[\"60\",\"60\"]}', 'image', 'jpg', 'storage/all_files/2023/Aug', 'Wade Wilson', '2023-08-29 06:37:22', '2023-08-29 06:37:22'),
(1069, 3, 'public', 'loader_1069', NULL, NULL, NULL, NULL, 'storage/all_files/2023/Oct/loader_1069.svg', 5636, NULL, 'svg', 'svg', 'storage/all_files/2023/Oct', 'Wade Wilson', '2023-10-04 09:42:00', '2023-10-04 09:42:00'),
(1070, 3, 'public', '404_1070', NULL, NULL, NULL, NULL, 'storage/all_files/2023/Oct/404_1070.png', 10069, '{\"large_size\":[\"700\",\"700\"],\"medium_size\":[\"350\",\"480\"],\"small_size\":[\"250\",\"250\"]}', 'image', 'png', 'storage/all_files/2023/Oct', 'Wade Wilson', '2023-10-09 11:55:27', '2023-10-09 11:55:27'),
(1097, 3, 'public', 'favicon_1097', NULL, NULL, NULL, NULL, 'storage/all_files/2023/Nov/favicon_1097.png', 29400, '{\"large_size\":[655,670],\"medium_size\":[350,480],\"small_size\":[255,250]}', 'image', 'png', 'storage/all_files/2023/Nov', 'Wade Wilson', '2023-11-12 08:28:53', '2023-11-12 08:28:54'),
(1137, 3, 'public', 'logo (1)_1137', NULL, NULL, NULL, NULL, 'storage/all_files/2023/Dec/logo (1)_1137.png', 9552, '{\"large_size\":[655,670],\"medium_size\":[350,480],\"small_size\":[255,250]}', 'image', 'png', 'storage/all_files/2023/Dec', 'Wade Wilson', '2023-12-12 12:15:18', '2023-12-12 12:15:18'),
(1138, 3, 'public', 'logo-1_1138', NULL, NULL, NULL, NULL, 'storage/all_files/2023/Dec/logo-1_1138.png', 8713, '{\"large_size\":[655,670],\"medium_size\":[350,480],\"small_size\":[255,250]}', 'image', 'png', 'storage/all_files/2023/Dec', 'Wade Wilson', '2023-12-12 12:15:18', '2023-12-12 12:15:18'),
(1148, 3, 'public', 'dummy_750x410_ffffff_cccccc_1148', NULL, NULL, NULL, NULL, 'storage/all_files/2023/Dec/dummy_750x410_ffffff_cccccc_1148.png', 9988, '{\"large_size\":[655,670],\"medium_size\":[350,480],\"small_size\":[255,250]}', 'image', 'png', 'storage/all_files/2023/Dec', 'Wade Wilson', '2023-12-28 05:27:12', '2023-12-28 05:27:12'),
(1149, 3, 'public', 'dummy_728x90_ffffff_cccccc_1149', NULL, NULL, NULL, NULL, 'storage/all_files/2023/Dec/dummy_728x90_ffffff_cccccc_1149.png', 4607, '{\"large_size\":[655,670],\"medium_size\":[350,480],\"small_size\":[255,250]}', 'image', 'png', 'storage/all_files/2023/Dec', 'Wade Wilson', '2023-12-28 05:36:10', '2023-12-28 05:36:10'),
(1150, 3, 'public', 'dummy_350x246_ffffff_cccccc_1150', NULL, NULL, NULL, NULL, 'storage/all_files/2023/Dec/dummy_350x246_ffffff_cccccc_1150.png', 5615, '{\"large_size\":[655,670],\"medium_size\":[350,480],\"small_size\":[255,250]}', 'image', 'png', 'storage/all_files/2023/Dec', 'Wade Wilson', '2023-12-28 05:38:39', '2023-12-28 05:38:39'),
(1151, 3, 'public', 'dummy_350x408_ffffff_cccccc_1151', NULL, NULL, NULL, NULL, 'storage/all_files/2023/Dec/dummy_350x408_ffffff_cccccc_1151.png', 6956, '{\"large_size\":[655,670],\"medium_size\":[350,480],\"small_size\":[255,250]}', 'image', 'png', 'storage/all_files/2023/Dec', 'Wade Wilson', '2023-12-28 05:39:40', '2023-12-28 05:39:40'),
(1152, 3, 'public', 'dummy_350x670_ffffff_cccccc_1152', NULL, NULL, NULL, NULL, 'storage/all_files/2023/Dec/dummy_350x670_ffffff_cccccc_1152.png', 9030, '{\"large_size\":[655,670],\"medium_size\":[350,480],\"small_size\":[255,250]}', 'image', 'png', 'storage/all_files/2023/Dec', 'Wade Wilson', '2023-12-28 05:40:25', '2023-12-28 05:40:25'),
(1153, 3, 'public', 'dummy_310x173_ffffff_cccccc_1153', NULL, NULL, NULL, NULL, 'storage/all_files/2023/Dec/dummy_310x173_ffffff_cccccc_1153.png', 4241, '{\"large_size\":[655,670],\"medium_size\":[350,480],\"small_size\":[255,250]}', 'image', 'png', 'storage/all_files/2023/Dec', 'Wade Wilson', '2023-12-28 05:41:44', '2023-12-28 05:41:44'),
(1154, 3, 'public', 'dummy_350x300_ffffff_cccccc_1154', NULL, NULL, NULL, NULL, 'storage/all_files/2023/Dec/dummy_350x300_ffffff_cccccc_1154.png', 6064, '{\"large_size\":[655,670],\"medium_size\":[350,480],\"small_size\":[255,250]}', 'image', 'png', 'storage/all_files/2023/Dec', 'Wade Wilson', '2023-12-28 05:44:04', '2023-12-28 05:44:04'),
(1155, 3, 'public', 'dummy_990x90_ffffff_cccccc_1155', NULL, NULL, NULL, NULL, 'storage/all_files/2023/Dec/dummy_990x90_ffffff_cccccc_1155.png', 5050, '{\"large_size\":[655,670],\"medium_size\":[350,480],\"small_size\":[255,250]}', 'image', 'png', 'storage/all_files/2023/Dec', 'Wade Wilson', '2023-12-28 05:46:11', '2023-12-28 05:46:11'),
(1156, 3, 'public', 'dummy_330x525_ffffff_cccccc_1156', NULL, NULL, NULL, NULL, 'storage/all_files/2023/Dec/dummy_330x525_ffffff_cccccc_1156.png', 8583, '{\"large_size\":[655,670],\"medium_size\":[350,480],\"small_size\":[255,250]}', 'image', 'png', 'storage/all_files/2023/Dec', 'Wade Wilson', '2023-12-28 05:48:37', '2023-12-28 05:48:37'),
(1157, 3, 'public', 'dummy_1920x869_ffffff_cccccc_1157', NULL, NULL, NULL, NULL, 'storage/all_files/2023/Dec/dummy_1920x869_ffffff_cccccc_1157.png', 35945, '{\"large_size\":[655,670],\"medium_size\":[350,480],\"small_size\":[255,250]}', 'image', 'png', 'storage/all_files/2023/Dec', 'Wade Wilson', '2023-12-28 05:52:15', '2023-12-28 05:52:16'),
(1158, 3, 'public', 'dummy_70x70_ffffff_cccccc_1158', NULL, NULL, NULL, NULL, 'storage/all_files/2023/Dec/dummy_70x70_ffffff_cccccc_1158.png', 985, '{\"large_size\":[655,670],\"medium_size\":[350,480],\"small_size\":[255,250]}', 'image', 'png', 'storage/all_files/2023/Dec', 'Wade Wilson', '2023-12-28 06:20:21', '2023-12-28 06:20:21'),
(1159, 3, 'public', 'logo_66352db1995bc3-92461492-52654161_1159', NULL, NULL, NULL, NULL, 'storage/all_files/2024/Jun/W3eTEdUfhXeSDYQb3Pf8goJtB5tYoKTKMqyWc1eY.png', 8306, '{\"large_size\":[\"655\",\"670\"],\"medium_size\":[\"350\",\"480\"],\"small_size\":[\"255\",\"250\"]}', 'image', 'png', 'storage/all_files/2024/Jun', 'hoogli', '2024-06-03 14:29:49', '2024-06-03 14:29:50'),
(1160, 3, 'public', 'image_750x_6630da800fce2_1160', NULL, NULL, NULL, NULL, 'storage/all_files/2024/Jun/kWTR76rat3a56HZYsbVzYHuCqtulimSIcFrzQgNt.jpg', 49040, '{\"large_size\":[\"655\",\"670\"],\"medium_size\":[\"350\",\"480\"],\"small_size\":[\"255\",\"250\"]}', 'image', 'jpeg', 'storage/all_files/2024/Jun', 'hoogli', '2024-06-03 14:32:53', '2024-06-03 14:32:53'),
(1161, 3, 'public', 'image_750x_6630da800fce2_1161', NULL, NULL, NULL, NULL, 'storage/all_files/2024/Jun/kxegBe7DnmLckMzwRqG9ooQld5DTOS05vTZsNvVw.jpg', 49040, '{\"large_size\":[\"655\",\"670\"],\"medium_size\":[\"350\",\"480\"],\"small_size\":[\"255\",\"250\"]}', 'image', 'jpeg', 'storage/all_files/2024/Jun', 'hoogli', '2024-06-03 14:33:02', '2024-06-03 14:33:02'),
(1162, 3, 'public', 'image_750x_6630da800fce2_1162', NULL, NULL, NULL, NULL, 'storage/all_files/2024/Jun/Cq6YjCqhUYE89JXa8X1dITe7hRdRvivMFoGWcsUN.jpg', 49040, '{\"large_size\":[\"655\",\"670\"],\"medium_size\":[\"350\",\"480\"],\"small_size\":[\"255\",\"250\"]}', 'image', 'jpeg', 'storage/all_files/2024/Jun', 'hoogli', '2024-06-03 14:49:49', '2024-06-03 14:49:49'),
(1163, 3, 'public', 'Captura de Tela 2024-06-03 às 11_1163', NULL, NULL, NULL, NULL, 'storage/all_files/2024/Jun/tX4ikTbrXew7PwFZWhEW2HO5jhXNSAj8P7v51HO3.png', 448344, '{\"large_size\":[\"655\",\"670\"],\"medium_size\":[\"350\",\"480\"],\"small_size\":[\"255\",\"250\"]}', 'image', 'png', 'storage/all_files/2024/Jun', 'hoogli', '2024-06-03 14:50:00', '2024-06-03 14:50:01'),
(1164, 3, 'public', 'image_750x_6630da800fce2_1164', NULL, NULL, NULL, NULL, 'storage/all_files/2024/Jun/QzfPWZpaVCg9YrVVqzvjNclysbJmTqwuGOo0aZJ5.jpg', 49040, '{\"large_size\":[\"655\",\"670\"],\"medium_size\":[\"350\",\"480\"],\"small_size\":[\"255\",\"250\"]}', 'image', 'jpeg', 'storage/all_files/2024/Jun', 'hoogli', '2024-06-03 16:09:00', '2024-06-03 16:09:00'),
(1165, 3, 'public', 'favicon_66352db1998238-41498332-43460678_1165', NULL, NULL, NULL, NULL, 'storage/all_files/2024/Jun/XVjrB4sCYvgHKwYcHEQsCN2gMY68aU7HCWKwu4Ba.png', 8820, '{\"large_size\":[\"655\",\"670\"],\"medium_size\":[\"350\",\"480\"],\"small_size\":[\"255\",\"250\"]}', 'image', 'png', 'storage/all_files/2024/Jun', 'hoogli', '2024-06-03 16:09:19', '2024-06-03 16:09:19'),
(1166, 3, 'public', 'image_750x_6630dd8779e7d_1166', NULL, NULL, NULL, NULL, 'storage/all_files/2024/Jun/wXT5PDqwM5WP6IyrLZPVDwUP3SCJxGpsX2w2DEuU.jpg', 75268, '{\"large_size\":[\"655\",\"670\"],\"medium_size\":[\"350\",\"480\"],\"small_size\":[\"255\",\"250\"]}', 'image', 'jpeg', 'storage/all_files/2024/Jun', 'hoogli', '2024-06-03 16:11:03', '2024-06-03 16:11:03'),
(1167, 3, 'public', 'image_750x_6630dca54f65c_1167', NULL, NULL, NULL, NULL, 'storage/all_files/2024/Jun/YrcGjigijMZo2Q38XMz23oTizAkxHqZ6dUaGE4SR.jpg', 23276, '{\"large_size\":[\"655\",\"670\"],\"medium_size\":[\"350\",\"480\"],\"small_size\":[\"255\",\"250\"]}', 'image', 'jpeg', 'storage/all_files/2024/Jun', 'hoogli', '2024-06-03 16:13:18', '2024-06-03 16:13:18'),
(1168, 3, 'public', 'logo_6633f71fbbf9a3-09999466-70823659_1168', NULL, NULL, NULL, NULL, 'storage/all_files/2024/Jun/twWybMfdwoXbK5WoKmcsdmyxczbos2oHku52I93l.png', 7315, '{\"large_size\":[\"655\",\"670\"],\"medium_size\":[\"350\",\"480\"],\"small_size\":[\"255\",\"250\"]}', 'image', 'png', 'storage/all_files/2024/Jun', 'hoogli', '2024-06-03 16:27:11', '2024-06-03 16:27:11'),
(1169, 3, 'public', 'block_663911bce475f9-66379044-47689383_1169', NULL, NULL, NULL, NULL, 'storage/all_files/2024/Jun/qDrK6ItbfeJPcBYNP3uoJGXyZNPGQkfiXPVXT1rs.png', 87793, '{\"large_size\":[\"655\",\"670\"],\"medium_size\":[\"350\",\"480\"],\"small_size\":[\"255\",\"250\"]}', 'image', 'png', 'storage/all_files/2024/Jun', 'hoogli', '2024-06-03 16:36:50', '2024-06-03 16:36:50'),
(1170, 3, 'public', 'block_663b68656ee0d6-74553623-87455846_1170', NULL, NULL, NULL, NULL, 'storage/all_files/2024/Jun/ALdmo1TgQJ8w50JCerk2ogN5xtrHnrr35pP3zurt.png', 85810, '{\"large_size\":[\"655\",\"670\"],\"medium_size\":[\"350\",\"480\"],\"small_size\":[\"255\",\"250\"]}', 'image', 'png', 'storage/all_files/2024/Jun', 'hoogli', '2024-06-03 17:34:33', '2024-06-03 17:34:33'),
(1171, 3, 'public', 'image_750x_6630ded361577_1171', NULL, NULL, NULL, NULL, 'storage/all_files/2024/Jun/trpkrqVclmPIAyuoaLU9W5sqFSeoowhJtdGxLT3D.jpg', 76244, '{\"large_size\":[\"655\",\"670\"],\"medium_size\":[\"350\",\"480\"],\"small_size\":[\"255\",\"250\"]}', 'image', 'jpeg', 'storage/all_files/2024/Jun', 'hoogli', '2024-06-03 18:36:50', '2024-06-03 18:36:50'),
(1172, 3, 'public', 'image_750x_6630d8b9435c7_1172', NULL, NULL, NULL, NULL, 'storage/all_files/2024/Jun/4SjYwr8Vbzbv3HlFV15KItYcvnMbpTsrx2siFfxd.jpg', 57288, '{\"large_size\":[\"655\",\"670\"],\"medium_size\":[\"350\",\"480\"],\"small_size\":[\"255\",\"250\"]}', 'image', 'jpeg', 'storage/all_files/2024/Jun', 'hoogli', '2024-06-03 18:38:51', '2024-06-03 18:38:51'),
(1173, 3, 'public', 'block_663b6833512146-19825890-12919356_1173', NULL, NULL, NULL, NULL, 'storage/all_files/2024/Jun/o7CcARnD0IaleiSDHN69G4JiVgB5ybf4267uADgq.png', 61235, '{\"large_size\":[\"655\",\"670\"],\"medium_size\":[\"350\",\"480\"],\"small_size\":[\"255\",\"250\"]}', 'image', 'png', 'storage/all_files/2024/Jun', 'Aparece Brasil', '2024-06-03 19:01:58', '2024-06-03 19:01:58');

-- --------------------------------------------------------

--
-- Estrutura para tabela `tl_user_informations`
--

CREATE TABLE `tl_user_informations` (
  `id` bigint(20) NOT NULL,
  `user_id` int(11) DEFAULT NULL,
  `bio` text DEFAULT NULL,
  `custom_social` int(11) NOT NULL DEFAULT 0,
  `social` text DEFAULT NULL,
  `created_at` timestamp NULL DEFAULT NULL,
  `updated_at` timestamp NULL DEFAULT NULL
) ENGINE=InnoDB DEFAULT CHARSET=utf8mb4 COLLATE=utf8mb4_general_ci;

--
-- Despejando dados para a tabela `tl_user_informations`
--

INSERT INTO `tl_user_informations` (`id`, `user_id`, `bio`, `custom_social`, `social`, `created_at`, `updated_at`) VALUES
(29, 1, '26-year-old health centre receptionist who enjoy going movies photography and social media playing above you picked up some tips.', 0, NULL, '2023-12-28 06:20:45', '2023-12-28 06:20:45');

-- --------------------------------------------------------

--
-- Estrutura para tabela `tl_water_mark_image_applicable_folders`
--

CREATE TABLE `tl_water_mark_image_applicable_folders` (
  `id` int(11) NOT NULL,
  `image_type` int(11) NOT NULL DEFAULT 0,
  `created_at` timestamp NOT NULL DEFAULT current_timestamp(),
  `updated_at` timestamp NULL DEFAULT NULL ON UPDATE current_timestamp()
) ENGINE=InnoDB DEFAULT CHARSET=utf8mb4 COLLATE=utf8mb4_general_ci;

-- --------------------------------------------------------

--
-- Estrutura para tabela `tl_widgets`
--

CREATE TABLE `tl_widgets` (
  `id` bigint(20) NOT NULL,
  `widget_name` varchar(255) DEFAULT NULL,
  `widget_short_desc` text DEFAULT NULL,
  `theme_id` int(11) DEFAULT NULL,
  `created_at` timestamp NULL DEFAULT NULL,
  `updated_at` timestamp NULL DEFAULT NULL
) ENGINE=InnoDB DEFAULT CHARSET=utf8mb4 COLLATE=utf8mb4_general_ci;

--
-- Despejando dados para a tabela `tl_widgets`
--

INSERT INTO `tl_widgets` (`id`, `widget_name`, `widget_short_desc`, `theme_id`, `created_at`, `updated_at`) VALUES
(107, 'Author Widget', 'Display Author Information', 22, '2023-09-02 06:15:46', '2023-09-02 06:15:46'),
(108, 'Social Widget', 'Display Social Icons and Text', 22, '2023-09-02 06:15:46', '2023-09-02 06:15:46'),
(110, 'Tag Widget', 'Display Tags', 22, '2023-09-02 06:15:46', '2023-09-02 06:15:46'),
(111, 'Category Widget', 'Display Categories', 22, '2023-09-02 06:15:46', '2023-09-02 06:15:46'),
(112, 'Advertisement Widget', 'Display Ads', 22, '2023-09-02 06:15:46', '2023-09-02 06:15:46'),
(113, 'Newsletter Widget', 'Display newsletter Box', 22, '2023-09-02 06:15:46', '2023-09-02 06:15:46'),
(114, 'Search Widget', 'Display Blog Search Box', 22, '2023-10-11 11:07:46', '2023-10-11 11:07:46'),
(115, 'Blog List Widget', 'Display Blogs As List', 22, '2023-10-11 11:07:46', '2023-10-11 11:07:46'),
(116, 'Blog Tab Widget', 'Display Blogs As Tabs', 22, '2023-10-11 11:07:46', '2023-10-11 11:07:46'),
(117, 'Voting Widget', 'Display Votings', 22, '2023-10-11 11:07:47', '2023-10-11 11:07:47'),
(118, 'Recent Comment Widget', 'Display Recent Comments', 22, '2023-10-11 11:07:47', '2023-10-11 11:07:47'),
(119, 'Address Widget', 'Display Address Information', 22, '2023-10-21 04:00:33', '2023-10-21 04:00:33'),
(120, 'Menu Widget', 'Display Menu Links', 22, '2023-10-21 04:00:33', '2023-10-21 04:00:33'),
(121, 'Gallery Widget', 'Display Blogs Gallery', 22, '2023-10-21 04:00:33', '2023-10-21 04:00:33');

-- --------------------------------------------------------

--
-- Estrutura para tabela `user_keys`
--

CREATE TABLE `user_keys` (
  `id` bigint(20) UNSIGNED NOT NULL,
  `license_key` text DEFAULT NULL,
  `item` varchar(255) DEFAULT NULL,
  `item_is` int(11) DEFAULT NULL,
  `created_at` timestamp NULL DEFAULT NULL,
  `updated_at` timestamp NULL DEFAULT NULL
) ENGINE=InnoDB DEFAULT CHARSET=utf8mb4 COLLATE=utf8mb4_unicode_ci;

-- --------------------------------------------------------

--
-- Estrutura para tabela `visitors`
--

CREATE TABLE `visitors` (
  `id` bigint(20) NOT NULL,
  `ip_address` varchar(255) DEFAULT NULL,
  `user_agent` varchar(255) DEFAULT NULL,
  `device` varchar(255) DEFAULT NULL,
  `country` varchar(255) DEFAULT NULL,
  `visited_at` datetime DEFAULT NULL
) ENGINE=InnoDB DEFAULT CHARSET=utf8mb4 COLLATE=utf8mb4_general_ci;

--
-- Despejando dados para a tabela `visitors`
--

INSERT INTO `visitors` (`id`, `ip_address`, `user_agent`, `device`, `country`, `visited_at`) VALUES
(34625, '187.58.60.2', 'Google Chrome', 'Windows', 'Brazil', '2024-05-29 19:40:57'),
(34626, '189.50.93.166', 'Google Chrome', 'Mac', 'Brazil', '2024-05-29 19:45:06'),
(34627, '187.58.60.2', 'Google Chrome', 'Windows', 'Brazil', '2024-05-29 13:36:59'),
(34628, '187.58.60.2', 'Google Chrome', 'Windows', 'Brazil', '2024-05-29 13:37:07'),
(34629, '187.58.60.2', 'Google Chrome', 'Windows', 'Brazil', '2024-05-29 13:37:09'),
(34630, '187.58.60.2', 'Google Chrome', 'Windows', 'Brazil', '2024-05-29 13:37:11'),
(34631, '187.58.60.2', 'Google Chrome', 'Windows', 'Brazil', '2024-05-29 13:37:27'),
(34632, '187.58.60.2', 'Google Chrome', 'Windows', 'Brazil', '2024-05-29 14:41:09'),
(34633, '187.58.60.2', 'Google Chrome', 'Windows', 'Brazil', '2024-05-29 14:43:33'),
(34634, '187.58.60.2', 'Google Chrome', 'Windows', 'Brazil', '2024-05-29 16:17:21'),
(34635, '187.58.60.2', 'Google Chrome', 'Windows', 'Brazil', '2024-05-29 16:18:06'),
(34636, '187.58.60.2', 'Google Chrome', 'Windows', 'Brazil', '2024-05-29 16:18:21'),
(34637, '187.58.60.2', 'Google Chrome', 'Windows', 'Brazil', '2024-05-29 16:35:19'),
(34638, '187.58.60.2', 'Google Chrome', 'Windows', 'Brazil', '2024-05-29 16:35:24'),
(34639, '187.58.60.2', 'Google Chrome', 'Windows', 'Brazil', '2024-05-29 16:36:31'),
(34640, '187.58.60.2', 'Google Chrome', 'Windows', 'Brazil', '2024-05-29 16:36:43'),
(34641, '187.58.60.2', 'Google Chrome', 'Windows', 'Brazil', '2024-05-29 16:36:50'),
(34642, '187.58.60.2', 'Google Chrome', 'Windows', 'Brazil', '2024-05-29 16:39:26'),
(34643, '187.58.60.2', 'Google Chrome', 'Windows', 'Brazil', '2024-05-29 16:39:48'),
(34644, '187.58.60.2', 'Google Chrome', 'Windows', 'Brazil', '2024-05-29 16:39:56'),
(34645, '187.58.60.2', 'Google Chrome', 'Windows', 'Brazil', '2024-05-29 16:39:59'),
(34646, '187.58.60.2', 'Google Chrome', 'Windows', 'Brazil', '2024-05-29 16:45:32'),
(34647, '187.58.60.2', 'Google Chrome', 'Windows', 'Brazil', '2024-05-29 16:46:42'),
(34648, '187.58.60.2', 'Google Chrome', 'Windows', 'Brazil', '2024-05-29 16:46:55'),
(34649, '187.58.60.2', 'Google Chrome', 'Windows', 'Brazil', '2024-05-29 16:47:30'),
(34650, '187.58.60.2', 'Google Chrome', 'Windows', 'Brazil', '2024-05-29 16:47:38'),
(34651, '187.58.60.2', 'Google Chrome', 'Windows', 'Brazil', '2024-05-29 16:47:40'),
(34652, '187.58.60.2', 'Google Chrome', 'Windows', 'Brazil', '2024-05-29 16:47:43'),
(34653, '187.58.60.2', 'Google Chrome', 'Windows', 'Brazil', '2024-05-29 16:48:30'),
(34654, '187.58.60.2', 'Google Chrome', 'Windows', 'Brazil', '2024-05-29 16:49:23'),
(34655, '187.58.60.2', 'Google Chrome', 'Windows', 'Brazil', '2024-05-29 16:50:18'),
(34656, '187.58.60.2', 'Google Chrome', 'Windows', 'Brazil', '2024-05-29 16:51:31'),
(34657, '187.58.60.2', 'Google Chrome', 'Windows', 'Brazil', '2024-05-29 16:52:28'),
(34658, '187.58.60.2', 'Google Chrome', 'Windows', 'Brazil', '2024-05-29 16:53:49'),
(34659, '187.58.60.2', 'Google Chrome', 'Windows', 'Brazil', '2024-05-29 16:58:12'),
(34660, '187.58.60.2', 'Google Chrome', 'Windows', 'Brazil', '2024-05-29 16:59:19'),
(34661, '187.58.60.2', 'Google Chrome', 'Windows', 'Brazil', '2024-05-29 18:02:48'),
(34662, '187.58.60.2', 'Google Chrome', 'Windows', 'Brazil', '2024-05-29 18:03:47'),
(34663, '85.208.96.193', 'Others', 'Others', 'United States', '2024-05-29 18:18:56'),
(34664, '85.208.96.199', 'Others', 'Others', 'United States', '2024-05-29 18:46:46'),
(34665, '85.208.96.207', 'Others', 'Others', 'United States', '2024-05-29 19:51:53'),
(34666, '185.191.171.4', 'Others', 'Others', 'United Kingdom', '2024-05-29 20:14:42'),
(34667, '185.191.171.15', 'Others', 'Others', 'United Kingdom', '2024-05-29 21:05:20'),
(34668, '85.208.96.193', 'Others', 'Others', 'United States', '2024-05-29 23:55:33'),
(34669, '185.191.171.11', 'Others', 'Others', 'United Kingdom', '2024-05-30 00:11:02'),
(34670, '118.179.125.221', 'Google Chrome', 'Linux', 'Bangladesh', '2024-05-30 02:10:05'),
(34671, '185.191.171.1', 'Others', 'Others', 'United Kingdom', '2024-05-30 03:26:04'),
(34672, '185.191.171.17', 'Others', 'Others', 'United Kingdom', '2024-05-30 04:58:12'),
(34673, '185.191.171.8', 'Others', 'Others', 'United Kingdom', '2024-05-30 05:36:32'),
(34674, '185.191.171.1', 'Others', 'Others', 'United Kingdom', '2024-05-30 06:35:51'),
(34675, '85.208.96.204', 'Others', 'Others', 'United States', '2024-05-30 06:39:50'),
(34676, '85.208.96.201', 'Others', 'Others', 'United States', '2024-05-30 07:06:55'),
(34677, '85.208.96.194', 'Others', 'Others', 'United States', '2024-05-30 07:14:20'),
(34678, '85.208.96.208', 'Others', 'Others', 'United States', '2024-05-30 07:17:56'),
(34679, '185.191.171.4', 'Others', 'Others', 'United Kingdom', '2024-05-30 08:38:03'),
(34680, '185.191.171.10', 'Others', 'Others', 'United Kingdom', '2024-05-30 08:48:20'),
(34681, '185.191.171.13', 'Others', 'Others', 'United Kingdom', '2024-05-30 09:12:06'),
(34682, '185.191.171.16', 'Others', 'Others', 'United Kingdom', '2024-05-30 09:45:19'),
(34683, '185.191.171.5', 'Others', 'Others', 'United Kingdom', '2024-05-30 12:32:21'),
(34684, '85.208.96.206', 'Others', 'Others', 'United States', '2024-05-30 13:18:01'),
(34685, '187.58.60.2', 'Google Chrome', 'Mac', 'Brazil', '2024-05-30 17:00:04'),
(34686, '187.58.60.2', 'Google Chrome', 'Mac', 'Brazil', '2024-05-30 17:00:34'),
(34687, '187.58.60.2', 'Google Chrome', 'Mac', 'Brazil', '2024-05-30 17:00:39'),
(34688, '187.58.60.2', 'Google Chrome', 'Windows', 'Brazil', '2024-05-31 09:22:55'),
(34689, '187.58.60.2', 'Google Chrome', 'Mac', 'Brazil', '2024-05-31 09:23:08'),
(34690, '187.58.60.2', 'Google Chrome', 'Windows', 'Brazil', '2024-05-31 09:23:26'),
(34691, '187.58.60.2', 'Google Chrome', 'Windows', 'Brazil', '2024-05-31 10:35:54'),
(34692, '187.58.60.2', 'Google Chrome', 'Windows', 'Brazil', '2024-06-03 10:02:28'),
(34693, '187.58.60.2', 'Google Chrome', 'Windows', 'Brazil', '2024-06-03 10:02:52'),
(34694, '187.58.60.2', 'Google Chrome', 'Windows', 'Brazil', '2024-06-03 10:02:54'),
(34695, '187.58.60.2', 'Google Chrome', 'Windows', 'Brazil', '2024-06-03 10:07:39'),
(34696, '187.58.60.2', 'Others', 'Others', 'Brazil', '2024-06-03 10:07:59'),
(34697, '31.171.154.58', 'Google Chrome', 'Windows', 'Albania', '2024-06-03 10:09:05'),
(34698, '187.58.60.2', 'Google Chrome', 'Windows', 'Brazil', '2024-06-03 10:15:31'),
(34699, '45.130.200.109', 'Google Chrome', 'Windows', 'Sweden', '2024-06-03 10:21:33'),
(34700, '65.154.226.167', 'Google Chrome', 'Windows', 'United States', '2024-06-03 10:31:15'),
(34701, '187.58.60.2', 'Google Chrome', 'Windows', 'Brazil', '2024-06-03 10:34:10'),
(34702, '192.175.111.239', 'Google Chrome', 'Windows', 'Canada', '2024-06-03 10:34:59'),
(34703, '64.15.129.125', 'Google Chrome', 'Windows', 'Canada', '2024-06-03 10:35:03'),
(34704, '192.175.111.239', 'Google Chrome', 'Windows', 'Canada', '2024-06-03 10:35:08'),
(34705, '64.15.129.114', 'Google Chrome', 'Windows', 'Canada', '2024-06-03 10:35:10'),
(34706, '187.58.60.2', 'Google Chrome', 'Windows', 'Brazil', '2024-06-03 11:11:40'),
(34707, '187.58.60.2', 'Google Chrome', 'Windows', 'Brazil', '2024-06-03 11:12:11'),
(34708, '187.58.60.2', 'Google Chrome', 'Windows', 'Brazil', '2024-06-03 11:14:49'),
(34709, '131.0.20.148', 'Google Chrome', 'Mac', 'Brazil', '2024-06-03 11:18:07'),
(34710, '187.58.60.2', 'Google Chrome', 'Windows', 'Brazil', '2024-06-03 11:19:41'),
(34711, '131.0.20.148', 'Google Chrome', 'Mac', 'Brazil', '2024-06-03 11:20:15'),
(34712, '131.0.20.148', 'Google Chrome', 'Mac', 'Brazil', '2024-06-03 11:20:51'),
(34713, '187.58.60.2', 'Google Chrome', 'Windows', 'Brazil', '2024-06-03 11:26:28'),
(34714, '191.252.158.234', 'Google Chrome', 'Windows', 'Brazil', '2024-06-03 11:26:44'),
(34715, '191.252.158.234', 'Google Chrome', 'Windows', 'Brazil', '2024-06-03 11:26:47'),
(34716, '131.0.20.148', 'Google Chrome', 'Mac', 'Brazil', '2024-06-03 11:41:11'),
(34717, '131.0.20.148', 'Google Chrome', 'Mac', 'Brazil', '2024-06-03 11:50:52'),
(34718, '131.0.20.148', 'Google Chrome', 'Mac', 'Brazil', '2024-06-03 11:51:01'),
(34719, '131.0.20.148', 'Google Chrome', 'Mac', 'Brazil', '2024-06-03 11:51:09'),
(34720, '15.237.119.21', 'Safari', 'Mac', 'France', '2024-06-03 11:51:15'),
(34721, '84.17.42.9', 'Google Chrome', 'Mac', 'France', '2024-06-03 11:51:19'),
(34722, '154.47.30.163', 'Safari', 'Mac', 'South Africa', '2024-06-03 11:51:20'),
(34723, '131.0.20.148', 'Google Chrome', 'Mac', 'Brazil', '2024-06-03 11:51:41'),
(34724, '131.0.20.148', 'Google Chrome', 'Mac', 'Brazil', '2024-06-03 11:51:49'),
(34725, '131.0.20.148', 'Google Chrome', 'Mac', 'Brazil', '2024-06-03 11:53:33'),
(34726, '131.0.20.148', 'Google Chrome', 'Mac', 'Brazil', '2024-06-03 11:56:43'),
(34727, '131.0.20.148', 'Google Chrome', 'Mac', 'Brazil', '2024-06-03 11:57:28'),
(34728, '131.0.20.148', 'Google Chrome', 'Mac', 'Brazil', '2024-06-03 11:57:35'),
(34729, '131.0.20.148', 'Google Chrome', 'Mac', 'Brazil', '2024-06-03 11:59:44'),
(34730, '131.0.20.148', 'Google Chrome', 'Mac', 'Brazil', '2024-06-03 12:02:45'),
(34731, '131.0.20.148', 'Google Chrome', 'Mac', 'Brazil', '2024-06-03 12:02:47'),
(34732, '131.0.20.148', 'Google Chrome', 'Mac', 'Brazil', '2024-06-03 12:04:05'),
(34733, '131.0.20.148', 'Google Chrome', 'Mac', 'Brazil', '2024-06-03 12:04:10'),
(34734, '131.0.20.148', 'Google Chrome', 'Mac', 'Brazil', '2024-06-03 12:05:18'),
(34735, '131.0.20.148', 'Google Chrome', 'Mac', 'Brazil', '2024-06-03 12:08:50'),
(34736, '187.58.60.2', 'Google Chrome', 'Windows', 'Brazil', '2024-06-03 12:18:30'),
(34737, '187.58.60.2', 'Google Chrome', 'Windows', 'Brazil', '2024-06-03 12:18:35'),
(34738, '187.58.60.2', 'Google Chrome', 'Windows', 'Brazil', '2024-06-03 12:18:41'),
(34739, '187.58.60.2', 'Google Chrome', 'Windows', 'Brazil', '2024-06-03 12:19:10'),
(34740, '187.58.60.2', 'Google Chrome', 'Windows', 'Brazil', '2024-06-03 12:19:15'),
(34741, '187.58.60.2', 'Google Chrome', 'Windows', 'Brazil', '2024-06-03 12:19:18'),
(34742, '187.58.60.2', 'Google Chrome', 'Windows', 'Brazil', '2024-06-03 12:19:23'),
(34743, '187.58.60.2', 'Google Chrome', 'Windows', 'Brazil', '2024-06-03 12:21:03'),
(34744, '187.58.60.2', 'Google Chrome', 'Windows', 'Brazil', '2024-06-03 12:21:11'),
(34745, '187.58.60.2', 'Google Chrome', 'Windows', 'Brazil', '2024-06-03 12:21:14'),
(34746, '187.58.60.2', 'Google Chrome', 'Windows', 'Brazil', '2024-06-03 12:22:08'),
(34747, '187.58.60.2', 'Google Chrome', 'Windows', 'Brazil', '2024-06-03 12:33:55'),
(34748, '104.166.80.183', 'Mozilla Firefox', 'Linux', 'United States', '2024-06-03 12:34:46'),
(34749, '34.248.137.227', 'Mozilla Firefox', 'Linux', 'Ireland', '2024-06-03 12:38:45'),
(34750, '34.248.137.227', 'Mozilla Firefox', 'Linux', 'Ireland', '2024-06-03 12:38:48'),
(34751, '34.248.137.227', 'Google Chrome', 'Mac', 'Ireland', '2024-06-03 12:38:52'),
(34752, '104.166.80.126', 'Mozilla Firefox', 'Linux', 'United States', '2024-06-03 12:39:06'),
(34753, '34.248.137.227', 'Mozilla Firefox', 'Linux', 'Ireland', '2024-06-03 12:39:08'),
(34754, '34.248.137.227', 'Mozilla Firefox', 'Linux', 'Ireland', '2024-06-03 12:39:09'),
(34755, '34.248.137.227', 'Google Chrome', 'Mac', 'Ireland', '2024-06-03 12:39:13'),
(34756, '187.58.60.2', 'Google Chrome', 'Windows', 'Brazil', '2024-06-03 12:55:24'),
(34757, '187.58.60.2', 'Google Chrome', 'Windows', 'Brazil', '2024-06-03 12:55:29'),
(34758, '187.58.60.2', 'Google Chrome', 'Mac', 'Brazil', '2024-06-03 12:57:05'),
(34759, '187.58.60.2', 'Google Chrome', 'Windows', 'Brazil', '2024-06-03 13:02:48'),
(34760, '187.58.60.2', 'Google Chrome', 'Mac', 'Brazil', '2024-06-03 13:06:25'),
(34761, '187.58.60.2', 'Google Chrome', 'Mac', 'Brazil', '2024-06-03 13:06:51'),
(34762, '187.58.60.2', 'Google Chrome', 'Mac', 'Brazil', '2024-06-03 13:07:14'),
(34763, '187.58.60.2', 'Google Chrome', 'Mac', 'Brazil', '2024-06-03 13:07:35'),
(34764, '187.58.60.2', 'Google Chrome', 'Mac', 'Brazil', '2024-06-03 13:07:52'),
(34765, '187.58.60.2', 'Google Chrome', 'Windows', 'Brazil', '2024-06-03 13:11:55'),
(34766, '187.58.60.2', 'Google Chrome', 'Windows', 'Brazil', '2024-06-03 13:14:01'),
(34767, '187.58.60.2', 'Google Chrome', 'Mac', 'Brazil', '2024-06-03 13:14:18'),
(34768, '187.58.60.2', 'Google Chrome', 'Windows', 'Brazil', '2024-06-03 13:17:13'),
(34769, '187.58.60.2', 'Google Chrome', 'Mac', 'Brazil', '2024-06-03 13:17:15'),
(34770, '187.58.60.2', 'Google Chrome', 'Mac', 'Brazil', '2024-06-03 13:19:12'),
(34771, '187.58.60.2', 'Google Chrome', 'Windows', 'Brazil', '2024-06-03 13:19:28'),
(34772, '187.58.60.2', 'Google Chrome', 'Windows', 'Brazil', '2024-06-03 13:19:59'),
(34773, '187.58.60.2', 'Google Chrome', 'Windows', 'Brazil', '2024-06-03 13:21:03'),
(34774, '187.58.60.2', 'Google Chrome', 'Mac', 'Brazil', '2024-06-03 13:21:18'),
(34775, '187.58.60.2', 'Google Chrome', 'Mac', 'Brazil', '2024-06-03 13:21:46'),
(34776, '187.58.60.2', 'Google Chrome', 'Mac', 'Brazil', '2024-06-03 13:22:22'),
(34777, '187.58.60.2', 'Google Chrome', 'Mac', 'Brazil', '2024-06-03 13:23:02'),
(34778, '187.58.60.2', 'Google Chrome', 'Windows', 'Brazil', '2024-06-03 13:23:14'),
(34779, '187.58.60.2', 'Google Chrome', 'Mac', 'Brazil', '2024-06-03 13:24:28'),
(34780, '187.58.60.2', 'Google Chrome', 'Windows', 'Brazil', '2024-06-03 13:24:29'),
(34781, '187.58.60.2', 'Google Chrome', 'Windows', 'Brazil', '2024-06-03 13:24:31'),
(34782, '187.58.60.2', 'Google Chrome', 'Windows', 'Brazil', '2024-06-03 13:24:40'),
(34783, '187.58.60.2', 'Google Chrome', 'Mac', 'Brazil', '2024-06-03 13:25:01'),
(34784, '187.58.60.2', 'Google Chrome', 'Mac', 'Brazil', '2024-06-03 13:25:40'),
(34785, '187.58.60.2', 'Google Chrome', 'Mac', 'Brazil', '2024-06-03 13:27:18'),
(34786, '187.58.60.2', 'Google Chrome', 'Mac', 'Brazil', '2024-06-03 13:28:55'),
(34787, '187.58.60.2', 'Google Chrome', 'Windows', 'Brazil', '2024-06-03 13:30:20'),
(34788, '104.166.80.213', 'Mozilla Firefox', 'Linux', 'United States', '2024-06-03 13:30:43'),
(34789, '104.166.80.213', 'Mozilla Firefox', 'Linux', 'United States', '2024-06-03 13:30:45'),
(34790, '187.58.60.2', 'Google Chrome', 'Windows', 'Brazil', '2024-06-03 13:31:01'),
(34791, '187.58.60.2', 'Google Chrome', 'Windows', 'Brazil', '2024-06-03 13:31:09'),
(34792, '131.0.20.148', 'Google Chrome', 'Mac', 'Brazil', '2024-06-03 13:31:55'),
(34793, '131.0.20.148', 'Google Chrome', 'Mac', 'Brazil', '2024-06-03 13:32:19'),
(34794, '187.58.60.2', 'Google Chrome', 'Windows', 'Brazil', '2024-06-03 13:32:35'),
(34795, '131.0.20.148', 'Google Chrome', 'Mac', 'Brazil', '2024-06-03 13:34:15'),
(34796, '131.0.20.148', 'Google Chrome', 'Mac', 'Brazil', '2024-06-03 13:35:44'),
(34797, '131.0.20.148', 'Google Chrome', 'Mac', 'Brazil', '2024-06-03 13:36:13'),
(34798, '131.0.20.148', 'Google Chrome', 'Mac', 'Brazil', '2024-06-03 13:37:00'),
(34799, '131.0.20.148', 'Google Chrome', 'Mac', 'Brazil', '2024-06-03 13:37:05'),
(34800, '187.58.60.2', 'Google Chrome', 'Windows', 'Brazil', '2024-06-03 13:37:06'),
(34801, '187.58.60.2', 'Google Chrome', 'Windows', 'Brazil', '2024-06-03 13:37:16'),
(34802, '187.58.60.2', 'Google Chrome', 'Windows', 'Brazil', '2024-06-03 13:37:18'),
(34803, '187.58.60.2', 'Google Chrome', 'Windows', 'Brazil', '2024-06-03 13:37:27'),
(34804, '131.0.20.148', 'Google Chrome', 'Mac', 'Brazil', '2024-06-03 13:38:20'),
(34805, '187.58.60.2', 'Google Chrome', 'Windows', 'Brazil', '2024-06-03 13:40:38'),
(34806, '131.0.20.148', 'Google Chrome', 'Mac', 'Brazil', '2024-06-03 13:41:00'),
(34807, '104.166.80.109', 'Mozilla Firefox', 'Mac', 'United States', '2024-06-03 13:42:09'),
(34808, '104.166.80.109', 'Mozilla Firefox', 'Mac', 'United States', '2024-06-03 13:42:11'),
(34809, '187.58.60.2', 'Google Chrome', 'Windows', 'Brazil', '2024-06-03 13:42:25'),
(34810, '131.0.20.148', 'Google Chrome', 'Mac', 'Brazil', '2024-06-03 13:42:46'),
(34811, '131.0.20.148', 'Google Chrome', 'Mac', 'Brazil', '2024-06-03 13:43:27'),
(34812, '187.58.60.2', 'Google Chrome', 'Windows', 'Brazil', '2024-06-03 13:43:28'),
(34813, '187.58.60.2', 'Google Chrome', 'Windows', 'Brazil', '2024-06-03 13:43:30'),
(34814, '131.0.20.148', 'Google Chrome', 'Mac', 'Brazil', '2024-06-03 13:43:52'),
(34815, '187.58.60.2', 'Google Chrome', 'Windows', 'Brazil', '2024-06-03 13:44:45'),
(34816, '187.58.60.2', 'Google Chrome', 'Windows', 'Brazil', '2024-06-03 13:45:06'),
(34817, '187.58.60.2', 'Google Chrome', 'Windows', 'Brazil', '2024-06-03 13:45:38'),
(34818, '131.0.20.148', 'Google Chrome', 'Mac', 'Brazil', '2024-06-03 13:50:43'),
(34819, '187.58.60.2', 'Google Chrome', 'Windows', 'Brazil', '2024-06-03 13:52:57'),
(34820, '80.255.7.107', 'Google Chrome', 'Windows', 'Germany', '2024-06-03 13:54:13'),
(34821, '94.102.49.206', 'Google Chrome', 'Windows', 'The Netherlands', '2024-06-03 13:55:41'),
(34822, '94.102.49.123', 'Google Chrome', 'Windows', 'The Netherlands', '2024-06-03 13:55:47'),
(34823, '212.143.94.254', 'Google Chrome', 'Windows', 'Israel', '2024-06-03 13:55:59'),
(34824, '212.143.94.254', 'Google Chrome', 'Linux', 'Israel', '2024-06-03 13:56:03'),
(34825, '171.67.70.233', 'Others', 'Others', 'United States', '2024-06-03 13:56:26'),
(34826, '171.67.70.233', 'Others', 'Others', 'United States', '2024-06-03 13:56:30'),
(34827, '171.67.70.233', 'Others', 'Others', 'United States', '2024-06-03 13:57:14'),
(34828, '171.67.70.233', 'Others', 'Others', 'United States', '2024-06-03 13:57:16'),
(34829, '89.248.171.23', 'Google Chrome', 'Windows', 'The Netherlands', '2024-06-03 13:58:37'),
(34830, '131.0.20.148', 'Google Chrome', 'Mac', 'Brazil', '2024-06-03 13:59:30'),
(34831, '131.0.20.148', 'Google Chrome', 'Mac', 'Brazil', '2024-06-03 13:59:45'),
(34832, '131.0.20.148', 'Google Chrome', 'Mac', 'Brazil', '2024-06-03 13:59:52'),
(34833, '131.0.20.148', 'Google Chrome', 'Mac', 'Brazil', '2024-06-03 13:59:55'),
(34834, '131.0.20.148', 'Google Chrome', 'Mac', 'Brazil', '2024-06-03 14:00:13'),
(34835, '131.0.20.148', 'Google Chrome', 'Mac', 'Brazil', '2024-06-03 14:00:38'),
(34836, '80.255.7.100', 'Google Chrome', 'Windows', 'Germany', '2024-06-03 14:01:57'),
(34837, '136.144.19.229', 'Google Chrome', 'Windows', 'United States', '2024-06-03 14:01:59'),
(34838, '104.164.195.112', 'Google Chrome', 'Mac', 'United States', '2024-06-03 14:02:51'),
(34839, '94.102.49.206', 'Google Chrome', 'Windows', 'The Netherlands', '2024-06-03 14:02:57'),
(34840, '94.102.49.123', 'Google Chrome', 'Windows', 'The Netherlands', '2024-06-03 14:02:59'),
(34841, '80.82.70.198', 'Google Chrome', 'Windows', 'Seychelles', '2024-06-03 14:03:02'),
(34842, '80.82.70.198', 'Google Chrome', 'Windows', 'Seychelles', '2024-06-03 14:03:03'),
(34843, '167.250.111.34', 'Google Chrome', 'Windows', 'Honduras', '2024-06-03 14:03:28'),
(34844, '131.0.20.148', 'Google Chrome', 'Mac', 'Brazil', '2024-06-03 14:03:53'),
(34845, '131.0.20.148', 'Google Chrome', 'Mac', 'Brazil', '2024-06-03 14:04:01'),
(34846, '138.199.58.107', 'Google Chrome', 'Mac', 'Brazil', '2024-06-03 14:04:09'),
(34847, '23.172.112.234', 'Safari', 'Mac', 'United States', '2024-06-03 14:04:09'),
(34848, '149.78.184.102', 'Google Chrome', 'Mac', 'Brazil', '2024-06-03 14:04:10'),
(34849, '104.152.222.38', 'Safari', 'Mac', 'United States', '2024-06-03 14:04:10'),
(34850, '89.248.171.23', 'Google Chrome', 'Windows', 'The Netherlands', '2024-06-03 14:06:29'),
(34851, '187.58.60.2', 'Google Chrome', 'Windows', 'Brazil', '2024-06-03 14:06:48'),
(34852, '187.58.60.2', 'Google Chrome', 'Windows', 'Brazil', '2024-06-03 14:07:13'),
(34853, '131.0.20.148', 'Google Chrome', 'Mac', 'Brazil', '2024-06-03 14:07:16'),
(34854, '98.159.226.215', 'Google Chrome', 'Windows', 'Monaco', '2024-06-03 14:08:26'),
(34855, '131.0.20.148', 'Google Chrome', 'Mac', 'Brazil', '2024-06-03 14:09:25'),
(34856, '131.0.20.148', 'Google Chrome', 'Mac', 'Brazil', '2024-06-03 14:09:28'),
(34857, '187.58.60.2', 'Google Chrome', 'Windows', 'Brazil', '2024-06-03 14:12:53'),
(34858, '187.58.60.2', 'Google Chrome', 'Windows', 'Brazil', '2024-06-03 14:12:58'),
(34859, '187.58.60.2', 'Google Chrome', 'Windows', 'Brazil', '2024-06-03 14:13:22'),
(34860, '187.58.60.2', 'Google Chrome', 'Windows', 'Brazil', '2024-06-03 14:13:28'),
(34861, '49.98.165.222', 'Safari', 'Mac', 'Japan', '2024-06-03 14:13:32'),
(34862, '187.58.60.2', 'Google Chrome', 'Windows', 'Brazil', '2024-06-03 14:13:43'),
(34863, '131.0.20.148', 'Google Chrome', 'Mac', 'Brazil', '2024-06-03 14:14:48'),
(34864, '131.0.20.148', 'Google Chrome', 'Mac', 'Brazil', '2024-06-03 14:14:51'),
(34865, '131.0.20.148', 'Google Chrome', 'Mac', 'Brazil', '2024-06-03 14:14:53'),
(34866, '186.227.198.149', 'Google Chrome', 'Windows', 'Brazil', '2024-06-03 14:15:56'),
(34867, '38.95.13.132', 'Google Chrome', 'Linux', 'United States', '2024-06-03 14:15:58'),
(34868, '104.244.209.72', 'Google Chrome', 'Windows', 'United States', '2024-06-03 14:15:59'),
(34869, '138.199.58.107', 'Safari', 'Mac', 'Brazil', '2024-06-03 14:16:08'),
(34870, '131.0.20.148', 'Google Chrome', 'Mac', 'Brazil', '2024-06-03 14:19:01'),
(34871, '131.0.20.148', 'Google Chrome', 'Mac', 'Brazil', '2024-06-03 14:19:26'),
(34872, '131.0.20.148', 'Google Chrome', 'Mac', 'Brazil', '2024-06-03 14:21:56'),
(34873, '131.0.20.148', 'Google Chrome', 'Mac', 'Brazil', '2024-06-03 14:21:58'),
(34874, '131.0.20.148', 'Google Chrome', 'Mac', 'Brazil', '2024-06-03 14:22:01'),
(34875, '131.0.20.148', 'Google Chrome', 'Mac', 'Brazil', '2024-06-03 14:22:05'),
(34876, '131.0.20.148', 'Google Chrome', 'Mac', 'Brazil', '2024-06-03 14:25:48'),
(34877, '131.0.20.148', 'Google Chrome', 'Mac', 'Brazil', '2024-06-03 14:25:55'),
(34878, '131.0.20.148', 'Google Chrome', 'Mac', 'Brazil', '2024-06-03 14:25:59'),
(34879, '131.0.20.148', 'Google Chrome', 'Mac', 'Brazil', '2024-06-03 14:26:02'),
(34880, '131.0.20.148', 'Google Chrome', 'Mac', 'Brazil', '2024-06-03 14:26:04'),
(34881, '131.0.20.148', 'Google Chrome', 'Mac', 'Brazil', '2024-06-03 14:31:39'),
(34882, '131.0.20.148', 'Google Chrome', 'Mac', 'Brazil', '2024-06-03 14:31:48'),
(34883, '131.0.20.148', 'Google Chrome', 'Mac', 'Brazil', '2024-06-03 14:31:55'),
(34884, '131.0.20.148', 'Google Chrome', 'Mac', 'Brazil', '2024-06-03 14:31:59'),
(34885, '131.0.20.148', 'Google Chrome', 'Mac', 'Brazil', '2024-06-03 14:32:04'),
(34886, '131.0.20.148', 'Google Chrome', 'Mac', 'Brazil', '2024-06-03 14:32:15'),
(34887, '131.0.20.148', 'Google Chrome', 'Mac', 'Brazil', '2024-06-03 14:32:22'),
(34888, '131.0.20.148', 'Google Chrome', 'Mac', 'Brazil', '2024-06-03 14:32:26'),
(34889, '131.0.20.148', 'Google Chrome', 'Mac', 'Brazil', '2024-06-03 14:32:31'),
(34890, '131.0.20.148', 'Google Chrome', 'Mac', 'Brazil', '2024-06-03 14:34:41'),
(34891, '131.0.20.148', 'Google Chrome', 'Mac', 'Brazil', '2024-06-03 14:35:18'),
(34892, '217.114.218.20', 'Google Chrome', 'Windows', 'Germany', '2024-06-03 14:36:17'),
(34893, '131.0.20.148', 'Google Chrome', 'Mac', 'Brazil', '2024-06-03 14:37:39'),
(34894, '131.0.20.148', 'Google Chrome', 'Mac', 'Brazil', '2024-06-03 14:43:30'),
(34895, '187.58.60.2', 'Google Chrome', 'Mac', 'Brazil', '2024-06-03 14:44:07'),
(34896, '131.0.20.148', 'Google Chrome', 'Mac', 'Brazil', '2024-06-03 14:44:16'),
(34897, '131.0.20.148', 'Google Chrome', 'Mac', 'Brazil', '2024-06-03 14:45:45'),
(34898, '131.0.20.148', 'Google Chrome', 'Mac', 'Brazil', '2024-06-03 14:52:10'),
(34899, '131.0.20.148', 'Google Chrome', 'Mac', 'Brazil', '2024-06-03 14:52:56'),
(34900, '131.0.20.148', 'Google Chrome', 'Mac', 'Brazil', '2024-06-03 14:55:40'),
(34901, '131.0.20.148', 'Google Chrome', 'Mac', 'Brazil', '2024-06-03 14:56:06'),
(34902, '187.58.60.2', 'Google Chrome', 'Windows', 'Brazil', '2024-06-03 14:57:58'),
(34903, '187.58.60.2', 'Google Chrome', 'Windows', 'Brazil', '2024-06-03 14:58:25'),
(34904, '185.217.1.8', 'Google Chrome', 'Windows', 'Sweden', '2024-06-03 14:59:18'),
(34905, '187.58.60.2', 'Google Chrome', 'Windows', 'Brazil', '2024-06-03 14:59:24'),
(34906, '187.58.60.2', 'Google Chrome', 'Windows', 'Brazil', '2024-06-03 14:59:54'),
(34907, '131.0.20.148', 'Google Chrome', 'Mac', 'Brazil', '2024-06-03 15:00:16'),
(34908, '131.0.20.148', 'Google Chrome', 'Mac', 'Brazil', '2024-06-03 15:00:42'),
(34909, '131.0.20.148', 'Google Chrome', 'Mac', 'Brazil', '2024-06-03 15:01:12'),
(34910, '131.0.20.148', 'Google Chrome', 'Mac', 'Brazil', '2024-06-03 15:01:42'),
(34911, '131.0.20.148', 'Google Chrome', 'Mac', 'Brazil', '2024-06-03 15:01:46'),
(34912, '187.58.60.2', 'Google Chrome', 'Mac', 'Brazil', '2024-06-03 15:29:11'),
(34913, '187.58.60.2', 'Google Chrome', 'Mac', 'Brazil', '2024-06-03 15:29:19'),
(34914, '187.58.60.2', 'Google Chrome', 'Mac', 'Brazil', '2024-06-03 15:29:22'),
(34915, '187.58.60.2', 'Google Chrome', 'Mac', 'Brazil', '2024-06-03 15:31:07'),
(34916, '187.58.60.2', 'Google Chrome', 'Mac', 'Brazil', '2024-06-03 15:33:44'),
(34917, '187.58.60.2', 'Google Chrome', 'Mac', 'Brazil', '2024-06-03 15:34:53'),
(34918, '187.58.60.2', 'Google Chrome', 'Mac', 'Brazil', '2024-06-03 15:35:26'),
(34919, '187.58.60.2', 'Google Chrome', 'Mac', 'Brazil', '2024-06-03 15:37:44'),
(34920, '187.58.60.2', 'Google Chrome', 'Mac', 'Brazil', '2024-06-03 15:42:29'),
(34921, '187.58.60.2', 'Google Chrome', 'Mac', 'Brazil', '2024-06-03 15:45:17'),
(34922, '187.58.60.2', 'Google Chrome', 'Mac', 'Brazil', '2024-06-03 15:45:27'),
(34923, '187.58.60.2', 'Google Chrome', 'Mac', 'Brazil', '2024-06-03 15:45:32'),
(34924, '187.58.60.2', 'Google Chrome', 'Mac', 'Brazil', '2024-06-03 15:45:35'),
(34925, '187.58.60.2', 'Google Chrome', 'Mac', 'Brazil', '2024-06-03 15:45:40'),
(34926, '187.58.60.2', 'Google Chrome', 'Mac', 'Brazil', '2024-06-03 15:46:52'),
(34927, '187.58.60.2', 'Google Chrome', 'Mac', 'Brazil', '2024-06-03 15:47:49'),
(34928, '187.58.60.2', 'Google Chrome', 'Mac', 'Brazil', '2024-06-03 15:49:00'),
(34929, '187.58.60.2', 'Google Chrome', 'Mac', 'Brazil', '2024-06-03 15:49:08'),
(34930, '187.58.60.2', 'Google Chrome', 'Mac', 'Brazil', '2024-06-03 15:50:34'),
(34931, '187.58.60.2', 'Google Chrome', 'Mac', 'Brazil', '2024-06-03 15:51:10'),
(34932, '187.58.60.2', 'Google Chrome', 'Mac', 'Brazil', '2024-06-03 15:51:14'),
(34933, '187.58.60.2', 'Google Chrome', 'Mac', 'Brazil', '2024-06-03 15:51:20'),
(34934, '187.58.60.2', 'Google Chrome', 'Mac', 'Brazil', '2024-06-03 15:51:47'),
(34935, '187.58.60.2', 'Google Chrome', 'Mac', 'Brazil', '2024-06-03 15:52:03'),
(34936, '187.58.60.2', 'Google Chrome', 'Mac', 'Brazil', '2024-06-03 15:52:09'),
(34937, '187.58.60.2', 'Google Chrome', 'Mac', 'Brazil', '2024-06-03 15:56:06'),
(34938, '187.58.60.2', 'Google Chrome', 'Mac', 'Brazil', '2024-06-03 15:57:18'),
(34939, '187.58.60.2', 'Google Chrome', 'Mac', 'Brazil', '2024-06-03 15:57:20'),
(34940, '187.58.60.2', 'Google Chrome', 'Mac', 'Brazil', '2024-06-03 15:57:24'),
(34941, '187.58.60.2', 'Google Chrome', 'Mac', 'Brazil', '2024-06-03 15:57:45'),
(34942, '187.58.60.2', 'Google Chrome', 'Mac', 'Brazil', '2024-06-03 15:58:58'),
(34943, '187.58.60.2', 'Google Chrome', 'Mac', 'Brazil', '2024-06-03 15:59:52'),
(34944, '187.58.60.2', 'Google Chrome', 'Mac', 'Brazil', '2024-06-03 16:00:18'),
(34945, '187.58.60.2', 'Google Chrome', 'Mac', 'Brazil', '2024-06-03 16:00:25'),
(34946, '187.58.60.2', 'Google Chrome', 'Mac', 'Brazil', '2024-06-03 16:02:09'),
(34947, '187.58.60.2', 'Google Chrome', 'Mac', 'Brazil', '2024-06-03 16:07:54'),
(34948, '187.58.60.2', 'Google Chrome', 'Mac', 'Brazil', '2024-06-03 16:07:59'),
(34949, '187.58.60.2', 'Google Chrome', 'Mac', 'Brazil', '2024-06-03 16:08:34'),
(34950, '187.58.60.2', 'Google Chrome', 'Mac', 'Brazil', '2024-06-03 16:10:24'),
(34951, '187.58.60.2', 'Google Chrome', 'Mac', 'Brazil', '2024-06-03 16:10:35'),
(34952, '187.58.60.2', 'Google Chrome', 'Mac', 'Brazil', '2024-06-03 16:11:12'),
(34953, '187.58.60.2', 'Google Chrome', 'Mac', 'Brazil', '2024-06-03 16:18:21'),
(34954, '187.58.60.2', 'Google Chrome', 'Mac', 'Brazil', '2024-06-03 16:19:04'),
(34955, '187.58.60.2', 'Google Chrome', 'Mac', 'Brazil', '2024-06-03 16:19:20'),
(34956, '187.58.60.2', 'Google Chrome', 'Mac', 'Brazil', '2024-06-03 16:19:22'),
(34957, '187.58.60.2', 'Google Chrome', 'Mac', 'Brazil', '2024-06-03 16:20:03'),
(34958, '187.58.60.2', 'Google Chrome', 'Mac', 'Brazil', '2024-06-03 16:20:07'),
(34959, '187.58.60.2', 'Google Chrome', 'Mac', 'Brazil', '2024-06-03 16:20:23'),
(34960, '187.58.60.2', 'Google Chrome', 'Mac', 'Brazil', '2024-06-03 16:20:53'),
(34961, '187.58.60.2', 'Google Chrome', 'Mac', 'Brazil', '2024-06-03 16:21:04');

-- --------------------------------------------------------

--
-- Estrutura para tabela `votes`
--

CREATE TABLE `votes` (
  `id` int(11) NOT NULL,
  `title` text DEFAULT NULL,
  `image` text DEFAULT NULL,
  `date` datetime DEFAULT NULL,
  `created_at` timestamp NULL DEFAULT NULL,
  `updated_at` timestamp NULL DEFAULT NULL
) ENGINE=InnoDB DEFAULT CHARSET=utf8mb4 COLLATE=utf8mb4_general_ci;

-- --------------------------------------------------------

--
-- Estrutura para tabela `vote_counts`
--

CREATE TABLE `vote_counts` (
  `id` int(11) NOT NULL,
  `vote_id` int(11) DEFAULT NULL,
  `options` text DEFAULT NULL,
  `count` int(11) NOT NULL DEFAULT 0,
  `created_at` timestamp NULL DEFAULT NULL,
  `updated_at` timestamp NULL DEFAULT NULL
) ENGINE=InnoDB DEFAULT CHARSET=utf8mb4 COLLATE=utf8mb4_general_ci;

-- --------------------------------------------------------

--
-- Estrutura para tabela `vote_translations`
--

CREATE TABLE `vote_translations` (
  `id` int(11) NOT NULL,
  `vote_id` int(11) DEFAULT NULL,
  `title` text DEFAULT NULL,
  `lang` varchar(255) DEFAULT NULL,
  `created_at` timestamp NULL DEFAULT NULL,
  `updated_at` timestamp NULL DEFAULT NULL
) ENGINE=InnoDB DEFAULT CHARSET=utf8mb4 COLLATE=utf8mb4_general_ci;

--
-- Índices para tabelas despejadas
--

--
-- Índices de tabela `activity_log`
--
ALTER TABLE `activity_log`
  ADD PRIMARY KEY (`id`),
  ADD UNIQUE KEY `id` (`id`),
  ADD KEY `subject` (`subject_type`,`subject_id`),
  ADD KEY `causer` (`causer_type`,`causer_id`),
  ADD KEY `activity_log_log_name_index` (`log_name`);

--
-- Índices de tabela `admin_login_activity_log`
--
ALTER TABLE `admin_login_activity_log`
  ADD PRIMARY KEY (`id`),
  ADD UNIQUE KEY `id` (`id`),
  ADD KEY `FK_admin_login_activity_log_tl_users` (`user_id`);

--
-- Índices de tabela `blog_share_options`
--
ALTER TABLE `blog_share_options`
  ADD PRIMARY KEY (`id`),
  ADD KEY `FK_tl_com_product_share_options_tl_all_status` (`status`);

--
-- Índices de tabela `failed_jobs`
--
ALTER TABLE `failed_jobs`
  ADD PRIMARY KEY (`id`),
  ADD UNIQUE KEY `failed_jobs_uuid_unique` (`uuid`);

--
-- Índices de tabela `jobs`
--
ALTER TABLE `jobs`
  ADD PRIMARY KEY (`id`);

--
-- Índices de tabela `job_batches`
--
ALTER TABLE `job_batches`
  ADD PRIMARY KEY (`id`);

--
-- Índices de tabela `migrations`
--
ALTER TABLE `migrations`
  ADD PRIMARY KEY (`id`);

--
-- Índices de tabela `model_has_permissions`
--
ALTER TABLE `model_has_permissions`
  ADD KEY `FK_model_has_permissions_tl_users` (`model_id`),
  ADD KEY `FK_model_has_permissions_permissions` (`permission_id`);

--
-- Índices de tabela `model_has_roles`
--
ALTER TABLE `model_has_roles`
  ADD KEY `FK_model_has_roles_tl_users` (`model_id`),
  ADD KEY `FK_model_has_roles_roles` (`role_id`);

--
-- Índices de tabela `page_builder_sections`
--
ALTER TABLE `page_builder_sections`
  ADD PRIMARY KEY (`id`),
  ADD KEY `page_id` (`page_id`);

--
-- Índices de tabela `page_builder_sections_layout_widget_properties`
--
ALTER TABLE `page_builder_sections_layout_widget_properties`
  ADD PRIMARY KEY (`id`),
  ADD KEY `section_has_widget_id` (`layout_has_widget_id`);

--
-- Índices de tabela `page_builder_sections_properties`
--
ALTER TABLE `page_builder_sections_properties`
  ADD PRIMARY KEY (`id`),
  ADD KEY `section_id` (`section_id`);

--
-- Índices de tabela `page_builder_section_layouts`
--
ALTER TABLE `page_builder_section_layouts`
  ADD PRIMARY KEY (`id`),
  ADD KEY `section_id` (`section_id`),
  ADD KEY `id` (`id`);

--
-- Índices de tabela `page_builder_section_layout_widgets`
--
ALTER TABLE `page_builder_section_layout_widgets`
  ADD PRIMARY KEY (`id`),
  ADD KEY `id` (`id`),
  ADD KEY `section_layout_id` (`section_layout_id`),
  ADD KEY `page_widget_id` (`page_widget_id`);

--
-- Índices de tabela `page_builder_widgets`
--
ALTER TABLE `page_builder_widgets`
  ADD PRIMARY KEY (`id`);

--
-- Índices de tabela `page_builder_widget_translations`
--
ALTER TABLE `page_builder_widget_translations`
  ADD PRIMARY KEY (`id`),
  ADD KEY `layout_widget_properties_id` (`layout_widget_properties_id`);

--
-- Índices de tabela `permissions`
--
ALTER TABLE `permissions`
  ADD PRIMARY KEY (`id`),
  ADD UNIQUE KEY `id` (`id`),
  ADD KEY `FK_permissions_permission_module` (`module_id`);

--
-- Índices de tabela `permission_module`
--
ALTER TABLE `permission_module`
  ADD PRIMARY KEY (`id`),
  ADD UNIQUE KEY `id` (`id`);

--
-- Índices de tabela `personal_access_tokens`
--
ALTER TABLE `personal_access_tokens`
  ADD PRIMARY KEY (`id`),
  ADD UNIQUE KEY `personal_access_tokens_token_unique` (`token`),
  ADD KEY `personal_access_tokens_tokenable_type_tokenable_id_index` (`tokenable_type`,`tokenable_id`);

--
-- Índices de tabela `reading_list`
--
ALTER TABLE `reading_list`
  ADD PRIMARY KEY (`id`),
  ADD KEY `user_id` (`user_id`),
  ADD KEY `blog_id` (`blog_id`);

--
-- Índices de tabela `roles`
--
ALTER TABLE `roles`
  ADD PRIMARY KEY (`id`);

--
-- Índices de tabela `role_has_permissions`
--
ALTER TABLE `role_has_permissions`
  ADD PRIMARY KEY (`permission_id`,`role_id`),
  ADD KEY `role_has_permissions_role_id_foreign` (`role_id`);

--
-- Índices de tabela `timezones`
--
ALTER TABLE `timezones`
  ADD PRIMARY KEY (`id`);

--
-- Índices de tabela `tl_blogs_categories`
--
ALTER TABLE `tl_blogs_categories`
  ADD PRIMARY KEY (`id`),
  ADD UNIQUE KEY `id` (`id`),
  ADD KEY `FK_tl_blogs_categories_tl_blogs` (`blog_id`),
  ADD KEY `FK_tl_blogs_categories_tl_blog_categories` (`category_id`);

--
-- Índices de tabela `tl_blogs_tags`
--
ALTER TABLE `tl_blogs_tags`
  ADD PRIMARY KEY (`id`),
  ADD UNIQUE KEY `id` (`id`),
  ADD KEY `FK_tl_blogs_tags_tl_blogs` (`blog_id`),
  ADD KEY `FK_tl_blogs_tags_tl_blog_tags` (`tag_id`);

--
-- Índices de tabela `tl_blog_categories`
--
ALTER TABLE `tl_blog_categories`
  ADD PRIMARY KEY (`id`),
  ADD UNIQUE KEY `id` (`id`),
  ADD KEY `FK_tl_blog_categories_tl_blog_categories` (`parent`);

--
-- Índices de tabela `tl_blog_category_translations`
--
ALTER TABLE `tl_blog_category_translations`
  ADD PRIMARY KEY (`id`),
  ADD UNIQUE KEY `id` (`id`),
  ADD KEY `FK_tl_blog_category_translations_tl_blog_categories` (`category_id`),
  ADD KEY `lang` (`lang`);

--
-- Índices de tabela `tl_blog_comments`
--
ALTER TABLE `tl_blog_comments`
  ADD PRIMARY KEY (`id`),
  ADD UNIQUE KEY `id` (`id`),
  ADD KEY `FK_tl_blog_comments_tl_blogs` (`blog_id`),
  ADD KEY `FK_tl_blog_comments_tl_blog_comments` (`parent`),
  ADD KEY `user_id` (`user_id`),
  ADD KEY `status` (`status`),
  ADD KEY `user_type` (`user_type`);

--
-- Índices de tabela `tl_blog_tags`
--
ALTER TABLE `tl_blog_tags`
  ADD PRIMARY KEY (`id`),
  ADD UNIQUE KEY `id` (`id`),
  ADD KEY `is_publish` (`is_publish`);

--
-- Índices de tabela `tl_blog_tag_translations`
--
ALTER TABLE `tl_blog_tag_translations`
  ADD PRIMARY KEY (`id`),
  ADD UNIQUE KEY `id` (`id`),
  ADD KEY `FK_tl_blog_tag_translations_tl_blog_tags` (`tag_id`),
  ADD KEY `lang` (`lang`);

--
-- Índices de tabela `tl_blog_translations`
--
ALTER TABLE `tl_blog_translations`
  ADD PRIMARY KEY (`id`),
  ADD UNIQUE KEY `id` (`id`),
  ADD KEY `FK_tl_blog_translations_tl_blogs` (`blog_id`);

--
-- Índices de tabela `tl_email_templates`
--
ALTER TABLE `tl_email_templates`
  ADD PRIMARY KEY (`id`),
  ADD UNIQUE KEY `id` (`id`);

--
-- Índices de tabela `tl_email_template_properties`
--
ALTER TABLE `tl_email_template_properties`
  ADD PRIMARY KEY (`id`),
  ADD UNIQUE KEY `id` (`id`),
  ADD KEY `FK_tl_email_template_tl_notification_type` (`email_type`) USING BTREE;

--
-- Índices de tabela `tl_email_template_variable`
--
ALTER TABLE `tl_email_template_variable`
  ADD PRIMARY KEY (`id`),
  ADD UNIQUE KEY `id` (`id`);

--
-- Índices de tabela `tl_general_settings`
--
ALTER TABLE `tl_general_settings`
  ADD PRIMARY KEY (`id`);

--
-- Índices de tabela `tl_general_settings_has_values`
--
ALTER TABLE `tl_general_settings_has_values`
  ADD PRIMARY KEY (`id`),
  ADD UNIQUE KEY `id` (`id`),
  ADD KEY `FK_tl_general_settings_has_value_tl_general_settings` (`settings_id`);

--
-- Índices de tabela `tl_languages`
--
ALTER TABLE `tl_languages`
  ADD PRIMARY KEY (`id`),
  ADD UNIQUE KEY `id` (`id`),
  ADD KEY `FK_tl_language_tl_all_status` (`status`);

--
-- Índices de tabela `tl_media_type`
--
ALTER TABLE `tl_media_type`
  ADD PRIMARY KEY (`id`),
  ADD UNIQUE KEY `id` (`id`);

--
-- Índices de tabela `tl_menus`
--
ALTER TABLE `tl_menus`
  ADD PRIMARY KEY (`id`),
  ADD UNIQUE KEY `id` (`id`),
  ADD KEY `FK_tl_menus_tl_menu_groups` (`menu_group_id`);

--
-- Índices de tabela `tl_menu_groups`
--
ALTER TABLE `tl_menu_groups`
  ADD PRIMARY KEY (`id`),
  ADD UNIQUE KEY `id` (`id`);

--
-- Índices de tabela `tl_menu_groups_translations`
--
ALTER TABLE `tl_menu_groups_translations`
  ADD PRIMARY KEY (`id`),
  ADD UNIQUE KEY `id` (`id`),
  ADD KEY `FK_tl_menu_groups_translations_tl_menu_groups` (`menu_group_id`);

--
-- Índices de tabela `tl_menu_group_has_positon`
--
ALTER TABLE `tl_menu_group_has_positon`
  ADD PRIMARY KEY (`id`),
  ADD UNIQUE KEY `id` (`id`),
  ADD KEY `FK_tl_menu_group_has_positon_tl_menu_groups` (`menu_group_id`),
  ADD KEY `FK_tl_menu_group_has_positon_tl_menu_positions` (`menu_position_id`);

--
-- Índices de tabela `tl_menu_items`
--
ALTER TABLE `tl_menu_items`
  ADD PRIMARY KEY (`id`),
  ADD UNIQUE KEY `id` (`id`);

--
-- Índices de tabela `tl_menu_positions`
--
ALTER TABLE `tl_menu_positions`
  ADD PRIMARY KEY (`id`),
  ADD UNIQUE KEY `id` (`id`),
  ADD KEY `FK_tl_menu_positions_tl_themes` (`theme_id`);

--
-- Índices de tabela `tl_menu_translations`
--
ALTER TABLE `tl_menu_translations`
  ADD PRIMARY KEY (`id`),
  ADD UNIQUE KEY `id` (`id`),
  ADD KEY `FK_tl_menu_translations_tl_menus` (`menu_id`);

--
-- Índices de tabela `tl_page_translations`
--
ALTER TABLE `tl_page_translations`
  ADD PRIMARY KEY (`id`),
  ADD UNIQUE KEY `id` (`id`),
  ADD KEY `FK_tl_page_translations_tl_pages` (`page_id`);

--
-- Índices de tabela `tl_plugins`
--
ALTER TABLE `tl_plugins`
  ADD PRIMARY KEY (`id`);

--
-- Índices de tabela `tl_sidebar_has_widgets`
--
ALTER TABLE `tl_sidebar_has_widgets`
  ADD PRIMARY KEY (`id`),
  ADD UNIQUE KEY `id` (`id`),
  ADD KEY `FK_tl_sidebar_has_widgets_tl_theme_sidebars` (`sidebar_id`),
  ADD KEY `FK_tl_sidebar_has_widgets_tl_widgets` (`widget_id`);

--
-- Índices de tabela `tl_sidebar_widget_has_translate_values`
--
ALTER TABLE `tl_sidebar_widget_has_translate_values`
  ADD PRIMARY KEY (`id`),
  ADD UNIQUE KEY `id` (`id`),
  ADD KEY `sidebar_widget_has_values_id` (`sidebar_widget_has_values_id`),
  ADD KEY `lang` (`lang`);

--
-- Índices de tabela `tl_sidebar_widget_has_values`
--
ALTER TABLE `tl_sidebar_widget_has_values`
  ADD PRIMARY KEY (`id`),
  ADD UNIQUE KEY `id` (`id`),
  ADD KEY `FK_tl_sidebar_widget_has_values_tl_sidebar_has_widgets` (`sidebar_has_widget_id`);

--
-- Índices de tabela `tl_themes`
--
ALTER TABLE `tl_themes`
  ADD PRIMARY KEY (`id`);

--
-- Índices de tabela `tl_theme_option_settings`
--
ALTER TABLE `tl_theme_option_settings`
  ADD PRIMARY KEY (`id`),
  ADD KEY `theme_id` (`theme_id`);

--
-- Índices de tabela `tl_theme_sidebars`
--
ALTER TABLE `tl_theme_sidebars`
  ADD PRIMARY KEY (`id`),
  ADD KEY `theme_id` (`theme_id`);

--
-- Índices de tabela `tl_theme_translations`
--
ALTER TABLE `tl_theme_translations`
  ADD PRIMARY KEY (`id`);

--
-- Índices de tabela `tl_translations`
--
ALTER TABLE `tl_translations`
  ADD PRIMARY KEY (`id`),
  ADD UNIQUE KEY `id` (`id`);

--
-- Índices de tabela `tl_uploaded_files`
--
ALTER TABLE `tl_uploaded_files`
  ADD PRIMARY KEY (`id`),
  ADD UNIQUE KEY `id` (`id`),
  ADD KEY `FK_tl_uploaded_files_tl_media_image_type` (`media_type`) USING BTREE;

--
-- Índices de tabela `tl_user_informations`
--
ALTER TABLE `tl_user_informations`
  ADD PRIMARY KEY (`id`),
  ADD KEY `user_id` (`user_id`);

--
-- Índices de tabela `tl_water_mark_image_applicable_folders`
--
ALTER TABLE `tl_water_mark_image_applicable_folders`
  ADD PRIMARY KEY (`id`),
  ADD UNIQUE KEY `id` (`id`),
  ADD KEY `FK_tl_water_mark_image_applicable_folders_tl_media_image_type` (`image_type`);

--
-- Índices de tabela `tl_widgets`
--
ALTER TABLE `tl_widgets`
  ADD PRIMARY KEY (`id`),
  ADD UNIQUE KEY `id` (`id`),
  ADD KEY `theme_id` (`theme_id`);

--
-- Índices de tabela `user_keys`
--
ALTER TABLE `user_keys`
  ADD PRIMARY KEY (`id`);

--
-- Índices de tabela `visitors`
--
ALTER TABLE `visitors`
  ADD PRIMARY KEY (`id`);

--
-- Índices de tabela `votes`
--
ALTER TABLE `votes`
  ADD PRIMARY KEY (`id`);

--
-- Índices de tabela `vote_counts`
--
ALTER TABLE `vote_counts`
  ADD PRIMARY KEY (`id`),
  ADD KEY `vote_id` (`vote_id`);

--
-- Índices de tabela `vote_translations`
--
ALTER TABLE `vote_translations`
  ADD PRIMARY KEY (`id`),
  ADD KEY `vote_id` (`vote_id`);

--
-- AUTO_INCREMENT para tabelas despejadas
--

--
-- AUTO_INCREMENT de tabela `activity_log`
--
ALTER TABLE `activity_log`
  MODIFY `id` bigint(20) UNSIGNED NOT NULL AUTO_INCREMENT, AUTO_INCREMENT=342;

--
-- AUTO_INCREMENT de tabela `admin_login_activity_log`
--
ALTER TABLE `admin_login_activity_log`
  MODIFY `id` int(11) NOT NULL AUTO_INCREMENT, AUTO_INCREMENT=563;

--
-- AUTO_INCREMENT de tabela `blog_share_options`
--
ALTER TABLE `blog_share_options`
  MODIFY `id` int(11) NOT NULL AUTO_INCREMENT, AUTO_INCREMENT=13;

--
-- AUTO_INCREMENT de tabela `failed_jobs`
--
ALTER TABLE `failed_jobs`
  MODIFY `id` bigint(20) UNSIGNED NOT NULL AUTO_INCREMENT, AUTO_INCREMENT=110;

--
-- AUTO_INCREMENT de tabela `jobs`
--
ALTER TABLE `jobs`
  MODIFY `id` bigint(20) UNSIGNED NOT NULL AUTO_INCREMENT, AUTO_INCREMENT=472;

--
-- AUTO_INCREMENT de tabela `migrations`
--
ALTER TABLE `migrations`
  MODIFY `id` int(10) UNSIGNED NOT NULL AUTO_INCREMENT;

--
-- AUTO_INCREMENT de tabela `model_has_roles`
--
ALTER TABLE `model_has_roles`
  MODIFY `role_id` bigint(20) UNSIGNED NOT NULL AUTO_INCREMENT, AUTO_INCREMENT=5;

--
-- AUTO_INCREMENT de tabela `page_builder_sections`
--
ALTER TABLE `page_builder_sections`
  MODIFY `id` int(11) NOT NULL AUTO_INCREMENT, AUTO_INCREMENT=230;

--
-- AUTO_INCREMENT de tabela `page_builder_sections_layout_widget_properties`
--
ALTER TABLE `page_builder_sections_layout_widget_properties`
  MODIFY `id` int(11) NOT NULL AUTO_INCREMENT, AUTO_INCREMENT=330;

--
-- AUTO_INCREMENT de tabela `page_builder_sections_properties`
--
ALTER TABLE `page_builder_sections_properties`
  MODIFY `id` int(11) NOT NULL AUTO_INCREMENT, AUTO_INCREMENT=147;

--
-- AUTO_INCREMENT de tabela `page_builder_section_layouts`
--
ALTER TABLE `page_builder_section_layouts`
  MODIFY `id` int(11) NOT NULL AUTO_INCREMENT, AUTO_INCREMENT=388;

--
-- AUTO_INCREMENT de tabela `page_builder_section_layout_widgets`
--
ALTER TABLE `page_builder_section_layout_widgets`
  MODIFY `id` int(11) NOT NULL AUTO_INCREMENT, AUTO_INCREMENT=468;

--
-- AUTO_INCREMENT de tabela `page_builder_widgets`
--
ALTER TABLE `page_builder_widgets`
  MODIFY `id` int(11) NOT NULL AUTO_INCREMENT, AUTO_INCREMENT=51;

--
-- AUTO_INCREMENT de tabela `page_builder_widget_translations`
--
ALTER TABLE `page_builder_widget_translations`
  MODIFY `id` int(11) NOT NULL AUTO_INCREMENT, AUTO_INCREMENT=21;

--
-- AUTO_INCREMENT de tabela `permission_module`
--
ALTER TABLE `permission_module`
  MODIFY `id` int(11) NOT NULL AUTO_INCREMENT, AUTO_INCREMENT=88;

--
-- AUTO_INCREMENT de tabela `personal_access_tokens`
--
ALTER TABLE `personal_access_tokens`
  MODIFY `id` bigint(20) UNSIGNED NOT NULL AUTO_INCREMENT;

--
-- AUTO_INCREMENT de tabela `reading_list`
--
ALTER TABLE `reading_list`
  MODIFY `id` bigint(20) NOT NULL AUTO_INCREMENT, AUTO_INCREMENT=24;

--
-- AUTO_INCREMENT de tabela `roles`
--
ALTER TABLE `roles`
  MODIFY `id` bigint(20) UNSIGNED NOT NULL AUTO_INCREMENT, AUTO_INCREMENT=5;

--
-- AUTO_INCREMENT de tabela `role_has_permissions`
--
ALTER TABLE `role_has_permissions`
  MODIFY `permission_id` bigint(20) UNSIGNED NOT NULL AUTO_INCREMENT, AUTO_INCREMENT=105;

--
-- AUTO_INCREMENT de tabela `timezones`
--
ALTER TABLE `timezones`
  MODIFY `id` bigint(20) UNSIGNED NOT NULL AUTO_INCREMENT;

--
-- AUTO_INCREMENT de tabela `tl_blogs_categories`
--
ALTER TABLE `tl_blogs_categories`
  MODIFY `id` bigint(20) UNSIGNED NOT NULL AUTO_INCREMENT, AUTO_INCREMENT=1277;

--
-- AUTO_INCREMENT de tabela `tl_blogs_tags`
--
ALTER TABLE `tl_blogs_tags`
  MODIFY `id` bigint(20) UNSIGNED NOT NULL AUTO_INCREMENT, AUTO_INCREMENT=424;

--
-- AUTO_INCREMENT de tabela `tl_blog_categories`
--
ALTER TABLE `tl_blog_categories`
  MODIFY `id` bigint(20) UNSIGNED NOT NULL AUTO_INCREMENT, AUTO_INCREMENT=304;

--
-- AUTO_INCREMENT de tabela `tl_blog_category_translations`
--
ALTER TABLE `tl_blog_category_translations`
  MODIFY `id` int(11) NOT NULL AUTO_INCREMENT, AUTO_INCREMENT=25;

--
-- AUTO_INCREMENT de tabela `tl_blog_comments`
--
ALTER TABLE `tl_blog_comments`
  MODIFY `id` bigint(20) NOT NULL AUTO_INCREMENT, AUTO_INCREMENT=72;

--
-- AUTO_INCREMENT de tabela `tl_blog_tags`
--
ALTER TABLE `tl_blog_tags`
  MODIFY `id` bigint(20) UNSIGNED NOT NULL AUTO_INCREMENT, AUTO_INCREMENT=140;

--
-- AUTO_INCREMENT de tabela `tl_blog_tag_translations`
--
ALTER TABLE `tl_blog_tag_translations`
  MODIFY `id` int(11) NOT NULL AUTO_INCREMENT, AUTO_INCREMENT=51;

--
-- AUTO_INCREMENT de tabela `tl_blog_translations`
--
ALTER TABLE `tl_blog_translations`
  MODIFY `id` bigint(20) NOT NULL AUTO_INCREMENT, AUTO_INCREMENT=50;

--
-- AUTO_INCREMENT de tabela `tl_email_templates`
--
ALTER TABLE `tl_email_templates`
  MODIFY `id` int(11) NOT NULL AUTO_INCREMENT, AUTO_INCREMENT=14;

--
-- AUTO_INCREMENT de tabela `tl_email_template_properties`
--
ALTER TABLE `tl_email_template_properties`
  MODIFY `id` int(11) NOT NULL AUTO_INCREMENT, AUTO_INCREMENT=11;

--
-- AUTO_INCREMENT de tabela `tl_email_template_variable`
--
ALTER TABLE `tl_email_template_variable`
  MODIFY `id` int(11) NOT NULL AUTO_INCREMENT, AUTO_INCREMENT=36;

--
-- AUTO_INCREMENT de tabela `tl_general_settings`
--
ALTER TABLE `tl_general_settings`
  MODIFY `id` int(11) NOT NULL AUTO_INCREMENT, AUTO_INCREMENT=366;

--
-- AUTO_INCREMENT de tabela `tl_general_settings_has_values`
--
ALTER TABLE `tl_general_settings_has_values`
  MODIFY `id` int(11) NOT NULL AUTO_INCREMENT, AUTO_INCREMENT=2997;

--
-- AUTO_INCREMENT de tabela `tl_languages`
--
ALTER TABLE `tl_languages`
  MODIFY `id` int(11) NOT NULL AUTO_INCREMENT, AUTO_INCREMENT=22;

--
-- AUTO_INCREMENT de tabela `tl_media_type`
--
ALTER TABLE `tl_media_type`
  MODIFY `id` int(11) NOT NULL AUTO_INCREMENT, AUTO_INCREMENT=5;

--
-- AUTO_INCREMENT de tabela `tl_menus`
--
ALTER TABLE `tl_menus`
  MODIFY `id` int(11) NOT NULL AUTO_INCREMENT, AUTO_INCREMENT=642;

--
-- AUTO_INCREMENT de tabela `tl_menu_groups`
--
ALTER TABLE `tl_menu_groups`
  MODIFY `id` int(11) NOT NULL AUTO_INCREMENT, AUTO_INCREMENT=34;

--
-- AUTO_INCREMENT de tabela `tl_menu_groups_translations`
--
ALTER TABLE `tl_menu_groups_translations`
  MODIFY `id` int(11) NOT NULL AUTO_INCREMENT, AUTO_INCREMENT=17;

--
-- AUTO_INCREMENT de tabela `tl_menu_group_has_positon`
--
ALTER TABLE `tl_menu_group_has_positon`
  MODIFY `id` int(11) NOT NULL AUTO_INCREMENT, AUTO_INCREMENT=133;

--
-- AUTO_INCREMENT de tabela `tl_menu_items`
--
ALTER TABLE `tl_menu_items`
  MODIFY `id` int(11) NOT NULL AUTO_INCREMENT, AUTO_INCREMENT=2;

--
-- AUTO_INCREMENT de tabela `tl_menu_positions`
--
ALTER TABLE `tl_menu_positions`
  MODIFY `id` int(11) NOT NULL AUTO_INCREMENT, AUTO_INCREMENT=10;

--
-- AUTO_INCREMENT de tabela `tl_menu_translations`
--
ALTER TABLE `tl_menu_translations`
  MODIFY `id` int(11) NOT NULL AUTO_INCREMENT, AUTO_INCREMENT=166;

--
-- AUTO_INCREMENT de tabela `tl_page_translations`
--
ALTER TABLE `tl_page_translations`
  MODIFY `id` int(11) NOT NULL AUTO_INCREMENT, AUTO_INCREMENT=9;

--
-- AUTO_INCREMENT de tabela `tl_plugins`
--
ALTER TABLE `tl_plugins`
  MODIFY `id` int(11) NOT NULL AUTO_INCREMENT, AUTO_INCREMENT=49;

--
-- AUTO_INCREMENT de tabela `tl_sidebar_has_widgets`
--
ALTER TABLE `tl_sidebar_has_widgets`
  MODIFY `id` int(11) NOT NULL AUTO_INCREMENT, AUTO_INCREMENT=886;

--
-- AUTO_INCREMENT de tabela `tl_sidebar_widget_has_translate_values`
--
ALTER TABLE `tl_sidebar_widget_has_translate_values`
  MODIFY `id` int(11) NOT NULL AUTO_INCREMENT, AUTO_INCREMENT=85;

--
-- AUTO_INCREMENT de tabela `tl_sidebar_widget_has_values`
--
ALTER TABLE `tl_sidebar_widget_has_values`
  MODIFY `id` int(11) NOT NULL AUTO_INCREMENT, AUTO_INCREMENT=243;

--
-- AUTO_INCREMENT de tabela `tl_themes`
--
ALTER TABLE `tl_themes`
  MODIFY `id` int(11) NOT NULL AUTO_INCREMENT, AUTO_INCREMENT=24;

--
-- AUTO_INCREMENT de tabela `tl_theme_option_settings`
--
ALTER TABLE `tl_theme_option_settings`
  MODIFY `id` bigint(20) NOT NULL AUTO_INCREMENT, AUTO_INCREMENT=5439;

--
-- AUTO_INCREMENT de tabela `tl_theme_sidebars`
--
ALTER TABLE `tl_theme_sidebars`
  MODIFY `id` int(11) NOT NULL AUTO_INCREMENT, AUTO_INCREMENT=14;

--
-- AUTO_INCREMENT de tabela `tl_theme_translations`
--
ALTER TABLE `tl_theme_translations`
  MODIFY `id` int(11) NOT NULL AUTO_INCREMENT, AUTO_INCREMENT=43375;

--
-- AUTO_INCREMENT de tabela `tl_translations`
--
ALTER TABLE `tl_translations`
  MODIFY `id` int(11) NOT NULL AUTO_INCREMENT, AUTO_INCREMENT=10035;

--
-- AUTO_INCREMENT de tabela `tl_uploaded_files`
--
ALTER TABLE `tl_uploaded_files`
  MODIFY `id` int(11) NOT NULL AUTO_INCREMENT, AUTO_INCREMENT=1174;

--
-- AUTO_INCREMENT de tabela `tl_user_informations`
--
ALTER TABLE `tl_user_informations`
  MODIFY `id` bigint(20) NOT NULL AUTO_INCREMENT, AUTO_INCREMENT=30;

--
-- AUTO_INCREMENT de tabela `tl_water_mark_image_applicable_folders`
--
ALTER TABLE `tl_water_mark_image_applicable_folders`
  MODIFY `id` int(11) NOT NULL AUTO_INCREMENT;

--
-- AUTO_INCREMENT de tabela `tl_widgets`
--
ALTER TABLE `tl_widgets`
  MODIFY `id` bigint(20) NOT NULL AUTO_INCREMENT, AUTO_INCREMENT=122;

--
-- AUTO_INCREMENT de tabela `user_keys`
--
ALTER TABLE `user_keys`
  MODIFY `id` bigint(20) UNSIGNED NOT NULL AUTO_INCREMENT, AUTO_INCREMENT=16;

--
-- AUTO_INCREMENT de tabela `visitors`
--
ALTER TABLE `visitors`
  MODIFY `id` bigint(20) NOT NULL AUTO_INCREMENT, AUTO_INCREMENT=34962;

--
-- AUTO_INCREMENT de tabela `votes`
--
ALTER TABLE `votes`
  MODIFY `id` int(11) NOT NULL AUTO_INCREMENT, AUTO_INCREMENT=6;

--
-- AUTO_INCREMENT de tabela `vote_counts`
--
ALTER TABLE `vote_counts`
  MODIFY `id` int(11) NOT NULL AUTO_INCREMENT, AUTO_INCREMENT=29;

--
-- AUTO_INCREMENT de tabela `vote_translations`
--
ALTER TABLE `vote_translations`
  MODIFY `id` int(11) NOT NULL AUTO_INCREMENT, AUTO_INCREMENT=5;

--
-- Restrições para tabelas despejadas
--

--
-- Restrições para tabelas `admin_login_activity_log`
--
ALTER TABLE `admin_login_activity_log`
  ADD CONSTRAINT `FK_admin_login_activity_log_tl_users` FOREIGN KEY (`user_id`) REFERENCES `tl_users` (`id`) ON DELETE SET NULL ON UPDATE SET NULL;

--
-- Restrições para tabelas `model_has_permissions`
--
ALTER TABLE `model_has_permissions`
  ADD CONSTRAINT `FK_model_has_permissions_permissions` FOREIGN KEY (`permission_id`) REFERENCES `permissions` (`id`) ON DELETE CASCADE ON UPDATE CASCADE,
  ADD CONSTRAINT `FK_model_has_permissions_tl_users` FOREIGN KEY (`model_id`) REFERENCES `tl_users` (`id`) ON DELETE NO ACTION ON UPDATE NO ACTION;

--
-- Restrições para tabelas `model_has_roles`
--
ALTER TABLE `model_has_roles`
  ADD CONSTRAINT `FK_model_has_roles_roles` FOREIGN KEY (`role_id`) REFERENCES `roles` (`id`) ON DELETE CASCADE ON UPDATE CASCADE,
  ADD CONSTRAINT `FK_model_has_roles_tl_users` FOREIGN KEY (`model_id`) REFERENCES `tl_users` (`id`) ON DELETE CASCADE ON UPDATE CASCADE;

--
-- Restrições para tabelas `page_builder_sections`
--
ALTER TABLE `page_builder_sections`
  ADD CONSTRAINT `page_builder_sections_ibfk_1` FOREIGN KEY (`page_id`) REFERENCES `tl_pages` (`id`) ON DELETE CASCADE ON UPDATE CASCADE;

--
-- Restrições para tabelas `page_builder_sections_layout_widget_properties`
--
ALTER TABLE `page_builder_sections_layout_widget_properties`
  ADD CONSTRAINT `page_builder_sections_layout_widget_properties_ibfk_1` FOREIGN KEY (`layout_has_widget_id`) REFERENCES `page_builder_section_layout_widgets` (`id`) ON DELETE CASCADE ON UPDATE CASCADE;

--
-- Restrições para tabelas `page_builder_sections_properties`
--
ALTER TABLE `page_builder_sections_properties`
  ADD CONSTRAINT `page_builder_sections_properties_ibfk_1` FOREIGN KEY (`section_id`) REFERENCES `page_builder_sections` (`id`) ON DELETE CASCADE ON UPDATE CASCADE;

--
-- Restrições para tabelas `page_builder_section_layouts`
--
ALTER TABLE `page_builder_section_layouts`
  ADD CONSTRAINT `page_builder_section_layouts_ibfk_1` FOREIGN KEY (`section_id`) REFERENCES `page_builder_sections` (`id`) ON DELETE CASCADE ON UPDATE CASCADE;

--
-- Restrições para tabelas `page_builder_section_layout_widgets`
--
ALTER TABLE `page_builder_section_layout_widgets`
  ADD CONSTRAINT `page_builder_section_layout_widgets_ibfk_1` FOREIGN KEY (`section_layout_id`) REFERENCES `page_builder_section_layouts` (`id`) ON DELETE CASCADE ON UPDATE CASCADE,
  ADD CONSTRAINT `page_builder_section_layout_widgets_ibfk_2` FOREIGN KEY (`page_widget_id`) REFERENCES `page_builder_widgets` (`id`) ON DELETE CASCADE ON UPDATE CASCADE;

--
-- Restrições para tabelas `page_builder_widget_translations`
--
ALTER TABLE `page_builder_widget_translations`
  ADD CONSTRAINT `page_builder_widget_translations_ibfk_1` FOREIGN KEY (`layout_widget_properties_id`) REFERENCES `page_builder_sections_layout_widget_properties` (`id`) ON DELETE CASCADE ON UPDATE CASCADE;

--
-- Restrições para tabelas `permissions`
--
ALTER TABLE `permissions`
  ADD CONSTRAINT `FK_permissions_permission_module` FOREIGN KEY (`module_id`) REFERENCES `permission_module` (`id`) ON DELETE CASCADE ON UPDATE CASCADE;

--
-- Restrições para tabelas `reading_list`
--
ALTER TABLE `reading_list`
  ADD CONSTRAINT `reading_list_ibfk_1` FOREIGN KEY (`user_id`) REFERENCES `tl_users` (`id`) ON DELETE CASCADE ON UPDATE CASCADE,
  ADD CONSTRAINT `reading_list_ibfk_2` FOREIGN KEY (`blog_id`) REFERENCES `tl_blogs` (`id`) ON DELETE CASCADE ON UPDATE CASCADE;

--
-- Restrições para tabelas `role_has_permissions`
--
ALTER TABLE `role_has_permissions`
  ADD CONSTRAINT `FK_role_has_permissions_permissions` FOREIGN KEY (`permission_id`) REFERENCES `permissions` (`id`) ON DELETE CASCADE ON UPDATE CASCADE,
  ADD CONSTRAINT `FK_role_has_permissions_roles` FOREIGN KEY (`role_id`) REFERENCES `roles` (`id`) ON DELETE CASCADE ON UPDATE CASCADE;

--
-- Restrições para tabelas `tl_blogs_categories`
--
ALTER TABLE `tl_blogs_categories`
  ADD CONSTRAINT `FK_tl_blogs_categories_tl_blog_categories` FOREIGN KEY (`category_id`) REFERENCES `tl_blog_categories` (`id`) ON DELETE CASCADE ON UPDATE CASCADE,
  ADD CONSTRAINT `FK_tl_blogs_categories_tl_blogs` FOREIGN KEY (`blog_id`) REFERENCES `tl_blogs` (`id`) ON DELETE CASCADE ON UPDATE CASCADE;

--
-- Restrições para tabelas `tl_blogs_tags`
--
ALTER TABLE `tl_blogs_tags`
  ADD CONSTRAINT `FK_tl_blogs_tags_tl_blog_tags` FOREIGN KEY (`tag_id`) REFERENCES `tl_blog_tags` (`id`) ON DELETE CASCADE ON UPDATE CASCADE,
  ADD CONSTRAINT `FK_tl_blogs_tags_tl_blogs` FOREIGN KEY (`blog_id`) REFERENCES `tl_blogs` (`id`) ON DELETE CASCADE ON UPDATE CASCADE;

--
-- Restrições para tabelas `tl_blog_categories`
--
ALTER TABLE `tl_blog_categories`
  ADD CONSTRAINT `FK_tl_blog_categories_tl_blog_categories` FOREIGN KEY (`parent`) REFERENCES `tl_blog_categories` (`id`) ON DELETE CASCADE ON UPDATE CASCADE;

--
-- Restrições para tabelas `tl_blog_category_translations`
--
ALTER TABLE `tl_blog_category_translations`
  ADD CONSTRAINT `FK_tl_blog_category_translations_tl_blog_categories` FOREIGN KEY (`category_id`) REFERENCES `tl_blog_categories` (`id`) ON DELETE CASCADE ON UPDATE CASCADE;

--
-- Restrições para tabelas `tl_blog_comments`
--
ALTER TABLE `tl_blog_comments`
  ADD CONSTRAINT `FK_tl_blog_comments_tl_blog_comments` FOREIGN KEY (`parent`) REFERENCES `tl_blog_comments` (`id`) ON DELETE CASCADE ON UPDATE CASCADE,
  ADD CONSTRAINT `FK_tl_blog_comments_tl_blogs` FOREIGN KEY (`blog_id`) REFERENCES `tl_blogs` (`id`) ON DELETE CASCADE ON UPDATE CASCADE,
  ADD CONSTRAINT `tl_blog_comments_ibfk_1` FOREIGN KEY (`user_id`) REFERENCES `tl_users` (`id`) ON DELETE SET NULL ON UPDATE SET NULL;

--
-- Restrições para tabelas `tl_blog_tag_translations`
--
ALTER TABLE `tl_blog_tag_translations`
  ADD CONSTRAINT `FK_tl_blog_tag_translations_tl_blog_tags` FOREIGN KEY (`tag_id`) REFERENCES `tl_blog_tags` (`id`) ON DELETE CASCADE ON UPDATE CASCADE;

--
-- Restrições para tabelas `tl_blog_translations`
--
ALTER TABLE `tl_blog_translations`
  ADD CONSTRAINT `FK_tl_blog_translations_tl_blogs` FOREIGN KEY (`blog_id`) REFERENCES `tl_blogs` (`id`) ON DELETE CASCADE ON UPDATE CASCADE;

--
-- Restrições para tabelas `tl_user_informations`
--
ALTER TABLE `tl_user_informations`
  ADD CONSTRAINT `tl_user_informations_ibfk_1` FOREIGN KEY (`user_id`) REFERENCES `tl_users` (`id`) ON DELETE CASCADE ON UPDATE CASCADE;

--
-- Restrições para tabelas `vote_counts`
--
ALTER TABLE `vote_counts`
  ADD CONSTRAINT `vote_counts_ibfk_1` FOREIGN KEY (`vote_id`) REFERENCES `votes` (`id`) ON DELETE CASCADE ON UPDATE CASCADE;

--
-- Restrições para tabelas `vote_translations`
--
ALTER TABLE `vote_translations`
  ADD CONSTRAINT `vote_translations_ibfk_1` FOREIGN KEY (`vote_id`) REFERENCES `votes` (`id`) ON DELETE CASCADE ON UPDATE CASCADE;
COMMIT;

